34.73.116.68 - - [10/Feb/2026:09:24:22 +0000] "POST /xmlrpc.php HTTP/1.0" 200 628 "-" "Mozilla/5.0 (Windows NT 10.0; Win64; x64) AppleWebKit/537.36 (KHTML, like Gecko) Chrome/88.0.4240.193 Safari/537.36"
34.73.116.68 - - [10/Feb/2026:09:24:22 +0000] "POST /xmlrpc.php HTTP/1.0" 200 628 "-" "Mozilla/5.0 (Windows NT 10.0; Win64; x64) AppleWebKit/537.36 (KHTML, like Gecko) Chrome/88.0.4240.193 Safari/537.36"
34.73.116.68 - - [10/Feb/2026:09:24:23 +0000] "POST /xmlrpc.php HTTP/1.0" 200 628 "-" "Mozilla/5.0 (Windows NT 10.0; Win64; x64) AppleWebKit/537.36 (KHTML, like Gecko) Chrome/88.0.4240.193 Safari/537.36"
34.73.116.68 - - [10/Feb/2026:09:24:23 +0000] "POST /xmlrpc.php HTTP/1.0" 200 628 "-" "Mozilla/5.0 (Windows NT 10.0; Win64; x64) AppleWebKit/537.36 (KHTML, like Gecko) Chrome/88.0.4240.193 Safari/537.36"
34.73.116.68 - - [10/Feb/2026:09:24:23 +0000] "POST /xmlrpc.php HTTP/1.0" 200 628 "-" "Mozilla/5.0 (Windows NT 10.0; Win64; x64) AppleWebKit/537.36 (KHTML, like Gecko) Chrome/88.0.4240.193 Safari/537.36"
34.73.116.68 - - [10/Feb/2026:09:24:24 +0000] "POST /xmlrpc.php HTTP/1.0" 200 628 "-" "Mozilla/5.0 (Windows NT 10.0; Win64; x64) AppleWebKit/537.36 (KHTML, like Gecko) Chrome/88.0.4240.193 Safari/537.36"
34.73.116.68 - - [10/Feb/2026:09:24:24 +0000] "POST /xmlrpc.php HTTP/1.0" 200 628 "-" "Mozilla/5.0 (Windows NT 10.0; Win64; x64) AppleWebKit/537.36 (KHTML, like Gecko) Chrome/88.0.4240.193 Safari/537.36"
34.73.116.68 - - [10/Feb/2026:09:24:24 +0000] "POST /xmlrpc.php HTTP/1.0" 200 628 "-" "Mozilla/5.0 (Windows NT 10.0; Win64; x64) AppleWebKit/537.36 (KHTML, like Gecko) Chrome/88.0.4240.193 Safari/537.36"
34.73.116.68 - - [10/Feb/2026:09:24:25 +0000] "POST /xmlrpc.php HTTP/1.0" 200 628 "-" "Mozilla/5.0 (Windows NT 10.0; Win64; x64) AppleWebKit/537.36 (KHTML, like Gecko) Chrome/88.0.4240.193 Safari/537.36"
34.73.116.68 - - [10/Feb/2026:09:24:25 +0000] "POST /xmlrpc.php HTTP/1.0" 200 628 "-" "Mozilla/5.0 (Windows NT 10.0; Win64; x64) AppleWebKit/537.36 (KHTML, like Gecko) Chrome/88.0.4240.193 Safari/537.36"
34.73.116.68 - - [10/Feb/2026:09:24:26 +0000] "POST /xmlrpc.php HTTP/1.0" 200 628 "-" "Mozilla/5.0 (Windows NT 10.0; Win64; x64) AppleWebKit/537.36 (KHTML, like Gecko) Chrome/88.0.4240.193 Safari/537.36"
34.73.116.68 - - [10/Feb/2026:09:24:26 +0000] "POST /xmlrpc.php HTTP/1.0" 200 628 "-" "Mozilla/5.0 (Windows NT 10.0; Win64; x64) AppleWebKit/537.36 (KHTML, like Gecko) Chrome/88.0.4240.193 Safari/537.36"
34.73.116.68 - - [10/Feb/2026:09:24:26 +0000] "POST /xmlrpc.php HTTP/1.0" 200 628 "-" "Mozilla/5.0 (Windows NT 10.0; Win64; x64) AppleWebKit/537.36 (KHTML, like Gecko) Chrome/88.0.4240.193 Safari/537.36"
34.73.116.68 - - [10/Feb/2026:09:24:27 +0000] "POST /xmlrpc.php HTTP/1.0" 200 628 "-" "Mozilla/5.0 (Windows NT 10.0; Win64; x64) AppleWebKit/537.36 (KHTML, like Gecko) Chrome/88.0.4240.193 Safari/537.36"
34.73.116.68 - - [10/Feb/2026:09:24:27 +0000] "POST /xmlrpc.php HTTP/1.0" 200 628 "-" "Mozilla/5.0 (Windows NT 10.0; Win64; x64) AppleWebKit/537.36 (KHTML, like Gecko) Chrome/88.0.4240.193 Safari/537.36"
34.73.116.68 - - [10/Feb/2026:09:24:28 +0000] "POST /xmlrpc.php HTTP/1.0" 200 628 "-" "Mozilla/5.0 (Windows NT 10.0; Win64; x64) AppleWebKit/537.36 (KHTML, like Gecko) Chrome/88.0.4240.193 Safari/537.36"
34.73.116.68 - - [10/Feb/2026:09:24:28 +0000] "POST /xmlrpc.php HTTP/1.0" 200 628 "-" "Mozilla/5.0 (Windows NT 10.0; Win64; x64) AppleWebKit/537.36 (KHTML, like Gecko) Chrome/88.0.4240.193 Safari/537.36"
34.73.116.68 - - [10/Feb/2026:09:24:28 +0000] "POST /xmlrpc.php HTTP/1.0" 200 628 "-" "Mozilla/5.0 (Windows NT 10.0; Win64; x64) AppleWebKit/537.36 (KHTML, like Gecko) Chrome/88.0.4240.193 Safari/537.36"
34.73.116.68 - - [10/Feb/2026:09:24:29 +0000] "POST /xmlrpc.php HTTP/1.0" 200 628 "-" "Mozilla/5.0 (Windows NT 10.0; Win64; x64) AppleWebKit/537.36 (KHTML, like Gecko) Chrome/88.0.4240.193 Safari/537.36"
34.73.116.68 - - [10/Feb/2026:09:24:29 +0000] "POST /xmlrpc.php HTTP/1.0" 200 628 "-" "Mozilla/5.0 (Windows NT 10.0; Win64; x64) AppleWebKit/537.36 (KHTML, like Gecko) Chrome/88.0.4240.193 Safari/537.36"
34.73.116.68 - - [10/Feb/2026:09:24:29 +0000] "POST /xmlrpc.php HTTP/1.0" 200 628 "-" "Mozilla/5.0 (Windows NT 10.0; Win64; x64) AppleWebKit/537.36 (KHTML, like Gecko) Chrome/88.0.4240.193 Safari/537.36"
2a02:4780:41:6421::1 - - [10/Feb/2026:09:24:30 +0000] "POST /wp-cron.php?doing_wp_cron=1770715470.2747540473937988281250 HTTP/1.0" 200 404 "-" "WordPress/6.9; http://hbkconsultancy.com"
34.73.116.68 - - [10/Feb/2026:09:24:31 +0000] "POST /xmlrpc.php HTTP/1.0" 200 628 "-" "Mozilla/5.0 (Windows NT 10.0; Win64; x64) AppleWebKit/537.36 (KHTML, like Gecko) Chrome/88.0.4240.193 Safari/537.36"
34.73.116.68 - - [10/Feb/2026:09:24:32 +0000] "POST /xmlrpc.php HTTP/1.0" 200 628 "-" "Mozilla/5.0 (Windows NT 10.0; Win64; x64) AppleWebKit/537.36 (KHTML, like Gecko) Chrome/88.0.4240.193 Safari/537.36"
34.73.116.68 - - [10/Feb/2026:09:24:33 +0000] "POST /xmlrpc.php HTTP/1.0" 200 628 "-" "Mozilla/5.0 (Windows NT 10.0; Win64; x64) AppleWebKit/537.36 (KHTML, like Gecko) Chrome/88.0.4240.193 Safari/537.36"
34.73.116.68 - - [10/Feb/2026:09:24:33 +0000] "POST /xmlrpc.php HTTP/1.0" 200 628 "-" "Mozilla/5.0 (Windows NT 10.0; Win64; x64) AppleWebKit/537.36 (KHTML, like Gecko) Chrome/88.0.4240.193 Safari/537.36"
34.73.116.68 - - [10/Feb/2026:09:24:33 +0000] "POST /xmlrpc.php HTTP/1.0" 200 628 "-" "Mozilla/5.0 (Windows NT 10.0; Win64; x64) AppleWebKit/537.36 (KHTML, like Gecko) Chrome/88.0.4240.193 Safari/537.36"
34.73.116.68 - - [10/Feb/2026:09:24:34 +0000] "POST /xmlrpc.php HTTP/1.0" 200 628 "-" "Mozilla/5.0 (Windows NT 10.0; Win64; x64) AppleWebKit/537.36 (KHTML, like Gecko) Chrome/88.0.4240.193 Safari/537.36"
34.73.116.68 - - [10/Feb/2026:09:24:34 +0000] "POST /xmlrpc.php HTTP/1.0" 200 628 "-" "Mozilla/5.0 (Windows NT 10.0; Win64; x64) AppleWebKit/537.36 (KHTML, like Gecko) Chrome/88.0.4240.193 Safari/537.36"
34.73.116.68 - - [10/Feb/2026:09:24:35 +0000] "POST /xmlrpc.php HTTP/1.0" 200 628 "-" "Mozilla/5.0 (Windows NT 10.0; Win64; x64) AppleWebKit/537.36 (KHTML, like Gecko) Chrome/88.0.4240.193 Safari/537.36"
34.73.116.68 - - [10/Feb/2026:09:24:35 +0000] "POST /xmlrpc.php HTTP/1.0" 200 628 "-" "Mozilla/5.0 (Windows NT 10.0; Win64; x64) AppleWebKit/537.36 (KHTML, like Gecko) Chrome/88.0.4240.193 Safari/537.36"
34.73.116.68 - - [10/Feb/2026:09:24:35 +0000] "POST /xmlrpc.php HTTP/1.0" 200 628 "-" "Mozilla/5.0 (Windows NT 10.0; Win64; x64) AppleWebKit/537.36 (KHTML, like Gecko) Chrome/88.0.4240.193 Safari/537.36"
34.73.116.68 - - [10/Feb/2026:09:24:36 +0000] "POST /xmlrpc.php HTTP/1.0" 200 628 "-" "Mozilla/5.0 (Windows NT 10.0; Win64; x64) AppleWebKit/537.36 (KHTML, like Gecko) Chrome/88.0.4240.193 Safari/537.36"
34.73.116.68 - - [10/Feb/2026:09:24:36 +0000] "POST /xmlrpc.php HTTP/1.0" 200 628 "-" "Mozilla/5.0 (Windows NT 10.0; Win64; x64) AppleWebKit/537.36 (KHTML, like Gecko) Chrome/88.0.4240.193 Safari/537.36"
34.73.116.68 - - [10/Feb/2026:09:24:37 +0000] "POST /xmlrpc.php HTTP/1.0" 200 628 "-" "Mozilla/5.0 (Windows NT 10.0; Win64; x64) AppleWebKit/537.36 (KHTML, like Gecko) Chrome/88.0.4240.193 Safari/537.36"
34.73.116.68 - - [10/Feb/2026:09:24:37 +0000] "POST /xmlrpc.php HTTP/1.0" 200 628 "-" "Mozilla/5.0 (Windows NT 10.0; Win64; x64) AppleWebKit/537.36 (KHTML, like Gecko) Chrome/88.0.4240.193 Safari/537.36"
34.73.116.68 - - [10/Feb/2026:09:24:37 +0000] "POST /xmlrpc.php HTTP/1.0" 200 628 "-" "Mozilla/5.0 (Windows NT 10.0; Win64; x64) AppleWebKit/537.36 (KHTML, like Gecko) Chrome/88.0.4240.193 Safari/537.36"
34.73.116.68 - - [10/Feb/2026:09:24:38 +0000] "POST /xmlrpc.php HTTP/1.0" 200 628 "-" "Mozilla/5.0 (Windows NT 10.0; Win64; x64) AppleWebKit/537.36 (KHTML, like Gecko) Chrome/88.0.4240.193 Safari/537.36"
34.73.116.68 - - [10/Feb/2026:09:24:38 +0000] "POST /xmlrpc.php HTTP/1.0" 200 628 "-" "Mozilla/5.0 (Windows NT 10.0; Win64; x64) AppleWebKit/537.36 (KHTML, like Gecko) Chrome/88.0.4240.193 Safari/537.36"
34.73.116.68 - - [10/Feb/2026:09:24:39 +0000] "POST /xmlrpc.php HTTP/1.0" 200 628 "-" "Mozilla/5.0 (Windows NT 10.0; Win64; x64) AppleWebKit/537.36 (KHTML, like Gecko) Chrome/88.0.4240.193 Safari/537.36"
34.73.116.68 - - [10/Feb/2026:09:24:39 +0000] "POST /xmlrpc.php HTTP/1.0" 200 628 "-" "Mozilla/5.0 (Windows NT 10.0; Win64; x64) AppleWebKit/537.36 (KHTML, like Gecko) Chrome/88.0.4240.193 Safari/537.36"
34.73.116.68 - - [10/Feb/2026:09:24:39 +0000] "POST /xmlrpc.php HTTP/1.0" 200 628 "-" "Mozilla/5.0 (Windows NT 10.0; Win64; x64) AppleWebKit/537.36 (KHTML, like Gecko) Chrome/88.0.4240.193 Safari/537.36"
34.73.116.68 - - [10/Feb/2026:09:24:40 +0000] "POST /xmlrpc.php HTTP/1.0" 200 628 "-" "Mozilla/5.0 (Windows NT 10.0; Win64; x64) AppleWebKit/537.36 (KHTML, like Gecko) Chrome/88.0.4240.193 Safari/537.36"
34.73.116.68 - - [10/Feb/2026:09:24:40 +0000] "POST /xmlrpc.php HTTP/1.0" 200 628 "-" "Mozilla/5.0 (Windows NT 10.0; Win64; x64) AppleWebKit/537.36 (KHTML, like Gecko) Chrome/88.0.4240.193 Safari/537.36"
34.73.116.68 - - [10/Feb/2026:09:24:40 +0000] "POST /xmlrpc.php HTTP/1.0" 200 628 "-" "Mozilla/5.0 (Windows NT 10.0; Win64; x64) AppleWebKit/537.36 (KHTML, like Gecko) Chrome/88.0.4240.193 Safari/537.36"
34.73.116.68 - - [10/Feb/2026:09:24:41 +0000] "POST /xmlrpc.php HTTP/1.0" 200 628 "-" "Mozilla/5.0 (Windows NT 10.0; Win64; x64) AppleWebKit/537.36 (KHTML, like Gecko) Chrome/88.0.4240.193 Safari/537.36"
34.73.116.68 - - [10/Feb/2026:09:24:41 +0000] "POST /xmlrpc.php HTTP/1.0" 200 628 "-" "Mozilla/5.0 (Windows NT 10.0; Win64; x64) AppleWebKit/537.36 (KHTML, like Gecko) Chrome/88.0.4240.193 Safari/537.36"
34.73.116.68 - - [10/Feb/2026:09:24:42 +0000] "POST /xmlrpc.php HTTP/1.0" 200 628 "-" "Mozilla/5.0 (Windows NT 10.0; Win64; x64) AppleWebKit/537.36 (KHTML, like Gecko) Chrome/88.0.4240.193 Safari/537.36"
34.73.116.68 - - [10/Feb/2026:09:24:42 +0000] "POST /xmlrpc.php HTTP/1.0" 200 628 "-" "Mozilla/5.0 (Windows NT 10.0; Win64; x64) AppleWebKit/537.36 (KHTML, like Gecko) Chrome/88.0.4240.193 Safari/537.36"
34.73.116.68 - - [10/Feb/2026:09:24:42 +0000] "POST /xmlrpc.php HTTP/1.0" 200 628 "-" "Mozilla/5.0 (Windows NT 10.0; Win64; x64) AppleWebKit/537.36 (KHTML, like Gecko) Chrome/88.0.4240.193 Safari/537.36"
34.73.116.68 - - [10/Feb/2026:09:24:43 +0000] "POST /xmlrpc.php HTTP/1.0" 200 628 "-" "Mozilla/5.0 (Windows NT 10.0; Win64; x64) AppleWebKit/537.36 (KHTML, like Gecko) Chrome/88.0.4240.193 Safari/537.36"
34.73.116.68 - - [10/Feb/2026:09:24:43 +0000] "POST /xmlrpc.php HTTP/1.0" 200 628 "-" "Mozilla/5.0 (Windows NT 10.0; Win64; x64) AppleWebKit/537.36 (KHTML, like Gecko) Chrome/88.0.4240.193 Safari/537.36"
34.73.116.68 - - [10/Feb/2026:09:24:44 +0000] "POST /xmlrpc.php HTTP/1.0" 200 628 "-" "Mozilla/5.0 (Windows NT 10.0; Win64; x64) AppleWebKit/537.36 (KHTML, like Gecko) Chrome/88.0.4240.193 Safari/537.36"
34.73.116.68 - - [10/Feb/2026:09:24:44 +0000] "POST /xmlrpc.php HTTP/1.0" 200 628 "-" "Mozilla/5.0 (Windows NT 10.0; Win64; x64) AppleWebKit/537.36 (KHTML, like Gecko) Chrome/88.0.4240.193 Safari/537.36"
34.73.116.68 - - [10/Feb/2026:09:24:44 +0000] "POST /xmlrpc.php HTTP/1.0" 200 628 "-" "Mozilla/5.0 (Windows NT 10.0; Win64; x64) AppleWebKit/537.36 (KHTML, like Gecko) Chrome/88.0.4240.193 Safari/537.36"
34.73.116.68 - - [10/Feb/2026:09:24:45 +0000] "POST /xmlrpc.php HTTP/1.0" 200 628 "-" "Mozilla/5.0 (Windows NT 10.0; Win64; x64) AppleWebKit/537.36 (KHTML, like Gecko) Chrome/88.0.4240.193 Safari/537.36"
34.73.116.68 - - [10/Feb/2026:09:24:45 +0000] "POST /xmlrpc.php HTTP/1.0" 200 628 "-" "Mozilla/5.0 (Windows NT 10.0; Win64; x64) AppleWebKit/537.36 (KHTML, like Gecko) Chrome/88.0.4240.193 Safari/537.36"
34.73.116.68 - - [10/Feb/2026:09:24:45 +0000] "POST /xmlrpc.php HTTP/1.0" 200 628 "-" "Mozilla/5.0 (Windows NT 10.0; Win64; x64) AppleWebKit/537.36 (KHTML, like Gecko) Chrome/88.0.4240.193 Safari/537.36"
34.73.116.68 - - [10/Feb/2026:09:24:46 +0000] "POST /xmlrpc.php HTTP/1.0" 200 628 "-" "Mozilla/5.0 (Windows NT 10.0; Win64; x64) AppleWebKit/537.36 (KHTML, like Gecko) Chrome/88.0.4240.193 Safari/537.36"
34.73.116.68 - - [10/Feb/2026:09:24:46 +0000] "POST /xmlrpc.php HTTP/1.0" 200 628 "-" "Mozilla/5.0 (Windows NT 10.0; Win64; x64) AppleWebKit/537.36 (KHTML, like Gecko) Chrome/88.0.4240.193 Safari/537.36"
34.73.116.68 - - [10/Feb/2026:09:24:47 +0000] "POST /xmlrpc.php HTTP/1.0" 200 628 "-" "Mozilla/5.0 (Windows NT 10.0; Win64; x64) AppleWebKit/537.36 (KHTML, like Gecko) Chrome/88.0.4240.193 Safari/537.36"
34.73.116.68 - - [10/Feb/2026:09:24:47 +0000] "POST /xmlrpc.php HTTP/1.0" 200 628 "-" "Mozilla/5.0 (Windows NT 10.0; Win64; x64) AppleWebKit/537.36 (KHTML, like Gecko) Chrome/88.0.4240.193 Safari/537.36"
34.73.116.68 - - [10/Feb/2026:09:24:47 +0000] "POST /xmlrpc.php HTTP/1.0" 200 628 "-" "Mozilla/5.0 (Windows NT 10.0; Win64; x64) AppleWebKit/537.36 (KHTML, like Gecko) Chrome/88.0.4240.193 Safari/537.36"
34.73.116.68 - - [10/Feb/2026:09:24:48 +0000] "POST /xmlrpc.php HTTP/1.0" 200 628 "-" "Mozilla/5.0 (Windows NT 10.0; Win64; x64) AppleWebKit/537.36 (KHTML, like Gecko) Chrome/88.0.4240.193 Safari/537.36"
34.73.116.68 - - [10/Feb/2026:09:24:48 +0000] "POST /xmlrpc.php HTTP/1.0" 200 628 "-" "Mozilla/5.0 (Windows NT 10.0; Win64; x64) AppleWebKit/537.36 (KHTML, like Gecko) Chrome/88.0.4240.193 Safari/537.36"
34.73.116.68 - - [10/Feb/2026:09:24:49 +0000] "POST /xmlrpc.php HTTP/1.0" 200 628 "-" "Mozilla/5.0 (Windows NT 10.0; Win64; x64) AppleWebKit/537.36 (KHTML, like Gecko) Chrome/88.0.4240.193 Safari/537.36"
34.73.116.68 - - [10/Feb/2026:09:24:49 +0000] "POST /xmlrpc.php HTTP/1.0" 200 628 "-" "Mozilla/5.0 (Windows NT 10.0; Win64; x64) AppleWebKit/537.36 (KHTML, like Gecko) Chrome/88.0.4240.193 Safari/537.36"
34.73.116.68 - - [10/Feb/2026:09:24:49 +0000] "POST /xmlrpc.php HTTP/1.0" 200 628 "-" "Mozilla/5.0 (Windows NT 10.0; Win64; x64) AppleWebKit/537.36 (KHTML, like Gecko) Chrome/88.0.4240.193 Safari/537.36"
34.73.116.68 - - [10/Feb/2026:09:24:50 +0000] "POST /xmlrpc.php HTTP/1.0" 200 628 "-" "Mozilla/5.0 (Windows NT 10.0; Win64; x64) AppleWebKit/537.36 (KHTML, like Gecko) Chrome/88.0.4240.193 Safari/537.36"
34.73.116.68 - - [10/Feb/2026:09:24:50 +0000] "POST /xmlrpc.php HTTP/1.0" 200 628 "-" "Mozilla/5.0 (Windows NT 10.0; Win64; x64) AppleWebKit/537.36 (KHTML, like Gecko) Chrome/88.0.4240.193 Safari/537.36"
34.73.116.68 - - [10/Feb/2026:09:24:51 +0000] "POST /xmlrpc.php HTTP/1.0" 200 628 "-" "Mozilla/5.0 (Windows NT 10.0; Win64; x64) AppleWebKit/537.36 (KHTML, like Gecko) Chrome/88.0.4240.193 Safari/537.36"
34.73.116.68 - - [10/Feb/2026:09:24:51 +0000] "POST /xmlrpc.php HTTP/1.0" 200 628 "-" "Mozilla/5.0 (Windows NT 10.0; Win64; x64) AppleWebKit/537.36 (KHTML, like Gecko) Chrome/88.0.4240.193 Safari/537.36"
34.73.116.68 - - [10/Feb/2026:09:24:51 +0000] "POST /xmlrpc.php HTTP/1.0" 200 628 "-" "Mozilla/5.0 (Windows NT 10.0; Win64; x64) AppleWebKit/537.36 (KHTML, like Gecko) Chrome/88.0.4240.193 Safari/537.36"
34.73.116.68 - - [10/Feb/2026:09:24:52 +0000] "POST /xmlrpc.php HTTP/1.0" 200 628 "-" "Mozilla/5.0 (Windows NT 10.0; Win64; x64) AppleWebKit/537.36 (KHTML, like Gecko) Chrome/88.0.4240.193 Safari/537.36"
34.73.116.68 - - [10/Feb/2026:09:24:52 +0000] "POST /xmlrpc.php HTTP/1.0" 200 628 "-" "Mozilla/5.0 (Windows NT 10.0; Win64; x64) AppleWebKit/537.36 (KHTML, like Gecko) Chrome/88.0.4240.193 Safari/537.36"
34.73.116.68 - - [10/Feb/2026:09:24:52 +0000] "POST /xmlrpc.php HTTP/1.0" 200 628 "-" "Mozilla/5.0 (Windows NT 10.0; Win64; x64) AppleWebKit/537.36 (KHTML, like Gecko) Chrome/88.0.4240.193 Safari/537.36"
34.73.116.68 - - [10/Feb/2026:09:24:53 +0000] "POST /xmlrpc.php HTTP/1.0" 200 628 "-" "Mozilla/5.0 (Windows NT 10.0; Win64; x64) AppleWebKit/537.36 (KHTML, like Gecko) Chrome/88.0.4240.193 Safari/537.36"
34.73.116.68 - - [10/Feb/2026:09:24:53 +0000] "POST /xmlrpc.php HTTP/1.0" 200 628 "-" "Mozilla/5.0 (Windows NT 10.0; Win64; x64) AppleWebKit/537.36 (KHTML, like Gecko) Chrome/88.0.4240.193 Safari/537.36"
34.73.116.68 - - [10/Feb/2026:09:24:54 +0000] "POST /xmlrpc.php HTTP/1.0" 200 628 "-" "Mozilla/5.0 (Windows NT 10.0; Win64; x64) AppleWebKit/537.36 (KHTML, like Gecko) Chrome/88.0.4240.193 Safari/537.36"
34.73.116.68 - - [10/Feb/2026:09:24:54 +0000] "POST /xmlrpc.php HTTP/1.0" 200 628 "-" "Mozilla/5.0 (Windows NT 10.0; Win64; x64) AppleWebKit/537.36 (KHTML, like Gecko) Chrome/88.0.4240.193 Safari/537.36"
34.73.116.68 - - [10/Feb/2026:09:24:54 +0000] "POST /xmlrpc.php HTTP/1.0" 200 628 "-" "Mozilla/5.0 (Windows NT 10.0; Win64; x64) AppleWebKit/537.36 (KHTML, like Gecko) Chrome/88.0.4240.193 Safari/537.36"
34.73.116.68 - - [10/Feb/2026:09:24:55 +0000] "POST /xmlrpc.php HTTP/1.0" 200 628 "-" "Mozilla/5.0 (Windows NT 10.0; Win64; x64) AppleWebKit/537.36 (KHTML, like Gecko) Chrome/88.0.4240.193 Safari/537.36"
34.73.116.68 - - [10/Feb/2026:09:24:55 +0000] "POST /xmlrpc.php HTTP/1.0" 200 628 "-" "Mozilla/5.0 (Windows NT 10.0; Win64; x64) AppleWebKit/537.36 (KHTML, like Gecko) Chrome/88.0.4240.193 Safari/537.36"
34.73.116.68 - - [10/Feb/2026:09:24:55 +0000] "POST /xmlrpc.php HTTP/1.0" 200 628 "-" "Mozilla/5.0 (Windows NT 10.0; Win64; x64) AppleWebKit/537.36 (KHTML, like Gecko) Chrome/88.0.4240.193 Safari/537.36"
34.73.116.68 - - [10/Feb/2026:09:24:56 +0000] "POST /xmlrpc.php HTTP/1.0" 200 628 "-" "Mozilla/5.0 (Windows NT 10.0; Win64; x64) AppleWebKit/537.36 (KHTML, like Gecko) Chrome/88.0.4240.193 Safari/537.36"
34.73.116.68 - - [10/Feb/2026:09:24:56 +0000] "POST /xmlrpc.php HTTP/1.0" 200 762 "-" "Mozilla/5.0 (Windows NT 10.0; Win64; x64) AppleWebKit/537.36 (KHTML, like Gecko) Chrome/88.0.4240.193 Safari/537.36"
192.71.225.127 - - [10/Feb/2026:09:26:10 +0000] "GET / HTTP/1.0" 200 29038 "http://hpk-mec.com/" "Mozilla/5.0 (iPhone; CPU iPhone OS 16_3 like Mac OS X) AppleWebKit/605.1.15 (KHTML, like Gecko) CriOS/122.0.6261.89 Mobile/15E148 Safari/604"
2a02:4780:41:6421::1 - - [10/Feb/2026:09:26:11 +0000] "POST /wp-cron.php?doing_wp_cron=1770715571.5141758918762207031250 HTTP/1.0" 200 412 "-" "WordPress/6.9; https://hbkconsultancy.com"
147.93.58.212 - - [10/Feb/2026:09:28:01 +0000] "GET / HTTP/1.0" 200 29042 "-" "Mozilla/5.0 (X11; Linux x86_64) AppleWebKit/537.36 (KHTML, like Gecko) Chrome/44.0.2403.157 Safari/537.36"
2a02:4780:41:6421::1 - - [10/Feb/2026:09:28:02 +0000] "POST /wp-cron.php?doing_wp_cron=1770715682.3762791156768798828125 HTTP/1.0" 200 404 "-" "WordPress/6.9; http://hbkconsultancy.com"
159.89.126.192 - - [10/Feb/2026:09:28:28 +0000] "GET / HTTP/1.0" 200 29043 "-" "Mozilla/5.0 (X11; Linux x86_64) AppleWebKit/537.36 (KHTML, like Gecko) Chrome/142.0.0.0 Safari/537.36"
2a02:4780:41:6421::1 - - [10/Feb/2026:09:28:28 +0000] "POST /wp-cron.php?doing_wp_cron=1770715708.9141759872436523437500 HTTP/1.0" 200 404 "-" "WordPress/6.9; http://hbkconsultancy.com"
159.89.126.192 - - [10/Feb/2026:09:28:30 +0000] "GET / HTTP/1.0" 200 29038 "-" "Mozilla/5.0 (X11; Linux x86_64) AppleWebKit/537.36 (KHTML, like Gecko) Chrome/142.0.0.0 Safari/537.36"
139.59.229.49 - - [10/Feb/2026:09:28:40 +0000] "GET / HTTP/1.0" 200 29038 "-" "python-requests/2.27.1"
43.246.202.70 - - [10/Feb/2026:09:31:13 +0000] "GET /602393660.htm HTTP/1.0" 404 126638 "https://hbkconsultancy.com/" "Mozilla/5.0 (Windows NT 10.0; Win64; x64) AppleWebKit/537.36 (KHTML, like Gecko) Chrome/135.0.0.0 Safari/537.36"
2a02:4780:41:6421::1 - - [10/Feb/2026:09:31:14 +0000] "POST /wp-cron.php?doing_wp_cron=1770715874.5946888923645019531250 HTTP/1.0" 200 412 "-" "WordPress/6.9; https://hbkconsultancy.com"
2001:41d0:303:1e7e::1 - - [10/Feb/2026:09:32:31 +0000] "GET /%D8%A7%D9%84%D8%AA%D8%B3%D9%88%D9%8A%D9%82-%D8%A7%D9%84%D8%A7%D9%84%D9%83%D8%AA%D8%B1%D9%88%D9%86%D9%8A/ HTTP/1.0" 404 126639 "-" "Mozilla/5.0 (compatible; MJ12bot/v1.4.8; http://mj12bot.com/)"
2a02:4780:41:6421::1 - - [10/Feb/2026:09:32:32 +0000] "POST /wp-cron.php?doing_wp_cron=1770715952.1811718940734863281250 HTTP/1.0" 200 412 "-" "WordPress/6.9; https://hbkconsultancy.com"
2001:41d0:303:1e7e::1 - - [10/Feb/2026:09:32:39 +0000] "GET /%D8%A7%D9%84%D8%AF%D8%B1%D9%88%D8%B3/ HTTP/1.0" 404 126638 "-" "Mozilla/5.0 (compatible; MJ12bot/v1.4.8; http://mj12bot.com/)"
2001:41d0:303:1e7e::1 - - [10/Feb/2026:09:32:44 +0000] "GET /%D8%A7%D9%84%D9%83%D9%88%D8%B1%D8%B3%D8%A7%D8%AA/ HTTP/1.0" 404 126638 "-" "Mozilla/5.0 (compatible; MJ12bot/v1.4.8; http://mj12bot.com/)"
2001:41d0:303:1e7e::1 - - [10/Feb/2026:09:32:52 +0000] "GET /%D8%A7%D9%84%D9%83%D9%88%D8%B1%D8%B3%D8%A7%D8%AA/%D8%A8%D9%86%D8%A7%D8%A1-%D9%88%D8%AB%D8%A7%D8%A6%D9%82-%D9%86%D8%B8%D8%A7%D9%85-%D8%A5%D8%AF%D8%A7%D8%B1%D8%A9-%D8%A7%D9%84%D8%AC%D9%88%D8%AF%D8%A9-%D8%A7%D9%84%D8%A3%D9%8A%D8%B2%D9%88-9001/ HTTP/1.0" 404 126638 "-" "Mozilla/5.0 (compatible; MJ12bot/v1.4.8; http://mj12bot.com/)"
2001:41d0:303:1e7e::1 - - [10/Feb/2026:09:32:57 +0000] "GET /%D8%A7%D9%84%D9%83%D9%88%D8%B1%D8%B3%D8%A7%D8%AA/%D9%83%D9%88%D8%B1%D8%B3-%D8%A7%D9%84%D8%AA%D8%B3%D9%88%D9%8A%D9%82-%D8%A7%D9%84%D8%A7%D9%84%D9%83%D8%AA%D8%B1%D9%88%D9%86%D9%8A/ HTTP/1.0" 404 126638 "-" "Mozilla/5.0 (compatible; MJ12bot/v1.4.8; http://mj12bot.com/)"
2001:41d0:303:1e7e::1 - - [10/Feb/2026:09:33:03 +0000] "GET /%D8%A7%D9%84%D9%83%D9%88%D8%B1%D8%B3%D8%A7%D8%AA/%D9%83%D9%88%D8%B1%D8%B3-%D8%A7%D9%84%D8%AA%D8%B3%D9%88%D9%8A%D9%82-%D8%A7%D9%84%D8%A7%D9%84%D9%83%D8%AA%D8%B1%D9%88%D9%86%D9%8A/feed/ HTTP/1.0" 301 496 "-" "Mozilla/5.0 (compatible; MJ12bot/v1.4.8; http://mj12bot.com/)"
2001:41d0:303:1e7e::1 - - [10/Feb/2026:09:33:09 +0000] "GET / HTTP/1.0" 200 29038 "-" "Mozilla/5.0 (compatible; MJ12bot/v1.4.8; http://mj12bot.com/)"
2001:41d0:303:1e7e::1 - - [10/Feb/2026:09:33:16 +0000] "GET /%D8%A7%D9%84%D9%83%D9%88%D8%B1%D8%B3%D8%A7%D8%AA/%D9%83%D9%88%D8%B1%D8%B3-%D9%84%D8%AA%D8%A7%D9%87%D9%8A%D9%84-%D8%B4%D9%87%D8%A7%D8%AF%D9%87-%D8%A7%D9%84%D8%A7%D9%8A%D8%B2%D9%88/ HTTP/1.0" 404 126638 "-" "Mozilla/5.0 (compatible; MJ12bot/v1.4.8; http://mj12bot.com/)"
2a02:4780:41:6421::1 - - [10/Feb/2026:09:33:17 +0000] "POST /wp-cron.php?doing_wp_cron=1770715997.2685010433197021484375 HTTP/1.0" 200 412 "-" "WordPress/6.9; https://hbkconsultancy.com"
2001:41d0:303:1e7e::1 - - [10/Feb/2026:09:33:22 +0000] "GET /%D8%A7%D9%84%D9%83%D9%88%D8%B1%D8%B3%D8%A7%D8%AA/%D9%83%D9%88%D8%B1%D8%B3-%D9%84%D8%AA%D8%A7%D9%87%D9%8A%D9%84-%D8%B4%D9%87%D8%A7%D8%AF%D9%87-%D8%A7%D9%84%D8%A7%D9%8A%D8%B2%D9%88/feed/ HTTP/1.0" 301 496 "-" "Mozilla/5.0 (compatible; MJ12bot/v1.4.8; http://mj12bot.com/)"
2001:41d0:303:1e7e::1 - - [10/Feb/2026:09:33:27 +0000] "GET / HTTP/1.0" 200 29038 "-" "Mozilla/5.0 (compatible; MJ12bot/v1.4.8; http://mj12bot.com/)"
2001:41d0:303:1e7e::1 - - [10/Feb/2026:09:33:32 +0000] "GET /%D8%A7%D9%84%D9%83%D9%88%D8%B1%D8%B3%D8%A7%D8%AA/%D9%83%D9%88%D8%B1%D8%B3-%D9%85%D8%AF%D9%81%D9%88%D8%B9/ HTTP/1.0" 404 126638 "-" "Mozilla/5.0 (compatible; MJ12bot/v1.4.8; http://mj12bot.com/)"
2001:41d0:303:1e7e::1 - - [10/Feb/2026:09:33:39 +0000] "GET /%D8%A7%D9%84%D9%83%D9%88%D8%B1%D8%B3%D8%A7%D8%AA/feed/ HTTP/1.0" 200 984 "-" "Mozilla/5.0 (compatible; MJ12bot/v1.4.8; http://mj12bot.com/)"
2001:41d0:303:1e7e::1 - - [10/Feb/2026:09:33:44 +0000] "GET /%D8%A7%D9%84%D9%85%D8%AA%D8%AC%D8%B1/ HTTP/1.0" 404 126638 "-" "Mozilla/5.0 (compatible; MJ12bot/v1.4.8; http://mj12bot.com/)"
2001:41d0:303:1e7e::1 - - [10/Feb/2026:09:33:49 +0000] "GET /%D8%A7%D9%84%D9%85%D8%AA%D8%AC%D8%B1/feed/ HTTP/1.0" 200 981 "-" "Mozilla/5.0 (compatible; MJ12bot/v1.4.8; http://mj12bot.com/)"
2001:41d0:303:1e7e::1 - - [10/Feb/2026:09:33:53 +0000] "GET /%D8%A7%D9%84%D9%85%D8%AA%D8%AC%D8%B1/uncategorized/%D8%AA%D9%86%D8%B2%D9%8A%D9%84-%D8%AD%D8%B2%D9%85%D9%87-%D8%A7%D9%84%D8%A7%D9%88%D9%81%D9%8A%D8%B3/ HTTP/1.0" 404 126639 "-" "Mozilla/5.0 (compatible; MJ12bot/v1.4.8; http://mj12bot.com/)"
2001:41d0:303:1e7e::1 - - [10/Feb/2026:09:33:59 +0000] "GET /%D8%A7%D9%84%D9%85%D8%AA%D8%AC%D8%B1/uncategorized/%D8%AD%D8%B2%D9%85%D9%87-%D8%AF%D9%8A%D8%B2%D8%A7%D9%8A%D9%86%D8%A7%D8%AA-%D8%B1%D9%85%D8%B6%D8%A7%D9%86/ HTTP/1.0" 404 126638 "-" "Mozilla/5.0 (compatible; MJ12bot/v1.4.8; http://mj12bot.com/)"
2001:41d0:303:1e7e::1 - - [10/Feb/2026:09:34:04 +0000] "GET /%D9%85%D9%86-%D9%86%D8%AD%D9%86/ HTTP/1.0" 404 126638 "-" "Mozilla/5.0 (compatible; MJ12bot/v1.4.8; http://mj12bot.com/)"
114.119.136.75 - - [10/Feb/2026:09:37:49 +0000] "GET /las-mejores-aplicaciones-pra-ganar-dinero-real-sin-invertir-blog/ HTTP/1.0" 200 41590 "http://hbkconsultancy.com/2-columns-sidebar/page/5" "Mozilla/5.0 (Linux; Android 7.0;) AppleWebKit/537.36 (KHTML, like Gecko) Mobile Safari/537.36 (compatible; PetalBot;+https://webmaster.petalsearch.com/site/petalbot)"
2a02:4780:41:6421::1 - - [10/Feb/2026:09:37:50 +0000] "POST /wp-cron.php?doing_wp_cron=1770716269.9685299396514892578125 HTTP/1.0" 200 412 "-" "WordPress/6.9; https://hbkconsultancy.com"
114.119.130.54 - - [10/Feb/2026:09:38:58 +0000] "GET /2022/04 HTTP/1.0" 301 407 "https://hbkconsultancy.com/best-adult-cellular-porn-games-download-for-home-windows-android" "Mozilla/5.0 (Linux; Android 7.0;) AppleWebKit/537.36 (KHTML, like Gecko) Mobile Safari/537.36 (compatible; PetalBot;+https://webmaster.petalsearch.com/site/petalbot)"
2a02:4780:41:6421::1 - - [10/Feb/2026:09:38:59 +0000] "POST /wp-cron.php?doing_wp_cron=1770716338.9809939861297607421875 HTTP/1.0" 200 412 "-" "WordPress/6.9; https://hbkconsultancy.com"
114.119.130.54 - - [10/Feb/2026:09:39:00 +0000] "GET /2022/04/ HTTP/1.0" 200 27544 "https://hbkconsultancy.com/best-adult-cellular-porn-games-download-for-home-windows-android" "Mozilla/5.0 (Linux; Android 7.0;) AppleWebKit/537.36 (KHTML, like Gecko) Mobile Safari/537.36 (compatible; PetalBot;+https://webmaster.petalsearch.com/site/petalbot)"
147.93.58.212 - - [10/Feb/2026:09:42:01 +0000] "GET / HTTP/1.0" 200 29042 "-" "Mozilla/5.0 (X11; Linux x86_64) AppleWebKit/537.36 (KHTML, like Gecko) Chrome/44.0.2403.157 Safari/537.36"
2a02:4780:41:6421::1 - - [10/Feb/2026:09:42:02 +0000] "POST /wp-cron.php?doing_wp_cron=1770716522.1879980564117431640625 HTTP/1.0" 200 404 "-" "WordPress/6.9; http://hbkconsultancy.com"
185.250.12.228 - - [10/Feb/2026:09:51:26 +0000] "GET /1832896862.htm HTTP/1.0" 404 126639 "https://hbkconsultancy.com/" "Mozilla/5.0 (X11; Linux x86_64) AppleWebKit/537.36 (KHTML, like Gecko) Chrome/114.0.0.0 Safari/537.36"
2a02:4780:41:6421::1 - - [10/Feb/2026:09:51:26 +0000] "POST /wp-cron.php?doing_wp_cron=1770717086.7255320549011230468750 HTTP/1.0" 200 412 "-" "WordPress/6.9; https://hbkconsultancy.com"
34.234.197.175 - - [10/Feb/2026:09:52:05 +0000] "GET /blog-grid/ HTTP/1.0" 200 24035 "-" "Mozilla/5.0 AppleWebKit/537.36 (KHTML, like Gecko; compatible; Amazonbot/0.1; +https://developer.amazon.com/support/amazonbot) Chrome/119.0.6045.214 Safari/537.36"
2a02:4780:41:6421::1 - - [10/Feb/2026:09:52:06 +0000] "POST /wp-cron.php?doing_wp_cron=1770717126.0751481056213378906250 HTTP/1.0" 200 412 "-" "WordPress/6.9; https://hbkconsultancy.com"
18.214.124.6 - - [10/Feb/2026:09:52:08 +0000] "GET /wp-json/wp/v2/pages/3539 HTTP/1.0" 200 54663 "-" "Mozilla/5.0 AppleWebKit/537.36 (KHTML, like Gecko; compatible; Amazonbot/0.1; +https://developer.amazon.com/support/amazonbot) Chrome/119.0.6045.214 Safari/537.36"
159.65.8.35 - - [10/Feb/2026:09:53:44 +0000] "GET / HTTP/1.0" 200 29037 "-" "python-requests/2.27.1"
159.65.8.35 - - [10/Feb/2026:09:53:51 +0000] "GET / HTTP/1.0" 200 29037 "-" "python-requests/2.27.1"
159.65.8.35 - - [10/Feb/2026:09:53:57 +0000] "GET / HTTP/1.0" 200 29037 "-" "python-requests/2.27.1"
159.65.8.35 - - [10/Feb/2026:09:54:02 +0000] "GET / HTTP/1.0" 200 29037 "-" "python-requests/2.27.1"
147.93.58.212 - - [10/Feb/2026:09:56:01 +0000] "GET / HTTP/1.0" 200 29042 "-" "Mozilla/5.0 (X11; Linux x86_64) AppleWebKit/537.36 (KHTML, like Gecko) Chrome/44.0.2403.157 Safari/537.36"
2a02:4780:41:6421::1 - - [10/Feb/2026:09:56:02 +0000] "POST /wp-cron.php?doing_wp_cron=1770717362.1719450950622558593750 HTTP/1.0" 200 404 "-" "WordPress/6.9; http://hbkconsultancy.com"
43.153.104.196 - - [10/Feb/2026:09:59:21 +0000] "GET / HTTP/1.0" 301 390 "-" "Mozilla/5.0 (iPhone; CPU iPhone OS 13_2_3 like Mac OS X) AppleWebKit/605.1.15 (KHTML, like Gecko) Version/13.0.3 Mobile/15E148 Safari/604.1"
2a02:4780:41:6421::1 - - [10/Feb/2026:09:59:22 +0000] "POST /wp-cron.php?doing_wp_cron=1770717562.4455308914184570312500 HTTP/1.0" 200 404 "-" "WordPress/6.9; http://hbkconsultancy.com"
43.153.104.196 - - [10/Feb/2026:09:59:24 +0000] "GET / HTTP/1.0" 200 29042 "http://www.hbkconsultancy.com" "Mozilla/5.0 (iPhone; CPU iPhone OS 13_2_3 like Mac OS X) AppleWebKit/605.1.15 (KHTML, like Gecko) Version/13.0.3 Mobile/15E148 Safari/604.1"
147.93.58.212 - - [10/Feb/2026:10:00:01 +0000] "GET / HTTP/1.0" 200 29040 "-" "Mozilla/5.0 (X11; Linux x86_64) AppleWebKit/537.36 (KHTML, like Gecko) Chrome/44.0.2403.157 Safari/537.36"
2a02:4780:41:6421::1 - - [10/Feb/2026:10:00:03 +0000] "POST /wp-cron.php?doing_wp_cron=1770717603.0114669799804687500000 HTTP/1.0" 200 404 "-" "WordPress/6.9; http://hbkconsultancy.com"
36.50.104.78 - - [10/Feb/2026:10:02:22 +0000] "GET /61587356493.htm HTTP/1.0" 404 126638 "https://hbkconsultancy.com/" "Mozilla/5.0 (Macintosh; Intel Mac OS X 10_15_7) AppleWebKit/537.36 (KHTML, like Gecko) Chrome/134.0.0.0 Safari/537.36"
2a02:4780:41:6421::1 - - [10/Feb/2026:10:02:23 +0000] "POST /wp-cron.php?doing_wp_cron=1770717742.9605720043182373046875 HTTP/1.0" 200 412 "-" "WordPress/6.9; https://hbkconsultancy.com"
114.119.151.5 - - [10/Feb/2026:10:03:05 +0000] "GET /top-australian-online-internet-casinos-for-real-cash-play HTTP/1.0" 301 498 "http://hbkconsultancy.com/3-columns/page/7" "Mozilla/5.0 (Linux; Android 7.0;) AppleWebKit/537.36 (KHTML, like Gecko) Mobile Safari/537.36 (compatible; PetalBot;+https://webmaster.petalsearch.com/site/petalbot)"
114.119.151.5 - - [10/Feb/2026:10:03:07 +0000] "GET /top-australian-online-internet-casinos-for-real-cash-play/ HTTP/1.0" 200 41553 "http://hbkconsultancy.com/3-columns/page/7" "Mozilla/5.0 (Linux; Android 7.0;) AppleWebKit/537.36 (KHTML, like Gecko) Mobile Safari/537.36 (compatible; PetalBot;+https://webmaster.petalsearch.com/site/petalbot)"
49.51.178.45 - - [10/Feb/2026:10:07:51 +0000] "GET / HTTP/1.0" 200 29038 "http://www.hpk-mec.com" "Mozilla/5.0 (iPhone; CPU iPhone OS 13_2_3 like Mac OS X) AppleWebKit/605.1.15 (KHTML, like Gecko) Version/13.0.3 Mobile/15E148 Safari/604.1"
2a02:4780:41:6421::1 - - [10/Feb/2026:10:07:51 +0000] "POST /wp-cron.php?doing_wp_cron=1770718071.7742350101470947265625 HTTP/1.0" 200 412 "-" "WordPress/6.9; https://hbkconsultancy.com"
181.46.185.65 - - [10/Feb/2026:10:11:26 +0000] "GET /2673329260.htm HTTP/1.0" 404 126639 "https://hbkconsultancy.com/" "Mozilla/5.0 (Windows NT 10.0; Win64; x64) AppleWebKit/537.36 (KHTML, like Gecko) Chrome/135.0.0.0 Safari/537.36"
2a02:4780:41:6421::1 - - [10/Feb/2026:10:11:27 +0000] "POST /wp-cron.php?doing_wp_cron=1770718287.3988170623779296875000 HTTP/1.0" 200 412 "-" "WordPress/6.9; https://hbkconsultancy.com"
147.93.58.212 - - [10/Feb/2026:10:14:01 +0000] "GET / HTTP/1.0" 200 29042 "-" "Mozilla/5.0 (X11; Linux x86_64) AppleWebKit/537.36 (KHTML, like Gecko) Chrome/44.0.2403.157 Safari/537.36"
2a02:4780:41:6421::1 - - [10/Feb/2026:10:14:03 +0000] "POST /wp-cron.php?doing_wp_cron=1770718443.1215019226074218750000 HTTP/1.0" 200 404 "-" "WordPress/6.9; http://hbkconsultancy.com"
147.93.58.212 - - [10/Feb/2026:10:28:01 +0000] "GET / HTTP/1.0" 200 29042 "-" "Mozilla/5.0 (X11; Linux x86_64) AppleWebKit/537.36 (KHTML, like Gecko) Chrome/44.0.2403.157 Safari/537.36"
2a02:4780:41:6421::1 - - [10/Feb/2026:10:28:02 +0000] "POST /wp-cron.php?doing_wp_cron=1770719282.8807361125946044921875 HTTP/1.0" 200 404 "-" "WordPress/6.9; http://hbkconsultancy.com"
114.119.151.1 - - [10/Feb/2026:10:31:17 +0000] "GET /best-online-casinos-for-genuine-money-in-2025 HTTP/1.0" 301 496 "https://hbkconsultancy.com/2025/02/page/17" "Mozilla/5.0 (Linux; Android 7.0;) AppleWebKit/537.36 (KHTML, like Gecko) Mobile Safari/537.36 (compatible; PetalBot;+https://webmaster.petalsearch.com/site/petalbot)"
2a02:4780:41:6421::1 - - [10/Feb/2026:10:31:17 +0000] "POST /wp-cron.php?doing_wp_cron=1770719477.7067019939422607421875 HTTP/1.0" 200 412 "-" "WordPress/6.9; https://hbkconsultancy.com"
114.119.151.1 - - [10/Feb/2026:10:31:19 +0000] "GET /best-online-casinos-for-genuine-money-in-2025/ HTTP/1.0" 200 41715 "https://hbkconsultancy.com/2025/02/page/17" "Mozilla/5.0 (Linux; Android 7.0;) AppleWebKit/537.36 (KHTML, like Gecko) Mobile Safari/537.36 (compatible; PetalBot;+https://webmaster.petalsearch.com/site/petalbot)"
31.42.171.112 - - [10/Feb/2026:10:31:38 +0000] "GET /31444273309.htm HTTP/1.0" 404 126638 "https://hbkconsultancy.com/" "Mozilla/5.0 (Macintosh; Intel Mac OS X 10_15_7) AppleWebKit/537.36 (KHTML, like Gecko) Chrome/134.0.0.0 Safari/537.36"
2a02:4780:41:6421::1 - - [10/Feb/2026:10:31:39 +0000] "POST /wp-cron.php?doing_wp_cron=1770719499.3565800189971923828125 HTTP/1.0" 200 412 "-" "WordPress/6.9; https://hbkconsultancy.com"
114.119.140.186 - - [10/Feb/2026:10:32:37 +0000] "GET /2025/02/page/13 HTTP/1.0" 301 415 "https://hbkconsultancy.com/2025/02/page/11" "Mozilla/5.0 (Linux; Android 7.0;) AppleWebKit/537.36 (KHTML, like Gecko) Mobile Safari/537.36 (compatible; PetalBot;+https://webmaster.petalsearch.com/site/petalbot)"
2a02:4780:41:6421::1 - - [10/Feb/2026:10:32:38 +0000] "POST /wp-cron.php?doing_wp_cron=1770719558.0612640380859375000000 HTTP/1.0" 200 412 "-" "WordPress/6.9; https://hbkconsultancy.com"
114.119.140.186 - - [10/Feb/2026:10:32:39 +0000] "GET /2025/02/page/13/ HTTP/1.0" 200 29214 "https://hbkconsultancy.com/2025/02/page/11" "Mozilla/5.0 (Linux; Android 7.0;) AppleWebKit/537.36 (KHTML, like Gecko) Mobile Safari/537.36 (compatible; PetalBot;+https://webmaster.petalsearch.com/site/petalbot)"
114.119.136.75 - - [10/Feb/2026:10:34:00 +0000] "GET /2023/05/30/ HTTP/1.0" 200 27602 "https://hbkconsultancy.com/blog-grid/page/70" "Mozilla/5.0 (Linux; Android 7.0;) AppleWebKit/537.36 (KHTML, like Gecko) Mobile Safari/537.36 (compatible; PetalBot;+https://webmaster.petalsearch.com/site/petalbot)"
2a02:4780:41:6421::1 - - [10/Feb/2026:10:34:01 +0000] "POST /wp-cron.php?doing_wp_cron=1770719641.4790658950805664062500 HTTP/1.0" 200 412 "-" "WordPress/6.9; https://hbkconsultancy.com"
114.119.137.91 - - [10/Feb/2026:10:35:24 +0000] "GET /zoom-meetings/exploring-opportunities-in-global-education HTTP/1.0" 301 448 "-" "Mozilla/5.0 (Linux; Android 7.0;) AppleWebKit/537.36 (KHTML, like Gecko) Mobile Safari/537.36 (compatible; PetalBot;+https://webmaster.petalsearch.com/site/petalbot)"
114.119.137.91 - - [10/Feb/2026:10:35:26 +0000] "GET /zoom-meetings/exploring-opportunities-in-global-education/ HTTP/1.0" 200 23723 "-" "Mozilla/5.0 (Linux; Android 7.0;) AppleWebKit/537.36 (KHTML, like Gecko) Mobile Safari/537.36 (compatible; PetalBot;+https://webmaster.petalsearch.com/site/petalbot)"
114.119.132.88 - - [10/Feb/2026:10:36:48 +0000] "GET /2-columns/page/17/ HTTP/1.0" 200 23907 "http://hbkconsultancy.com/2-columns/page/16/" "Mozilla/5.0 (Linux; Android 7.0;) AppleWebKit/537.36 (KHTML, like Gecko) Mobile Safari/537.36 (compatible; PetalBot;+https://webmaster.petalsearch.com/site/petalbot)"
2a02:4780:41:6421::1 - - [10/Feb/2026:10:36:49 +0000] "POST /wp-cron.php?doing_wp_cron=1770719809.5030410289764404296875 HTTP/1.0" 200 404 "-" "WordPress/6.9; http://hbkconsultancy.com"
17.246.23.17 - - [10/Feb/2026:10:39:04 +0000] "GET /speak-to-strangers-online-random-video-voice-chat/ HTTP/1.0" 200 34869 "-" "Mozilla/5.0 (Macintosh; Intel Mac OS X 10_15_7) AppleWebKit/605.1.15 (KHTML, like Gecko) Version/17.4 Safari/605.1.15 (Applebot/0.1; +http://www.apple.com/go/applebot)"
2a02:4780:41:6421::1 - - [10/Feb/2026:10:39:05 +0000] "POST /wp-cron.php?doing_wp_cron=1770719945.2598860263824462890625 HTTP/1.0" 200 404 "-" "WordPress/6.9; http://hbkconsultancy.com"
173.239.196.85 - - [10/Feb/2026:10:39:58 +0000] "GET /manager.php HTTP/1.0" 403 463 "-" "Mozilla/5.0 (Windows NT 10.0; WOW64) AppleWebKit/537.36 (KHTML, like Gecko) Chrome/84.0.4147.105 Safari/537.36"
173.239.196.85 - - [10/Feb/2026:10:39:58 +0000] "GET /bless.php HTTP/1.0" 403 463 "-" "Mozilla/5.0 (X11; Fedora; Linux x86_64; rv:79.0) Gecko/20100101 Firefox/79.0"
173.239.196.85 - - [10/Feb/2026:10:39:59 +0000] "GET /O-Simple.php HTTP/1.0" 403 463 "-" "Mozilla/5.0 (Windows NT 6.1; Win64; x64) AppleWebKit/537.36 (KHTML, like Gecko) Chrome/74.0.3729.169 Safari/537.36"
173.239.196.85 - - [10/Feb/2026:10:39:59 +0000] "GET /lock360.php HTTP/1.0" 403 463 "-" "Mozilla/5.0 (Windows NT 10.0; Win64; x64; rv:77.0) Gecko/20100101 Firefox/77.0"
173.239.196.85 - - [10/Feb/2026:10:39:59 +0000] "GET /zwso.php HTTP/1.0" 403 463 "-" "Mozilla/5.0 (Windows NT 10.0; Win64; x64) AppleWebKit/537.36 (KHTML, like Gecko) Chrome/79.0.3945.88 Safari/537.36"
173.239.196.85 - - [10/Feb/2026:10:39:59 +0000] "GET /chosen.php HTTP/1.0" 403 463 "-" "Mozilla/5.0 (Windows NT 6.1; Win64; x64) AppleWebKit/537.36 (KHTML, like Gecko) Chrome/58.0.3029.110 Safari/537.3"
173.239.196.85 - - [10/Feb/2026:10:40:00 +0000] "GET /about.php HTTP/1.0" 403 463 "-" "Mozilla/5.0 (Windows NT 10.0; Win64; x64; rv:73.0) Gecko/20100101 Firefox/73.0"
173.239.196.85 - - [10/Feb/2026:10:40:00 +0000] "GET /admin.php HTTP/1.0" 404 126471 "-" "Mozilla/5.0 (Windows NT 10.0; Win64; x64) AppleWebKit/537.36 (KHTML, like Gecko) Chrome/77.0.3865.90 Safari/537.36"
2a02:4780:41:6421::1 - - [10/Feb/2026:10:40:01 +0000] "POST /wp-cron.php?doing_wp_cron=1770720001.1111800670623779296875 HTTP/1.0" 200 404 "-" "WordPress/6.9; http://hbkconsultancy.com"
173.239.196.85 - - [10/Feb/2026:10:40:02 +0000] "GET /.well-known/login.php HTTP/1.0" 404 126470 "-" "Mozilla/5.0 (Windows NT 10.0; Win64; x64) AppleWebKit/537.36 (KHTML, like Gecko) Chrome/79.0.3945.130 Safari/537.36"
173.239.196.85 - - [10/Feb/2026:10:40:04 +0000] "GET /mah.php HTTP/1.0" 403 463 "-" "Mozilla/5.0 (Windows NT 10.0; Win64; x64; rv:73.0) Gecko/20100101 Firefox/73.0"
114.119.151.1 - - [10/Feb/2026:10:40:00 +0000] "GET /2025/02/page/30 HTTP/1.0" 301 415 "https://hbkconsultancy.com/2025/02/page/28" "Mozilla/5.0 (Linux; Android 7.0;) AppleWebKit/537.36 (KHTML, like Gecko) Mobile Safari/537.36 (compatible; PetalBot;+https://webmaster.petalsearch.com/site/petalbot)"
173.239.196.85 - - [10/Feb/2026:10:40:04 +0000] "GET /.wp/wso.php HTTP/1.0" 404 126470 "-" "Mozilla/5.0 (Windows NT 10.0; WOW64; x64) AppleWebKit/537.36 (KHTML, like Gecko) Chrome/84.0.4147.105 Safari/537.36 OPR/70.0.3728.95"
173.239.196.85 - - [10/Feb/2026:10:40:06 +0000] "GET /core.php HTTP/1.0" 403 463 "-" "Mozilla/5.0 (Windows NT 10.0; Win64; x64) AppleWebKit/537.36 (KHTML, like Gecko) Chrome/81.0.4044.129 Safari/537.36"
114.119.151.1 - - [10/Feb/2026:10:40:05 +0000] "GET /2025/02/page/30/ HTTP/1.0" 200 29439 "https://hbkconsultancy.com/2025/02/page/28" "Mozilla/5.0 (Linux; Android 7.0;) AppleWebKit/537.36 (KHTML, like Gecko) Mobile Safari/537.36 (compatible; PetalBot;+https://webmaster.petalsearch.com/site/petalbot)"
173.239.196.85 - - [10/Feb/2026:10:40:06 +0000] "GET /robots.php HTTP/1.0" 403 463 "-" "Mozilla/5.0 (Windows NT 10.0; Win64; x64) AppleWebKit/537.36 (KHTML, like Gecko) Chrome/70.0.3538.110 Safari/537.36"
173.239.196.85 - - [10/Feb/2026:10:40:06 +0000] "GET /inputs.php HTTP/1.0" 404 126471 "-" "Mozilla/5.0 (Windows NT 10.0; WOW64) AppleWebKit/537.36 (KHTML, like Gecko) Chrome/84.0.4147.105 Safari/537.36"
173.239.196.85 - - [10/Feb/2026:10:40:07 +0000] "GET /mini.php HTTP/1.0" 403 463 "-" "Mozilla/5.0 (Linux x86_64; rv:79.0) Gecko/20100101 Firefox/79.0"
173.239.196.85 - - [10/Feb/2026:10:40:07 +0000] "GET /goods.php HTTP/1.0" 403 463 "-" "Mozilla/5.0 (Windows NT 10.0; Win64; x64) AppleWebKit/537.36 (KHTML, like Gecko) Chrome/70.0.3538.77 Safari/537.36"
173.239.196.85 - - [10/Feb/2026:10:40:08 +0000] "GET /file5.php HTTP/1.0" 403 463 "-" "Mozilla/5.0 (Windows NT 10.0; WOW64) AppleWebKit/537.36 (KHTML, like Gecko) Chrome/72.0.3626.121 Safari/537.36"
173.239.196.85 - - [10/Feb/2026:10:40:08 +0000] "GET /ahax.php HTTP/1.0" 403 463 "-" "Mozilla/5.0 (Windows NT 10.0; Win64; x64; rv:73.0) Gecko/20100101 Firefox/73.0"
173.239.196.85 - - [10/Feb/2026:10:40:08 +0000] "GET /f35.php HTTP/1.0" 403 463 "-" "Mozilla/5.0 (X11; Ubuntu; Linux i686; rv:79.0) Gecko/20100101 Firefox/79.0"
173.239.196.85 - - [10/Feb/2026:10:40:08 +0000] "GET /simple.php HTTP/1.0" 403 463 "-" "Mozilla/5.0 (Windows NT 10.0; Win64; x64; rv:75.0) Gecko/20100101 Firefox/75.0"
173.239.196.85 - - [10/Feb/2026:10:40:08 +0000] "GET /update/f35.php HTTP/1.0" 404 126471 "-" "Mozilla/5.0 (Windows NT 10.0; Win64; x64) AppleWebKit/537.36 (KHTML, like Gecko) Chrome/74.0.3729.157 Safari/537.36"
173.239.196.85 - - [10/Feb/2026:10:40:10 +0000] "GET /wp-content/hello.php HTTP/1.0" 403 463 "-" "Mozilla/5.0 (Windows NT 6.1; Win64; x64) AppleWebKit/537.36 (KHTML, like Gecko) Chrome/80.0.3987.149 Safari/537.36"
173.239.196.85 - - [10/Feb/2026:10:40:10 +0000] "GET /wp-admin/maint/bootstrap.php HTTP/1.0" 403 463 "-" "Mozilla/5.0 (Macintosh; Intel Mac OS X 10_10_1) AppleWebKit/537.36 (KHTML, like Gecko) Chrome/39.0.2171.95 Safari/537.36"
173.239.196.85 - - [10/Feb/2026:10:40:10 +0000] "GET /themes/zMousse/otuz1.php HTTP/1.0" 404 126471 "-" "Mozilla/5.0 (X11; Linux x86_64) AppleWebKit/537.36 (KHTML, like Gecko) Chrome/84.0.4147.105 Safari/537.36"
173.239.196.85 - - [10/Feb/2026:10:40:11 +0000] "GET /wp-content/edit-wolf.php HTTP/1.0" 403 463 "-" "Mozilla/5.0 (Macintosh; Intel Mac OS X 10_15_6) AppleWebKit/537.36 (KHTML, like Gecko) Chrome/84.0.4147.105 Safari/537.36"
173.239.196.85 - - [10/Feb/2026:10:40:11 +0000] "GET /wp-content/plugins/ubh/up.php HTTP/1.0" 404 126471 "-" "Mozilla/5.0 (Macintosh; Intel Mac OS X 10_15_6) AppleWebKit/537.36 (KHTML, like Gecko) Chrome/84.0.4147.105 Safari/537.36"
173.239.196.85 - - [10/Feb/2026:10:40:12 +0000] "GET /wp-admin/images/bootstrap.php HTTP/1.0" 403 463 "-" "Mozilla/5.0 (Windows NT 10.0; Win64; x64) AppleWebKit/537.36 (KHTML, like Gecko) Chrome/69.0.3497.100 Safari/537.36"
173.239.196.85 - - [10/Feb/2026:10:40:12 +0000] "GET /images/upload.php HTTP/1.0" 403 463 "-" "Mozilla/5.0 (Windows NT 10.0; Win64; x64) AppleWebKit/537.36 (KHTML, like Gecko) Chrome/84.0.4147.105 Safari/537.36"
173.239.196.85 - - [10/Feb/2026:10:40:13 +0000] "GET /wp-content/plugins/seoplugins/db.php?u HTTP/1.0" 404 126476 "-" "Mozilla/5.0 (Windows NT 10.0) AppleWebKit/537.36 (KHTML, like Gecko) Chrome/72.0.3626.121 Safari/537.36"
2a02:4780:41:6421::1 - - [10/Feb/2026:10:40:14 +0000] "POST /wp-cron.php?doing_wp_cron=1770720014.8998489379882812500000 HTTP/1.0" 200 404 "-" "WordPress/6.9; http://hbkconsultancy.com"
173.239.196.85 - - [10/Feb/2026:10:40:14 +0000] "GET /wp-content/themes/pridmag/db.php?u HTTP/1.0" 404 126476 "-" "Mozilla/5.0 (Windows NT 10.0; Win64; x64; rv:67.0) Gecko/20100101 Firefox/67.0"
173.239.196.85 - - [10/Feb/2026:10:40:15 +0000] "GET /wp-content/plugins/linkpreview/db.php?u HTTP/1.0" 404 126476 "-" "Mozilla/5.0 (Windows NT 10.0; Win64; x64) AppleWebKit/537.36 (KHTML, like Gecko) Chrome/79.0.3945.88 Safari/537.36"
173.239.196.85 - - [10/Feb/2026:10:40:16 +0000] "GET /admin/uploads/bn_1_1754420677.phtml HTTP/1.0" 404 126471 "-" "Mozilla/5.0 (Windows NT 10.0; WOW64) AppleWebKit/537.36 (KHTML, like Gecko) Chrome/72.0.3626.121 Safari/537.36"
173.239.196.85 - - [10/Feb/2026:10:40:17 +0000] "GET /modules/mod_simplefileuploadv1.3/elements/udd.php HTTP/1.0" 404 126470 "-" "Mozilla/5.0 (Windows NT 6.1; Win64; x64) AppleWebKit/537.36 (KHTML, like Gecko) Chrome/74.0.3729.169 Safari/537.36"
173.239.196.85 - - [10/Feb/2026:10:40:19 +0000] "GET /wp-content/plugins/pwnd/pwnd.php HTTP/1.0" 404 126470 "-" "Mozilla/5.0 (Windows NT 10.0; Win64; x64; rv:77.0) Gecko/20100101 Firefox/77.0"
173.239.196.85 - - [10/Feb/2026:10:40:20 +0000] "GET /wp-content/plugins/pwnd-1/pwnd.php HTTP/1.0" 404 126470 "-" "Mozilla/5.0 (Windows NT 10.0; WOW64; Trident/7.0; .NET4.0C; .NET4.0E; .NET CLR 2.0.50727; .NET CLR 3.0.30729; .NET CLR 3.5.30729; rv:11.0) like Gecko"
173.239.196.85 - - [10/Feb/2026:10:40:21 +0000] "GET /wp-admin/css/colors/midnight/admin.php HTTP/1.0" 403 463 "-" "Mozilla/5.0 (Windows NT 10.0; Win64; x64) AppleWebKit/537.36 (KHTML, like Gecko) Chrome/83.0.4103.97 Safari/537.36"
173.239.196.85 - - [10/Feb/2026:10:40:21 +0000] "GET /vendor/phpunit/phpunit/src/Util/PHP/kill.php HTTP/1.0" 404 126471 "-" "Mozilla/5.0 (Windows NT 10.0; Win64; x64) AppleWebKit/537.36 (KHTML, like Gecko) Chrome/74.0.3729.157 Safari/537.36"
173.239.196.85 - - [10/Feb/2026:10:40:22 +0000] "GET /wp-includes/style-engine/worksec.php HTTP/1.0" 403 463 "-" "Mozilla/5.0 (Windows NT 10.0; WOW64; Trident/7.0; .NET4.0C; .NET4.0E; .NET CLR 2.0.50727; .NET CLR 3.0.30729; .NET CLR 3.5.30729; rv:11.0) like Gecko"
173.239.196.85 - - [10/Feb/2026:10:40:22 +0000] "GET /wp-admin/images/wp-conflg.php HTTP/1.0" 403 463 "-" "Mozilla/5.0 (Macintosh; Intel Mac OS X 10_12_6) AppleWebKit/537.36 (KHTML, like Gecko) Chrome/58.0.3029.110 Safari/537.3"
173.239.196.85 - - [10/Feb/2026:10:40:22 +0000] "GET /wp-content/plugins/core-plugin/include.php HTTP/1.0" 404 126471 "-" "Mozilla/5.0 (Windows NT 10.0; Win64; x64; rv:66.0) Gecko/20100101 Firefox/66.0"
173.239.196.85 - - [10/Feb/2026:10:40:23 +0000] "GET /wp-content/plugins/envato-css.php HTTP/1.0" 403 463 "-" "Mozilla/5.0 (Windows NT 10.0; Win64; x64) AppleWebKit/537.36 (KHTML, like Gecko) Chrome/70.0.3538.110 Safari/537.36"
173.239.196.85 - - [10/Feb/2026:10:40:24 +0000] "GET /classwithtostring.php HTTP/1.0" 403 463 "-" "Mozilla/5.0 (Windows NT 10.0) AppleWebKit/537.36 (KHTML, like Gecko) Chrome/72.0.3626.121 Safari/537.36"
173.239.196.85 - - [10/Feb/2026:10:40:24 +0000] "GET /uploads/94056-upload.phtml HTTP/1.0" 404 126471 "-" "Mozilla/5.0 (Windows NT 10.0; Win64; x64) AppleWebKit/537.36 (KHTML, like Gecko) Chrome/70.0.3538.110 Safari/537.36"
173.239.196.85 - - [10/Feb/2026:10:40:25 +0000] "GET /index/function.php HTTP/1.0" 404 126470 "-" "Mozilla/5.0 (X11; Linux x86_64) AppleWebKit/537.36 (KHTML, like Gecko) Chrome/84.0.4147.105 Safari/537.36"
173.239.196.85 - - [10/Feb/2026:10:40:26 +0000] "GET /tinyfilemanager.php HTTP/1.0" 403 463 "-" "Mozilla/5.0 (Linux x86_64; rv:79.0) Gecko/20100101 Firefox/79.0"
173.239.196.85 - - [10/Feb/2026:10:40:26 +0000] "GET /js/bas.php HTTP/1.0" 404 126471 "-" "Mozilla/5.0 (Macintosh; Intel Mac OS X 10_15_6) AppleWebKit/537.36 (KHTML, like Gecko) Chrome/84.0.4147.105 Safari/537.36 OPR/70.0.3728.95"
173.239.196.85 - - [10/Feb/2026:10:40:27 +0000] "GET /.well-known/pki-validation/moon.php HTTP/1.0" 404 126470 "-" "Mozilla/5.0 (X11; Linux x86_64) AppleWebKit/537.36 (KHTML, like Gecko) Chrome/84.0.4147.105 Safari/537.36 OPR/70.0.3728.95"
173.239.196.85 - - [10/Feb/2026:10:40:28 +0000] "GET /file.php HTTP/1.0" 403 463 "-" "Mozilla/5.0 (Windows NT 10.0; Win64; x64) AppleWebKit/537.36 (KHTML, like Gecko) Chrome/70.0.3538.77 Safari/537.36"
173.239.196.85 - - [10/Feb/2026:10:40:28 +0000] "GET /wp-includes/js/index.php HTTP/1.0" 403 463 "-" "Mozilla/5.0 (Windows NT 10.0) AppleWebKit/537.36 (KHTML, like Gecko) Chrome/84.0.4147.105 Safari/537.36"
173.239.196.85 - - [10/Feb/2026:10:40:28 +0000] "GET /wp-content/upgrade/item.php HTTP/1.0" 403 463 "-" "Mozilla/5.0 (Windows NT 6.1; Win64; x64) AppleWebKit/537.36 (KHTML, like Gecko) Chrome/78.0.3904.108 Safari/537.36"
173.239.196.85 - - [10/Feb/2026:10:40:29 +0000] "GET /buy.php HTTP/1.0" 403 463 "-" "Mozilla/5.0 (X11; Ubuntu; Linux i686; rv:79.0) Gecko/20100101 Firefox/79.0"
173.239.196.85 - - [10/Feb/2026:10:40:29 +0000] "GET /wp-content/languages/wp-conflg.php HTTP/1.0" 403 463 "-" "Mozilla/5.0 (Windows NT 6.1; Win64; x64) AppleWebKit/537.36 (KHTML, like Gecko) Chrome/79.0.3945.130 Safari/537.36"
173.239.196.85 - - [10/Feb/2026:10:40:29 +0000] "GET /wp-content/themes/classwithtostring.php HTTP/1.0" 403 463 "-" "Mozilla/5.0 (Macintosh; Intel Mac OS X 10_15_6) AppleWebKit/537.36 (KHTML, like Gecko) Chrome/84.0.4147.125 Safari/537.36"
173.239.196.85 - - [10/Feb/2026:10:40:29 +0000] "GET /wp-content/plugins/elementor/wp-wjvngrh.php HTTP/1.0" 403 463 "-" "Mozilla/5.0 (Windows NT 6.1; Win64; x64) AppleWebKit/537.36 (KHTML, like Gecko) Chrome/79.0.3945.130 Safari/537.36"
2a02:4780:41:6421::1 - - [10/Feb/2026:10:40:30 +0000] "POST /wp-cron.php?doing_wp_cron=1770720030.5462059974670410156250 HTTP/1.0" 200 404 "-" "WordPress/6.9; http://hbkconsultancy.com"
173.239.196.85 - - [10/Feb/2026:10:40:29 +0000] "GET /wp-includes/IXR/fix.php7 HTTP/1.0" 404 126470 "-" "Mozilla/5.0 (X11; Linux x86_64) AppleWebKit/537.36 (KHTML, like Gecko) Chrome/84.0.4147.105 Safari/537.36 OPR/70.0.3728.95"
173.239.196.85 - - [10/Feb/2026:10:40:31 +0000] "GET /wp-includes/widgets/dyqvcfqv.php HTTP/1.0" 403 463 "-" "Mozilla/5.0 (Windows NT 10.0; Win64; x64) AppleWebKit/537.36 (KHTML, like Gecko) Chrome/75.0.3770.100 Safari/537.36"
173.239.196.85 - - [10/Feb/2026:10:40:31 +0000] "GET /admin/function.php HTTP/1.0" 404 126470 "-" "Mozilla/5.0 (Windows NT 10.0; Win64; x64; rv:74.0) Gecko/20100101 Firefox/74.0"
173.239.196.85 - - [10/Feb/2026:10:40:32 +0000] "GET /wp-includes/images/smilies/about.php HTTP/1.0" 403 463 "-" "Mozilla/5.0 (Windows NT 10.0; WOW64; x64) AppleWebKit/537.36 (KHTML, like Gecko) Chrome/84.0.4147.105 Safari/537.36 OPR/70.0.3728.95"
173.239.196.85 - - [10/Feb/2026:10:40:33 +0000] "GET /wp-includes/js/crop/admin.php HTTP/1.0" 403 463 "-" "Mozilla/5.0 (Windows NT 10.0; Win64; x64; rv:79.0) Gecko/20100101 Firefox/79.0"
173.239.196.85 - - [10/Feb/2026:10:40:33 +0000] "GET /wp-includes/PHPMailer/wp-conflg.php HTTP/1.0" 403 463 "-" "Mozilla/5.0 (Windows NT 10.0; WOW64; Trident/7.0; .NET4.0C; .NET4.0E; .NET CLR 2.0.50727; .NET CLR 3.0.30729; .NET CLR 3.5.30729; rv:11.0) like Gecko"
173.239.196.85 - - [10/Feb/2026:10:40:33 +0000] "GET /wp-includes/PHPMailer/admin.php HTTP/1.0" 403 463 "-" "Mozilla/5.0 (Windows NT 10.0) AppleWebKit/537.36 (KHTML, like Gecko) Chrome/72.0.3626.121 Safari/537.36"
173.239.196.85 - - [10/Feb/2026:10:40:33 +0000] "GET /wp-includes/widgets/wp-login.php HTTP/1.0" 403 463 "-" "Mozilla/5.0 (Windows NT 10.0; Win64; x64) AppleWebKit/537.36 (KHTML, like Gecko) Chrome/70.0.3538.110 Safari/537.36"
