114.119.151.5 - - [10/Feb/2026:04:12:47 +0000] "GET /buy-stromectol-online-effective-treatment/ HTTP/1.0" 200 33708 "http://hbkconsultancy.com/my-courses/?query-0-page=32" "Mozilla/5.0 (Linux; Android 7.0;) AppleWebKit/537.36 (KHTML, like Gecko) Mobile Safari/537.36 (compatible; PetalBot;+https://webmaster.petalsearch.com/site/petalbot)"
2a02:4780:41:6421::1 - - [10/Feb/2026:04:13:55 +0000] "POST /wp-cron.php?doing_wp_cron=1770696835.9219000339508056640625 HTTP/1.0" 200 404 "-" "WordPress/6.9; http://hbkconsultancy.com"
146.70.76.43 - - [10/Feb/2026:04:13:55 +0000] "POST /xmlrpc.php HTTP/1.0" 200 609 "-" "Go-http-client/1.1"
147.93.58.212 - - [10/Feb/2026:04:14:01 +0000] "GET / HTTP/1.0" 200 29042 "-" "Mozilla/5.0 (X11; Linux x86_64) AppleWebKit/537.36 (KHTML, like Gecko) Chrome/44.0.2403.157 Safari/537.36"
2a02:4780:41:6421::1 - - [10/Feb/2026:04:14:27 +0000] "POST /wp-cron.php?doing_wp_cron=1770696867.6953139305114746093750 HTTP/1.0" 200 404 "-" "WordPress/6.9; http://hbkconsultancy.com"
95.211.126.56 - - [10/Feb/2026:04:14:27 +0000] "POST /xmlrpc.php HTTP/1.0" 200 609 "-" "Go-http-client/1.1"
2a02:4780:41:6421::1 - - [10/Feb/2026:04:14:57 +0000] "POST /wp-cron.php?doing_wp_cron=1770696897.1371700763702392578125 HTTP/1.0" 200 404 "-" "WordPress/6.9; http://hbkconsultancy.com"
146.70.76.43 - - [10/Feb/2026:04:14:56 +0000] "POST /xmlrpc.php HTTP/1.0" 200 609 "-" "Go-http-client/1.1"
146.70.76.43 - - [10/Feb/2026:04:15:10 +0000] "POST /xmlrpc.php HTTP/1.0" 200 609 "-" "Go-http-client/1.1"
216.244.66.245 - - [10/Feb/2026:04:15:11 +0000] "GET /robots.txt HTTP/1.0" 200 566 "-" "Mozilla/5.0 (compatible; DotBot/1.2; +https://opensiteexplorer.org/dotbot; [email protected])"
2a02:4780:41:6421::1 - - [10/Feb/2026:04:20:20 +0000] "POST /wp-cron.php?doing_wp_cron=1770697220.5804150104522705078125 HTTP/1.0" 200 412 "-" "WordPress/6.9; https://hbkconsultancy.com"
52.173.235.88 - - [10/Feb/2026:04:20:19 +0000] "GET /understanding-drug-use-and-addiction-drugfacts/ HTTP/1.0" 200 35027 "-" "Mozilla/5.0 AppleWebKit/537.36 (KHTML, like Gecko); compatible; ChatGPT-User/1.0; +https://openai.com/bot"
146.70.76.43 - - [10/Feb/2026:04:20:50 +0000] "POST /xmlrpc.php HTTP/1.0" 200 609 "-" "Go-http-client/1.1"
146.70.76.43 - - [10/Feb/2026:04:21:13 +0000] "POST /xmlrpc.php HTTP/1.0" 200 609 "-" "Go-http-client/1.1"
17.241.227.72 - - [10/Feb/2026:04:24:51 +0000] "GET /lessons/installing-wordpress/ HTTP/1.0" 404 126347 "-" "Mozilla/5.0 (Macintosh; Intel Mac OS X 10_15_7) AppleWebKit/605.1.15 (KHTML, like Gecko) Version/17.4 Safari/605.1.15 (Applebot/0.1; +http://www.apple.com/go/applebot)"
2a02:4780:41:6421::1 - - [10/Feb/2026:04:26:09 +0000] "POST /wp-cron.php?doing_wp_cron=1770697569.4038400650024414062500 HTTP/1.0" 200 412 "-" "WordPress/6.9; https://hbkconsultancy.com"
114.119.136.75 - - [10/Feb/2026:04:26:08 +0000] "GET /ruleta-aleatoria-personaliza-sumado-a-gira-2 HTTP/1.0" 301 495 "http://hbkconsultancy.com/best-online-casino-sites-updated-for-oct-2024-2" "Mozilla/5.0 (Linux; Android 7.0;) AppleWebKit/537.36 (KHTML, like Gecko) Mobile Safari/537.36 (compatible; PetalBot;+https://webmaster.petalsearch.com/site/petalbot)"
114.119.136.75 - - [10/Feb/2026:04:26:10 +0000] "GET /ruleta-aleatoria-personaliza-sumado-a-gira-2/ HTTP/1.0" 200 40428 "http://hbkconsultancy.com/best-online-casino-sites-updated-for-oct-2024-2" "Mozilla/5.0 (Linux; Android 7.0;) AppleWebKit/537.36 (KHTML, like Gecko) Mobile Safari/537.36 (compatible; PetalBot;+https://webmaster.petalsearch.com/site/petalbot)"
74.7.229.217 - - [10/Feb/2026:04:26:56 +0000] "GET /understanding-drug-use-and-addiction-drugfacts/ HTTP/1.0" 200 34976 "-" "Mozilla/5.0 (Macintosh; Intel Mac OS X 10_15_7) AppleWebKit/537.36 (KHTML, like Gecko) Chrome/131.0.0.0 Safari/537.36; compatible; OAI-SearchBot/1.3; +https://openai.com/searchbot"
2a02:4780:41:6421::1 - - [10/Feb/2026:04:26:57 +0000] "POST /wp-cron.php?doing_wp_cron=1770697617.3049969673156738281250 HTTP/1.0" 200 412 "-" "WordPress/6.9; https://hbkconsultancy.com"
74.7.244.51 - - [10/Feb/2026:04:26:56 +0000] "GET /robots.txt HTTP/1.0" 200 582 "-" "Mozilla/5.0 (Macintosh; Intel Mac OS X 10_15_7) AppleWebKit/537.36 (KHTML, like Gecko) Chrome/131.0.0.0 Safari/537.36; compatible; OAI-SearchBot/1.3; robots.txt; +https://openai.com/searchbot"
74.7.229.9 - - [10/Feb/2026:04:27:02 +0000] "GET /?p=20045 HTTP/1.0" 301 497 "https://hbkconsultancy.com/understanding-drug-use-and-addiction-drugfacts/" "Mozilla/5.0 (Macintosh; Intel Mac OS X 10_15_7) AppleWebKit/537.36 (KHTML, like Gecko) Chrome/131.0.0.0 Safari/537.36; compatible; OAI-SearchBot/1.3; +https://openai.com/searchbot"
74.7.229.9 - - [10/Feb/2026:04:27:03 +0000] "GET /understanding-drug-use-and-addiction-drugfacts/ HTTP/1.0" 200 34767 "https://hbkconsultancy.com/?p=20045" "Mozilla/5.0 (Macintosh; Intel Mac OS X 10_15_7) AppleWebKit/537.36 (KHTML, like Gecko) Chrome/131.0.0.0 Safari/537.36; compatible; OAI-SearchBot/1.3; +https://openai.com/searchbot"
74.7.229.217 - - [10/Feb/2026:04:27:05 +0000] "GET /understanding-drug-use-and-addiction-drugfacts/feed/ HTTP/1.0" 200 1158 "https://hbkconsultancy.com/understanding-drug-use-and-addiction-drugfacts/" "Mozilla/5.0 (Macintosh; Intel Mac OS X 10_15_7) AppleWebKit/537.36 (KHTML, like Gecko) Chrome/131.0.0.0 Safari/537.36; compatible; OAI-SearchBot/1.3; +https://openai.com/searchbot"
74.7.229.14 - - [10/Feb/2026:04:27:08 +0000] "GET /2025/02/11/ HTTP/1.0" 200 29452 "https://hbkconsultancy.com/understanding-drug-use-and-addiction-drugfacts/" "Mozilla/5.0 (Macintosh; Intel Mac OS X 10_15_7) AppleWebKit/537.36 (KHTML, like Gecko) Chrome/131.0.0.0 Safari/537.36; compatible; OAI-SearchBot/1.3; +https://openai.com/searchbot"
74.7.242.149 - - [10/Feb/2026:04:27:12 +0000] "GET /buy-stromectol-online-effective-treatment/ HTTP/1.0" 200 33783 "https://hbkconsultancy.com/understanding-drug-use-and-addiction-drugfacts/" "Mozilla/5.0 (Macintosh; Intel Mac OS X 10_15_7) AppleWebKit/537.36 (KHTML, like Gecko) Chrome/131.0.0.0 Safari/537.36; compatible; OAI-SearchBot/1.3; +https://openai.com/searchbot"
74.7.242.149 - - [10/Feb/2026:04:27:14 +0000] "GET /?p=19470 HTTP/1.0" 301 365 "https://hbkconsultancy.com/buy-stromectol-online-effective-treatment/" "Mozilla/5.0 (Macintosh; Intel Mac OS X 10_15_7) AppleWebKit/537.36 (KHTML, like Gecko) Chrome/131.0.0.0 Safari/537.36; compatible; OAI-SearchBot/1.3; +https://openai.com/searchbot"
2a02:4780:41:6421::1 - - [10/Feb/2026:04:27:14 +0000] "POST /wp-cron.php?doing_wp_cron=1770697634.2997949123382568359375 HTTP/1.0" 200 412 "-" "WordPress/6.9; https://hbkconsultancy.com"
74.7.241.33 - - [10/Feb/2026:04:27:13 +0000] "GET /?p=19470 HTTP/1.0" 301 492 "https://hbkconsultancy.com/buy-stromectol-online-effective-treatment/" "Mozilla/5.0 AppleWebKit/537.36 (KHTML, like Gecko; compatible; GPTBot/1.3; +https://openai.com/gptbot)"
74.7.242.149 - - [10/Feb/2026:04:27:14 +0000] "GET /buy-stromectol-online-effective-treatment/ HTTP/1.0" 200 33466 "https://hbkconsultancy.com/?p=19470" "Mozilla/5.0 (Macintosh; Intel Mac OS X 10_15_7) AppleWebKit/537.36 (KHTML, like Gecko) Chrome/131.0.0.0 Safari/537.36; compatible; OAI-SearchBot/1.3; +https://openai.com/searchbot"
74.7.241.33 - - [10/Feb/2026:04:27:15 +0000] "GET /buy-stromectol-online-effective-treatment/ HTTP/1.0" 200 33685 "https://hbkconsultancy.com/?p=19470" "Mozilla/5.0 AppleWebKit/537.36 (KHTML, like Gecko; compatible; GPTBot/1.3; +https://openai.com/gptbot)"
74.7.229.9 - - [10/Feb/2026:04:27:15 +0000] "GET /tepe-kumar-slot-makineleri-kazanan-turlar-2/ HTTP/1.0" 200 32315 "https://hbkconsultancy.com/understanding-drug-use-and-addiction-drugfacts/" "Mozilla/5.0 (Macintosh; Intel Mac OS X 10_15_7) AppleWebKit/537.36 (KHTML, like Gecko) Chrome/131.0.0.0 Safari/537.36; compatible; OAI-SearchBot/1.3; +https://openai.com/searchbot"
37.140.223.6 - - [10/Feb/2026:04:27:16 +0000] "POST /wp-login.php HTTP/1.0" 200 3976 "-" "Mozilla/5.0"
37.140.223.15 - - [10/Feb/2026:04:27:16 +0000] "POST /wp-login.php HTTP/1.0" 200 3975 "-" "Mozilla/5.0"
37.140.223.9 - - [10/Feb/2026:04:27:16 +0000] "POST /wp-login.php HTTP/1.0" 200 3978 "-" "Mozilla/5.0"
74.7.242.141 - - [10/Feb/2026:04:27:17 +0000] "GET /?p=19359 HTTP/1.0" 301 494 "https://hbkconsultancy.com/tepe-kumar-slot-makineleri-kazanan-turlar-2/" "Mozilla/5.0 (Macintosh; Intel Mac OS X 10_15_7) AppleWebKit/537.36 (KHTML, like Gecko) Chrome/131.0.0.0 Safari/537.36; compatible; OAI-SearchBot/1.3; +https://openai.com/searchbot"
172.245.102.5 - - [10/Feb/2026:04:27:16 +0000] "POST /wp-login.php HTTP/1.0" 200 3973 "-" "Mozilla/5.0"
193.36.225.112 - - [10/Feb/2026:04:27:16 +0000] "POST /wp-login.php HTTP/1.0" 200 3978 "-" "Mozilla/5.0"
37.140.223.7 - - [10/Feb/2026:04:27:17 +0000] "POST /wp-login.php HTTP/1.0" 200 3976 "-" "Mozilla/5.0"
74.7.242.141 - - [10/Feb/2026:04:27:18 +0000] "GET /tepe-kumar-slot-makineleri-kazanan-turlar-2/ HTTP/1.0" 200 32346 "https://hbkconsultancy.com/?p=19359" "Mozilla/5.0 (Macintosh; Intel Mac OS X 10_15_7) AppleWebKit/537.36 (KHTML, like Gecko) Chrome/131.0.0.0 Safari/537.36; compatible; OAI-SearchBot/1.3; +https://openai.com/searchbot"
74.7.241.33 - - [10/Feb/2026:04:27:19 +0000] "GET /?p=19359 HTTP/1.0" 301 367 "https://hbkconsultancy.com/tepe-kumar-slot-makineleri-kazanan-turlar-2/" "Mozilla/5.0 AppleWebKit/537.36 (KHTML, like Gecko; compatible; GPTBot/1.3; +https://openai.com/gptbot)"
172.245.102.9 - - [10/Feb/2026:04:27:16 +0000] "POST /wp-login.php HTTP/1.0" 200 3979 "-" "Mozilla/5.0"
74.7.241.33 - - [10/Feb/2026:04:27:20 +0000] "GET /tepe-kumar-slot-makineleri-kazanan-turlar-2/ HTTP/1.0" 200 32471 "https://hbkconsultancy.com/?p=19359" "Mozilla/5.0 AppleWebKit/537.36 (KHTML, like Gecko; compatible; GPTBot/1.3; +https://openai.com/gptbot)"
74.7.242.130 - - [10/Feb/2026:04:27:20 +0000] "GET /_xmlrpc_check_1770688611_1594/ HTTP/1.0" 200 29518 "https://hbkconsultancy.com/understanding-drug-use-and-addiction-drugfacts/" "Mozilla/5.0 (Macintosh; Intel Mac OS X 10_15_7) AppleWebKit/537.36 (KHTML, like Gecko) Chrome/131.0.0.0 Safari/537.36; compatible; OAI-SearchBot/1.3; +https://openai.com/searchbot"
74.7.242.149 - - [10/Feb/2026:04:27:21 +0000] "GET /is-usasexguide-info-down-or-not-working-correct-now-troubleshoot-and-get-assist-weekly-journal/ HTTP/1.0" 200 35829 "https://hbkconsultancy.com/understanding-drug-use-and-addiction-drugfacts/" "Mozilla/5.0 (Macintosh; Intel Mac OS X 10_15_7) AppleWebKit/537.36 (KHTML, like Gecko) Chrome/131.0.0.0 Safari/537.36; compatible; OAI-SearchBot/1.3; +https://openai.com/searchbot"
74.7.242.141 - - [10/Feb/2026:04:27:22 +0000] "GET /?p=20220 HTTP/1.0" 301 353 "https://hbkconsultancy.com/_xmlrpc_check_1770688611_1594/" "Mozilla/5.0 (Macintosh; Intel Mac OS X 10_15_7) AppleWebKit/537.36 (KHTML, like Gecko) Chrome/131.0.0.0 Safari/537.36; compatible; OAI-SearchBot/1.3; +https://openai.com/searchbot"
74.7.241.33 - - [10/Feb/2026:04:27:22 +0000] "GET /wp-json/oembed/1.0/embed?url=https%3A%2F%2Fhbkconsultancy.com%2F_xmlrpc_check_1770688611_1594%2F HTTP/1.0" 200 2829 "https://hbkconsultancy.com/_xmlrpc_check_1770688611_1594/" "Mozilla/5.0 AppleWebKit/537.36 (KHTML, like Gecko; compatible; GPTBot/1.3; +https://openai.com/gptbot)"
74.7.242.141 - - [10/Feb/2026:04:27:22 +0000] "GET /_xmlrpc_check_1770688611_1594/ HTTP/1.0" 200 29396 "https://hbkconsultancy.com/?p=20220" "Mozilla/5.0 (Macintosh; Intel Mac OS X 10_15_7) AppleWebKit/537.36 (KHTML, like Gecko) Chrome/131.0.0.0 Safari/537.36; compatible; OAI-SearchBot/1.3; +https://openai.com/searchbot"
74.7.229.9 - - [10/Feb/2026:04:27:23 +0000] "GET /_xmlrpc_check_1770688611_1594/feed/ HTTP/1.0" 200 1113 "https://hbkconsultancy.com/_xmlrpc_check_1770688611_1594/" "Mozilla/5.0 (Macintosh; Intel Mac OS X 10_15_7) AppleWebKit/537.36 (KHTML, like Gecko) Chrome/131.0.0.0 Safari/537.36; compatible; OAI-SearchBot/1.3; +https://openai.com/searchbot"
74.7.241.33 - - [10/Feb/2026:04:27:25 +0000] "GET /_xmlrpc_check_1770688611_1594/feed/ HTTP/1.0" 200 1113 "https://hbkconsultancy.com/_xmlrpc_check_1770688611_1594/" "Mozilla/5.0 AppleWebKit/537.36 (KHTML, like Gecko; compatible; GPTBot/1.3; +https://openai.com/gptbot)"
74.7.242.149 - - [10/Feb/2026:04:27:25 +0000] "GET /wp-json/wp/v2/posts/20220 HTTP/1.0" 200 2598 "https://hbkconsultancy.com/_xmlrpc_check_1770688611_1594/" "Mozilla/5.0 (Macintosh; Intel Mac OS X 10_15_7) AppleWebKit/537.36 (KHTML, like Gecko) Chrome/131.0.0.0 Safari/537.36; compatible; OAI-SearchBot/1.3; +https://openai.com/searchbot"
74.7.229.9 - - [10/Feb/2026:04:27:26 +0000] "GET /wp-json/oembed/1.0/embed?format=xml&url=https%3A%2F%2Fhbkconsultancy.com%2F_xmlrpc_check_1770688611_1594%2F HTTP/1.0" 200 1725 "https://hbkconsultancy.com/_xmlrpc_check_1770688611_1594/" "Mozilla/5.0 (Macintosh; Intel Mac OS X 10_15_7) AppleWebKit/537.36 (KHTML, like Gecko) Chrome/131.0.0.0 Safari/537.36; compatible; OAI-SearchBot/1.3; +https://openai.com/searchbot"
74.7.229.9 - - [10/Feb/2026:04:27:26 +0000] "GET /?p=19870 HTTP/1.0" 301 418 "https://hbkconsultancy.com/is-usasexguide-info-down-or-not-working-correct-now-troubleshoot-and-get-assist-weekly-journal/" "Mozilla/5.0 (Macintosh; Intel Mac OS X 10_15_7) AppleWebKit/537.36 (KHTML, like Gecko) Chrome/131.0.0.0 Safari/537.36; compatible; OAI-SearchBot/1.3; +https://openai.com/searchbot"
74.7.241.33 - - [10/Feb/2026:04:27:27 +0000] "GET /wp-json/wp/v2/posts/20220 HTTP/1.0" 200 2598 "https://hbkconsultancy.com/_xmlrpc_check_1770688611_1594/" "Mozilla/5.0 AppleWebKit/537.36 (KHTML, like Gecko; compatible; GPTBot/1.3; +https://openai.com/gptbot)"
74.7.229.9 - - [10/Feb/2026:04:27:27 +0000] "GET /is-usasexguide-info-down-or-not-working-correct-now-troubleshoot-and-get-assist-weekly-journal/ HTTP/1.0" 200 35824 "https://hbkconsultancy.com/?p=19870" "Mozilla/5.0 (Macintosh; Intel Mac OS X 10_15_7) AppleWebKit/537.36 (KHTML, like Gecko) Chrome/131.0.0.0 Safari/537.36; compatible; OAI-SearchBot/1.3; +https://openai.com/searchbot"
74.7.229.217 - - [10/Feb/2026:04:27:28 +0000] "GET /wp-json/oembed/1.0/embed?url=https%3A%2F%2Fhbkconsultancy.com%2F_xmlrpc_check_1770688611_1594%2F HTTP/1.0" 200 2829 "https://hbkconsultancy.com/_xmlrpc_check_1770688611_1594/" "Mozilla/5.0 (Macintosh; Intel Mac OS X 10_15_7) AppleWebKit/537.36 (KHTML, like Gecko) Chrome/131.0.0.0 Safari/537.36; compatible; OAI-SearchBot/1.3; +https://openai.com/searchbot"
74.7.242.141 - - [10/Feb/2026:04:27:29 +0000] "GET /wp-json/oembed/1.0/embed?format=xml&url=https%3A%2F%2Fhbkconsultancy.com%2Funderstanding-drug-use-and-addiction-drugfacts%2F HTTP/1.0" 200 1816 "https://hbkconsultancy.com/understanding-drug-use-and-addiction-drugfacts/" "Mozilla/5.0 (Macintosh; Intel Mac OS X 10_15_7) AppleWebKit/537.36 (KHTML, like Gecko) Chrome/131.0.0.0 Safari/537.36; compatible; OAI-SearchBot/1.3; +https://openai.com/searchbot"
74.7.241.33 - - [10/Feb/2026:04:27:29 +0000] "GET /wp-json/oembed/1.0/embed?format=xml&url=https%3A%2F%2Fhbkconsultancy.com%2F_xmlrpc_check_1770688611_1594%2F HTTP/1.0" 200 1725 "https://hbkconsultancy.com/_xmlrpc_check_1770688611_1594/" "Mozilla/5.0 AppleWebKit/537.36 (KHTML, like Gecko; compatible; GPTBot/1.3; +https://openai.com/gptbot)"
2a02:4780:41:6421::1 - - [10/Feb/2026:04:27:30 +0000] "POST /wp-cron.php?doing_wp_cron=1770697650.4254999160766601562500 HTTP/1.0" 200 412 "-" "WordPress/6.9; https://hbkconsultancy.com"
74.7.242.151 - - [10/Feb/2026:04:27:29 +0000] "GET /2026/02/ HTTP/1.0" 200 27360 "https://hbkconsultancy.com/understanding-drug-use-and-addiction-drugfacts/" "Mozilla/5.0 (Macintosh; Intel Mac OS X 10_15_7) AppleWebKit/537.36 (KHTML, like Gecko) Chrome/131.0.0.0 Safari/537.36; compatible; OAI-SearchBot/1.3; +https://openai.com/searchbot"
74.7.241.33 - - [10/Feb/2026:04:27:31 +0000] "GET /?p=20220 HTTP/1.0" 301 353 "https://hbkconsultancy.com/_xmlrpc_check_1770688611_1594/" "Mozilla/5.0 AppleWebKit/537.36 (KHTML, like Gecko; compatible; GPTBot/1.3; +https://openai.com/gptbot)"
74.7.229.9 - - [10/Feb/2026:04:27:31 +0000] "GET /?p=20045 HTTP/1.0" 301 370 "https://hbkconsultancy.com/understanding-drug-use-and-addiction-drugfacts/" "Mozilla/5.0 (Macintosh; Intel Mac OS X 10_15_7) AppleWebKit/537.36 (KHTML, like Gecko) Chrome/131.0.0.0 Safari/537.36; compatible; OAI-SearchBot/1.3; +https://openai.com/searchbot"
74.7.241.33 - - [10/Feb/2026:04:27:31 +0000] "GET /_xmlrpc_check_1770688611_1594/ HTTP/1.0" 200 29416 "https://hbkconsultancy.com/?p=20220" "Mozilla/5.0 AppleWebKit/537.36 (KHTML, like Gecko; compatible; GPTBot/1.3; +https://openai.com/gptbot)"
114.119.140.186 - - [10/Feb/2026:04:27:32 +0000] "GET /online-casino-au/page/5 HTTP/1.0" 301 423 "https://hbkconsultancy.com/online-casino-au/page/5" "Mozilla/5.0 (Linux; Android 7.0;) AppleWebKit/537.36 (KHTML, like Gecko) Mobile Safari/537.36 (compatible; PetalBot;+https://webmaster.petalsearch.com/site/petalbot)"
74.7.241.33 - - [10/Feb/2026:04:27:32 +0000] "GET /author/mohamed/ HTTP/1.0" 200 27528 "https://hbkconsultancy.com/_xmlrpc_check_1770688611_1594/" "Mozilla/5.0 AppleWebKit/537.36 (KHTML, like Gecko; compatible; GPTBot/1.3; +https://openai.com/gptbot)"
74.7.229.9 - - [10/Feb/2026:04:27:32 +0000] "GET /understanding-drug-use-and-addiction-drugfacts/ HTTP/1.0" 200 34877 "https://hbkconsultancy.com/?p=20045" "Mozilla/5.0 (Macintosh; Intel Mac OS X 10_15_7) AppleWebKit/537.36 (KHTML, like Gecko) Chrome/131.0.0.0 Safari/537.36; compatible; OAI-SearchBot/1.3; +https://openai.com/searchbot"
114.119.140.186 - - [10/Feb/2026:04:27:33 +0000] "GET /online-casino-au/page/5/ HTTP/1.0" 200 28893 "https://hbkconsultancy.com/online-casino-au/page/5" "Mozilla/5.0 (Linux; Android 7.0;) AppleWebKit/537.36 (KHTML, like Gecko) Mobile Safari/537.36 (compatible; PetalBot;+https://webmaster.petalsearch.com/site/petalbot)"
74.7.229.14 - - [10/Feb/2026:04:27:33 +0000] "GET /en-iyisi-oyuncular-oyunlatrclar-odul-secenekleri/ HTTP/1.0" 200 32486 "https://hbkconsultancy.com/understanding-drug-use-and-addiction-drugfacts/" "Mozilla/5.0 (Macintosh; Intel Mac OS X 10_15_7) AppleWebKit/537.36 (KHTML, like Gecko) Chrome/131.0.0.0 Safari/537.36; compatible; OAI-SearchBot/1.3; +https://openai.com/searchbot"
74.7.241.33 - - [10/Feb/2026:04:27:34 +0000] "GET /?p=19870 HTTP/1.0" 301 418 "https://hbkconsultancy.com/is-usasexguide-info-down-or-not-working-correct-now-troubleshoot-and-get-assist-weekly-journal/" "Mozilla/5.0 AppleWebKit/537.36 (KHTML, like Gecko; compatible; GPTBot/1.3; +https://openai.com/gptbot)"
74.7.229.14 - - [10/Feb/2026:04:27:34 +0000] "GET /top-20-backpage-alternate-options-one-of-the-best-new-sites-like-backpage-com/ HTTP/1.0" 200 34014 "https://hbkconsultancy.com/understanding-drug-use-and-addiction-drugfacts/" "Mozilla/5.0 (Macintosh; Intel Mac OS X 10_15_7) AppleWebKit/537.36 (KHTML, like Gecko) Chrome/131.0.0.0 Safari/537.36; compatible; OAI-SearchBot/1.3; +https://openai.com/searchbot"
74.7.241.33 - - [10/Feb/2026:04:27:34 +0000] "GET /is-usasexguide-info-down-or-not-working-correct-now-troubleshoot-and-get-assist-weekly-journal/ HTTP/1.0" 200 36012 "https://hbkconsultancy.com/?p=19870" "Mozilla/5.0 AppleWebKit/537.36 (KHTML, like Gecko; compatible; GPTBot/1.3; +https://openai.com/gptbot)"
74.7.242.129 - - [10/Feb/2026:04:27:35 +0000] "GET /?p=19357 HTTP/1.0" 301 499 "https://hbkconsultancy.com/en-iyisi-oyuncular-oyunlatrclar-odul-secenekleri/" "Mozilla/5.0 (Macintosh; Intel Mac OS X 10_15_7) AppleWebKit/537.36 (KHTML, like Gecko) Chrome/131.0.0.0 Safari/537.36; compatible; OAI-SearchBot/1.3; +https://openai.com/searchbot"
74.7.241.33 - - [10/Feb/2026:04:27:35 +0000] "GET /top-australian-online-casinos-for-real-cash-play/ HTTP/1.0" 200 40510 "https://hbkconsultancy.com/is-usasexguide-info-down-or-not-working-correct-now-troubleshoot-and-get-assist-weekly-journal/" "Mozilla/5.0 AppleWebKit/537.36 (KHTML, like Gecko; compatible; GPTBot/1.3; +https://openai.com/gptbot)"
74.7.242.129 - - [10/Feb/2026:04:27:36 +0000] "GET /en-iyisi-oyuncular-oyunlatrclar-odul-secenekleri/ HTTP/1.0" 200 32541 "https://hbkconsultancy.com/?p=19357" "Mozilla/5.0 (Macintosh; Intel Mac OS X 10_15_7) AppleWebKit/537.36 (KHTML, like Gecko) Chrome/131.0.0.0 Safari/537.36; compatible; OAI-SearchBot/1.3; +https://openai.com/searchbot"
74.7.241.33 - - [10/Feb/2026:04:27:36 +0000] "GET /2026/ HTTP/1.0" 200 27166 "https://hbkconsultancy.com/2026/02/" "Mozilla/5.0 AppleWebKit/537.36 (KHTML, like Gecko; compatible; GPTBot/1.3; +https://openai.com/gptbot)"
74.7.242.151 - - [10/Feb/2026:04:27:37 +0000] "GET /2025/02/14/ HTTP/1.0" 200 28124 "https://hbkconsultancy.com/understanding-drug-use-and-addiction-drugfacts/" "Mozilla/5.0 (Macintosh; Intel Mac OS X 10_15_7) AppleWebKit/537.36 (KHTML, like Gecko) Chrome/131.0.0.0 Safari/537.36; compatible; OAI-SearchBot/1.3; +https://openai.com/searchbot"
74.7.241.33 - - [10/Feb/2026:04:27:38 +0000] "GET /wp-json/wp/v2/users/3 HTTP/1.0" 200 1869 "https://hbkconsultancy.com/author/mohamed/" "Mozilla/5.0 AppleWebKit/537.36 (KHTML, like Gecko; compatible; GPTBot/1.3; +https://openai.com/gptbot)"
74.7.242.151 - - [10/Feb/2026:04:27:38 +0000] "GET /wp-json/oembed/1.0/embed?url=https%3A%2F%2Fhbkconsultancy.com%2Funderstanding-drug-use-and-addiction-drugfacts%2F HTTP/1.0" 200 3153 "https://hbkconsultancy.com/understanding-drug-use-and-addiction-drugfacts/" "Mozilla/5.0 (Macintosh; Intel Mac OS X 10_15_7) AppleWebKit/537.36 (KHTML, like Gecko) Chrome/131.0.0.0 Safari/537.36; compatible; OAI-SearchBot/1.3; +https://openai.com/searchbot"
74.7.242.151 - - [10/Feb/2026:04:27:38 +0000] "GET /?p=19940 HTTP/1.0" 301 401 "https://hbkconsultancy.com/top-20-backpage-alternate-options-one-of-the-best-new-sites-like-backpage-com/" "Mozilla/5.0 (Macintosh; Intel Mac OS X 10_15_7) AppleWebKit/537.36 (KHTML, like Gecko) Chrome/131.0.0.0 Safari/537.36; compatible; OAI-SearchBot/1.3; +https://openai.com/searchbot"
74.7.241.33 - - [10/Feb/2026:04:27:39 +0000] "GET /author/mohamed/feed/ HTTP/1.0" 200 1349 "https://hbkconsultancy.com/author/mohamed/" "Mozilla/5.0 AppleWebKit/537.36 (KHTML, like Gecko; compatible; GPTBot/1.3; +https://openai.com/gptbot)"
74.7.242.151 - - [10/Feb/2026:04:27:39 +0000] "GET /top-20-backpage-alternate-options-one-of-the-best-new-sites-like-backpage-com/ HTTP/1.0" 200 33969 "https://hbkconsultancy.com/?p=19940" "Mozilla/5.0 (Macintosh; Intel Mac OS X 10_15_7) AppleWebKit/537.36 (KHTML, like Gecko) Chrome/131.0.0.0 Safari/537.36; compatible; OAI-SearchBot/1.3; +https://openai.com/searchbot"
74.7.241.33 - - [10/Feb/2026:04:27:39 +0000] "GET /?p=19357 HTTP/1.0" 301 372 "https://hbkconsultancy.com/en-iyisi-oyuncular-oyunlatrclar-odul-secenekleri/" "Mozilla/5.0 AppleWebKit/537.36 (KHTML, like Gecko; compatible; GPTBot/1.3; +https://openai.com/gptbot)"
74.7.242.130 - - [10/Feb/2026:04:27:40 +0000] "GET /wp-json/wp/v2/posts/20045 HTTP/1.0" 200 13430 "https://hbkconsultancy.com/understanding-drug-use-and-addiction-drugfacts/" "Mozilla/5.0 (Macintosh; Intel Mac OS X 10_15_7) AppleWebKit/537.36 (KHTML, like Gecko) Chrome/131.0.0.0 Safari/537.36; compatible; OAI-SearchBot/1.3; +https://openai.com/searchbot"
74.7.241.33 - - [10/Feb/2026:04:27:40 +0000] "GET /en-iyisi-oyuncular-oyunlatrclar-odul-secenekleri/ HTTP/1.0" 200 32538 "https://hbkconsultancy.com/?p=19357" "Mozilla/5.0 AppleWebKit/537.36 (KHTML, like Gecko; compatible; GPTBot/1.3; +https://openai.com/gptbot)"
74.7.241.33 - - [10/Feb/2026:04:27:41 +0000] "GET /simulador-sobre-ruleta-online-cuma-cuma-jugar-ahora/ HTTP/1.0" 200 39436 "https://hbkconsultancy.com/en-iyisi-oyuncular-oyunlatrclar-odul-secenekleri/" "Mozilla/5.0 AppleWebKit/537.36 (KHTML, like Gecko; compatible; GPTBot/1.3; +https://openai.com/gptbot)"
74.7.241.33 - - [10/Feb/2026:04:27:42 +0000] "GET /im-chatroom-kostenlos-chatten-und-spielen/ HTTP/1.0" 200 36073 "https://hbkconsultancy.com/en-iyisi-oyuncular-oyunlatrclar-odul-secenekleri/" "Mozilla/5.0 AppleWebKit/537.36 (KHTML, like Gecko; compatible; GPTBot/1.3; +https://openai.com/gptbot)"
74.7.241.33 - - [10/Feb/2026:04:27:43 +0000] "GET /wp-json/wp/v2/posts/20152 HTTP/1.0" 200 32118 "https://hbkconsultancy.com/top-australian-online-casinos-for-real-cash-play/" "Mozilla/5.0 AppleWebKit/537.36 (KHTML, like Gecko; compatible; GPTBot/1.3; +https://openai.com/gptbot)"
74.7.241.33 - - [10/Feb/2026:04:27:44 +0000] "GET /?p=20152 HTTP/1.0" 301 372 "https://hbkconsultancy.com/top-australian-online-casinos-for-real-cash-play/" "Mozilla/5.0 AppleWebKit/537.36 (KHTML, like Gecko; compatible; GPTBot/1.3; +https://openai.com/gptbot)"
74.7.241.33 - - [10/Feb/2026:04:27:44 +0000] "GET /top-australian-online-casinos-for-real-cash-play/ HTTP/1.0" 200 40545 "https://hbkconsultancy.com/?p=20152" "Mozilla/5.0 AppleWebKit/537.36 (KHTML, like Gecko; compatible; GPTBot/1.3; +https://openai.com/gptbot)"
74.7.241.33 - - [10/Feb/2026:04:27:45 +0000] "GET /top-australian-online-casinos-for-real-cash-play/feed/ HTTP/1.0" 200 1146 "https://hbkconsultancy.com/top-australian-online-casinos-for-real-cash-play/" "Mozilla/5.0 AppleWebKit/537.36 (KHTML, like Gecko; compatible; GPTBot/1.3; +https://openai.com/gptbot)"
74.7.241.33 - - [10/Feb/2026:04:27:46 +0000] "GET /wp-json/oembed/1.0/embed?url=https%3A%2F%2Fhbkconsultancy.com%2Ftop-australian-online-casinos-for-real-cash-play%2F HTTP/1.0" 200 3049 "https://hbkconsultancy.com/top-australian-online-casinos-for-real-cash-play/" "Mozilla/5.0 AppleWebKit/537.36 (KHTML, like Gecko; compatible; GPTBot/1.3; +https://openai.com/gptbot)"
74.7.241.33 - - [10/Feb/2026:04:27:47 +0000] "GET /wp-json/oembed/1.0/embed?format=xml&url=https%3A%2F%2Fhbkconsultancy.com%2Ftop-australian-online-casinos-for-real-cash-play%2F HTTP/1.0" 200 1805 "https://hbkconsultancy.com/top-australian-online-casinos-for-real-cash-play/" "Mozilla/5.0 AppleWebKit/537.36 (KHTML, like Gecko; compatible; GPTBot/1.3; +https://openai.com/gptbot)"
74.7.241.33 - - [10/Feb/2026:04:27:47 +0000] "GET /?p=19940 HTTP/1.0" 301 401 "https://hbkconsultancy.com/top-20-backpage-alternate-options-one-of-the-best-new-sites-like-backpage-com/" "Mozilla/5.0 AppleWebKit/537.36 (KHTML, like Gecko; compatible; GPTBot/1.3; +https://openai.com/gptbot)"
74.7.241.33 - - [10/Feb/2026:04:27:48 +0000] "GET /top-20-backpage-alternate-options-one-of-the-best-new-sites-like-backpage-com/ HTTP/1.0" 200 33948 "https://hbkconsultancy.com/?p=19940" "Mozilla/5.0 AppleWebKit/537.36 (KHTML, like Gecko; compatible; GPTBot/1.3; +https://openai.com/gptbot)"
74.7.241.33 - - [10/Feb/2026:04:27:49 +0000] "GET /play-at-the-particular-finest-casinos-inside-canada/ HTTP/1.0" 200 41074 "https://hbkconsultancy.com/simulador-sobre-ruleta-online-cuma-cuma-jugar-ahora/" "Mozilla/5.0 AppleWebKit/537.36 (KHTML, like Gecko; compatible; GPTBot/1.3; +https://openai.com/gptbot)"
74.7.241.33 - - [10/Feb/2026:04:27:50 +0000] "GET /?p=19559 HTTP/1.0" 301 375 "https://hbkconsultancy.com/simulador-sobre-ruleta-online-cuma-cuma-jugar-ahora/" "Mozilla/5.0 AppleWebKit/537.36 (KHTML, like Gecko; compatible; GPTBot/1.3; +https://openai.com/gptbot)"
74.7.241.33 - - [10/Feb/2026:04:27:50 +0000] "GET /simulador-sobre-ruleta-online-cuma-cuma-jugar-ahora/ HTTP/1.0" 200 39374 "https://hbkconsultancy.com/?p=19559" "Mozilla/5.0 AppleWebKit/537.36 (KHTML, like Gecko; compatible; GPTBot/1.3; +https://openai.com/gptbot)"
74.7.241.33 - - [10/Feb/2026:04:27:51 +0000] "GET /?p=19989 HTTP/1.0" 301 365 "https://hbkconsultancy.com/im-chatroom-kostenlos-chatten-und-spielen/" "Mozilla/5.0 AppleWebKit/537.36 (KHTML, like Gecko; compatible; GPTBot/1.3; +https://openai.com/gptbot)"
74.7.241.33 - - [10/Feb/2026:04:27:51 +0000] "GET /im-chatroom-kostenlos-chatten-und-spielen/ HTTP/1.0" 200 36086 "https://hbkconsultancy.com/?p=19989" "Mozilla/5.0 AppleWebKit/537.36 (KHTML, like Gecko; compatible; GPTBot/1.3; +https://openai.com/gptbot)"
74.7.241.33 - - [10/Feb/2026:04:27:52 +0000] "GET /2025/02/04/ HTTP/1.0" 200 27503 "https://hbkconsultancy.com/?p=19940" "Mozilla/5.0 AppleWebKit/537.36 (KHTML, like Gecko; compatible; GPTBot/1.3; +https://openai.com/gptbot)"
74.7.241.33 - - [10/Feb/2026:04:27:52 +0000] "GET /?p=19525 HTTP/1.0" 301 375 "https://hbkconsultancy.com/play-at-the-particular-finest-casinos-inside-canada/" "Mozilla/5.0 AppleWebKit/537.36 (KHTML, like Gecko; compatible; GPTBot/1.3; +https://openai.com/gptbot)"
74.7.241.33 - - [10/Feb/2026:04:27:53 +0000] "GET /play-at-the-particular-finest-casinos-inside-canada/ HTTP/1.0" 200 41083 "https://hbkconsultancy.com/?p=19525" "Mozilla/5.0 AppleWebKit/537.36 (KHTML, like Gecko; compatible; GPTBot/1.3; +https://openai.com/gptbot)"
95.211.126.56 - - [10/Feb/2026:04:27:54 +0000] "POST /xmlrpc.php HTTP/1.0" 200 609 "-" "Go-http-client/1.1"
74.7.241.33 - - [10/Feb/2026:04:27:54 +0000] "GET /2024/12/06/ HTTP/1.0" 200 27675 "https://hbkconsultancy.com/?p=19525" "Mozilla/5.0 AppleWebKit/537.36 (KHTML, like Gecko; compatible; GPTBot/1.3; +https://openai.com/gptbot)"
147.93.58.212 - - [10/Feb/2026:04:28:01 +0000] "GET / HTTP/1.0" 200 29041 "-" "Mozilla/5.0 (X11; Linux x86_64) AppleWebKit/537.36 (KHTML, like Gecko) Chrome/44.0.2403.157 Safari/537.36"
2a02:4780:41:6421::1 - - [10/Feb/2026:04:28:55 +0000] "POST /wp-cron.php?doing_wp_cron=1770697735.9399530887603759765625 HTTP/1.0" 200 404 "-" "WordPress/6.9; http://hbkconsultancy.com"
114.119.136.188 - - [10/Feb/2026:04:28:55 +0000] "GET /2025/02/11/page/2 HTTP/1.0" 301 408 "https://hbkconsultancy.com/2025/02/11/page/2" "Mozilla/5.0 (Linux; Android 7.0;) AppleWebKit/537.36 (KHTML, like Gecko) Mobile Safari/537.36 (compatible; PetalBot;+https://webmaster.petalsearch.com/site/petalbot)"
114.119.136.188 - - [10/Feb/2026:04:28:57 +0000] "GET /2025/02/11/page/2/ HTTP/1.0" 200 28582 "https://hbkconsultancy.com/2025/02/11/page/2" "Mozilla/5.0 (Linux; Android 7.0;) AppleWebKit/537.36 (KHTML, like Gecko) Mobile Safari/537.36 (compatible; PetalBot;+https://webmaster.petalsearch.com/site/petalbot)"
2a02:4780:41:6421::1 - - [10/Feb/2026:04:31:03 +0000] "POST /wp-cron.php?doing_wp_cron=1770697863.4925971031188964843750 HTTP/1.0" 200 404 "-" "WordPress/6.9; http://hbkconsultancy.com"
95.211.126.56 - - [10/Feb/2026:04:31:02 +0000] "POST /xmlrpc.php HTTP/1.0" 200 609 "-" "Go-http-client/1.1"
2a02:4780:41:6421::1 - - [10/Feb/2026:04:34:49 +0000] "POST /wp-cron.php?doing_wp_cron=1770698089.2071568965911865234375 HTTP/1.0" 200 404 "-" "WordPress/6.9; http://hbkconsultancy.com"
95.211.126.56 - - [10/Feb/2026:04:34:48 +0000] "POST /xmlrpc.php HTTP/1.0" 200 609 "-" "Go-http-client/1.1"
2a02:4780:41:6421::1 - - [10/Feb/2026:04:39:33 +0000] "POST /wp-cron.php?doing_wp_cron=1770698373.2432339191436767578125 HTTP/1.0" 200 412 "-" "WordPress/6.9; https://hbkconsultancy.com"
17.246.19.175 - - [10/Feb/2026:04:39:32 +0000] "GET /how-to-start-a-business-with-education/feed/ HTTP/1.0" 200 2004 "-" "Mozilla/5.0 (Macintosh; Intel Mac OS X 10_15_7) AppleWebKit/605.1.15 (KHTML, like Gecko) Version/17.4 Safari/605.1.15 (Applebot/0.1; +http://www.apple.com/go/applebot)"
212.95.58.15 - - [10/Feb/2026:04:40:12 +0000] "POST /xmlrpc.php HTTP/1.0" 200 609 "-" "Go-http-client/1.1"
2a02:4780:41:6421::1 - - [10/Feb/2026:04:40:19 +0000] "POST /wp-cron.php?doing_wp_cron=1770698419.8127050399780273437500 HTTP/1.0" 200 404 "-" "WordPress/6.9; http://hbkconsultancy.com"
216.244.66.245 - - [10/Feb/2026:04:40:19 +0000] "GET /?h=75940012 HTTP/1.0" 200 29054 "-" "Mozilla/5.0 (compatible; DotBot/1.2; +https://opensiteexplorer.org/dotbot; [email protected])"
216.244.66.245 - - [10/Feb/2026:04:40:25 +0000] "GET /?h=76237312 HTTP/1.0" 200 29055 "-" "Mozilla/5.0 (compatible; DotBot/1.2; +https://opensiteexplorer.org/dotbot; [email protected])"
2a02:4780:41:6421::1 - - [10/Feb/2026:04:40:30 +0000] "POST /wp-cron.php?doing_wp_cron=1770698430.4211590290069580078125 HTTP/1.0" 200 404 "-" "WordPress/6.9; http://hbkconsultancy.com"
216.244.66.245 - - [10/Feb/2026:04:40:29 +0000] "GET /?h=76442212 HTTP/1.0" 200 29054 "-" "Mozilla/5.0 (compatible; DotBot/1.2; +https://opensiteexplorer.org/dotbot; [email protected])"
216.244.66.245 - - [10/Feb/2026:04:40:34 +0000] "GET /?h=76806312 HTTP/1.0" 200 29055 "-" "Mozilla/5.0 (compatible; DotBot/1.2; +https://opensiteexplorer.org/dotbot; [email protected])"
216.244.66.245 - - [10/Feb/2026:04:40:38 +0000] "GET /?h=76820112 HTTP/1.0" 200 29056 "-" "Mozilla/5.0 (compatible; DotBot/1.2; +https://opensiteexplorer.org/dotbot; [email protected])"
216.244.66.245 - - [10/Feb/2026:04:40:41 +0000] "GET /?h=77036612 HTTP/1.0" 200 29055 "-" "Mozilla/5.0 (compatible; DotBot/1.2; +https://opensiteexplorer.org/dotbot; [email protected])"
216.244.66.245 - - [10/Feb/2026:04:40:44 +0000] "GET /?h=77362612 HTTP/1.0" 200 29055 "-" "Mozilla/5.0 (compatible; DotBot/1.2; +https://opensiteexplorer.org/dotbot; [email protected])"
216.244.66.245 - - [10/Feb/2026:04:40:49 +0000] "GET /?h=77527012 HTTP/1.0" 200 29055 "-" "Mozilla/5.0 (compatible; DotBot/1.2; +https://opensiteexplorer.org/dotbot; [email protected])"
216.244.66.245 - - [10/Feb/2026:04:40:53 +0000] "GET /?h=77832512 HTTP/1.0" 200 29055 "-" "Mozilla/5.0 (compatible; DotBot/1.2; +https://opensiteexplorer.org/dotbot; [email protected])"
216.244.66.245 - - [10/Feb/2026:04:40:56 +0000] "GET /?h=77957112 HTTP/1.0" 200 29055 "-" "Mozilla/5.0 (compatible; DotBot/1.2; +https://opensiteexplorer.org/dotbot; [email protected])"
216.244.66.245 - - [10/Feb/2026:04:40:59 +0000] "GET /?h=77991312 HTTP/1.0" 200 29054 "-" "Mozilla/5.0 (compatible; DotBot/1.2; +https://opensiteexplorer.org/dotbot; [email protected])"
216.244.66.245 - - [10/Feb/2026:04:41:02 +0000] "GET /?h=78422612 HTTP/1.0" 200 29055 "-" "Mozilla/5.0 (compatible; DotBot/1.2; +https://opensiteexplorer.org/dotbot; [email protected])"
216.244.66.245 - - [10/Feb/2026:04:41:05 +0000] "GET /?h=78540612 HTTP/1.0" 200 29055 "-" "Mozilla/5.0 (compatible; DotBot/1.2; +https://opensiteexplorer.org/dotbot; [email protected])"
216.244.66.245 - - [10/Feb/2026:04:41:07 +0000] "GET /?h=78644212 HTTP/1.0" 200 29055 "-" "Mozilla/5.0 (compatible; DotBot/1.2; +https://opensiteexplorer.org/dotbot; [email protected])"
216.244.66.245 - - [10/Feb/2026:04:41:09 +0000] "GET /?h=79013112 HTTP/1.0" 200 29055 "-" "Mozilla/5.0 (compatible; DotBot/1.2; +https://opensiteexplorer.org/dotbot; [email protected])"
216.244.66.245 - - [10/Feb/2026:04:41:11 +0000] "GET /?h=79080312 HTTP/1.0" 200 29055 "-" "Mozilla/5.0 (compatible; DotBot/1.2; +https://opensiteexplorer.org/dotbot; [email protected])"
2a02:4780:41:6421::1 - - [10/Feb/2026:04:41:14 +0000] "POST /wp-cron.php?doing_wp_cron=1770698474.6502370834350585937500 HTTP/1.0" 200 404 "-" "WordPress/6.9; http://hbkconsultancy.com"
216.244.66.245 - - [10/Feb/2026:04:41:13 +0000] "GET /?h=79164612 HTTP/1.0" 200 29055 "-" "Mozilla/5.0 (compatible; DotBot/1.2; +https://opensiteexplorer.org/dotbot; [email protected])"
216.244.66.245 - - [10/Feb/2026:04:41:18 +0000] "GET /?h=79414512 HTTP/1.0" 200 29054 "-" "Mozilla/5.0 (compatible; DotBot/1.2; +https://opensiteexplorer.org/dotbot; [email protected])"
216.244.66.245 - - [10/Feb/2026:04:41:21 +0000] "GET /?h=79465812 HTTP/1.0" 200 29055 "-" "Mozilla/5.0 (compatible; DotBot/1.2; +https://opensiteexplorer.org/dotbot; [email protected])"
216.244.66.245 - - [10/Feb/2026:04:41:24 +0000] "GET /?h=79546712 HTTP/1.0" 200 29055 "-" "Mozilla/5.0 (compatible; DotBot/1.2; +https://opensiteexplorer.org/dotbot; [email protected])"
216.244.66.245 - - [10/Feb/2026:04:41:27 +0000] "GET /?h=79806812 HTTP/1.0" 200 29055 "-" "Mozilla/5.0 (compatible; DotBot/1.2; +https://opensiteexplorer.org/dotbot; [email protected])"
2a02:4780:41:6421::1 - - [10/Feb/2026:04:41:30 +0000] "POST /wp-cron.php?doing_wp_cron=1770698490.7140159606933593750000 HTTP/1.0" 200 404 "-" "WordPress/6.9; http://hbkconsultancy.com"
216.244.66.245 - - [10/Feb/2026:04:41:30 +0000] "GET /?h=79939612 HTTP/1.0" 200 29055 "-" "Mozilla/5.0 (compatible; DotBot/1.2; +https://opensiteexplorer.org/dotbot; [email protected])"
216.244.66.245 - - [10/Feb/2026:04:41:33 +0000] "GET /?h=80060912 HTTP/1.0" 200 29055 "-" "Mozilla/5.0 (compatible; DotBot/1.2; +https://opensiteexplorer.org/dotbot; [email protected])"
216.244.66.245 - - [10/Feb/2026:04:41:36 +0000] "GET /?h=80233012 HTTP/1.0" 200 29054 "-" "Mozilla/5.0 (compatible; DotBot/1.2; +https://opensiteexplorer.org/dotbot; [email protected])"
216.244.66.245 - - [10/Feb/2026:04:41:43 +0000] "GET /?h=80353712 HTTP/1.0" 200 29054 "-" "Mozilla/5.0 (compatible; DotBot/1.2; +https://opensiteexplorer.org/dotbot; [email protected])"
212.95.58.15 - - [10/Feb/2026:04:41:45 +0000] "POST /xmlrpc.php HTTP/1.0" 200 609 "-" "Go-http-client/1.1"
216.244.66.245 - - [10/Feb/2026:04:41:48 +0000] "GET /?h=80492112 HTTP/1.0" 200 29054 "-" "Mozilla/5.0 (compatible; DotBot/1.2; +https://opensiteexplorer.org/dotbot; [email protected])"
216.244.66.245 - - [10/Feb/2026:04:41:53 +0000] "GET /?h=80501212 HTTP/1.0" 200 29054 "-" "Mozilla/5.0 (compatible; DotBot/1.2; +https://opensiteexplorer.org/dotbot; [email protected])"
216.244.66.245 - - [10/Feb/2026:04:41:57 +0000] "GET /?h=80597612 HTTP/1.0" 200 29054 "-" "Mozilla/5.0 (compatible; DotBot/1.2; +https://opensiteexplorer.org/dotbot; [email protected])"
216.244.66.245 - - [10/Feb/2026:04:42:00 +0000] "GET /?h=80874412 HTTP/1.0" 200 29054 "-" "Mozilla/5.0 (compatible; DotBot/1.2; +https://opensiteexplorer.org/dotbot; [email protected])"
147.93.58.212 - - [10/Feb/2026:04:42:01 +0000] "GET / HTTP/1.0" 200 29041 "-" "Mozilla/5.0 (X11; Linux x86_64) AppleWebKit/537.36 (KHTML, like Gecko) Chrome/44.0.2403.157 Safari/537.36"
45.92.16.134 - - [10/Feb/2026:04:42:04 +0000] "POST /xmlrpc.php HTTP/1.0" 200 609 "-" "Go-http-client/1.1"
216.244.66.245 - - [10/Feb/2026:04:42:04 +0000] "GET /?h=81065712 HTTP/1.0" 200 29054 "-" "Mozilla/5.0 (compatible; DotBot/1.2; +https://opensiteexplorer.org/dotbot; [email protected])"
216.244.66.245 - - [10/Feb/2026:04:42:07 +0000] "GET /?h=81091112 HTTP/1.0" 200 29055 "-" "Mozilla/5.0 (compatible; DotBot/1.2; +https://opensiteexplorer.org/dotbot; [email protected])"
216.244.66.245 - - [10/Feb/2026:04:42:11 +0000] "GET /?h=81207812 HTTP/1.0" 200 29054 "-" "Mozilla/5.0 (compatible; DotBot/1.2; +https://opensiteexplorer.org/dotbot; [email protected])"
2a02:4780:41:6421::1 - - [10/Feb/2026:04:42:16 +0000] "POST /wp-cron.php?doing_wp_cron=1770698536.0863559246063232421875 HTTP/1.0" 200 404 "-" "WordPress/6.9; http://hbkconsultancy.com"
216.244.66.245 - - [10/Feb/2026:04:42:15 +0000] "GET /?h=81469812 HTTP/1.0" 200 29055 "-" "Mozilla/5.0 (compatible; DotBot/1.2; +https://opensiteexplorer.org/dotbot; [email protected])"
216.244.66.245 - - [10/Feb/2026:04:42:19 +0000] "GET /?h=81501512 HTTP/1.0" 200 29054 "-" "Mozilla/5.0 (compatible; DotBot/1.2; +https://opensiteexplorer.org/dotbot; [email protected])"
216.244.66.245 - - [10/Feb/2026:04:42:23 +0000] "GET /?h=82443312 HTTP/1.0" 200 29054 "-" "Mozilla/5.0 (compatible; DotBot/1.2; +https://opensiteexplorer.org/dotbot; [email protected])"
87.121.84.115 - - [10/Feb/2026:04:42:26 +0000] "GET /plugins/jquery-file-upload/server/php/index.php?file=tf2rghf.jpg HTTP/1.0" 301 588 "-" "ALittle Client"
216.244.66.245 - - [10/Feb/2026:04:42:27 +0000] "GET /?h=83025812 HTTP/1.0" 200 29054 "-" "Mozilla/5.0 (compatible; DotBot/1.2; +https://opensiteexplorer.org/dotbot; [email protected])"
2a02:4780:41:6421::1 - - [10/Feb/2026:04:42:33 +0000] "POST /wp-cron.php?doing_wp_cron=1770698553.9195950031280517578125 HTTP/1.0" 200 404 "-" "WordPress/6.9; http://hbkconsultancy.com"
216.244.66.245 - - [10/Feb/2026:04:42:33 +0000] "GET /?h=83170212 HTTP/1.0" 200 29054 "-" "Mozilla/5.0 (compatible; DotBot/1.2; +https://opensiteexplorer.org/dotbot; [email protected])"
2a02:4780:41:6421::1 - - [10/Feb/2026:04:42:38 +0000] "POST /wp-cron.php?doing_wp_cron=1770698558.7792379856109619140625 HTTP/1.0" 200 404 "-" "WordPress/6.9; http://hbkconsultancy.com"
216.244.66.245 - - [10/Feb/2026:04:42:38 +0000] "GET /?h=83266512 HTTP/1.0" 200 29054 "-" "Mozilla/5.0 (compatible; DotBot/1.2; +https://opensiteexplorer.org/dotbot; [email protected])"
216.244.66.245 - - [10/Feb/2026:04:42:42 +0000] "GET /?h=83811812 HTTP/1.0" 200 29054 "-" "Mozilla/5.0 (compatible; DotBot/1.2; +https://opensiteexplorer.org/dotbot; [email protected])"
216.244.66.245 - - [10/Feb/2026:04:42:46 +0000] "GET /?h=83834312 HTTP/1.0" 200 29054 "-" "Mozilla/5.0 (compatible; DotBot/1.2; +https://opensiteexplorer.org/dotbot; [email protected])"
216.244.66.245 - - [10/Feb/2026:04:42:49 +0000] "GET /?h=84283112 HTTP/1.0" 200 29054 "-" "Mozilla/5.0 (compatible; DotBot/1.2; +https://opensiteexplorer.org/dotbot; [email protected])"
216.244.66.245 - - [10/Feb/2026:04:42:51 +0000] "GET /?h=84916412 HTTP/1.0" 200 29056 "-" "Mozilla/5.0 (compatible; DotBot/1.2; +https://opensiteexplorer.org/dotbot; [email protected])"
37.140.223.9 - - [10/Feb/2026:04:42:55 +0000] "POST /wp-login.php HTTP/1.0" 200 3976 "-" "Mozilla/5.0"
136.144.33.209 - - [10/Feb/2026:04:42:55 +0000] "POST /wp-login.php HTTP/1.0" 200 3976 "-" "Mozilla/5.0"
136.144.33.16 - - [10/Feb/2026:04:42:55 +0000] "POST /wp-login.php HTTP/1.0" 200 3973 "-" "Mozilla/5.0"
37.140.223.14 - - [10/Feb/2026:04:42:56 +0000] "POST /wp-login.php HTTP/1.0" 200 3978 "-" "Mozilla/5.0"
193.36.225.136 - - [10/Feb/2026:04:42:55 +0000] "POST /wp-login.php HTTP/1.0" 200 3979 "-" "Mozilla/5.0"
37.140.223.9 - - [10/Feb/2026:04:42:55 +0000] "POST /wp-login.php HTTP/1.0" 200 3978 "-" "Mozilla/5.0"
216.244.66.245 - - [10/Feb/2026:04:42:57 +0000] "GET /?h=84988612 HTTP/1.0" 200 29056 "-" "Mozilla/5.0 (compatible; DotBot/1.2; +https://opensiteexplorer.org/dotbot; [email protected])"
193.36.225.134 - - [10/Feb/2026:04:42:55 +0000] "POST /wp-login.php HTTP/1.0" 200 3975 "-" "Mozilla/5.0"
2a02:4780:41:6421::1 - - [10/Feb/2026:04:43:02 +0000] "POST /wp-cron.php?doing_wp_cron=1770698582.7609961032867431640625 HTTP/1.0" 200 404 "-" "WordPress/6.9; http://hbkconsultancy.com"
216.244.66.245 - - [10/Feb/2026:04:43:01 +0000] "GET /?h=85559912 HTTP/1.0" 200 29055 "-" "Mozilla/5.0 (compatible; DotBot/1.2; +https://opensiteexplorer.org/dotbot; [email protected])"
216.244.66.245 - - [10/Feb/2026:04:43:07 +0000] "GET /?h=85960412 HTTP/1.0" 200 29055 "-" "Mozilla/5.0 (compatible; DotBot/1.2; +https://opensiteexplorer.org/dotbot; [email protected])"
216.244.66.245 - - [10/Feb/2026:04:43:12 +0000] "GET /?h=86038412 HTTP/1.0" 200 29054 "-" "Mozilla/5.0 (compatible; DotBot/1.2; +https://opensiteexplorer.org/dotbot; [email protected])"
216.244.66.245 - - [10/Feb/2026:04:43:15 +0000] "GET /?h=86523712 HTTP/1.0" 200 29054 "-" "Mozilla/5.0 (compatible; DotBot/1.2; +https://opensiteexplorer.org/dotbot; [email protected])"
216.244.66.245 - - [10/Feb/2026:04:43:22 +0000] "GET /?h=86703212 HTTP/1.0" 200 29054 "-" "Mozilla/5.0 (compatible; DotBot/1.2; +https://opensiteexplorer.org/dotbot; [email protected])"
216.244.66.245 - - [10/Feb/2026:04:43:29 +0000] "GET /?h=86705812 HTTP/1.0" 200 29054 "-" "Mozilla/5.0 (compatible; DotBot/1.2; +https://opensiteexplorer.org/dotbot; [email protected])"
216.244.66.245 - - [10/Feb/2026:04:43:34 +0000] "GET /?h=86810412 HTTP/1.0" 200 29055 "-" "Mozilla/5.0 (compatible; DotBot/1.2; +https://opensiteexplorer.org/dotbot; [email protected])"
216.244.66.245 - - [10/Feb/2026:04:43:39 +0000] "GET /?h=87017512 HTTP/1.0" 200 29054 "-" "Mozilla/5.0 (compatible; DotBot/1.2; +https://opensiteexplorer.org/dotbot; [email protected])"
216.244.66.245 - - [10/Feb/2026:04:43:44 +0000] "GET /?h=87078912 HTTP/1.0" 200 29056 "-" "Mozilla/5.0 (compatible; DotBot/1.2; +https://opensiteexplorer.org/dotbot; [email protected])"
87.121.84.115 - - [10/Feb/2026:04:43:45 +0000] "GET /plugins/jquery-file-upload/server/php/?file=tf2rghf.jpg HTTP/1.0" 404 126490 "-" "ALittle Client"
216.244.66.245 - - [10/Feb/2026:04:43:48 +0000] "GET /?h=87633712 HTTP/1.0" 200 29054 "-" "Mozilla/5.0 (compatible; DotBot/1.2; +https://opensiteexplorer.org/dotbot; [email protected])"
216.244.66.245 - - [10/Feb/2026:04:43:51 +0000] "GET /?h=87721812 HTTP/1.0" 200 29055 "-" "Mozilla/5.0 (compatible; DotBot/1.2; +https://opensiteexplorer.org/dotbot; [email protected])"
216.244.66.245 - - [10/Feb/2026:04:43:54 +0000] "GET /?h=88082212 HTTP/1.0" 200 29054 "-" "Mozilla/5.0 (compatible; DotBot/1.2; +https://opensiteexplorer.org/dotbot; [email protected])"
216.244.66.245 - - [10/Feb/2026:04:43:57 +0000] "GET /?h=88975012 HTTP/1.0" 200 29056 "-" "Mozilla/5.0 (compatible; DotBot/1.2; +https://opensiteexplorer.org/dotbot; [email protected])"
216.244.66.245 - - [10/Feb/2026:04:43:59 +0000] "GET /?h=89020012 HTTP/1.0" 200 29054 "-" "Mozilla/5.0 (compatible; DotBot/1.2; +https://opensiteexplorer.org/dotbot; [email protected])"
216.244.66.245 - - [10/Feb/2026:04:44:02 +0000] "GET /?h=89360712 HTTP/1.0" 200 29055 "-" "Mozilla/5.0 (compatible; DotBot/1.2; +https://opensiteexplorer.org/dotbot; [email protected])"
216.244.66.245 - - [10/Feb/2026:04:44:05 +0000] "GET /?h=89792912 HTTP/1.0" 200 29055 "-" "Mozilla/5.0 (compatible; DotBot/1.2; +https://opensiteexplorer.org/dotbot; [email protected])"
216.244.66.245 - - [10/Feb/2026:04:44:07 +0000] "GET /?h=89804512 HTTP/1.0" 200 29054 "-" "Mozilla/5.0 (compatible; DotBot/1.2; +https://opensiteexplorer.org/dotbot; [email protected])"
216.244.66.245 - - [10/Feb/2026:04:44:12 +0000] "GET /?h=90180612 HTTP/1.0" 200 29055 "-" "Mozilla/5.0 (compatible; DotBot/1.2; +https://opensiteexplorer.org/dotbot; [email protected])"
2a02:4780:41:6421::1 - - [10/Feb/2026:04:44:17 +0000] "POST /wp-cron.php?doing_wp_cron=1770698657.5138890743255615234375 HTTP/1.0" 200 404 "-" "WordPress/6.9; http://hbkconsultancy.com"
216.244.66.245 - - [10/Feb/2026:04:44:16 +0000] "GET /?h=90291912 HTTP/1.0" 200 29055 "-" "Mozilla/5.0 (compatible; DotBot/1.2; +https://opensiteexplorer.org/dotbot; [email protected])"
216.244.66.245 - - [10/Feb/2026:04:44:21 +0000] "GET /?h=90565012 HTTP/1.0" 200 29055 "-" "Mozilla/5.0 (compatible; DotBot/1.2; +https://opensiteexplorer.org/dotbot; [email protected])"
216.244.66.245 - - [10/Feb/2026:04:44:24 +0000] "GET /?h=90640912 HTTP/1.0" 200 29056 "-" "Mozilla/5.0 (compatible; DotBot/1.2; +https://opensiteexplorer.org/dotbot; [email protected])"
216.244.66.245 - - [10/Feb/2026:04:44:27 +0000] "GET /?h=91138112 HTTP/1.0" 200 29055 "-" "Mozilla/5.0 (compatible; DotBot/1.2; +https://opensiteexplorer.org/dotbot; [email protected])"
2a02:4780:41:6421::1 - - [10/Feb/2026:04:44:30 +0000] "POST /wp-cron.php?doing_wp_cron=1770698670.9293251037597656250000 HTTP/1.0" 200 404 "-" "WordPress/6.9; http://hbkconsultancy.com"
216.244.66.245 - - [10/Feb/2026:04:44:30 +0000] "GET /?h=91695412 HTTP/1.0" 200 29055 "-" "Mozilla/5.0 (compatible; DotBot/1.2; +https://opensiteexplorer.org/dotbot; [email protected])"
216.244.66.245 - - [10/Feb/2026:04:44:34 +0000] "GET /?h=92271312 HTTP/1.0" 200 29055 "-" "Mozilla/5.0 (compatible; DotBot/1.2; +https://opensiteexplorer.org/dotbot; [email protected])"
216.244.66.245 - - [10/Feb/2026:04:44:37 +0000] "GET /?h=92569112 HTTP/1.0" 200 29055 "-" "Mozilla/5.0 (compatible; DotBot/1.2; +https://opensiteexplorer.org/dotbot; [email protected])"
216.244.66.245 - - [10/Feb/2026:04:44:40 +0000] "GET /?h=92580612 HTTP/1.0" 200 29055 "-" "Mozilla/5.0 (compatible; DotBot/1.2; +https://opensiteexplorer.org/dotbot; [email protected])"
216.244.66.245 - - [10/Feb/2026:04:44:43 +0000] "GET /?h=92781412 HTTP/1.0" 200 29055 "-" "Mozilla/5.0 (compatible; DotBot/1.2; +https://opensiteexplorer.org/dotbot; [email protected])"
216.244.66.245 - - [10/Feb/2026:04:44:49 +0000] "GET /?h=92890312 HTTP/1.0" 200 29055 "-" "Mozilla/5.0 (compatible; DotBot/1.2; +https://opensiteexplorer.org/dotbot; [email protected])"
216.244.66.245 - - [10/Feb/2026:04:44:53 +0000] "GET /?h=93027012 HTTP/1.0" 200 29056 "-" "Mozilla/5.0 (compatible; DotBot/1.2; +https://opensiteexplorer.org/dotbot; [email protected])"
216.244.66.245 - - [10/Feb/2026:04:44:57 +0000] "GET /?h=93032012 HTTP/1.0" 200 29056 "-" "Mozilla/5.0 (compatible; DotBot/1.2; +https://opensiteexplorer.org/dotbot; [email protected])"
216.244.66.245 - - [10/Feb/2026:04:45:01 +0000] "GET /?h=93048312 HTTP/1.0" 200 29055 "-" "Mozilla/5.0 (compatible; DotBot/1.2; +https://opensiteexplorer.org/dotbot; [email protected])"
216.244.66.245 - - [10/Feb/2026:04:45:04 +0000] "GET /?h=93184912 HTTP/1.0" 200 29055 "-" "Mozilla/5.0 (compatible; DotBot/1.2; +https://opensiteexplorer.org/dotbot; [email protected])"
216.244.66.245 - - [10/Feb/2026:04:45:08 +0000] "GET /?h=93406812 HTTP/1.0" 200 29055 "-" "Mozilla/5.0 (compatible; DotBot/1.2; +https://opensiteexplorer.org/dotbot; [email protected])"
216.244.66.245 - - [10/Feb/2026:04:45:13 +0000] "GET /?h=93615312 HTTP/1.0" 200 29055 "-" "Mozilla/5.0 (compatible; DotBot/1.2; +https://opensiteexplorer.org/dotbot; [email protected])"
2a02:4780:41:6421::1 - - [10/Feb/2026:04:45:22 +0000] "POST /wp-cron.php?doing_wp_cron=1770698722.3798708915710449218750 HTTP/1.0" 200 404 "-" "WordPress/6.9; http://hbkconsultancy.com"
216.244.66.245 - - [10/Feb/2026:04:45:21 +0000] "GET /?h=93657012 HTTP/1.0" 200 29056 "-" "Mozilla/5.0 (compatible; DotBot/1.2; +https://opensiteexplorer.org/dotbot; [email protected])"
216.244.66.245 - - [10/Feb/2026:04:45:27 +0000] "GET /?h=94285212 HTTP/1.0" 200 29056 "-" "Mozilla/5.0 (compatible; DotBot/1.2; +https://opensiteexplorer.org/dotbot; [email protected])"
2a02:4780:41:6421::1 - - [10/Feb/2026:04:45:33 +0000] "POST /wp-cron.php?doing_wp_cron=1770698733.7041990756988525390625 HTTP/1.0" 200 404 "-" "WordPress/6.9; http://hbkconsultancy.com"
216.244.66.245 - - [10/Feb/2026:04:45:33 +0000] "GET /?h=95105212 HTTP/1.0" 200 29056 "-" "Mozilla/5.0 (compatible; DotBot/1.2; +https://opensiteexplorer.org/dotbot; [email protected])"
216.244.66.245 - - [10/Feb/2026:04:45:38 +0000] "GET /?h=95766412 HTTP/1.0" 200 29056 "-" "Mozilla/5.0 (compatible; DotBot/1.2; +https://opensiteexplorer.org/dotbot; [email protected])"
216.244.66.245 - - [10/Feb/2026:04:45:42 +0000] "GET /?h=96181012 HTTP/1.0" 200 29056 "-" "Mozilla/5.0 (compatible; DotBot/1.2; +https://opensiteexplorer.org/dotbot; [email protected])"
