216.244.66.245 - - [10/Feb/2026:03:16:14 +0000] "GET /?h=11843312 HTTP/1.0" 200 29055 "-" "Mozilla/5.0 (compatible; DotBot/1.2; +https://opensiteexplorer.org/dotbot; [email protected])"
216.244.66.245 - - [10/Feb/2026:03:16:20 +0000] "GET /?h=11854812 HTTP/1.0" 200 29055 "-" "Mozilla/5.0 (compatible; DotBot/1.2; +https://opensiteexplorer.org/dotbot; [email protected])"
216.244.66.245 - - [10/Feb/2026:03:16:24 +0000] "GET /?h=11859012 HTTP/1.0" 200 29055 "-" "Mozilla/5.0 (compatible; DotBot/1.2; +https://opensiteexplorer.org/dotbot; [email protected])"
216.244.66.245 - - [10/Feb/2026:03:16:28 +0000] "GET /?h=11896312 HTTP/1.0" 200 29055 "-" "Mozilla/5.0 (compatible; DotBot/1.2; +https://opensiteexplorer.org/dotbot; [email protected])"
2a02:4780:41:6421::1 - - [10/Feb/2026:03:16:32 +0000] "POST /wp-cron.php?doing_wp_cron=1770693392.2696321010589599609375 HTTP/1.0" 200 404 "-" "WordPress/6.9; http://hbkconsultancy.com"
216.244.66.245 - - [10/Feb/2026:03:16:31 +0000] "GET /?h=11949812 HTTP/1.0" 200 29055 "-" "Mozilla/5.0 (compatible; DotBot/1.2; +https://opensiteexplorer.org/dotbot; [email protected])"
216.244.66.245 - - [10/Feb/2026:03:16:36 +0000] "GET /?h=12032512 HTTP/1.0" 200 29055 "-" "Mozilla/5.0 (compatible; DotBot/1.2; +https://opensiteexplorer.org/dotbot; [email protected])"
216.244.66.245 - - [10/Feb/2026:03:16:39 +0000] "GET /?h=12128412 HTTP/1.0" 200 29055 "-" "Mozilla/5.0 (compatible; DotBot/1.2; +https://opensiteexplorer.org/dotbot; [email protected])"
216.244.66.245 - - [10/Feb/2026:03:16:43 +0000] "GET /?h=12148212 HTTP/1.0" 200 29055 "-" "Mozilla/5.0 (compatible; DotBot/1.2; +https://opensiteexplorer.org/dotbot; [email protected])"
216.244.66.245 - - [10/Feb/2026:03:16:45 +0000] "GET /?h=12296812 HTTP/1.0" 200 29055 "-" "Mozilla/5.0 (compatible; DotBot/1.2; +https://opensiteexplorer.org/dotbot; [email protected])"
216.244.66.245 - - [10/Feb/2026:03:16:49 +0000] "GET /?h=12356912 HTTP/1.0" 200 29055 "-" "Mozilla/5.0 (compatible; DotBot/1.2; +https://opensiteexplorer.org/dotbot; [email protected])"
216.244.66.245 - - [10/Feb/2026:03:16:53 +0000] "GET /?h=12444912 HTTP/1.0" 200 29055 "-" "Mozilla/5.0 (compatible; DotBot/1.2; +https://opensiteexplorer.org/dotbot; [email protected])"
216.244.66.245 - - [10/Feb/2026:03:16:55 +0000] "GET /?h=12461112 HTTP/1.0" 200 29055 "-" "Mozilla/5.0 (compatible; DotBot/1.2; +https://opensiteexplorer.org/dotbot; [email protected])"
216.244.66.245 - - [10/Feb/2026:03:16:58 +0000] "GET /?h=12487912 HTTP/1.0" 200 29054 "-" "Mozilla/5.0 (compatible; DotBot/1.2; +https://opensiteexplorer.org/dotbot; [email protected])"
216.244.66.245 - - [10/Feb/2026:03:17:01 +0000] "GET /?h=12561712 HTTP/1.0" 200 29055 "-" "Mozilla/5.0 (compatible; DotBot/1.2; +https://opensiteexplorer.org/dotbot; [email protected])"
185.206.225.51 - - [10/Feb/2026:03:17:04 +0000] "POST /xmlrpc.php HTTP/1.0" 200 609 "-" "Go-http-client/1.1"
216.244.66.245 - - [10/Feb/2026:03:17:05 +0000] "GET /?h=12591512 HTTP/1.0" 200 29055 "-" "Mozilla/5.0 (compatible; DotBot/1.2; +https://opensiteexplorer.org/dotbot; [email protected])"
216.244.66.245 - - [10/Feb/2026:03:17:09 +0000] "GET /?h=12610212 HTTP/1.0" 200 29055 "-" "Mozilla/5.0 (compatible; DotBot/1.2; +https://opensiteexplorer.org/dotbot; [email protected])"
2a02:4780:41:6421::1 - - [10/Feb/2026:03:17:14 +0000] "POST /wp-cron.php?doing_wp_cron=1770693434.5022780895233154296875 HTTP/1.0" 200 404 "-" "WordPress/6.9; http://hbkconsultancy.com"
216.244.66.245 - - [10/Feb/2026:03:17:13 +0000] "GET /?h=12613312 HTTP/1.0" 200 29055 "-" "Mozilla/5.0 (compatible; DotBot/1.2; +https://opensiteexplorer.org/dotbot; [email protected])"
216.244.66.245 - - [10/Feb/2026:03:17:18 +0000] "GET /?h=12628712 HTTP/1.0" 200 29054 "-" "Mozilla/5.0 (compatible; DotBot/1.2; +https://opensiteexplorer.org/dotbot; [email protected])"
62.164.177.243 - - [10/Feb/2026:03:17:20 +0000] "POST /xmlrpc.php HTTP/1.0" 200 565 "-" "Mozilla/5.0 (Windows NT 10.0; Win64; x64) AppleWebKit/537.36 (KHTML, like Gecko) Chrome/138.0.0.0 Safari/537.36 Edg/138.0.0.0"
216.244.66.245 - - [10/Feb/2026:03:17:22 +0000] "GET /?h=12727612 HTTP/1.0" 200 29055 "-" "Mozilla/5.0 (compatible; DotBot/1.2; +https://opensiteexplorer.org/dotbot; [email protected])"
216.244.66.245 - - [10/Feb/2026:03:17:26 +0000] "GET /?h=12914212 HTTP/1.0" 200 29055 "-" "Mozilla/5.0 (compatible; DotBot/1.2; +https://opensiteexplorer.org/dotbot; [email protected])"
2a02:4780:41:6421::1 - - [10/Feb/2026:03:17:30 +0000] "POST /wp-cron.php?doing_wp_cron=1770693450.1818869113922119140625 HTTP/1.0" 200 404 "-" "WordPress/6.9; http://hbkconsultancy.com"
216.244.66.245 - - [10/Feb/2026:03:17:29 +0000] "GET /?h=12962212 HTTP/1.0" 200 29054 "-" "Mozilla/5.0 (compatible; DotBot/1.2; +https://opensiteexplorer.org/dotbot; [email protected])"
216.244.66.245 - - [10/Feb/2026:03:17:33 +0000] "GET /?h=13046312 HTTP/1.0" 200 29055 "-" "Mozilla/5.0 (compatible; DotBot/1.2; +https://opensiteexplorer.org/dotbot; [email protected])"
216.244.66.245 - - [10/Feb/2026:03:17:36 +0000] "GET /?h=13109212 HTTP/1.0" 200 29055 "-" "Mozilla/5.0 (compatible; DotBot/1.2; +https://opensiteexplorer.org/dotbot; [email protected])"
216.244.66.245 - - [10/Feb/2026:03:17:39 +0000] "GET /?h=13130712 HTTP/1.0" 200 29055 "-" "Mozilla/5.0 (compatible; DotBot/1.2; +https://opensiteexplorer.org/dotbot; [email protected])"
216.244.66.245 - - [10/Feb/2026:03:17:43 +0000] "GET /?h=13220612 HTTP/1.0" 200 29055 "-" "Mozilla/5.0 (compatible; DotBot/1.2; +https://opensiteexplorer.org/dotbot; [email protected])"
216.244.66.245 - - [10/Feb/2026:03:17:48 +0000] "GET /?h=13247712 HTTP/1.0" 200 29055 "-" "Mozilla/5.0 (compatible; DotBot/1.2; +https://opensiteexplorer.org/dotbot; [email protected])"
216.244.66.245 - - [10/Feb/2026:03:17:52 +0000] "GET /?h=13346712 HTTP/1.0" 200 29054 "-" "Mozilla/5.0 (compatible; DotBot/1.2; +https://opensiteexplorer.org/dotbot; [email protected])"
216.244.66.245 - - [10/Feb/2026:03:17:56 +0000] "GET /?h=13361412 HTTP/1.0" 200 29055 "-" "Mozilla/5.0 (compatible; DotBot/1.2; +https://opensiteexplorer.org/dotbot; [email protected])"
216.244.66.245 - - [10/Feb/2026:03:17:59 +0000] "GET /?h=13553212 HTTP/1.0" 200 29057 "-" "Mozilla/5.0 (compatible; DotBot/1.2; +https://opensiteexplorer.org/dotbot; [email protected])"
216.244.66.245 - - [10/Feb/2026:03:18:02 +0000] "GET /?h=13593812 HTTP/1.0" 200 29055 "-" "Mozilla/5.0 (compatible; DotBot/1.2; +https://opensiteexplorer.org/dotbot; [email protected])"
216.244.66.245 - - [10/Feb/2026:03:18:07 +0000] "GET /?h=13617812 HTTP/1.0" 200 29055 "-" "Mozilla/5.0 (compatible; DotBot/1.2; +https://opensiteexplorer.org/dotbot; [email protected])"
216.244.66.245 - - [10/Feb/2026:03:18:11 +0000] "GET /?h=13633712 HTTP/1.0" 200 29055 "-" "Mozilla/5.0 (compatible; DotBot/1.2; +https://opensiteexplorer.org/dotbot; [email protected])"
2a02:4780:41:6421::1 - - [10/Feb/2026:03:18:15 +0000] "POST /wp-cron.php?doing_wp_cron=1770693495.4761760234832763671875 HTTP/1.0" 200 404 "-" "WordPress/6.9; http://hbkconsultancy.com"
216.244.66.245 - - [10/Feb/2026:03:18:14 +0000] "GET /?h=13660012 HTTP/1.0" 200 29055 "-" "Mozilla/5.0 (compatible; DotBot/1.2; +https://opensiteexplorer.org/dotbot; [email protected])"
216.244.66.245 - - [10/Feb/2026:03:18:19 +0000] "GET /?h=13737412 HTTP/1.0" 200 29055 "-" "Mozilla/5.0 (compatible; DotBot/1.2; +https://opensiteexplorer.org/dotbot; [email protected])"
136.144.33.17 - - [10/Feb/2026:03:18:21 +0000] "POST /wp-login.php HTTP/1.0" 200 3975 "-" "Mozilla/5.0"
37.140.223.18 - - [10/Feb/2026:03:18:21 +0000] "POST /wp-login.php HTTP/1.0" 200 3976 "-" "Mozilla/5.0"
193.36.225.131 - - [10/Feb/2026:03:18:21 +0000] "POST /wp-login.php HTTP/1.0" 200 3979 "-" "Mozilla/5.0"
193.36.225.130 - - [10/Feb/2026:03:18:21 +0000] "POST /wp-login.php HTTP/1.0" 200 3976 "-" "Mozilla/5.0"
37.140.223.15 - - [10/Feb/2026:03:18:21 +0000] "POST /wp-login.php HTTP/1.0" 200 3978 "-" "Mozilla/5.0"
37.140.223.17 - - [10/Feb/2026:03:18:21 +0000] "POST /wp-login.php HTTP/1.0" 200 3978 "-" "Mozilla/5.0"
37.140.223.9 - - [10/Feb/2026:03:18:21 +0000] "POST /wp-login.php HTTP/1.0" 200 3973 "-" "Mozilla/5.0"
216.244.66.245 - - [10/Feb/2026:03:18:22 +0000] "GET /?h=13807012 HTTP/1.0" 200 29055 "-" "Mozilla/5.0 (compatible; DotBot/1.2; +https://opensiteexplorer.org/dotbot; [email protected])"
216.244.66.245 - - [10/Feb/2026:03:18:25 +0000] "GET /?h=13840412 HTTP/1.0" 200 29055 "-" "Mozilla/5.0 (compatible; DotBot/1.2; +https://opensiteexplorer.org/dotbot; [email protected])"
2a02:4780:41:6421::1 - - [10/Feb/2026:03:18:30 +0000] "POST /wp-cron.php?doing_wp_cron=1770693510.6075890064239501953125 HTTP/1.0" 200 404 "-" "WordPress/6.9; http://hbkconsultancy.com"
216.244.66.245 - - [10/Feb/2026:03:18:29 +0000] "GET /?h=13852412 HTTP/1.0" 200 29055 "-" "Mozilla/5.0 (compatible; DotBot/1.2; +https://opensiteexplorer.org/dotbot; [email protected])"
216.244.66.245 - - [10/Feb/2026:03:18:35 +0000] "GET /?h=13898812 HTTP/1.0" 200 29055 "-" "Mozilla/5.0 (compatible; DotBot/1.2; +https://opensiteexplorer.org/dotbot; [email protected])"
216.244.66.245 - - [10/Feb/2026:03:18:40 +0000] "GET /?h=13965412 HTTP/1.0" 200 29055 "-" "Mozilla/5.0 (compatible; DotBot/1.2; +https://opensiteexplorer.org/dotbot; [email protected])"
216.244.66.245 - - [10/Feb/2026:03:18:45 +0000] "GET /?h=14018912 HTTP/1.0" 200 29055 "-" "Mozilla/5.0 (compatible; DotBot/1.2; +https://opensiteexplorer.org/dotbot; [email protected])"
216.244.66.245 - - [10/Feb/2026:03:18:50 +0000] "GET /?h=14112512 HTTP/1.0" 200 29055 "-" "Mozilla/5.0 (compatible; DotBot/1.2; +https://opensiteexplorer.org/dotbot; [email protected])"
216.244.66.245 - - [10/Feb/2026:03:18:54 +0000] "GET /?h=14117912 HTTP/1.0" 200 29054 "-" "Mozilla/5.0 (compatible; DotBot/1.2; +https://opensiteexplorer.org/dotbot; [email protected])"
216.244.66.245 - - [10/Feb/2026:03:18:59 +0000] "GET /?h=14137212 HTTP/1.0" 200 29054 "-" "Mozilla/5.0 (compatible; DotBot/1.2; +https://opensiteexplorer.org/dotbot; [email protected])"
216.244.66.245 - - [10/Feb/2026:03:19:03 +0000] "GET /?h=14139112 HTTP/1.0" 200 29055 "-" "Mozilla/5.0 (compatible; DotBot/1.2; +https://opensiteexplorer.org/dotbot; [email protected])"
216.244.66.245 - - [10/Feb/2026:03:19:07 +0000] "GET /?h=14145112 HTTP/1.0" 200 29055 "-" "Mozilla/5.0 (compatible; DotBot/1.2; +https://opensiteexplorer.org/dotbot; [email protected])"
216.244.66.245 - - [10/Feb/2026:03:19:10 +0000] "GET /?h=14156512 HTTP/1.0" 200 29055 "-" "Mozilla/5.0 (compatible; DotBot/1.2; +https://opensiteexplorer.org/dotbot; [email protected])"
2a02:4780:41:6421::1 - - [10/Feb/2026:03:19:15 +0000] "POST /wp-cron.php?doing_wp_cron=1770693555.6888899803161621093750 HTTP/1.0" 200 404 "-" "WordPress/6.9; http://hbkconsultancy.com"
216.244.66.245 - - [10/Feb/2026:03:19:14 +0000] "GET /?h=14183112 HTTP/1.0" 200 29055 "-" "Mozilla/5.0 (compatible; DotBot/1.2; +https://opensiteexplorer.org/dotbot; [email protected])"
216.244.66.245 - - [10/Feb/2026:03:19:20 +0000] "GET /?h=14225812 HTTP/1.0" 200 29055 "-" "Mozilla/5.0 (compatible; DotBot/1.2; +https://opensiteexplorer.org/dotbot; [email protected])"
216.244.66.245 - - [10/Feb/2026:03:19:25 +0000] "GET /?h=14232512 HTTP/1.0" 200 29055 "-" "Mozilla/5.0 (compatible; DotBot/1.2; +https://opensiteexplorer.org/dotbot; [email protected])"
2a02:4780:41:6421::1 - - [10/Feb/2026:03:19:30 +0000] "POST /wp-cron.php?doing_wp_cron=1770693570.2505159378051757812500 HTTP/1.0" 200 404 "-" "WordPress/6.9; http://hbkconsultancy.com"
216.244.66.245 - - [10/Feb/2026:03:19:29 +0000] "GET /?h=14239112 HTTP/1.0" 200 29055 "-" "Mozilla/5.0 (compatible; DotBot/1.2; +https://opensiteexplorer.org/dotbot; [email protected])"
216.244.66.245 - - [10/Feb/2026:03:19:33 +0000] "GET /?h=14246312 HTTP/1.0" 200 29055 "-" "Mozilla/5.0 (compatible; DotBot/1.2; +https://opensiteexplorer.org/dotbot; [email protected])"
216.244.66.245 - - [10/Feb/2026:03:19:37 +0000] "GET /?h=14306312 HTTP/1.0" 200 29055 "-" "Mozilla/5.0 (compatible; DotBot/1.2; +https://opensiteexplorer.org/dotbot; [email protected])"
216.244.66.245 - - [10/Feb/2026:03:19:40 +0000] "GET /?h=14334312 HTTP/1.0" 200 29055 "-" "Mozilla/5.0 (compatible; DotBot/1.2; +https://opensiteexplorer.org/dotbot; [email protected])"
216.244.66.245 - - [10/Feb/2026:03:19:44 +0000] "GET /?h=14374012 HTTP/1.0" 200 29055 "-" "Mozilla/5.0 (compatible; DotBot/1.2; +https://opensiteexplorer.org/dotbot; [email protected])"
216.244.66.245 - - [10/Feb/2026:03:19:47 +0000] "GET /?h=14404212 HTTP/1.0" 200 29055 "-" "Mozilla/5.0 (compatible; DotBot/1.2; +https://opensiteexplorer.org/dotbot; [email protected])"
216.244.66.245 - - [10/Feb/2026:03:19:50 +0000] "GET /?h=14423312 HTTP/1.0" 200 29055 "-" "Mozilla/5.0 (compatible; DotBot/1.2; +https://opensiteexplorer.org/dotbot; [email protected])"
216.244.66.245 - - [10/Feb/2026:03:19:52 +0000] "GET /?h=14439812 HTTP/1.0" 200 29055 "-" "Mozilla/5.0 (compatible; DotBot/1.2; +https://opensiteexplorer.org/dotbot; [email protected])"
216.244.66.245 - - [10/Feb/2026:03:19:55 +0000] "GET /?h=14446712 HTTP/1.0" 200 29054 "-" "Mozilla/5.0 (compatible; DotBot/1.2; +https://opensiteexplorer.org/dotbot; [email protected])"
216.244.66.245 - - [10/Feb/2026:03:19:57 +0000] "GET /?h=14526812 HTTP/1.0" 200 29055 "-" "Mozilla/5.0 (compatible; DotBot/1.2; +https://opensiteexplorer.org/dotbot; [email protected])"
216.244.66.245 - - [10/Feb/2026:03:19:59 +0000] "GET /?h=14559912 HTTP/1.0" 200 29054 "-" "Mozilla/5.0 (compatible; DotBot/1.2; +https://opensiteexplorer.org/dotbot; [email protected])"
216.244.66.245 - - [10/Feb/2026:03:20:01 +0000] "GET /?h=14594512 HTTP/1.0" 200 29054 "-" "Mozilla/5.0 (compatible; DotBot/1.2; +https://opensiteexplorer.org/dotbot; [email protected])"
216.244.66.245 - - [10/Feb/2026:03:20:03 +0000] "GET /?h=14596512 HTTP/1.0" 200 29054 "-" "Mozilla/5.0 (compatible; DotBot/1.2; +https://opensiteexplorer.org/dotbot; [email protected])"
216.244.66.245 - - [10/Feb/2026:03:20:05 +0000] "GET /?h=14706212 HTTP/1.0" 200 29054 "-" "Mozilla/5.0 (compatible; DotBot/1.2; +https://opensiteexplorer.org/dotbot; [email protected])"
216.244.66.245 - - [10/Feb/2026:03:20:09 +0000] "GET /?h=14725312 HTTP/1.0" 200 29055 "-" "Mozilla/5.0 (compatible; DotBot/1.2; +https://opensiteexplorer.org/dotbot; [email protected])"
216.244.66.245 - - [10/Feb/2026:03:20:12 +0000] "GET /?h=14744512 HTTP/1.0" 200 29055 "-" "Mozilla/5.0 (compatible; DotBot/1.2; +https://opensiteexplorer.org/dotbot; [email protected])"
2a02:4780:41:6421::1 - - [10/Feb/2026:03:20:16 +0000] "POST /wp-cron.php?doing_wp_cron=1770693616.1771140098571777343750 HTTP/1.0" 200 404 "-" "WordPress/6.9; http://hbkconsultancy.com"
216.244.66.245 - - [10/Feb/2026:03:20:15 +0000] "GET /?h=14746812 HTTP/1.0" 200 29055 "-" "Mozilla/5.0 (compatible; DotBot/1.2; +https://opensiteexplorer.org/dotbot; [email protected])"
216.244.66.245 - - [10/Feb/2026:03:20:18 +0000] "GET /?h=14749212 HTTP/1.0" 200 29054 "-" "Mozilla/5.0 (compatible; DotBot/1.2; +https://opensiteexplorer.org/dotbot; [email protected])"
216.244.66.245 - - [10/Feb/2026:03:20:21 +0000] "GET /?h=14761212 HTTP/1.0" 200 29055 "-" "Mozilla/5.0 (compatible; DotBot/1.2; +https://opensiteexplorer.org/dotbot; [email protected])"
216.244.66.245 - - [10/Feb/2026:03:20:23 +0000] "GET /?h=14785112 HTTP/1.0" 200 29055 "-" "Mozilla/5.0 (compatible; DotBot/1.2; +https://opensiteexplorer.org/dotbot; [email protected])"
216.244.66.245 - - [10/Feb/2026:03:20:25 +0000] "GET /?h=14824412 HTTP/1.0" 200 29055 "-" "Mozilla/5.0 (compatible; DotBot/1.2; +https://opensiteexplorer.org/dotbot; [email protected])"
216.244.66.245 - - [10/Feb/2026:03:20:27 +0000] "GET /?h=14842312 HTTP/1.0" 200 29055 "-" "Mozilla/5.0 (compatible; DotBot/1.2; +https://opensiteexplorer.org/dotbot; [email protected])"
216.244.66.245 - - [10/Feb/2026:03:20:30 +0000] "GET /?h=14914712 HTTP/1.0" 200 29055 "-" "Mozilla/5.0 (compatible; DotBot/1.2; +https://opensiteexplorer.org/dotbot; [email protected])"
216.244.66.245 - - [10/Feb/2026:03:20:38 +0000] "GET /?h=14947512 HTTP/1.0" 200 29054 "-" "Mozilla/5.0 (compatible; DotBot/1.2; +https://opensiteexplorer.org/dotbot; [email protected])"
216.244.66.245 - - [10/Feb/2026:03:20:44 +0000] "GET /?h=14976812 HTTP/1.0" 200 29055 "-" "Mozilla/5.0 (compatible; DotBot/1.2; +https://opensiteexplorer.org/dotbot; [email protected])"
216.244.66.245 - - [10/Feb/2026:03:20:50 +0000] "GET /?h=15022712 HTTP/1.0" 200 29055 "-" "Mozilla/5.0 (compatible; DotBot/1.2; +https://opensiteexplorer.org/dotbot; [email protected])"
216.244.66.245 - - [10/Feb/2026:03:20:54 +0000] "GET /?h=15023712 HTTP/1.0" 200 29054 "-" "Mozilla/5.0 (compatible; DotBot/1.2; +https://opensiteexplorer.org/dotbot; [email protected])"
216.244.66.245 - - [10/Feb/2026:03:20:58 +0000] "GET /?h=15070412 HTTP/1.0" 200 29055 "-" "Mozilla/5.0 (compatible; DotBot/1.2; +https://opensiteexplorer.org/dotbot; [email protected])"
216.244.66.245 - - [10/Feb/2026:03:21:02 +0000] "GET /?h=15121112 HTTP/1.0" 200 29055 "-" "Mozilla/5.0 (compatible; DotBot/1.2; +https://opensiteexplorer.org/dotbot; [email protected])"
216.244.66.245 - - [10/Feb/2026:03:21:05 +0000] "GET /?h=15151812 HTTP/1.0" 200 29055 "-" "Mozilla/5.0 (compatible; DotBot/1.2; +https://opensiteexplorer.org/dotbot; [email protected])"
216.244.66.245 - - [10/Feb/2026:03:21:08 +0000] "GET /?h=15188612 HTTP/1.0" 200 29054 "-" "Mozilla/5.0 (compatible; DotBot/1.2; +https://opensiteexplorer.org/dotbot; [email protected])"
216.244.66.245 - - [10/Feb/2026:03:21:11 +0000] "GET /?h=15200412 HTTP/1.0" 200 29055 "-" "Mozilla/5.0 (compatible; DotBot/1.2; +https://opensiteexplorer.org/dotbot; [email protected])"
216.244.66.245 - - [10/Feb/2026:03:21:13 +0000] "GET /?h=15215912 HTTP/1.0" 200 29055 "-" "Mozilla/5.0 (compatible; DotBot/1.2; +https://opensiteexplorer.org/dotbot; [email protected])"
216.244.66.245 - - [10/Feb/2026:03:21:15 +0000] "GET /?h=15216312 HTTP/1.0" 200 29055 "-" "Mozilla/5.0 (compatible; DotBot/1.2; +https://opensiteexplorer.org/dotbot; [email protected])"
216.244.66.245 - - [10/Feb/2026:03:21:18 +0000] "GET /?h=15226012 HTTP/1.0" 200 29055 "-" "Mozilla/5.0 (compatible; DotBot/1.2; +https://opensiteexplorer.org/dotbot; [email protected])"
216.244.66.245 - - [10/Feb/2026:03:21:21 +0000] "GET /?h=15245612 HTTP/1.0" 200 29055 "-" "Mozilla/5.0 (compatible; DotBot/1.2; +https://opensiteexplorer.org/dotbot; [email protected])"
216.244.66.245 - - [10/Feb/2026:03:21:25 +0000] "GET /?h=15274212 HTTP/1.0" 200 29055 "-" "Mozilla/5.0 (compatible; DotBot/1.2; +https://opensiteexplorer.org/dotbot; [email protected])"
216.244.66.245 - - [10/Feb/2026:03:21:28 +0000] "GET /?h=15283312 HTTP/1.0" 200 29054 "-" "Mozilla/5.0 (compatible; DotBot/1.2; +https://opensiteexplorer.org/dotbot; [email protected])"
2a02:4780:41:6421::1 - - [10/Feb/2026:03:21:32 +0000] "POST /wp-cron.php?doing_wp_cron=1770693692.6669960021972656250000 HTTP/1.0" 200 404 "-" "WordPress/6.9; http://hbkconsultancy.com"
216.244.66.245 - - [10/Feb/2026:03:21:31 +0000] "GET /?h=15346912 HTTP/1.0" 200 29055 "-" "Mozilla/5.0 (compatible; DotBot/1.2; +https://opensiteexplorer.org/dotbot; [email protected])"
216.244.66.245 - - [10/Feb/2026:03:21:36 +0000] "GET /?h=15352212 HTTP/1.0" 200 29054 "-" "Mozilla/5.0 (compatible; DotBot/1.2; +https://opensiteexplorer.org/dotbot; [email protected])"
216.244.66.245 - - [10/Feb/2026:03:21:40 +0000] "GET /?h=15441712 HTTP/1.0" 200 29055 "-" "Mozilla/5.0 (compatible; DotBot/1.2; +https://opensiteexplorer.org/dotbot; [email protected])"
216.244.66.245 - - [10/Feb/2026:03:21:44 +0000] "GET /?h=15458712 HTTP/1.0" 200 29055 "-" "Mozilla/5.0 (compatible; DotBot/1.2; +https://opensiteexplorer.org/dotbot; [email protected])"
216.244.66.245 - - [10/Feb/2026:03:21:48 +0000] "GET /?h=15466312 HTTP/1.0" 200 29055 "-" "Mozilla/5.0 (compatible; DotBot/1.2; +https://opensiteexplorer.org/dotbot; [email protected])"
216.244.66.245 - - [10/Feb/2026:03:21:51 +0000] "GET /?h=15490512 HTTP/1.0" 200 29055 "-" "Mozilla/5.0 (compatible; DotBot/1.2; +https://opensiteexplorer.org/dotbot; [email protected])"
216.244.66.245 - - [10/Feb/2026:03:21:53 +0000] "GET /?h=15500612 HTTP/1.0" 200 29055 "-" "Mozilla/5.0 (compatible; DotBot/1.2; +https://opensiteexplorer.org/dotbot; [email protected])"
216.244.66.245 - - [10/Feb/2026:03:21:55 +0000] "GET /?h=15548512 HTTP/1.0" 200 29055 "-" "Mozilla/5.0 (compatible; DotBot/1.2; +https://opensiteexplorer.org/dotbot; [email protected])"
216.244.66.245 - - [10/Feb/2026:03:21:58 +0000] "GET /?h=15568412 HTTP/1.0" 200 29055 "-" "Mozilla/5.0 (compatible; DotBot/1.2; +https://opensiteexplorer.org/dotbot; [email protected])"
216.244.66.245 - - [10/Feb/2026:03:21:59 +0000] "GET /?h=15624312 HTTP/1.0" 200 29054 "-" "Mozilla/5.0 (compatible; DotBot/1.2; +https://opensiteexplorer.org/dotbot; [email protected])"
216.244.66.245 - - [10/Feb/2026:03:22:02 +0000] "GET /?h=15635712 HTTP/1.0" 200 29055 "-" "Mozilla/5.0 (compatible; DotBot/1.2; +https://opensiteexplorer.org/dotbot; [email protected])"
216.244.66.245 - - [10/Feb/2026:03:22:06 +0000] "GET /?h=15651512 HTTP/1.0" 200 29055 "-" "Mozilla/5.0 (compatible; DotBot/1.2; +https://opensiteexplorer.org/dotbot; [email protected])"
216.244.66.245 - - [10/Feb/2026:03:22:10 +0000] "GET /?h=15659612 HTTP/1.0" 200 29056 "-" "Mozilla/5.0 (compatible; DotBot/1.2; +https://opensiteexplorer.org/dotbot; [email protected])"
2a02:4780:41:6421::1 - - [10/Feb/2026:03:22:14 +0000] "POST /wp-cron.php?doing_wp_cron=1770693734.6026549339294433593750 HTTP/1.0" 200 404 "-" "WordPress/6.9; http://hbkconsultancy.com"
216.244.66.245 - - [10/Feb/2026:03:22:13 +0000] "GET /?h=15681412 HTTP/1.0" 200 29055 "-" "Mozilla/5.0 (compatible; DotBot/1.2; +https://opensiteexplorer.org/dotbot; [email protected])"
216.244.66.245 - - [10/Feb/2026:03:22:17 +0000] "GET /?h=15762012 HTTP/1.0" 200 29055 "-" "Mozilla/5.0 (compatible; DotBot/1.2; +https://opensiteexplorer.org/dotbot; [email protected])"
216.244.66.245 - - [10/Feb/2026:03:22:20 +0000] "GET /?h=15834612 HTTP/1.0" 200 29055 "-" "Mozilla/5.0 (compatible; DotBot/1.2; +https://opensiteexplorer.org/dotbot; [email protected])"
216.244.66.245 - - [10/Feb/2026:03:22:23 +0000] "GET /?h=15865712 HTTP/1.0" 200 29055 "-" "Mozilla/5.0 (compatible; DotBot/1.2; +https://opensiteexplorer.org/dotbot; [email protected])"
216.244.66.245 - - [10/Feb/2026:03:22:25 +0000] "GET /?h=15922012 HTTP/1.0" 200 29055 "-" "Mozilla/5.0 (compatible; DotBot/1.2; +https://opensiteexplorer.org/dotbot; [email protected])"
216.244.66.245 - - [10/Feb/2026:03:22:27 +0000] "GET /?h=15922912 HTTP/1.0" 200 29055 "-" "Mozilla/5.0 (compatible; DotBot/1.2; +https://opensiteexplorer.org/dotbot; [email protected])"
2a02:4780:41:6421::1 - - [10/Feb/2026:03:22:30 +0000] "POST /wp-cron.php?doing_wp_cron=1770693750.5556321144104003906250 HTTP/1.0" 200 404 "-" "WordPress/6.9; http://hbkconsultancy.com"
216.244.66.245 - - [10/Feb/2026:03:22:29 +0000] "GET /?h=15960912 HTTP/1.0" 200 29055 "-" "Mozilla/5.0 (compatible; DotBot/1.2; +https://opensiteexplorer.org/dotbot; [email protected])"
216.244.66.245 - - [10/Feb/2026:03:22:33 +0000] "GET /?h=15968612 HTTP/1.0" 200 29055 "-" "Mozilla/5.0 (compatible; DotBot/1.2; +https://opensiteexplorer.org/dotbot; [email protected])"
216.244.66.245 - - [10/Feb/2026:03:22:36 +0000] "GET /?h=16036112 HTTP/1.0" 200 29055 "-" "Mozilla/5.0 (compatible; DotBot/1.2; +https://opensiteexplorer.org/dotbot; [email protected])"
216.244.66.245 - - [10/Feb/2026:03:22:38 +0000] "GET /?h=16043412 HTTP/1.0" 200 29054 "-" "Mozilla/5.0 (compatible; DotBot/1.2; +https://opensiteexplorer.org/dotbot; [email protected])"
216.244.66.245 - - [10/Feb/2026:03:22:41 +0000] "GET /?h=16078512 HTTP/1.0" 200 29055 "-" "Mozilla/5.0 (compatible; DotBot/1.2; +https://opensiteexplorer.org/dotbot; [email protected])"
216.244.66.245 - - [10/Feb/2026:03:22:43 +0000] "GET /?h=16118212 HTTP/1.0" 200 29055 "-" "Mozilla/5.0 (compatible; DotBot/1.2; +https://opensiteexplorer.org/dotbot; [email protected])"
216.244.66.245 - - [10/Feb/2026:03:22:44 +0000] "GET /?h=16132112 HTTP/1.0" 200 29056 "-" "Mozilla/5.0 (compatible; DotBot/1.2; +https://opensiteexplorer.org/dotbot; [email protected])"
216.244.66.245 - - [10/Feb/2026:03:22:46 +0000] "GET /?h=16157612 HTTP/1.0" 200 29055 "-" "Mozilla/5.0 (compatible; DotBot/1.2; +https://opensiteexplorer.org/dotbot; [email protected])"
216.244.66.245 - - [10/Feb/2026:03:22:48 +0000] "GET /?h=16171912 HTTP/1.0" 200 29055 "-" "Mozilla/5.0 (compatible; DotBot/1.2; +https://opensiteexplorer.org/dotbot; [email protected])"
216.244.66.245 - - [10/Feb/2026:03:22:50 +0000] "GET /?h=16270512 HTTP/1.0" 200 29055 "-" "Mozilla/5.0 (compatible; DotBot/1.2; +https://opensiteexplorer.org/dotbot; [email protected])"
216.244.66.245 - - [10/Feb/2026:03:22:53 +0000] "GET /?h=16318312 HTTP/1.0" 200 29056 "-" "Mozilla/5.0 (compatible; DotBot/1.2; +https://opensiteexplorer.org/dotbot; [email protected])"
216.244.66.245 - - [10/Feb/2026:03:22:55 +0000] "GET /?h=16325812 HTTP/1.0" 200 29055 "-" "Mozilla/5.0 (compatible; DotBot/1.2; +https://opensiteexplorer.org/dotbot; [email protected])"
216.244.66.245 - - [10/Feb/2026:03:22:57 +0000] "GET /?h=16332212 HTTP/1.0" 200 29055 "-" "Mozilla/5.0 (compatible; DotBot/1.2; +https://opensiteexplorer.org/dotbot; [email protected])"
216.244.66.245 - - [10/Feb/2026:03:22:59 +0000] "GET /?h=16358112 HTTP/1.0" 200 29054 "-" "Mozilla/5.0 (compatible; DotBot/1.2; +https://opensiteexplorer.org/dotbot; [email protected])"
216.244.66.245 - - [10/Feb/2026:03:23:03 +0000] "GET /?h=16361812 HTTP/1.0" 200 29055 "-" "Mozilla/5.0 (compatible; DotBot/1.2; +https://opensiteexplorer.org/dotbot; [email protected])"
216.244.66.245 - - [10/Feb/2026:03:23:07 +0000] "GET /?h=16369412 HTTP/1.0" 200 29055 "-" "Mozilla/5.0 (compatible; DotBot/1.2; +https://opensiteexplorer.org/dotbot; [email protected])"
216.244.66.245 - - [10/Feb/2026:03:23:10 +0000] "GET /?h=16370212 HTTP/1.0" 200 29055 "-" "Mozilla/5.0 (compatible; DotBot/1.2; +https://opensiteexplorer.org/dotbot; [email protected])"
2a02:4780:41:6421::1 - - [10/Feb/2026:03:23:14 +0000] "POST /wp-cron.php?doing_wp_cron=1770693794.7281439304351806640625 HTTP/1.0" 200 404 "-" "WordPress/6.9; http://hbkconsultancy.com"
216.244.66.245 - - [10/Feb/2026:03:23:14 +0000] "GET /?h=16428812 HTTP/1.0" 200 29055 "-" "Mozilla/5.0 (compatible; DotBot/1.2; +https://opensiteexplorer.org/dotbot; [email protected])"
216.244.66.245 - - [10/Feb/2026:03:23:18 +0000] "GET /?h=16478912 HTTP/1.0" 200 29054 "-" "Mozilla/5.0 (compatible; DotBot/1.2; +https://opensiteexplorer.org/dotbot; [email protected])"
216.244.66.245 - - [10/Feb/2026:03:23:21 +0000] "GET /?h=16492412 HTTP/1.0" 200 29055 "-" "Mozilla/5.0 (compatible; DotBot/1.2; +https://opensiteexplorer.org/dotbot; [email protected])"
216.244.66.245 - - [10/Feb/2026:03:23:26 +0000] "GET /?h=16508912 HTTP/1.0" 200 29055 "-" "Mozilla/5.0 (compatible; DotBot/1.2; +https://opensiteexplorer.org/dotbot; [email protected])"
2a02:4780:41:6421::1 - - [10/Feb/2026:03:23:30 +0000] "POST /wp-cron.php?doing_wp_cron=1770693810.7544898986816406250000 HTTP/1.0" 200 404 "-" "WordPress/6.9; http://hbkconsultancy.com"
216.244.66.245 - - [10/Feb/2026:03:23:29 +0000] "GET /?h=16510712 HTTP/1.0" 200 29055 "-" "Mozilla/5.0 (compatible; DotBot/1.2; +https://opensiteexplorer.org/dotbot; [email protected])"
216.244.66.245 - - [10/Feb/2026:03:23:34 +0000] "GET /?h=16568712 HTTP/1.0" 200 29055 "-" "Mozilla/5.0 (compatible; DotBot/1.2; +https://opensiteexplorer.org/dotbot; [email protected])"
216.244.66.245 - - [10/Feb/2026:03:23:37 +0000] "GET /?h=16579912 HTTP/1.0" 200 29055 "-" "Mozilla/5.0 (compatible; DotBot/1.2; +https://opensiteexplorer.org/dotbot; [email protected])"
216.244.66.245 - - [10/Feb/2026:03:23:40 +0000] "GET /?h=16580212 HTTP/1.0" 200 29055 "-" "Mozilla/5.0 (compatible; DotBot/1.2; +https://opensiteexplorer.org/dotbot; [email protected])"
216.244.66.245 - - [10/Feb/2026:03:23:42 +0000] "GET /?h=16605212 HTTP/1.0" 200 29055 "-" "Mozilla/5.0 (compatible; DotBot/1.2; +https://opensiteexplorer.org/dotbot; [email protected])"
216.244.66.245 - - [10/Feb/2026:03:23:45 +0000] "GET /?h=16609712 HTTP/1.0" 200 29056 "-" "Mozilla/5.0 (compatible; DotBot/1.2; +https://opensiteexplorer.org/dotbot; [email protected])"
216.244.66.245 - - [10/Feb/2026:03:23:47 +0000] "GET /?h=16620712 HTTP/1.0" 200 29055 "-" "Mozilla/5.0 (compatible; DotBot/1.2; +https://opensiteexplorer.org/dotbot; [email protected])"
216.244.66.245 - - [10/Feb/2026:03:23:50 +0000] "GET /?h=16651712 HTTP/1.0" 200 29055 "-" "Mozilla/5.0 (compatible; DotBot/1.2; +https://opensiteexplorer.org/dotbot; [email protected])"
216.244.66.245 - - [10/Feb/2026:03:23:54 +0000] "GET /?h=16662912 HTTP/1.0" 200 29055 "-" "Mozilla/5.0 (compatible; DotBot/1.2; +https://opensiteexplorer.org/dotbot; [email protected])"
216.244.66.245 - - [10/Feb/2026:03:23:58 +0000] "GET /?h=16680912 HTTP/1.0" 200 29056 "-" "Mozilla/5.0 (compatible; DotBot/1.2; +https://opensiteexplorer.org/dotbot; [email protected])"
216.244.66.245 - - [10/Feb/2026:03:24:01 +0000] "GET /?h=16694612 HTTP/1.0" 200 29049 "-" "Mozilla/5.0 (compatible; DotBot/1.2; +https://opensiteexplorer.org/dotbot; [email protected])"
216.244.66.245 - - [10/Feb/2026:03:24:03 +0000] "GET /?h=16755612 HTTP/1.0" 200 29055 "-" "Mozilla/5.0 (compatible; DotBot/1.2; +https://opensiteexplorer.org/dotbot; [email protected])"
216.244.66.245 - - [10/Feb/2026:03:24:06 +0000] "GET /?h=16757712 HTTP/1.0" 200 29055 "-" "Mozilla/5.0 (compatible; DotBot/1.2; +https://opensiteexplorer.org/dotbot; [email protected])"
216.244.66.245 - - [10/Feb/2026:03:24:08 +0000] "GET /?h=16782612 HTTP/1.0" 200 29054 "-" "Mozilla/5.0 (compatible; DotBot/1.2; +https://opensiteexplorer.org/dotbot; [email protected])"
216.244.66.245 - - [10/Feb/2026:03:24:10 +0000] "GET /?h=16829812 HTTP/1.0" 200 29055 "-" "Mozilla/5.0 (compatible; DotBot/1.2; +https://opensiteexplorer.org/dotbot; [email protected])"
216.244.66.245 - - [10/Feb/2026:03:24:12 +0000] "GET /?h=16858712 HTTP/1.0" 200 29055 "-" "Mozilla/5.0 (compatible; DotBot/1.2; +https://opensiteexplorer.org/dotbot; [email protected])"
2a02:4780:41:6421::1 - - [10/Feb/2026:03:24:15 +0000] "POST /wp-cron.php?doing_wp_cron=1770693855.4627680778503417968750 HTTP/1.0" 200 404 "-" "WordPress/6.9; http://hbkconsultancy.com"
216.244.66.245 - - [10/Feb/2026:03:24:14 +0000] "GET /?h=16863512 HTTP/1.0" 200 29055 "-" "Mozilla/5.0 (compatible; DotBot/1.2; +https://opensiteexplorer.org/dotbot; [email protected])"
216.244.66.245 - - [10/Feb/2026:03:24:18 +0000] "GET /?h=16894312 HTTP/1.0" 200 29054 "-" "Mozilla/5.0 (compatible; DotBot/1.2; +https://opensiteexplorer.org/dotbot; [email protected])"
216.244.66.245 - - [10/Feb/2026:03:24:21 +0000] "GET /?h=16946412 HTTP/1.0" 200 29055 "-" "Mozilla/5.0 (compatible; DotBot/1.2; +https://opensiteexplorer.org/dotbot; [email protected])"
216.244.66.245 - - [10/Feb/2026:03:24:23 +0000] "GET /?h=16977812 HTTP/1.0" 200 29055 "-" "Mozilla/5.0 (compatible; DotBot/1.2; +https://opensiteexplorer.org/dotbot; [email protected])"
216.244.66.245 - - [10/Feb/2026:03:24:25 +0000] "GET /?h=16979112 HTTP/1.0" 200 29055 "-" "Mozilla/5.0 (compatible; DotBot/1.2; +https://opensiteexplorer.org/dotbot; [email protected])"
216.244.66.245 - - [10/Feb/2026:03:24:27 +0000] "GET /?h=16987512 HTTP/1.0" 200 29055 "-" "Mozilla/5.0 (compatible; DotBot/1.2; +https://opensiteexplorer.org/dotbot; [email protected])"
2a02:4780:41:6421::1 - - [10/Feb/2026:03:24:30 +0000] "POST /wp-cron.php?doing_wp_cron=1770693870.9095571041107177734375 HTTP/1.0" 200 404 "-" "WordPress/6.9; http://hbkconsultancy.com"
216.244.66.245 - - [10/Feb/2026:03:24:30 +0000] "GET /?h=17009512 HTTP/1.0" 200 29055 "-" "Mozilla/5.0 (compatible; DotBot/1.2; +https://opensiteexplorer.org/dotbot; [email protected])"
216.244.66.245 - - [10/Feb/2026:03:24:33 +0000] "GET /?h=17052712 HTTP/1.0" 200 29055 "-" "Mozilla/5.0 (compatible; DotBot/1.2; +https://opensiteexplorer.org/dotbot; [email protected])"
216.244.66.245 - - [10/Feb/2026:03:24:36 +0000] "GET /?h=17111712 HTTP/1.0" 200 29055 "-" "Mozilla/5.0 (compatible; DotBot/1.2; +https://opensiteexplorer.org/dotbot; [email protected])"
216.244.66.245 - - [10/Feb/2026:03:24:39 +0000] "GET /?h=17115512 HTTP/1.0" 200 29055 "-" "Mozilla/5.0 (compatible; DotBot/1.2; +https://opensiteexplorer.org/dotbot; [email protected])"
216.244.66.245 - - [10/Feb/2026:03:24:41 +0000] "GET /?h=17128512 HTTP/1.0" 200 29055 "-" "Mozilla/5.0 (compatible; DotBot/1.2; +https://opensiteexplorer.org/dotbot; [email protected])"
216.244.66.245 - - [10/Feb/2026:03:24:43 +0000] "GET /?h=17162312 HTTP/1.0" 200 29055 "-" "Mozilla/5.0 (compatible; DotBot/1.2; +https://opensiteexplorer.org/dotbot; [email protected])"
216.244.66.245 - - [10/Feb/2026:03:24:46 +0000] "GET /?h=17178812 HTTP/1.0" 200 29055 "-" "Mozilla/5.0 (compatible; DotBot/1.2; +https://opensiteexplorer.org/dotbot; [email protected])"
216.244.66.245 - - [10/Feb/2026:03:24:50 +0000] "GET /?h=17221212 HTTP/1.0" 200 29054 "-" "Mozilla/5.0 (compatible; DotBot/1.2; +https://opensiteexplorer.org/dotbot; [email protected])"
216.244.66.245 - - [10/Feb/2026:03:24:54 +0000] "GET /?h=17221812 HTTP/1.0" 200 29056 "-" "Mozilla/5.0 (compatible; DotBot/1.2; +https://opensiteexplorer.org/dotbot; [email protected])"
216.244.66.245 - - [10/Feb/2026:03:24:57 +0000] "GET /?h=17222912 HTTP/1.0" 200 29056 "-" "Mozilla/5.0 (compatible; DotBot/1.2; +https://opensiteexplorer.org/dotbot; [email protected])"
216.244.66.245 - - [10/Feb/2026:03:25:00 +0000] "GET /?h=17283812 HTTP/1.0" 200 29054 "-" "Mozilla/5.0 (compatible; DotBot/1.2; +https://opensiteexplorer.org/dotbot; [email protected])"
216.244.66.245 - - [10/Feb/2026:03:25:02 +0000] "GET /?h=17297312 HTTP/1.0" 200 29055 "-" "Mozilla/5.0 (compatible; DotBot/1.2; +https://opensiteexplorer.org/dotbot; [email protected])"
46.250.226.101 - - [10/Feb/2026:03:25:05 +0000] "HEAD / HTTP/1.0" 200 528 "https://hbkconsultancy.com/" "Mozilla/5.0 (Windows NT 10.0; Win64; x64) AppleWebKit/537.36 (KHTML, like Gecko) Chrome/91.0.4472.124 Safari/537.36"
216.244.66.245 - - [10/Feb/2026:03:25:04 +0000] "GET /?h=17335312 HTTP/1.0" 200 29054 "-" "Mozilla/5.0 (compatible; DotBot/1.2; +https://opensiteexplorer.org/dotbot; [email protected])"
46.250.226.101 - - [10/Feb/2026:03:25:05 +0000] "HEAD / HTTP/1.0" 200 517 "https://hbkconsultancy.com/" "Mozilla/5.0 (Windows NT 10.0; Win64; x64) AppleWebKit/537.36 (KHTML, like Gecko) Chrome/91.0.4472.124 Safari/537.36"
46.250.226.101 - - [10/Feb/2026:03:25:06 +0000] "POST /wp-login.php HTTP/1.0" 200 3838 "https://www.google.com/" "Mozilla/5.0 (Windows NT 10.0; Win64; x64) AppleWebKit/537.36 (KHTML, like Gecko) Chrome/91.0.4472.124 Safari/537.36"
216.244.66.245 - - [10/Feb/2026:03:25:07 +0000] "GET /?h=17347112 HTTP/1.0" 200 29055 "-" "Mozilla/5.0 (compatible; DotBot/1.2; +https://opensiteexplorer.org/dotbot; [email protected])"
46.250.226.101 - - [10/Feb/2026:03:25:07 +0000] "POST /wp-login.php HTTP/1.0" 302 1753 "https://hbkconsultancy.com/wp-admin/" "Mozilla/5.0 (Windows NT 10.0; Win64; x64) AppleWebKit/537.36 (KHTML, like Gecko) Chrome/90.0.4430.85 Safari/537.36"
216.244.66.245 - - [10/Feb/2026:03:25:08 +0000] "GET /?h=17387512 HTTP/1.0" 200 29054 "-" "Mozilla/5.0 (compatible; DotBot/1.2; +https://opensiteexplorer.org/dotbot; [email protected])"
216.244.66.245 - - [10/Feb/2026:03:25:11 +0000] "GET /?h=17399112 HTTP/1.0" 200 29055 "-" "Mozilla/5.0 (compatible; DotBot/1.2; +https://opensiteexplorer.org/dotbot; [email protected])"
2a02:4780:41:6421::1 - - [10/Feb/2026:03:25:12 +0000] "POST /wp-cron.php?doing_wp_cron=1770693912.0821580886840820312500 HTTP/1.0" 200 412 "-" "WordPress/6.9; https://hbkconsultancy.com"
46.250.226.101 - - [10/Feb/2026:03:25:08 +0000] "GET /wp-admin/ HTTP/1.0" 200 97010 "https://hbkconsultancy.com/wp-admin/" "Mozilla/5.0 (Windows NT 10.0; Win64; x64) AppleWebKit/537.36 (KHTML, like Gecko) Chrome/90.0.4430.85 Safari/537.36"
2a02:4780:41:6421::1 - - [10/Feb/2026:03:25:14 +0000] "POST /wp-cron.php?doing_wp_cron=1770693914.2813270092010498046875 HTTP/1.0" 200 404 "-" "WordPress/6.9; http://hbkconsultancy.com"
216.244.66.245 - - [10/Feb/2026:03:25:13 +0000] "GET /?h=17402812 HTTP/1.0" 200 29055 "-" "Mozilla/5.0 (compatible; DotBot/1.2; +https://opensiteexplorer.org/dotbot; [email protected])"
2a02:4780:41:6421::1 - - [10/Feb/2026:03:25:14 +0000] "POST /wp-cron.php?doing_wp_cron=1770693914.9318130016326904296875 HTTP/1.0" 200 412 "-" "WordPress/6.9; https://hbkconsultancy.com"
46.250.226.101 - - [10/Feb/2026:03:25:13 +0000] "GET /wp-admin/ HTTP/1.0" 200 96811 "https://www.google.com/" "Mozilla/5.0 (Windows NT 10.0; Win64; x64) AppleWebKit/537.36 (KHTML, like Gecko) Chrome/91.0.4472.124 Safari/537.36"
46.250.226.101 - - [10/Feb/2026:03:25:15 +0000] "GET /wp-admin/plugin-install.php?tab=upload HTTP/1.0" 200 76733 "https://www.google.com/" "Mozilla/5.0 (Windows NT 10.0; Win64; x64) AppleWebKit/537.36 (KHTML, like Gecko) Chrome/91.0.4472.124 Safari/537.36"
2a02:4780:41:6421::1 - - [10/Feb/2026:03:25:11 +0000] "POST /wp-admin/admin-ajax.php?action=as_async_request_queue_runner&nonce=d761f53e4f HTTP/1.0" 200 489 "-" "WordPress/6.9; https://hbkconsultancy.com"
216.244.66.245 - - [10/Feb/2026:03:25:16 +0000] "GET /?h=17422612 HTTP/1.0" 200 29055 "-" "Mozilla/5.0 (compatible; DotBot/1.2; +https://opensiteexplorer.org/dotbot; [email protected])"
46.250.226.101 - - [10/Feb/2026:03:25:17 +0000] "POST /wp-admin/update.php?action=upload-plugin HTTP/1.0" 200 72859 "https://hbkconsultancy.com/wp-admin/plugin-install.php" "Mozilla/5.0 (Windows NT 10.0; Win64; x64) AppleWebKit/537.36 (KHTML, like Gecko) Chrome/132.0.0.0 Safari/537.36"
46.250.226.101 - - [10/Feb/2026:03:25:21 +0000] "GET /wp-content/plugins/ywywz/index.php HTTP/1.0" 200 3449 "-" "python-requests/2.32.3"
216.244.66.245 - - [10/Feb/2026:03:25:20 +0000] "GET /?h=17431312 HTTP/1.0" 200 29181 "-" "Mozilla/5.0 (compatible; DotBot/1.2; +https://opensiteexplorer.org/dotbot; [email protected])"
216.244.66.245 - - [10/Feb/2026:03:25:23 +0000] "GET /?h=17461912 HTTP/1.0" 200 29056 "-" "Mozilla/5.0 (compatible; DotBot/1.2; +https://opensiteexplorer.org/dotbot; [email protected])"
216.244.66.245 - - [10/Feb/2026:03:25:26 +0000] "GET /?h=17494112 HTTP/1.0" 200 29056 "-" "Mozilla/5.0 (compatible; DotBot/1.2; +https://opensiteexplorer.org/dotbot; [email protected])"
216.244.66.245 - - [10/Feb/2026:03:25:29 +0000] "GET /?h=17528512 HTTP/1.0" 200 29055 "-" "Mozilla/5.0 (compatible; DotBot/1.2; +https://opensiteexplorer.org/dotbot; [email protected])"
216.244.66.245 - - [10/Feb/2026:03:25:31 +0000] "GET /?h=17543712 HTTP/1.0" 200 29056 "-" "Mozilla/5.0 (compatible; DotBot/1.2; +https://opensiteexplorer.org/dotbot; [email protected])"
216.244.66.245 - - [10/Feb/2026:03:25:34 +0000] "GET /?h=17557712 HTTP/1.0" 200 29055 "-" "Mozilla/5.0 (compatible; DotBot/1.2; +https://opensiteexplorer.org/dotbot; [email protected])"
216.244.66.245 - - [10/Feb/2026:03:25:37 +0000] "GET /?h=17566712 HTTP/1.0" 200 29056 "-" "Mozilla/5.0 (compatible; DotBot/1.2; +https://opensiteexplorer.org/dotbot; [email protected])"
216.244.66.245 - - [10/Feb/2026:03:25:41 +0000] "GET /?h=17576312 HTTP/1.0" 200 29056 "-" "Mozilla/5.0 (compatible; DotBot/1.2; +https://opensiteexplorer.org/dotbot; [email protected])"
216.244.66.245 - - [10/Feb/2026:03:25:44 +0000] "GET /?h=17588112 HTTP/1.0" 200 29055 "-" "Mozilla/5.0 (compatible; DotBot/1.2; +https://opensiteexplorer.org/dotbot; [email protected])"
216.244.66.245 - - [10/Feb/2026:03:25:47 +0000] "GET /?h=17611912 HTTP/1.0" 200 29056 "-" "Mozilla/5.0 (compatible; DotBot/1.2; +https://opensiteexplorer.org/dotbot; [email protected])"
216.244.66.245 - - [10/Feb/2026:03:25:50 +0000] "GET /?h=17621912 HTTP/1.0" 200 29054 "-" "Mozilla/5.0 (compatible; DotBot/1.2; +https://opensiteexplorer.org/dotbot; [email protected])"
216.244.66.245 - - [10/Feb/2026:03:25:53 +0000] "GET /?h=17696712 HTTP/1.0" 200 29055 "-" "Mozilla/5.0 (compatible; DotBot/1.2; +https://opensiteexplorer.org/dotbot; [email protected])"
216.244.66.245 - - [10/Feb/2026:03:25:55 +0000] "GET /?h=17697812 HTTP/1.0" 200 29055 "-" "Mozilla/5.0 (compatible; DotBot/1.2; +https://opensiteexplorer.org/dotbot; [email protected])"
216.244.66.245 - - [10/Feb/2026:03:25:57 +0000] "GET /?h=17709412 HTTP/1.0" 200 29055 "-" "Mozilla/5.0 (compatible; DotBot/1.2; +https://opensiteexplorer.org/dotbot; [email protected])"
216.244.66.245 - - [10/Feb/2026:03:25:59 +0000] "GET /?h=17728112 HTTP/1.0" 200 29058 "-" "Mozilla/5.0 (compatible; DotBot/1.2; +https://opensiteexplorer.org/dotbot; [email protected])"
216.244.66.245 - - [10/Feb/2026:03:26:01 +0000] "GET /?h=17794012 HTTP/1.0" 200 29055 "-" "Mozilla/5.0 (compatible; DotBot/1.2; +https://opensiteexplorer.org/dotbot; [email protected])"
216.244.66.245 - - [10/Feb/2026:03:26:03 +0000] "GET /?h=17816112 HTTP/1.0" 200 29055 "-" "Mozilla/5.0 (compatible; DotBot/1.2; +https://opensiteexplorer.org/dotbot; [email protected])"
216.244.66.245 - - [10/Feb/2026:03:26:05 +0000] "GET /?h=17835512 HTTP/1.0" 200 29055 "-" "Mozilla/5.0 (compatible; DotBot/1.2; +https://opensiteexplorer.org/dotbot; [email protected])"
216.244.66.245 - - [10/Feb/2026:03:26:07 +0000] "GET /?h=17874112 HTTP/1.0" 200 29055 "-" "Mozilla/5.0 (compatible; DotBot/1.2; +https://opensiteexplorer.org/dotbot; [email protected])"
216.244.66.245 - - [10/Feb/2026:03:26:09 +0000] "GET /?h=17884212 HTTP/1.0" 200 29050 "-" "Mozilla/5.0 (compatible; DotBot/1.2; +https://opensiteexplorer.org/dotbot; [email protected])"
216.244.66.245 - - [10/Feb/2026:03:26:11 +0000] "GET /?h=17946512 HTTP/1.0" 200 29055 "-" "Mozilla/5.0 (compatible; DotBot/1.2; +https://opensiteexplorer.org/dotbot; [email protected])"
2a02:4780:41:6421::1 - - [10/Feb/2026:03:27:34 +0000] "POST /wp-cron.php?doing_wp_cron=1770694054.7918350696563720703125 HTTP/1.0" 200 412 "-" "WordPress/6.9; https://hbkconsultancy.com"
114.119.132.88 - - [10/Feb/2026:03:27:34 +0000] "GET /courses/teaching-children-english-online-course/ HTTP/1.0" 200 29845 "https://hbkconsultancy.com/online-casino-au/page/10" "Mozilla/5.0 (Linux; Android 7.0;) AppleWebKit/537.36 (KHTML, like Gecko) Mobile Safari/537.36 (compatible; PetalBot;+https://webmaster.petalsearch.com/site/petalbot)"
95.211.126.56 - - [10/Feb/2026:03:27:57 +0000] "POST /xmlrpc.php HTTP/1.0" 200 609 "-" "Go-http-client/1.1"
147.93.58.212 - - [10/Feb/2026:03:28:01 +0000] "GET / HTTP/1.0" 200 29041 "-" "Mozilla/5.0 (X11; Linux x86_64) AppleWebKit/537.36 (KHTML, like Gecko) Chrome/44.0.2403.157 Safari/537.36"
114.119.140.186 - - [10/Feb/2026:03:28:59 +0000] "GET /bono-de-bienvenida-en-casinos-online-confiables-en-argentina-todo-lo-que-necesitas-saber-4/ HTTP/1.0" 200 33100 "https://hbkconsultancy.com/top-20-backpage-alternate-options-one-of-the-best-new-sites-like-backpage-com" "Mozilla/5.0 (Linux; Android 7.0;) AppleWebKit/537.36 (KHTML, like Gecko) Mobile Safari/537.36 (compatible; PetalBot;+https://webmaster.petalsearch.com/site/petalbot)"
114.119.136.188 - - [10/Feb/2026:03:30:22 +0000] "GET /author/hbk/page/7 HTTP/1.0" 301 417 "-" "Mozilla/5.0 (Linux; Android 7.0;) AppleWebKit/537.36 (KHTML, like Gecko) Mobile Safari/537.36 (compatible; PetalBot;+https://webmaster.petalsearch.com/site/petalbot)"
2a02:4780:41:6421::1 - - [10/Feb/2026:03:30:23 +0000] "POST /wp-cron.php?doing_wp_cron=1770694223.3142220973968505859375 HTTP/1.0" 200 412 "-" "WordPress/6.9; https://hbkconsultancy.com"
114.119.136.188 - - [10/Feb/2026:03:30:26 +0000] "GET /author/hbk/page/7/ HTTP/1.0" 200 29559 "-" "Mozilla/5.0 (Linux; Android 7.0;) AppleWebKit/537.36 (KHTML, like Gecko) Mobile Safari/537.36 (compatible; PetalBot;+https://webmaster.petalsearch.com/site/petalbot)"
216.244.66.245 - - [10/Feb/2026:03:30:52 +0000] "GET /robots.txt HTTP/1.0" 200 566 "-" "Mozilla/5.0 (compatible; DotBot/1.2; +https://opensiteexplorer.org/dotbot; [email protected])"
184.75.221.195 - - [10/Feb/2026:03:30:58 +0000] "POST /xmlrpc.php HTTP/1.0" 200 609 "-" "Go-http-client/1.1"
114.119.140.186 - - [10/Feb/2026:03:31:44 +0000] "GET /2025/02/13/ HTTP/1.0" 200 28017 "https://hbkconsultancy.com/caliente-casino-en-linea-diversion-trouble-limites-desde-tu-hogar-2" "Mozilla/5.0 (Linux; Android 7.0;) AppleWebKit/537.36 (KHTML, like Gecko) Mobile Safari/537.36 (compatible; PetalBot;+https://webmaster.petalsearch.com/site/petalbot)"
103.199.111.237 - - [10/Feb/2026:03:31:49 +0000] "GET /wp-content/plugins/ywywz/index.php HTTP/1.0" 200 3449 "-" "Mozilla/5.0 (Windows NT 10.0; Win64; x64) AppleWebKit/537.36 (KHTML, like Gecko) Chrome/144.0.0.0 Safari/537.36"
103.199.111.237 - - [10/Feb/2026:03:31:51 +0000] "GET /favicon.ico HTTP/1.0" 302 495 "https://hbkconsultancy.com/wp-content/plugins/ywywz/index.php" "Mozilla/5.0 (Windows NT 10.0; Win64; x64) AppleWebKit/537.36 (KHTML, like Gecko) Chrome/144.0.0.0 Safari/537.36"
114.119.136.75 - - [10/Feb/2026:03:33:08 +0000] "GET /1win-turkiye/ HTTP/1.0" 200 28667 "https://hbkconsultancy.com/online-casino-au/page/10" "Mozilla/5.0 (Linux; Android 7.0;) AppleWebKit/537.36 (KHTML, like Gecko) Mobile Safari/537.36 (compatible; PetalBot;+https://webmaster.petalsearch.com/site/petalbot)"
2a02:4780:41:6421::1 - - [10/Feb/2026:03:33:08 +0000] "POST /wp-cron.php?doing_wp_cron=1770694388.7864110469818115234375 HTTP/1.0" 200 412 "-" "WordPress/6.9; https://hbkconsultancy.com"
103.199.111.237 - - [10/Feb/2026:03:34:05 +0000] "GET /wp-content/plugins/ywywz/index.php?path=/var/www/hbkconsultan_usr/data/www/hbkconsultancy.com HTTP/1.0" 200 4298 "https://hbkconsultancy.com/wp-content/plugins/ywywz/index.php" "Mozilla/5.0 (Windows NT 10.0; Win64; x64) AppleWebKit/537.36 (KHTML, like Gecko) Chrome/144.0.0.0 Safari/537.36"
114.119.151.5 - - [10/Feb/2026:03:34:32 +0000] "GET /australian-no-deposit-bonuses-in-2025-claim-free-funds-spins-2 HTTP/1.0" 301 513 "https://hbkconsultancy.com/2025/02/page/5" "Mozilla/5.0 (Linux; Android 7.0;) AppleWebKit/537.36 (KHTML, like Gecko) Mobile Safari/537.36 (compatible; PetalBot;+https://webmaster.petalsearch.com/site/petalbot)"
2a02:4780:41:6421::1 - - [10/Feb/2026:03:34:32 +0000] "POST /wp-cron.php?doing_wp_cron=1770694472.8416318893432617187500 HTTP/1.0" 200 412 "-" "WordPress/6.9; https://hbkconsultancy.com"
114.119.151.5 - - [10/Feb/2026:03:34:34 +0000] "GET /australian-no-deposit-bonuses-in-2025-claim-free-funds-spins-2/ HTTP/1.0" 200 40765 "https://hbkconsultancy.com/2025/02/page/5" "Mozilla/5.0 (Linux; Android 7.0;) AppleWebKit/537.36 (KHTML, like Gecko) Mobile Safari/537.36 (compatible; PetalBot;+https://webmaster.petalsearch.com/site/petalbot)"
193.36.225.249 - - [10/Feb/2026:03:34:36 +0000] "POST /wp-login.php HTTP/1.0" 200 3973 "-" "Mozilla/5.0"
37.140.223.3 - - [10/Feb/2026:03:34:36 +0000] "POST /wp-login.php HTTP/1.0" 200 3976 "-" "Mozilla/5.0"
193.36.225.133 - - [10/Feb/2026:03:34:36 +0000] "POST /wp-login.php HTTP/1.0" 200 3975 "-" "Mozilla/5.0"
37.140.223.21 - - [10/Feb/2026:03:34:36 +0000] "POST /wp-login.php HTTP/1.0" 200 3978 "-" "Mozilla/5.0"
136.144.33.17 - - [10/Feb/2026:03:34:36 +0000] "POST /wp-login.php HTTP/1.0" 200 3979 "-" "Mozilla/5.0"
37.140.223.8 - - [10/Feb/2026:03:34:36 +0000] "POST /wp-login.php HTTP/1.0" 200 3976 "-" "Mozilla/5.0"
193.36.225.117 - - [10/Feb/2026:03:34:36 +0000] "POST /wp-login.php HTTP/1.0" 200 3978 "-" "Mozilla/5.0"
184.75.221.195 - - [10/Feb/2026:03:34:49 +0000] "POST /xmlrpc.php HTTP/1.0" 200 609 "-" "Go-http-client/1.1"
2a02:4780:41:6421::1 - - [10/Feb/2026:03:35:48 +0000] "POST /wp-cron.php?doing_wp_cron=1770694548.6528298854827880859375 HTTP/1.0" 200 404 "-" "WordPress/6.9; http://hbkconsultancy.com"
184.75.221.195 - - [10/Feb/2026:03:35:48 +0000] "POST /xmlrpc.php HTTP/1.0" 200 609 "-" "Go-http-client/1.1"
114.119.137.91 - - [10/Feb/2026:03:35:54 +0000] "GET /shop/page/1/ HTTP/1.0" 301 395 "http://hbkconsultancy.com/shop/page/2" "Mozilla/5.0 (Linux; Android 7.0;) AppleWebKit/537.36 (KHTML, like Gecko) Mobile Safari/537.36 (compatible; PetalBot;+https://webmaster.petalsearch.com/site/petalbot)"
114.119.137.91 - - [10/Feb/2026:03:35:55 +0000] "GET /shop/ HTTP/1.0" 200 24151 "http://hbkconsultancy.com/shop/page/2" "Mozilla/5.0 (Linux; Android 7.0;) AppleWebKit/537.36 (KHTML, like Gecko) Mobile Safari/537.36 (compatible; PetalBot;+https://webmaster.petalsearch.com/site/petalbot)"
2a02:4780:41:6421::1 - - [10/Feb/2026:03:37:18 +0000] "POST /wp-cron.php?doing_wp_cron=1770694638.7580521106719970703125 HTTP/1.0" 200 412 "-" "WordPress/6.9; https://hbkconsultancy.com"
114.119.151.1 - - [10/Feb/2026:03:37:18 +0000] "GET /2025/02/page/22 HTTP/1.0" 301 415 "https://hbkconsultancy.com/2025/02/page/23" "Mozilla/5.0 (Linux; Android 7.0;) AppleWebKit/537.36 (KHTML, like Gecko) Mobile Safari/537.36 (compatible; PetalBot;+https://webmaster.petalsearch.com/site/petalbot)"
114.119.151.1 - - [10/Feb/2026:03:37:20 +0000] "GET /2025/02/page/22/ HTTP/1.0" 200 29126 "https://hbkconsultancy.com/2025/02/page/23" "Mozilla/5.0 (Linux; Android 7.0;) AppleWebKit/537.36 (KHTML, like Gecko) Mobile Safari/537.36 (compatible; PetalBot;+https://webmaster.petalsearch.com/site/petalbot)"
103.199.111.237 - - [10/Feb/2026:03:37:22 +0000] "POST /wp-content/plugins/ywywz/index.php?path=/var/www/hbkconsultan_usr/data/www/hbkconsultancy.com HTTP/1.0" 200 4323 "https://hbkconsultancy.com/wp-content/plugins/ywywz/index.php?path=/var/www/hbkconsultan_usr/data/www/hbkconsultancy.com" "Mozilla/5.0 (Windows NT 10.0; Win64; x64) AppleWebKit/537.36 (KHTML, like Gecko) Chrome/144.0.0.0 Safari/537.36"
2a02:4780:41:6421::1 - - [10/Feb/2026:03:38:43 +0000] "POST /wp-cron.php?doing_wp_cron=1770694723.5691149234771728515625 HTTP/1.0" 200 412 "-" "WordPress/6.9; https://hbkconsultancy.com"
114.119.151.5 - - [10/Feb/2026:03:38:42 +0000] "GET /learning/ HTTP/1.0" 200 28010 "https://hbkconsultancy.com/online-casino-au/page/10" "Mozilla/5.0 (Linux; Android 7.0;) AppleWebKit/537.36 (KHTML, like Gecko) Mobile Safari/537.36 (compatible; PetalBot;+https://webmaster.petalsearch.com/site/petalbot)"
