16.144.17.106 - - [10/Feb/2026:01:34:59 +0000] "GET //hbkconsultancy.com/wp-content/themes/edubin/assets/js/init.js HTTP/1.0" 301 594 "-" "Mozilla/5.0 (Windows NT 6.1; WOW64) AppleWebKit/537.36 (KHTML, like Gecko) Chrome/75.0.3770.143 YaBrowser/19.7.3.172 Yowser/2.5 Safari/537.36"
16.144.17.106 - - [10/Feb/2026:01:34:58 +0000] "GET //hbkconsultancy.com/wp-content/themes/edubin/assets/js/edubin-mouse-move-animation.js HTTP/1.0" 301 617 "-" "Mozilla/5.0 (Linux; Android 9; SAMSUNG SM-G975F Build/PPR1.180610.011) AppleWebKit/537.36 (KHTML, like Gecko) SamsungBrowser/9.4 Chrome/67.0.3396.87 Mobile Safari/537.36"
16.144.17.106 - - [10/Feb/2026:01:34:50 +0000] "GET //hbkconsultancy.com/wp-content/themes/edubin/assets/js/navigation.js HTTP/1.0" 301 609 "-" "Peach/1.01 (Ubuntu 8.04 LTS; U; en)"
16.144.17.106 - - [10/Feb/2026:01:34:57 +0000] "GET //hbkconsultancy.com/wp-includes/js/jquery/ui/core.min.js HTTP/1.0" 301 588 "-" "Mozilla/5.0 (compatible; MSIE 9.0; Windows NT 6.2; Trident/5.0)"
16.144.17.106 - - [10/Feb/2026:01:34:59 +0000] "GET //hbkconsultancy.com/wp-content/themes/edubin/assets/js/isotope.min.js HTTP/1.0" 301 601 "-" "Mozilla/5.0 (X11; Linux i686; rv:2.0b6pre) Gecko/20100907 Firefox/4.0b6pre"
16.144.17.106 - - [10/Feb/2026:01:34:59 +0000] "GET //hbkconsultancy.com/wp-content/themes/edubin/assets/js/sal.min.js HTTP/1.0" 301 597 "-" "Mozilla/5.0 (OS/2; U; OS/2; en-US) AppleWebKit/533.3 (KHTML, like Gecko) QupZilla/1.3.1 Safari/533.3"
16.144.17.106 - - [10/Feb/2026:01:34:52 +0000] "GET //hbkconsultancy.com/wp-includes/js/wp-util.min.js HTTP/1.0" 301 581 "-" "Mozilla/5.0 (Macintosh; Intel Mac OS X 10_12_0) AppleWebKit/537.36 (KHTML, like Gecko) Chrome/76.0.3809.100 Safari/537.36"
16.144.17.106 - - [10/Feb/2026:01:34:59 +0000] "GET //hbkconsultancy.com/wp-content/plugins/elementor/assets/lib/waypoints/waypoints.min.js HTTP/1.0" 301 618 "-" "Mozilla/5.0 (Macintosh; Intel Mac OS X 10_14_0) AppleWebKit/537.36 (KHTML, like Gecko) Chrome/74.0.3729.131 Safari/537.36"
16.144.17.106 - - [10/Feb/2026:01:34:59 +0000] "GET //hbkconsultancy.com/wp-content/themes/edubin/assets/js/nice-select.min.js HTTP/1.0" 301 605 "-" "Mozilla/5.0 (compatible; alexa site audit/1.0; +http://www.alexa.com/help/webmasters; )"
16.144.17.106 - - [10/Feb/2026:01:34:59 +0000] "GET //hbkconsultancy.com/wp-includes/js/wp-emoji-release.min.js HTTP/1.0" 301 590 "-" "Mozilla/5.0 (Linux; Android 9; Pixel 2 XL) AppleWebKit/537.36 (KHTML, like Gecko) Chrome/76.0.3809.89 Mobile Safari/537.36"
16.144.17.106 - - [10/Feb/2026:01:34:57 +0000] "GET //hbkconsultancy.com/wp-includes/js/jquery/jquery-migrate.min.js HTTP/1.0" 301 595 "-" "Mozilla/5.0 (Macintosh; Intel Mac OS X 10_11_6) AppleWebKit/605.1.15 (KHTML, like Gecko) Version/11.1.2 Safari/605.1.15"
16.144.17.106 - - [10/Feb/2026:01:34:49 +0000] "GET //hbkconsultancy.com/wp-content/themes/edubin/assets/js/back-to-top.js HTTP/1.0" 301 610 "-" "Mozilla/5.0 (Macintosh; Intel Mac OS X 10_13_3) AppleWebKit/537.36 (KHTML, like Gecko) Chrome/63.0.3239.84 Safari/537.36"
16.144.17.106 - - [10/Feb/2026:01:34:44 +0000] "GET //hbkconsultancy.com/wp-content/plugins/sitepress-multilingual-cms/res/js/cookies/language-cookie.js HTTP/1.0" 301 640 "-" "Mozilla/5.0 (Linux; Android 7.0; SAMSUNG SM-G925R6 Build/NRD90M) AppleWebKit/537.36 (KHTML, like Gecko) SamsungBrowser/5.4 Chrome/51.0.2704.106 Mobile Safari/537.36"
16.144.17.106 - - [10/Feb/2026:01:34:50 +0000] "GET //hbkconsultancy.com/wp-content/themes/edubin/assets/js/init.js HTTP/1.0" 301 603 "-" "Mozilla/5.0 (Windows NT 10.0; WOW64) AppleWebKit/537.36 (KHTML, like Gecko) Chrome/51.0.2704.103 Safari/537.36"
16.144.17.106 - - [10/Feb/2026:01:34:44 +0000] "GET //hbkconsultancy.com/wp-content/plugins/wp-events-manager/inc/libraries//owl-carousel/js/owl.carousel.min.js HTTP/1.0" 301 647 "-" "Mozilla/5.0 (Windows NT 10.0; Win64; x64) AppleWebKit/537.36 (KHTML, like Gecko) Chrome/49.0.2623.75 Safari/537.36"
16.144.17.106 - - [10/Feb/2026:01:34:50 +0000] "GET //hbkconsultancy.com/wp-includes/js/wp-emoji-release.min.js HTTP/1.0" 301 599 "-" "Mozilla/5.0 (Linux; Android 9; EML-L09) AppleWebKit/537.36 (KHTML, like Gecko) Chrome/76.0.3809.89 Mobile Safari/537.36"
16.144.17.106 - - [10/Feb/2026:01:34:49 +0000] "GET //hbkconsultancy.com/wp-content/plugins/elementor/assets/lib/waypoints/waypoints.min.js HTTP/1.0" 301 627 "-" "Mozilla/5.0 (Windows NT 6.1; Win64; x64) AppleWebKit/537.36 (KHTML, like Gecko) Chrome/69.0.3497.92 Safari/537.36"
16.144.17.106 - - [10/Feb/2026:01:34:51 +0000] "GET //hbkconsultancy.com/wp-content/themes/edubin/assets/js/skip-link-focus-fix.js HTTP/1.0" 301 609 "-" "Mozilla/5.0 (Maemo; Linux armv7l; rv:10.0.1) Gecko/20100101 Firefox/10.0.1 Fennec/10.0.1"
16.144.17.106 - - [10/Feb/2026:01:34:59 +0000] "GET //hbkconsultancy.com/wp-content/themes/edubin/assets/js/navigation.js HTTP/1.0" 301 600 "-" "Mozilla/5.0 (Linux; Android 8.1.0; Moto G (5S) Plus) AppleWebKit/537.36 (KHTML, like Gecko) Chrome/76.0.3809.111 Mobile Safari/537.36"
16.144.17.106 - - [10/Feb/2026:01:34:58 +0000] "GET //hbkconsultancy.com/wp-includes/js/underscore.min.js HTTP/1.0" 301 584 "-" "Mozilla/5.0 (Macintosh; Intel Mac OS X 10_12_6) AppleWebKit/537.36 (KHTML, like Gecko) Chrome/75.0.3770.100 Safari/537.36"
16.144.17.106 - - [10/Feb/2026:01:34:51 +0000] "GET //hbkconsultancy.com/wp-content/themes/edubin/assets/js/sal.min.js HTTP/1.0" 301 606 "-" "Mozilla/5.0 (Linux; Android 9; SM-G973U) AppleWebKit/537.36 (KHTML, like Gecko) Chrome/76.0.3809.111 Mobile Safari/537.36"
16.144.17.106 - - [10/Feb/2026:01:34:51 +0000] "GET //hbkconsultancy.com/wp-content/plugins/woocommerce/assets/js/sourcebuster/sourcebuster.min.js HTTP/1.0" 301 625 "-" "Mozilla/5.0 (Linux; U; Android 4.0.3; de-ch; HTC Sensation Build/IML74K) AppleWebKit/534.30 (KHTML, like Gecko) Version/4.0 Mobile Safari/534.30"
16.144.17.106 - - [10/Feb/2026:01:34:51 +0000] "GET //hbkconsultancy.com/wp-content/plugins/learnpress/assets/js/dist/loadAJAX.min.js HTTP/1.0" 301 621 "-" "Mozilla/5.0 (BB10; Touch) AppleWebKit/537.10+ (KHTML, like Gecko) Version/10.1.0.2342 Mobile Safari/537.10+"
16.144.17.106 - - [10/Feb/2026:01:34:51 +0000] "GET //hbkconsultancy.com/wp-content/plugins/woocommerce/assets/js/jquery-blockui/jquery.blockUI.min.js HTTP/1.0" 301 629 "-" "Mozilla/5.0 (Linux; Android 8.1.0; SM-J530F) AppleWebKit/537.36 (KHTML, like Gecko) Chrome/76.0.3809.111 Mobile Safari/537.36"
16.144.17.106 - - [10/Feb/2026:01:34:45 +0000] "GET //hbkconsultancy.com/wp-content/plugins/elementor-pro/assets/js/webpack-pro.runtime.min.js HTTP/1.0" 301 630 "-" "Mozilla/5.0 (Windows NT 6.1; WOW64) AppleWebKit/537.36 (KHTML, like Gecko) Chrome/27.0.1453.12 Safari/537.36 OPR/14.0.1116.4"
16.144.17.106 - - [10/Feb/2026:01:34:52 +0000] "GET //hbkconsultancy.com/wp-content/themes/edubin/assets/js/tipped.min.js HTTP/1.0" 301 600 "-" "Mozilla/5.0 (Linux; Android 9; SAMSUNG SM-G975F Build/PPR1.180610.011) AppleWebKit/537.36 (KHTML, like Gecko) SamsungBrowser/9.4 Chrome/67.0.3396.87 Mobile Safari/537.36"
16.144.17.106 - - [10/Feb/2026:01:34:51 +0000] "GET //hbkconsultancy.com/wp-content/plugins/wp-events-manager/inc/libraries//countdown/js/jquery.countdown.min.js HTTP/1.0" 301 639 "-" "Mozilla/5.0 (Macintosh; Intel Mac OS X 10_14_4) AppleWebKit/537.36 (KHTML, like Gecko) Chrome/71.0.3578.98 Safari/537.36"
16.144.17.106 - - [10/Feb/2026:01:34:46 +0000] "GET //hbkconsultancy.com/wp-includes/js/jquery/jquery-migrate.min.js HTTP/1.0" 301 604 "-" "Mozilla/5.0 (Linux; Android 5.1.1; Nexus 7 Build/LMY47V) AppleWebKit/537.36 (KHTML, like Gecko) Chrome/43.0.2357.78 Safari/537.36 OPR/30.0.1856.93524"
16.144.17.106 - - [10/Feb/2026:01:34:45 +0000] "GET //static.cloudflareinsights.com/beacon.min.js HTTP/1.0" 301 585 "-" "Mozilla/5.0 (Linux; Android 8.1.0; Redmi 6) AppleWebKit/537.36 (KHTML, like Gecko) Chrome/76.0.3809.111 Mobile Safari/537.36"
16.144.17.106 - - [10/Feb/2026:01:34:59 +0000] "GET //hbkconsultancy.com/wp-content/themes/edubin/assets/js/metisMenu.min.js HTTP/1.0" 301 603 "-" "Mozilla/5.0 (Macintosh; Intel Mac OS X 10_13_4) AppleWebKit/537.36 (KHTML, like Gecko) Chrome/76.0.3809.100 Safari/537.36"
16.144.17.106 - - [10/Feb/2026:01:34:59 +0000] "GET //hbkconsultancy.com/wp-content/plugins/learnpress/assets/js/dist/loadAJAX.min.js HTTP/1.0" 301 612 "-" "Opera/9.80 (X11; Linux x86_64; U; pl) Presto/2.7.62 Version/11.00"
16.144.17.106 - - [10/Feb/2026:01:34:52 +0000] "GET //hbkconsultancy.com/wp-content/plugins/wp-events-manager/inc/libraries//owl-carousel/js/owl.carousel.min.js HTTP/1.0" 301 638 "-" "Mozilla/5.0 (Macintosh; Intel Mac OS X 10_14_5) AppleWebKit/537.36 (KHTML, like Gecko) Chrome/77.0.3865.35 Safari/537.36"
16.144.17.106 - - [10/Feb/2026:01:34:53 +0000] "GET /default.js HTTP/1.0" 404 126471 "-" "Mozilla/5.0 (Windows NT 6.1; Win64; x64) AppleWebKit/537.36 (KHTML, like Gecko) Chrome/78.0.3879.0 Safari/537.36 Edg/78.0.249.0"
16.144.17.106 - - [10/Feb/2026:01:34:45 +0000] "GET //www.googletagmanager.com/gtm.js HTTP/1.0" 301 573 "-" "Mozilla/5.0 (compatible; MSIE 10.6; Windows NT 6.1; Trident/5.0; InfoPath.2; SLCC1; .NET CLR 3.0.4506.2152; .NET CLR 3.5.30729; .NET CLR 2.0.50727) 3gpp-gba UNTRUSTED/1.0"
16.144.17.106 - - [10/Feb/2026:01:34:45 +0000] "GET //hbkconsultancy.com/wp-content/plugins/contact-form-7/includes/js/index.js HTTP/1.0" 301 615 "-" "Mozilla/5.0 (Macintosh; Intel Mac OS X 10.9; rv:47.0) Gecko/20100101 Firefox/47.0"
16.144.17.106 - - [10/Feb/2026:01:34:53 +0000] "GET //hbkconsultancy.com/wp-content/themes/edubin/assets/js/youtube-popup.js HTTP/1.0" 301 603 "-" "Mozilla/5.0 (Linux; U; Android 7.0; es-es; Redmi Note 4 Build/NRD90M) AppleWebKit/537.36 (KHTML, like Gecko) Version/4.0 Chrome/71.0.3578.141 Mobile Safari/537.36 XiaoMi/MiuiBrowser/10.9.7-g"
16.144.17.106 - - [10/Feb/2026:01:34:45 +0000] "GET //hbkconsultancy.com/wp-content/plugins/edubin-core/assets/js/edubin-active.js HTTP/1.0" 301 618 "-" "Mozilla/5.0 (MeeGo; NokiaN9) AppleWebKit/534.13 (KHTML, like Gecko) NokiaBrowser/8.5.0 Mobile Safari/534.13"
16.144.17.106 - - [10/Feb/2026:01:34:45 +0000] "GET /default.js HTTP/1.0" 404 126639 "-" "Mozilla/5.0 (Symbian/3; Series60/5.2 NokiaE7-00/010.016; Profile/MIDP-2.1 Configuration/CLDC-1.1 ) AppleWebKit/525 (KHTML, like Gecko) Version/3.0 BrowserNG/7.2.7.3 3gpp-gba"
16.144.17.106 - - [10/Feb/2026:01:34:52 +0000] "GET //www.googletagmanager.com/gtm.js HTTP/1.0" 301 564 "-" "Mozilla/5.0 (Windows NT 5.1) AppleWebKit/537.36 (KHTML, like Gecko) MxBrowser/4.5.10.7000 Chrome/30.0.1551.0 Safari/537.36"
16.144.17.106 - - [10/Feb/2026:01:34:49 +0000] "GET //hbkconsultancy.com/wp-content/themes/edubin/assets/js/edubin-mouse-move-animation.js HTTP/1.0" 301 626 "-" "Mozilla/5.0 (Linux; Android 5.1.1; SM-E700H) AppleWebKit/537.36 (KHTML, like Gecko) Chrome/74.0.3729.157 Mobile Safari/537.36"
16.144.17.106 - - [10/Feb/2026:01:34:45 +0000] "GET //hbkconsultancy.com/wp-content/plugins/contact-form-7/includes/swv/js/index.js HTTP/1.0" 301 619 "-" "Mozilla/5.0 (Linux; Android 9; Pixel) AppleWebKit/537.36 (KHTML, like Gecko) Chrome/76.0.3809.89 Mobile Safari/537.36"
16.144.17.106 - - [10/Feb/2026:01:34:45 +0000] "GET //hbkconsultancy.com/wp-includes/js/backbone.min.js HTTP/1.0" 301 591 "-" "Mozilla/5.0 (Macintosh; U; Intel Mac OS X 10_6_6; en-us) AppleWebKit/533.20.25 (KHTML, like Gecko) Version/5.0.4 Safari/533.20.27"
16.144.17.106 - - [10/Feb/2026:01:34:51 +0000] "GET //hbkconsultancy.com/wp-content/themes/edubin/assets/js/metisMenu.min.js HTTP/1.0" 301 612 "-" "Mozilla/5.0 (Linux; Android 7.1.2; Redmi 4) AppleWebKit/537.36 (KHTML, like Gecko) Chrome/73.0.3683.90 Mobile Safari/537.36"
16.144.17.106 - - [10/Feb/2026:01:34:50 +0000] "GET //hbkconsultancy.com/wp-includes/js/wp-emoji-loader.min.js HTTP/1.0" 301 598 "-" "Mozilla/5.0 (Linux; Android 9; G8141) AppleWebKit/537.36 (KHTML, like Gecko) Chrome/76.0.3809.111 Mobile Safari/537.36"
16.144.17.106 - - [10/Feb/2026:01:34:59 +0000] "GET //hbkconsultancy.com/wp-includes/js/wp-emoji-loader.min.js HTTP/1.0" 301 589 "-" "Mozilla/5.0 (Windows NT 10.0; ARM; Lumia 950 Dual SIM) AppleWebKit/537.36 (KHTML, like Gecko) Chrome/51.0.2704.79 Safari/537.36 Edge/14.14393"
16.144.17.106 - - [10/Feb/2026:01:34:52 +0000] "GET //hbkconsultancy.com/wp-content/plugins/wp-events-manager/assets//js/frontend/events.min.js HTTP/1.0" 301 621 "-" "Mozilla/5.0 (Windows NT 6.1; Win64; rv:68.0) Gecko/20100101 Firefox/68.0"
2a02:4780:41:6421::1 - - [10/Feb/2026:01:35:33 +0000] "POST /wp-cron.php?doing_wp_cron=1770687333.5079948902130126953125 HTTP/1.0" 200 412 "-" "WordPress/6.9; https://hbkconsultancy.com"
122.183.50.3 - - [10/Feb/2026:01:35:32 +0000] "GET /wp-json/wp/v2/users HTTP/1.0" 200 4904 "-" "Mozilla/4.0 (compatible; Win32; WinHttp.WinHttpRequest.5)"
114.119.136.75 - - [10/Feb/2026:01:35:40 +0000] "GET /photography/ HTTP/1.0" 200 27207 "http://hbkconsultancy.com/photography" "Mozilla/5.0 (Linux; Android 7.0;) AppleWebKit/537.36 (KHTML, like Gecko) Mobile Safari/537.36 (compatible; PetalBot;+https://webmaster.petalsearch.com/site/petalbot)"
207.46.13.170 - - [10/Feb/2026:01:35:40 +0000] "GET /?s=2026 HTTP/1.0" 200 28318 "-" "Mozilla/5.0 AppleWebKit/537.36 (KHTML, like Gecko; compatible; bingbot/2.0; +http://www.bing.com/bingbot.htm) Chrome/116.0.1938.76 Safari/537.36"
95.211.126.56 - - [10/Feb/2026:01:36:02 +0000] "POST /xmlrpc.php HTTP/1.0" 200 609 "-" "Go-http-client/1.1"
37.140.223.24 - - [10/Feb/2026:01:37:14 +0000] "POST /wp-login.php HTTP/1.0" 200 3973 "-" "Mozilla/5.0"
37.140.223.12 - - [10/Feb/2026:01:37:14 +0000] "POST /wp-login.php HTTP/1.0" 200 3978 "-" "Mozilla/5.0"
193.36.225.131 - - [10/Feb/2026:01:37:14 +0000] "POST /wp-login.php HTTP/1.0" 200 3976 "-" "Mozilla/5.0"
193.36.225.117 - - [10/Feb/2026:01:37:14 +0000] "POST /wp-login.php HTTP/1.0" 200 3976 "-" "Mozilla/5.0"
37.140.223.7 - - [10/Feb/2026:01:37:14 +0000] "POST /wp-login.php HTTP/1.0" 200 3975 "-" "Mozilla/5.0"
37.140.223.4 - - [10/Feb/2026:01:37:14 +0000] "POST /wp-login.php HTTP/1.0" 200 3978 "-" "Mozilla/5.0"
37.140.223.4 - - [10/Feb/2026:01:37:14 +0000] "POST /wp-login.php HTTP/1.0" 200 3979 "-" "Mozilla/5.0"
2a02:4780:41:6421::1 - - [10/Feb/2026:01:37:15 +0000] "POST /wp-cron.php?doing_wp_cron=1770687434.9833619594573974609375 HTTP/1.0" 200 412 "-" "WordPress/6.9; https://hbkconsultancy.com"
122.183.50.3 - - [10/Feb/2026:01:37:14 +0000] "POST /xmlrpc.php HTTP/1.0" 200 617 "-" "Mozilla/5.0 (Windows NT 10.0; arm64) AppleWebKit/537.36 (KHTML, like Gecko) Edge/90.0.0.0 Safari/537.36"
2a02:4780:41:6421::1 - - [10/Feb/2026:01:38:38 +0000] "POST /wp-cron.php?doing_wp_cron=1770687517.9987618923187255859375 HTTP/1.0" 200 412 "-" "WordPress/6.9; https://hbkconsultancy.com"
122.183.50.3 - - [10/Feb/2026:01:38:37 +0000] "POST /xmlrpc.php HTTP/1.0" 200 617 "-" "Mozilla/5.0 (Windows NT 6.2; x86) AppleWebKit/537.36 (KHTML, like Gecko) Chrome/83.0.0.0 Safari/537.36"
2a02:4780:41:6421::1 - - [10/Feb/2026:01:39:43 +0000] "POST /wp-cron.php?doing_wp_cron=1770687583.3808839321136474609375 HTTP/1.0" 200 412 "-" "WordPress/6.9; https://hbkconsultancy.com"
104.207.39.242 - - [10/Feb/2026:01:39:42 +0000] "GET /wp-login.php HTTP/1.0" 200 3838 "-" "Mozilla/5.0 (Windows NT 10.0; Win64; x64) AppleWebKit/537.36 (KHTML, like Gecko) Chrome/142.0.0.0 Safari/537.36"
104.207.39.242 - - [10/Feb/2026:01:39:44 +0000] "POST /wp-login.php HTTP/1.0" 200 3763 "https://hbkconsultancy.com/wp-login.php" "Mozilla/5.0 (Windows NT 10.0; Win64; x64) AppleWebKit/537.36 (KHTML, like Gecko) Chrome/142.0.0.0 Safari/537.36"
122.183.50.3 - - [10/Feb/2026:01:40:04 +0000] "POST /xmlrpc.php HTTP/1.0" 200 617 "-" "Mozilla/5.0 (X11; Ubuntu; Linux x86_64; x64) AppleWebKit/537.36 (KHTML, like Gecko) Opera/63.0.0.0 Safari/537.36"
2a02:4780:41:6421::1 - - [10/Feb/2026:01:41:24 +0000] "POST /wp-cron.php?doing_wp_cron=1770687684.6854200363159179687500 HTTP/1.0" 200 412 "-" "WordPress/6.9; https://hbkconsultancy.com"
2a03:2880:f800:1a:: - - [10/Feb/2026:01:41:24 +0000] "GET /tp_event-sitemap.xml HTTP/1.0" 200 1015 "-" "meta-externalagent/1.1 (+https://developers.facebook.com/docs/sharing/webmasters/crawler)"
102.90.118.230 - - [10/Feb/2026:01:41:25 +0000] "GET /58175194777.htm HTTP/1.0" 404 126639 "https://hbkconsultancy.com/" "Mozilla/5.0 (Macintosh; Intel Mac OS X 10_15_7) AppleWebKit/537.36 (KHTML, like Gecko) Chrome/134.0.0.0 Safari/537.36"
2a02:4780:41:6421::1 - - [10/Feb/2026:01:41:34 +0000] "POST /wp-cron.php?doing_wp_cron=1770687694.3010389804840087890625 HTTP/1.0" 200 412 "-" "WordPress/6.9; https://hbkconsultancy.com"
122.183.50.3 - - [10/Feb/2026:01:41:33 +0000] "POST /xmlrpc.php HTTP/1.0" 200 617 "-" "Mozilla/5.0 (Windows NT 6.2; arm64) AppleWebKit/537.36 (KHTML, like Gecko) Safari/10.0.0.0 Safari/537.36"
147.93.58.212 - - [10/Feb/2026:01:42:01 +0000] "GET / HTTP/1.0" 200 29042 "-" "Mozilla/5.0 (X11; Linux x86_64) AppleWebKit/537.36 (KHTML, like Gecko) Chrome/44.0.2403.157 Safari/537.36"
204.8.98.25 - - [10/Feb/2026:01:42:30 +0000] "POST /xmlrpc.php HTTP/1.0" 200 609 "-" "Go-http-client/1.1"
2a02:4780:41:6421::1 - - [10/Feb/2026:01:42:30 +0000] "POST /wp-cron.php?doing_wp_cron=1770687750.7003479003906250000000 HTTP/1.0" 200 404 "-" "WordPress/6.9; http://hbkconsultancy.com"
2a02:4780:41:6421::1 - - [10/Feb/2026:01:42:54 +0000] "POST /wp-cron.php?doing_wp_cron=1770687774.7019131183624267578125 HTTP/1.0" 200 412 "-" "WordPress/6.9; https://hbkconsultancy.com"
122.183.50.3 - - [10/Feb/2026:01:42:54 +0000] "POST /xmlrpc.php HTTP/1.0" 200 617 "-" "Mozilla/5.0 (Windows NT 6.3; arm64) AppleWebKit/537.36 (KHTML, like Gecko) Chrome/103.0.0.0 Safari/537.36"
2a02:4780:41:6421::1 - - [10/Feb/2026:01:44:11 +0000] "POST /wp-cron.php?doing_wp_cron=1770687851.2330269813537597656250 HTTP/1.0" 200 412 "-" "WordPress/6.9; https://hbkconsultancy.com"
122.183.50.3 - - [10/Feb/2026:01:44:10 +0000] "POST /xmlrpc.php HTTP/1.0" 200 617 "-" "Mozilla/5.0 (Linux; Android 10; arm64) AppleWebKit/537.36 (KHTML, like Gecko) Safari/14.0.0.0 Safari/537.36"
2a02:4780:41:6421::1 - - [10/Feb/2026:01:46:13 +0000] "POST /wp-cron.php?doing_wp_cron=1770687973.6137449741363525390625 HTTP/1.0" 200 412 "-" "WordPress/6.9; https://hbkconsultancy.com"
122.183.50.3 - - [10/Feb/2026:01:46:13 +0000] "POST /xmlrpc.php HTTP/1.0" 200 617 "-" "Mozilla/5.0 (Windows NT 10.0; x64) AppleWebKit/537.36 (KHTML, like Gecko) Safari/14.0.0.0 Safari/537.36"
216.244.66.245 - - [10/Feb/2026:01:46:21 +0000] "GET /?h=16680312 HTTP/1.0" 200 29055 "-" "Mozilla/5.0 (compatible; DotBot/1.2; +https://opensiteexplorer.org/dotbot; [email protected])"
216.244.66.245 - - [10/Feb/2026:01:46:27 +0000] "GET /?h=17423512 HTTP/1.0" 200 29055 "-" "Mozilla/5.0 (compatible; DotBot/1.2; +https://opensiteexplorer.org/dotbot; [email protected])"
2a02:4780:41:6421::1 - - [10/Feb/2026:01:46:32 +0000] "POST /wp-cron.php?doing_wp_cron=1770687992.7761569023132324218750 HTTP/1.0" 200 404 "-" "WordPress/6.9; http://hbkconsultancy.com"
216.244.66.245 - - [10/Feb/2026:01:46:32 +0000] "GET /?h=18083112 HTTP/1.0" 200 29055 "-" "Mozilla/5.0 (compatible; DotBot/1.2; +https://opensiteexplorer.org/dotbot; [email protected])"
216.244.66.245 - - [10/Feb/2026:01:46:37 +0000] "GET /?h=18349212 HTTP/1.0" 200 29055 "-" "Mozilla/5.0 (compatible; DotBot/1.2; +https://opensiteexplorer.org/dotbot; [email protected])"
216.244.66.245 - - [10/Feb/2026:01:46:43 +0000] "GET /?h=18389612 HTTP/1.0" 200 29055 "-" "Mozilla/5.0 (compatible; DotBot/1.2; +https://opensiteexplorer.org/dotbot; [email protected])"
216.244.66.245 - - [10/Feb/2026:01:46:48 +0000] "GET /?h=18464612 HTTP/1.0" 200 29054 "-" "Mozilla/5.0 (compatible; DotBot/1.2; +https://opensiteexplorer.org/dotbot; [email protected])"
216.244.66.245 - - [10/Feb/2026:01:46:52 +0000] "GET /?h=19186912 HTTP/1.0" 200 29055 "-" "Mozilla/5.0 (compatible; DotBot/1.2; +https://opensiteexplorer.org/dotbot; [email protected])"
216.244.66.245 - - [10/Feb/2026:01:46:56 +0000] "GET /?h=19396212 HTTP/1.0" 200 29055 "-" "Mozilla/5.0 (compatible; DotBot/1.2; +https://opensiteexplorer.org/dotbot; [email protected])"
216.244.66.245 - - [10/Feb/2026:01:46:59 +0000] "GET /?h=19517212 HTTP/1.0" 200 29054 "-" "Mozilla/5.0 (compatible; DotBot/1.2; +https://opensiteexplorer.org/dotbot; [email protected])"
216.244.66.245 - - [10/Feb/2026:01:47:04 +0000] "GET /?h=19614312 HTTP/1.0" 200 29055 "-" "Mozilla/5.0 (compatible; DotBot/1.2; +https://opensiteexplorer.org/dotbot; [email protected])"
216.244.66.245 - - [10/Feb/2026:01:47:08 +0000] "GET /?h=19716712 HTTP/1.0" 200 29054 "-" "Mozilla/5.0 (compatible; DotBot/1.2; +https://opensiteexplorer.org/dotbot; [email protected])"
216.244.66.245 - - [10/Feb/2026:01:47:13 +0000] "GET /?h=19892212 HTTP/1.0" 200 29055 "-" "Mozilla/5.0 (compatible; DotBot/1.2; +https://opensiteexplorer.org/dotbot; [email protected])"
2a02:4780:41:6421::1 - - [10/Feb/2026:01:47:17 +0000] "POST /wp-cron.php?doing_wp_cron=1770688037.9439980983734130859375 HTTP/1.0" 200 404 "-" "WordPress/6.9; http://hbkconsultancy.com"
216.244.66.245 - - [10/Feb/2026:01:47:17 +0000] "GET /?h=20341612 HTTP/1.0" 200 29055 "-" "Mozilla/5.0 (compatible; DotBot/1.2; +https://opensiteexplorer.org/dotbot; [email protected])"
216.244.66.245 - - [10/Feb/2026:01:47:21 +0000] "GET /?h=20778312 HTTP/1.0" 200 29055 "-" "Mozilla/5.0 (compatible; DotBot/1.2; +https://opensiteexplorer.org/dotbot; [email protected])"
216.244.66.245 - - [10/Feb/2026:01:47:25 +0000] "GET /?h=20898612 HTTP/1.0" 200 29055 "-" "Mozilla/5.0 (compatible; DotBot/1.2; +https://opensiteexplorer.org/dotbot; [email protected])"
216.244.66.245 - - [10/Feb/2026:01:47:29 +0000] "GET /?h=20989112 HTTP/1.0" 200 29055 "-" "Mozilla/5.0 (compatible; DotBot/1.2; +https://opensiteexplorer.org/dotbot; [email protected])"
2a02:4780:41:6421::1 - - [10/Feb/2026:01:47:30 +0000] "POST /wp-cron.php?doing_wp_cron=1770688050.2206709384918212890625 HTTP/1.0" 200 412 "-" "WordPress/6.9; https://hbkconsultancy.com"
122.183.50.3 - - [10/Feb/2026:01:47:29 +0000] "POST /xmlrpc.php HTTP/1.0" 200 617 "-" "Mozilla/5.0 (Windows NT 6.2; x86) AppleWebKit/537.36 (KHTML, like Gecko) Chrome/97.0.0.0 Safari/537.36"
216.244.66.245 - - [10/Feb/2026:01:47:34 +0000] "GET /?h=21105512 HTTP/1.0" 200 29055 "-" "Mozilla/5.0 (compatible; DotBot/1.2; +https://opensiteexplorer.org/dotbot; [email protected])"
216.244.66.245 - - [10/Feb/2026:01:47:38 +0000] "GET /?h=21267412 HTTP/1.0" 200 29052 "-" "Mozilla/5.0 (compatible; DotBot/1.2; +https://opensiteexplorer.org/dotbot; [email protected])"
216.244.66.245 - - [10/Feb/2026:01:47:42 +0000] "GET /?h=21720212 HTTP/1.0" 200 29055 "-" "Mozilla/5.0 (compatible; DotBot/1.2; +https://opensiteexplorer.org/dotbot; [email protected])"
216.244.66.245 - - [10/Feb/2026:01:47:45 +0000] "GET /?h=21757112 HTTP/1.0" 200 29055 "-" "Mozilla/5.0 (compatible; DotBot/1.2; +https://opensiteexplorer.org/dotbot; [email protected])"
216.244.66.245 - - [10/Feb/2026:01:47:48 +0000] "GET /?h=21808812 HTTP/1.0" 200 29054 "-" "Mozilla/5.0 (compatible; DotBot/1.2; +https://opensiteexplorer.org/dotbot; [email protected])"
216.244.66.245 - - [10/Feb/2026:01:47:50 +0000] "GET /?h=22100312 HTTP/1.0" 200 29055 "-" "Mozilla/5.0 (compatible; DotBot/1.2; +https://opensiteexplorer.org/dotbot; [email protected])"
216.244.66.245 - - [10/Feb/2026:01:47:55 +0000] "GET /?h=22143212 HTTP/1.0" 200 29054 "-" "Mozilla/5.0 (compatible; DotBot/1.2; +https://opensiteexplorer.org/dotbot; [email protected])"
216.244.66.245 - - [10/Feb/2026:01:47:58 +0000] "GET /?h=22391712 HTTP/1.0" 200 29054 "-" "Mozilla/5.0 (compatible; DotBot/1.2; +https://opensiteexplorer.org/dotbot; [email protected])"
216.244.66.245 - - [10/Feb/2026:01:48:03 +0000] "GET /?h=22486412 HTTP/1.0" 200 29055 "-" "Mozilla/5.0 (compatible; DotBot/1.2; +https://opensiteexplorer.org/dotbot; [email protected])"
216.244.66.245 - - [10/Feb/2026:01:48:07 +0000] "GET /?h=22677812 HTTP/1.0" 200 29055 "-" "Mozilla/5.0 (compatible; DotBot/1.2; +https://opensiteexplorer.org/dotbot; [email protected])"
216.244.66.245 - - [10/Feb/2026:01:48:10 +0000] "GET /?h=22905412 HTTP/1.0" 200 29055 "-" "Mozilla/5.0 (compatible; DotBot/1.2; +https://opensiteexplorer.org/dotbot; [email protected])"
216.244.66.245 - - [10/Feb/2026:01:48:13 +0000] "GET /?h=23164612 HTTP/1.0" 200 29055 "-" "Mozilla/5.0 (compatible; DotBot/1.2; +https://opensiteexplorer.org/dotbot; [email protected])"
2a02:4780:41:6421::1 - - [10/Feb/2026:01:48:16 +0000] "POST /wp-cron.php?doing_wp_cron=1770688096.2569611072540283203125 HTTP/1.0" 200 404 "-" "WordPress/6.9; http://hbkconsultancy.com"
216.244.66.245 - - [10/Feb/2026:01:48:15 +0000] "GET /?h=23178612 HTTP/1.0" 200 29055 "-" "Mozilla/5.0 (compatible; DotBot/1.2; +https://opensiteexplorer.org/dotbot; [email protected])"
216.244.66.245 - - [10/Feb/2026:01:48:19 +0000] "GET /?h=23373112 HTTP/1.0" 200 29055 "-" "Mozilla/5.0 (compatible; DotBot/1.2; +https://opensiteexplorer.org/dotbot; [email protected])"
216.244.66.245 - - [10/Feb/2026:01:48:23 +0000] "GET /?h=23814112 HTTP/1.0" 200 29055 "-" "Mozilla/5.0 (compatible; DotBot/1.2; +https://opensiteexplorer.org/dotbot; [email protected])"
216.244.66.245 - - [10/Feb/2026:01:48:27 +0000] "GET /?h=23874512 HTTP/1.0" 200 29055 "-" "Mozilla/5.0 (compatible; DotBot/1.2; +https://opensiteexplorer.org/dotbot; [email protected])"
2a02:4780:41:6421::1 - - [10/Feb/2026:01:48:35 +0000] "POST /wp-cron.php?doing_wp_cron=1770688115.0414619445800781250000 HTTP/1.0" 200 404 "-" "WordPress/6.9; http://hbkconsultancy.com"
216.244.66.245 - - [10/Feb/2026:01:48:34 +0000] "GET /?h=23921212 HTTP/1.0" 200 29055 "-" "Mozilla/5.0 (compatible; DotBot/1.2; +https://opensiteexplorer.org/dotbot; [email protected])"
122.183.50.3 - - [10/Feb/2026:01:48:36 +0000] "POST /xmlrpc.php HTTP/1.0" 200 617 "-" "Mozilla/5.0 (Windows NT 6.3; arm64) AppleWebKit/537.36 (KHTML, like Gecko) Chrome/100.0.0.0 Safari/537.36"
216.244.66.245 - - [10/Feb/2026:01:48:40 +0000] "GET /?h=24247712 HTTP/1.0" 200 29055 "-" "Mozilla/5.0 (compatible; DotBot/1.2; +https://opensiteexplorer.org/dotbot; [email protected])"
216.244.66.245 - - [10/Feb/2026:01:48:46 +0000] "GET /?h=24374512 HTTP/1.0" 200 29055 "-" "Mozilla/5.0 (compatible; DotBot/1.2; +https://opensiteexplorer.org/dotbot; [email protected])"
216.244.66.245 - - [10/Feb/2026:01:48:54 +0000] "GET /?h=24433912 HTTP/1.0" 200 29054 "-" "Mozilla/5.0 (compatible; DotBot/1.2; +https://opensiteexplorer.org/dotbot; [email protected])"
216.244.66.245 - - [10/Feb/2026:01:49:01 +0000] "GET /?h=24654912 HTTP/1.0" 200 29055 "-" "Mozilla/5.0 (compatible; DotBot/1.2; +https://opensiteexplorer.org/dotbot; [email protected])"
216.244.66.245 - - [10/Feb/2026:01:49:07 +0000] "GET /?h=24781912 HTTP/1.0" 200 29055 "-" "Mozilla/5.0 (compatible; DotBot/1.2; +https://opensiteexplorer.org/dotbot; [email protected])"
216.244.66.245 - - [10/Feb/2026:01:49:12 +0000] "GET /?h=24862712 HTTP/1.0" 200 29055 "-" "Mozilla/5.0 (compatible; DotBot/1.2; +https://opensiteexplorer.org/dotbot; [email protected])"
2a02:4780:41:6421::1 - - [10/Feb/2026:01:49:17 +0000] "POST /wp-cron.php?doing_wp_cron=1770688157.2565929889678955078125 HTTP/1.0" 200 404 "-" "WordPress/6.9; http://hbkconsultancy.com"
216.244.66.245 - - [10/Feb/2026:01:49:16 +0000] "GET /?h=25614912 HTTP/1.0" 200 29055 "-" "Mozilla/5.0 (compatible; DotBot/1.2; +https://opensiteexplorer.org/dotbot; [email protected])"
216.244.66.245 - - [10/Feb/2026:01:49:21 +0000] "GET /?h=25629512 HTTP/1.0" 200 29055 "-" "Mozilla/5.0 (compatible; DotBot/1.2; +https://opensiteexplorer.org/dotbot; [email protected])"
216.244.66.245 - - [10/Feb/2026:01:49:24 +0000] "GET /?h=26177712 HTTP/1.0" 200 29055 "-" "Mozilla/5.0 (compatible; DotBot/1.2; +https://opensiteexplorer.org/dotbot; [email protected])"
216.244.66.245 - - [10/Feb/2026:01:49:28 +0000] "GET /?h=26193212 HTTP/1.0" 200 29054 "-" "Mozilla/5.0 (compatible; DotBot/1.2; +https://opensiteexplorer.org/dotbot; [email protected])"
2a02:4780:41:6421::1 - - [10/Feb/2026:01:49:32 +0000] "POST /wp-cron.php?doing_wp_cron=1770688172.5543799400329589843750 HTTP/1.0" 200 404 "-" "WordPress/6.9; http://hbkconsultancy.com"
216.244.66.245 - - [10/Feb/2026:01:49:31 +0000] "GET /?h=26519312 HTTP/1.0" 200 29055 "-" "Mozilla/5.0 (compatible; DotBot/1.2; +https://opensiteexplorer.org/dotbot; [email protected])"
216.244.66.245 - - [10/Feb/2026:01:49:37 +0000] "GET /?h=26787312 HTTP/1.0" 200 29055 "-" "Mozilla/5.0 (compatible; DotBot/1.2; +https://opensiteexplorer.org/dotbot; [email protected])"
216.244.66.245 - - [10/Feb/2026:01:49:41 +0000] "GET /?h=27017312 HTTP/1.0" 200 29055 "-" "Mozilla/5.0 (compatible; DotBot/1.2; +https://opensiteexplorer.org/dotbot; [email protected])"
122.183.50.3 - - [10/Feb/2026:01:49:44 +0000] "POST /xmlrpc.php HTTP/1.0" 200 617 "-" "Mozilla/5.0 (Windows NT 6.2; arm64) AppleWebKit/537.36 (KHTML, like Gecko) Chrome/94.0.0.0 Safari/537.36"
216.244.66.245 - - [10/Feb/2026:01:49:46 +0000] "GET /?h=27023312 HTTP/1.0" 200 29055 "-" "Mozilla/5.0 (compatible; DotBot/1.2; +https://opensiteexplorer.org/dotbot; [email protected])"
216.244.66.245 - - [10/Feb/2026:01:49:50 +0000] "GET /?h=27493812 HTTP/1.0" 200 29050 "-" "Mozilla/5.0 (compatible; DotBot/1.2; +https://opensiteexplorer.org/dotbot; [email protected])"
216.244.66.245 - - [10/Feb/2026:01:49:53 +0000] "GET /?h=27590912 HTTP/1.0" 200 29055 "-" "Mozilla/5.0 (compatible; DotBot/1.2; +https://opensiteexplorer.org/dotbot; [email protected])"
216.244.66.245 - - [10/Feb/2026:01:49:56 +0000] "GET /?h=27895312 HTTP/1.0" 200 29055 "-" "Mozilla/5.0 (compatible; DotBot/1.2; +https://opensiteexplorer.org/dotbot; [email protected])"
216.244.66.245 - - [10/Feb/2026:01:49:59 +0000] "GET /?h=28082612 HTTP/1.0" 200 29058 "-" "Mozilla/5.0 (compatible; DotBot/1.2; +https://opensiteexplorer.org/dotbot; [email protected])"
216.244.66.245 - - [10/Feb/2026:01:50:01 +0000] "GET /?h=28284112 HTTP/1.0" 200 29055 "-" "Mozilla/5.0 (compatible; DotBot/1.2; +https://opensiteexplorer.org/dotbot; [email protected])"
216.244.66.245 - - [10/Feb/2026:01:50:04 +0000] "GET /?h=28326812 HTTP/1.0" 200 29055 "-" "Mozilla/5.0 (compatible; DotBot/1.2; +https://opensiteexplorer.org/dotbot; [email protected])"
216.244.66.245 - - [10/Feb/2026:01:50:06 +0000] "GET /?h=28786512 HTTP/1.0" 200 29055 "-" "Mozilla/5.0 (compatible; DotBot/1.2; +https://opensiteexplorer.org/dotbot; [email protected])"
216.244.66.245 - - [10/Feb/2026:01:50:08 +0000] "GET /?h=28860212 HTTP/1.0" 200 29054 "-" "Mozilla/5.0 (compatible; DotBot/1.2; +https://opensiteexplorer.org/dotbot; [email protected])"
216.244.66.245 - - [10/Feb/2026:01:50:10 +0000] "GET /?h=29030212 HTTP/1.0" 200 29055 "-" "Mozilla/5.0 (compatible; DotBot/1.2; +https://opensiteexplorer.org/dotbot; [email protected])"
216.244.66.245 - - [10/Feb/2026:01:50:12 +0000] "GET /?h=29551212 HTTP/1.0" 200 29055 "-" "Mozilla/5.0 (compatible; DotBot/1.2; +https://opensiteexplorer.org/dotbot; [email protected])"
2a02:4780:41:6421::1 - - [10/Feb/2026:01:50:16 +0000] "POST /wp-cron.php?doing_wp_cron=1770688216.3722178936004638671875 HTTP/1.0" 200 404 "-" "WordPress/6.9; http://hbkconsultancy.com"
216.244.66.245 - - [10/Feb/2026:01:50:15 +0000] "GET /?h=30172612 HTTP/1.0" 200 29055 "-" "Mozilla/5.0 (compatible; DotBot/1.2; +https://opensiteexplorer.org/dotbot; [email protected])"
216.244.66.245 - - [10/Feb/2026:01:50:19 +0000] "GET /?h=30230612 HTTP/1.0" 200 29055 "-" "Mozilla/5.0 (compatible; DotBot/1.2; +https://opensiteexplorer.org/dotbot; [email protected])"
216.244.66.245 - - [10/Feb/2026:01:50:22 +0000] "GET /?h=30343112 HTTP/1.0" 200 29055 "-" "Mozilla/5.0 (compatible; DotBot/1.2; +https://opensiteexplorer.org/dotbot; [email protected])"
216.244.66.245 - - [10/Feb/2026:01:50:25 +0000] "GET /?h=31256212 HTTP/1.0" 200 29055 "-" "Mozilla/5.0 (compatible; DotBot/1.2; +https://opensiteexplorer.org/dotbot; [email protected])"
216.244.66.245 - - [10/Feb/2026:01:50:28 +0000] "GET /?h=31309312 HTTP/1.0" 200 29054 "-" "Mozilla/5.0 (compatible; DotBot/1.2; +https://opensiteexplorer.org/dotbot; [email protected])"
2a02:4780:41:6421::1 - - [10/Feb/2026:01:50:31 +0000] "POST /wp-cron.php?doing_wp_cron=1770688231.2920310497283935546875 HTTP/1.0" 200 404 "-" "WordPress/6.9; http://hbkconsultancy.com"
216.244.66.245 - - [10/Feb/2026:01:50:30 +0000] "GET /?h=31378112 HTTP/1.0" 200 29055 "-" "Mozilla/5.0 (compatible; DotBot/1.2; +https://opensiteexplorer.org/dotbot; [email protected])"
216.244.66.245 - - [10/Feb/2026:01:50:34 +0000] "GET /?h=31466512 HTTP/1.0" 200 29054 "-" "Mozilla/5.0 (compatible; DotBot/1.2; +https://opensiteexplorer.org/dotbot; [email protected])"
216.244.66.245 - - [10/Feb/2026:01:50:38 +0000] "GET /?h=32033512 HTTP/1.0" 200 29055 "-" "Mozilla/5.0 (compatible; DotBot/1.2; +https://opensiteexplorer.org/dotbot; [email protected])"
216.244.66.245 - - [10/Feb/2026:01:50:40 +0000] "GET /?h=32239912 HTTP/1.0" 200 29055 "-" "Mozilla/5.0 (compatible; DotBot/1.2; +https://opensiteexplorer.org/dotbot; [email protected])"
216.244.66.245 - - [10/Feb/2026:01:50:43 +0000] "GET /?h=32807812 HTTP/1.0" 200 29055 "-" "Mozilla/5.0 (compatible; DotBot/1.2; +https://opensiteexplorer.org/dotbot; [email protected])"
216.244.66.245 - - [10/Feb/2026:01:50:45 +0000] "GET /?h=32844612 HTTP/1.0" 200 29055 "-" "Mozilla/5.0 (compatible; DotBot/1.2; +https://opensiteexplorer.org/dotbot; [email protected])"
216.244.66.245 - - [10/Feb/2026:01:50:48 +0000] "GET /?h=33147712 HTTP/1.0" 200 29055 "-" "Mozilla/5.0 (compatible; DotBot/1.2; +https://opensiteexplorer.org/dotbot; [email protected])"
216.244.66.245 - - [10/Feb/2026:01:50:50 +0000] "GET /?h=33550312 HTTP/1.0" 200 29054 "-" "Mozilla/5.0 (compatible; DotBot/1.2; +https://opensiteexplorer.org/dotbot; [email protected])"
122.183.50.3 - - [10/Feb/2026:01:50:53 +0000] "POST /xmlrpc.php HTTP/1.0" 200 617 "-" "Mozilla/5.0 (X11; Ubuntu; Linux x86_64; x86) AppleWebKit/537.36 (KHTML, like Gecko) Firefox/87.0.0.0 Safari/537.36"
216.244.66.245 - - [10/Feb/2026:01:50:53 +0000] "GET /?h=34111712 HTTP/1.0" 200 29054 "-" "Mozilla/5.0 (compatible; DotBot/1.2; +https://opensiteexplorer.org/dotbot; [email protected])"
216.244.66.245 - - [10/Feb/2026:01:50:56 +0000] "GET /?h=34357412 HTTP/1.0" 200 29054 "-" "Mozilla/5.0 (compatible; DotBot/1.2; +https://opensiteexplorer.org/dotbot; [email protected])"
216.244.66.245 - - [10/Feb/2026:01:50:58 +0000] "GET /?h=34440812 HTTP/1.0" 200 29053 "-" "Mozilla/5.0 (compatible; DotBot/1.2; +https://opensiteexplorer.org/dotbot; [email protected])"
216.244.66.245 - - [10/Feb/2026:01:51:00 +0000] "GET /?h=34714112 HTTP/1.0" 200 29055 "-" "Mozilla/5.0 (compatible; DotBot/1.2; +https://opensiteexplorer.org/dotbot; [email protected])"
216.244.66.245 - - [10/Feb/2026:01:51:03 +0000] "GET /?h=35062612 HTTP/1.0" 200 29055 "-" "Mozilla/5.0 (compatible; DotBot/1.2; +https://opensiteexplorer.org/dotbot; [email protected])"
216.244.66.245 - - [10/Feb/2026:01:51:05 +0000] "GET /?h=35210212 HTTP/1.0" 200 29055 "-" "Mozilla/5.0 (compatible; DotBot/1.2; +https://opensiteexplorer.org/dotbot; [email protected])"
216.244.66.245 - - [10/Feb/2026:01:51:07 +0000] "GET /?h=35352412 HTTP/1.0" 200 29055 "-" "Mozilla/5.0 (compatible; DotBot/1.2; +https://opensiteexplorer.org/dotbot; [email protected])"
216.244.66.245 - - [10/Feb/2026:01:51:09 +0000] "GET /?h=35381212 HTTP/1.0" 200 29055 "-" "Mozilla/5.0 (compatible; DotBot/1.2; +https://opensiteexplorer.org/dotbot; [email protected])"
216.244.66.245 - - [10/Feb/2026:01:51:11 +0000] "GET /?h=35621012 HTTP/1.0" 200 29055 "-" "Mozilla/5.0 (compatible; DotBot/1.2; +https://opensiteexplorer.org/dotbot; [email protected])"
2a02:4780:41:6421::1 - - [10/Feb/2026:01:51:14 +0000] "POST /wp-cron.php?doing_wp_cron=1770688274.6702818870544433593750 HTTP/1.0" 200 404 "-" "WordPress/6.9; http://hbkconsultancy.com"
216.244.66.245 - - [10/Feb/2026:01:51:13 +0000] "GET /?h=35636512 HTTP/1.0" 200 29055 "-" "Mozilla/5.0 (compatible; DotBot/1.2; +https://opensiteexplorer.org/dotbot; [email protected])"
216.244.66.245 - - [10/Feb/2026:01:51:17 +0000] "GET /?h=35659112 HTTP/1.0" 200 29055 "-" "Mozilla/5.0 (compatible; DotBot/1.2; +https://opensiteexplorer.org/dotbot; [email protected])"
5.62.146.150 - - [10/Feb/2026:01:51:17 +0000] "GET /8441943503.htm HTTP/1.0" 404 126639 "https://hbkconsultancy.com/" "Mozilla/5.0 (Macintosh; Intel Mac OS X 10_15_7) AppleWebKit/605.1.15 (KHTML, like Gecko) Version/18.3.1 Safari/605.1.15"
216.244.66.245 - - [10/Feb/2026:01:51:20 +0000] "GET /?h=35760812 HTTP/1.0" 200 29055 "-" "Mozilla/5.0 (compatible; DotBot/1.2; +https://opensiteexplorer.org/dotbot; [email protected])"
216.244.66.245 - - [10/Feb/2026:01:51:22 +0000] "GET /?h=36022212 HTTP/1.0" 200 29054 "-" "Mozilla/5.0 (compatible; DotBot/1.2; +https://opensiteexplorer.org/dotbot; [email protected])"
216.244.66.245 - - [10/Feb/2026:01:51:24 +0000] "GET /?h=36086412 HTTP/1.0" 200 29054 "-" "Mozilla/5.0 (compatible; DotBot/1.2; +https://opensiteexplorer.org/dotbot; [email protected])"
216.244.66.245 - - [10/Feb/2026:01:51:27 +0000] "GET /?h=36189412 HTTP/1.0" 200 29055 "-" "Mozilla/5.0 (compatible; DotBot/1.2; +https://opensiteexplorer.org/dotbot; [email protected])"
2a02:4780:41:6421::1 - - [10/Feb/2026:01:51:30 +0000] "POST /wp-cron.php?doing_wp_cron=1770688290.7031428813934326171875 HTTP/1.0" 200 404 "-" "WordPress/6.9; http://hbkconsultancy.com"
216.244.66.245 - - [10/Feb/2026:01:51:30 +0000] "GET /?h=36999412 HTTP/1.0" 200 29055 "-" "Mozilla/5.0 (compatible; DotBot/1.2; +https://opensiteexplorer.org/dotbot; [email protected])"
216.244.66.245 - - [10/Feb/2026:01:51:34 +0000] "GET /?h=37282312 HTTP/1.0" 200 29054 "-" "Mozilla/5.0 (compatible; DotBot/1.2; +https://opensiteexplorer.org/dotbot; [email protected])"
216.244.66.245 - - [10/Feb/2026:01:51:39 +0000] "GET /?h=37664712 HTTP/1.0" 200 29055 "-" "Mozilla/5.0 (compatible; DotBot/1.2; +https://opensiteexplorer.org/dotbot; [email protected])"
216.244.66.245 - - [10/Feb/2026:01:51:43 +0000] "GET /?h=37775712 HTTP/1.0" 200 29055 "-" "Mozilla/5.0 (compatible; DotBot/1.2; +https://opensiteexplorer.org/dotbot; [email protected])"
216.244.66.245 - - [10/Feb/2026:01:51:47 +0000] "GET /?h=37960712 HTTP/1.0" 200 29055 "-" "Mozilla/5.0 (compatible; DotBot/1.2; +https://opensiteexplorer.org/dotbot; [email protected])"
216.244.66.245 - - [10/Feb/2026:01:51:51 +0000] "GET /?h=38292512 HTTP/1.0" 200 29054 "-" "Mozilla/5.0 (compatible; DotBot/1.2; +https://opensiteexplorer.org/dotbot; [email protected])"
216.244.66.245 - - [10/Feb/2026:01:51:55 +0000] "GET /?h=38631812 HTTP/1.0" 200 29054 "-" "Mozilla/5.0 (compatible; DotBot/1.2; +https://opensiteexplorer.org/dotbot; [email protected])"
122.183.50.3 - - [10/Feb/2026:01:51:58 +0000] "POST /xmlrpc.php HTTP/1.0" 200 617 "-" "Mozilla/5.0 (X11; Ubuntu; Linux x86_64; arm64) AppleWebKit/537.36 (KHTML, like Gecko) Opera/75.0.0.0 Safari/537.36"
216.244.66.245 - - [10/Feb/2026:01:51:59 +0000] "GET /?h=38809612 HTTP/1.0" 200 29053 "-" "Mozilla/5.0 (compatible; DotBot/1.2; +https://opensiteexplorer.org/dotbot; [email protected])"
216.244.66.245 - - [10/Feb/2026:01:52:02 +0000] "GET /?h=39359112 HTTP/1.0" 200 29055 "-" "Mozilla/5.0 (compatible; DotBot/1.2; +https://opensiteexplorer.org/dotbot; [email protected])"
216.244.66.245 - - [10/Feb/2026:01:52:05 +0000] "GET /?h=39456912 HTTP/1.0" 200 29054 "-" "Mozilla/5.0 (compatible; DotBot/1.2; +https://opensiteexplorer.org/dotbot; [email protected])"
216.244.66.245 - - [10/Feb/2026:01:52:07 +0000] "GET /?h=39840412 HTTP/1.0" 200 29055 "-" "Mozilla/5.0 (compatible; DotBot/1.2; +https://opensiteexplorer.org/dotbot; [email protected])"
216.244.66.245 - - [10/Feb/2026:01:52:10 +0000] "GET /?h=40197112 HTTP/1.0" 200 29055 "-" "Mozilla/5.0 (compatible; DotBot/1.2; +https://opensiteexplorer.org/dotbot; [email protected])"
216.244.66.245 - - [10/Feb/2026:01:52:12 +0000] "GET /?h=40333912 HTTP/1.0" 200 29055 "-" "Mozilla/5.0 (compatible; DotBot/1.2; +https://opensiteexplorer.org/dotbot; [email protected])"
2a02:4780:41:6421::1 - - [10/Feb/2026:01:52:16 +0000] "POST /wp-cron.php?doing_wp_cron=1770688336.0844988822937011718750 HTTP/1.0" 200 404 "-" "WordPress/6.9; http://hbkconsultancy.com"
216.244.66.245 - - [10/Feb/2026:01:52:15 +0000] "GET /?h=40618312 HTTP/1.0" 200 29054 "-" "Mozilla/5.0 (compatible; DotBot/1.2; +https://opensiteexplorer.org/dotbot; [email protected])"
216.244.66.245 - - [10/Feb/2026:01:52:19 +0000] "GET /?h=40769612 HTTP/1.0" 200 29054 "-" "Mozilla/5.0 (compatible; DotBot/1.2; +https://opensiteexplorer.org/dotbot; [email protected])"
216.244.66.245 - - [10/Feb/2026:01:52:21 +0000] "GET /?h=40938012 HTTP/1.0" 200 29055 "-" "Mozilla/5.0 (compatible; DotBot/1.2; +https://opensiteexplorer.org/dotbot; [email protected])"
216.244.66.245 - - [10/Feb/2026:01:52:25 +0000] "GET /?h=41643012 HTTP/1.0" 200 29053 "-" "Mozilla/5.0 (compatible; DotBot/1.2; +https://opensiteexplorer.org/dotbot; [email protected])"
2a02:4780:41:6421::1 - - [10/Feb/2026:01:52:30 +0000] "POST /wp-cron.php?doing_wp_cron=1770688350.1023130416870117187500 HTTP/1.0" 200 404 "-" "WordPress/6.9; http://hbkconsultancy.com"
216.244.66.245 - - [10/Feb/2026:01:52:29 +0000] "GET /?h=42129112 HTTP/1.0" 200 29054 "-" "Mozilla/5.0 (compatible; DotBot/1.2; +https://opensiteexplorer.org/dotbot; [email protected])"
37.46.196.22 - - [10/Feb/2026:01:52:31 +0000] "POST /xmlrpc.php HTTP/1.0" 200 609 "-" "Go-http-client/1.1"
216.244.66.245 - - [10/Feb/2026:01:52:33 +0000] "GET /?h=42440712 HTTP/1.0" 200 29054 "-" "Mozilla/5.0 (compatible; DotBot/1.2; +https://opensiteexplorer.org/dotbot; [email protected])"
216.244.66.245 - - [10/Feb/2026:01:52:36 +0000] "GET /?h=42506912 HTTP/1.0" 200 29054 "-" "Mozilla/5.0 (compatible; DotBot/1.2; +https://opensiteexplorer.org/dotbot; [email protected])"
216.244.66.245 - - [10/Feb/2026:01:52:40 +0000] "GET /?h=42546412 HTTP/1.0" 200 29054 "-" "Mozilla/5.0 (compatible; DotBot/1.2; +https://opensiteexplorer.org/dotbot; [email protected])"
216.244.66.245 - - [10/Feb/2026:01:52:45 +0000] "GET /?h=42934612 HTTP/1.0" 200 29054 "-" "Mozilla/5.0 (compatible; DotBot/1.2; +https://opensiteexplorer.org/dotbot; [email protected])"
122.183.50.3 - - [10/Feb/2026:01:52:45 +0000] "POST /xmlrpc.php HTTP/1.0" 200 617 "-" "Mozilla/5.0 (X11; Ubuntu; Linux x86_64; x64) AppleWebKit/537.36 (KHTML, like Gecko) Safari/13.0.0.0 Safari/537.36"
216.244.66.245 - - [10/Feb/2026:01:52:49 +0000] "GET /?h=43765912 HTTP/1.0" 200 29054 "-" "Mozilla/5.0 (compatible; DotBot/1.2; +https://opensiteexplorer.org/dotbot; [email protected])"
136.144.33.235 - - [10/Feb/2026:01:52:51 +0000] "POST /wp-login.php HTTP/1.0" 200 3976 "-" "Mozilla/5.0"
193.36.225.116 - - [10/Feb/2026:01:52:51 +0000] "POST /wp-login.php HTTP/1.0" 200 3978 "-" "Mozilla/5.0"
193.36.225.136 - - [10/Feb/2026:01:52:51 +0000] "POST /wp-login.php HTTP/1.0" 200 3976 "-" "Mozilla/5.0"
193.36.225.116 - - [10/Feb/2026:01:52:51 +0000] "POST /wp-login.php HTTP/1.0" 200 3975 "-" "Mozilla/5.0"
193.36.225.115 - - [10/Feb/2026:01:52:51 +0000] "POST /wp-login.php HTTP/1.0" 200 3978 "-" "Mozilla/5.0"
37.140.223.1 - - [10/Feb/2026:01:52:51 +0000] "POST /wp-login.php HTTP/1.0" 200 3979 "-" "Mozilla/5.0"
172.245.102.5 - - [10/Feb/2026:01:52:51 +0000] "POST /wp-login.php HTTP/1.0" 200 3973 "-" "Mozilla/5.0"
216.244.66.245 - - [10/Feb/2026:01:52:52 +0000] "GET /?h=43859612 HTTP/1.0" 200 29054 "-" "Mozilla/5.0 (compatible; DotBot/1.2; +https://opensiteexplorer.org/dotbot; [email protected])"
216.244.66.245 - - [10/Feb/2026:01:52:56 +0000] "GET /?h=44349112 HTTP/1.0" 200 29054 "-" "Mozilla/5.0 (compatible; DotBot/1.2; +https://opensiteexplorer.org/dotbot; [email protected])"
216.244.66.245 - - [10/Feb/2026:01:53:00 +0000] "GET /?h=44475012 HTTP/1.0" 200 29054 "-" "Mozilla/5.0 (compatible; DotBot/1.2; +https://opensiteexplorer.org/dotbot; [email protected])"
216.244.66.245 - - [10/Feb/2026:01:53:04 +0000] "GET /?h=44496612 HTTP/1.0" 200 29054 "-" "Mozilla/5.0 (compatible; DotBot/1.2; +https://opensiteexplorer.org/dotbot; [email protected])"
216.244.66.245 - - [10/Feb/2026:01:53:08 +0000] "GET /?h=44529212 HTTP/1.0" 200 29054 "-" "Mozilla/5.0 (compatible; DotBot/1.2; +https://opensiteexplorer.org/dotbot; [email protected])"
216.244.66.245 - - [10/Feb/2026:01:53:12 +0000] "GET /?h=44622512 HTTP/1.0" 200 29054 "-" "Mozilla/5.0 (compatible; DotBot/1.2; +https://opensiteexplorer.org/dotbot; [email protected])"
2a02:4780:41:6421::1 - - [10/Feb/2026:01:53:17 +0000] "POST /wp-cron.php?doing_wp_cron=1770688396.9824628829956054687500 HTTP/1.0" 200 404 "-" "WordPress/6.9; http://hbkconsultancy.com"
216.244.66.245 - - [10/Feb/2026:01:53:16 +0000] "GET /?h=44659112 HTTP/1.0" 200 29055 "-" "Mozilla/5.0 (compatible; DotBot/1.2; +https://opensiteexplorer.org/dotbot; [email protected])"
216.244.66.245 - - [10/Feb/2026:01:53:19 +0000] "GET /?h=44980012 HTTP/1.0" 200 29055 "-" "Mozilla/5.0 (compatible; DotBot/1.2; +https://opensiteexplorer.org/dotbot; [email protected])"
216.244.66.245 - - [10/Feb/2026:01:53:23 +0000] "GET /?h=45391412 HTTP/1.0" 200 29055 "-" "Mozilla/5.0 (compatible; DotBot/1.2; +https://opensiteexplorer.org/dotbot; [email protected])"
216.244.66.245 - - [10/Feb/2026:01:53:25 +0000] "GET /?h=45532112 HTTP/1.0" 200 29054 "-" "Mozilla/5.0 (compatible; DotBot/1.2; +https://opensiteexplorer.org/dotbot; [email protected])"
216.244.66.245 - - [10/Feb/2026:01:53:28 +0000] "GET /?h=46014812 HTTP/1.0" 200 29054 "-" "Mozilla/5.0 (compatible; DotBot/1.2; +https://opensiteexplorer.org/dotbot; [email protected])"
216.244.66.245 - - [10/Feb/2026:01:53:30 +0000] "GET /?h=46112612 HTTP/1.0" 200 29054 "-" "Mozilla/5.0 (compatible; DotBot/1.2; +https://opensiteexplorer.org/dotbot; [email protected])"
216.244.66.245 - - [10/Feb/2026:01:53:35 +0000] "GET /?h=46192312 HTTP/1.0" 200 29055 "-" "Mozilla/5.0 (compatible; DotBot/1.2; +https://opensiteexplorer.org/dotbot; [email protected])"
216.244.66.245 - - [10/Feb/2026:01:53:39 +0000] "GET /?h=46346012 HTTP/1.0" 200 29054 "-" "Mozilla/5.0 (compatible; DotBot/1.2; +https://opensiteexplorer.org/dotbot; [email protected])"
216.244.66.245 - - [10/Feb/2026:01:53:43 +0000] "GET /?h=46349512 HTTP/1.0" 200 29055 "-" "Mozilla/5.0 (compatible; DotBot/1.2; +https://opensiteexplorer.org/dotbot; [email protected])"
216.244.66.245 - - [10/Feb/2026:01:53:46 +0000] "GET /?h=46552512 HTTP/1.0" 200 29054 "-" "Mozilla/5.0 (compatible; DotBot/1.2; +https://opensiteexplorer.org/dotbot; [email protected])"
122.183.50.3 - - [10/Feb/2026:01:53:48 +0000] "POST /xmlrpc.php HTTP/1.0" 200 617 "-" "Mozilla/5.0 (X11; Ubuntu; Linux x86_64; arm64) AppleWebKit/537.36 (KHTML, like Gecko) Edge/95.0.0.0 Safari/537.36"
216.244.66.245 - - [10/Feb/2026:01:53:49 +0000] "GET /?h=46913612 HTTP/1.0" 200 29054 "-" "Mozilla/5.0 (compatible; DotBot/1.2; +https://opensiteexplorer.org/dotbot; [email protected])"
216.244.66.245 - - [10/Feb/2026:01:53:51 +0000] "GET /?h=46964912 HTTP/1.0" 200 29054 "-" "Mozilla/5.0 (compatible; DotBot/1.2; +https://opensiteexplorer.org/dotbot; [email protected])"
216.244.66.245 - - [10/Feb/2026:01:53:53 +0000] "GET /?h=47316312 HTTP/1.0" 200 29053 "-" "Mozilla/5.0 (compatible; DotBot/1.2; +https://opensiteexplorer.org/dotbot; [email protected])"
216.244.66.245 - - [10/Feb/2026:01:53:55 +0000] "GET /?h=47556112 HTTP/1.0" 200 29053 "-" "Mozilla/5.0 (compatible; DotBot/1.2; +https://opensiteexplorer.org/dotbot; [email protected])"
216.244.66.245 - - [10/Feb/2026:01:53:58 +0000] "GET /?h=47611912 HTTP/1.0" 200 29053 "-" "Mozilla/5.0 (compatible; DotBot/1.2; +https://opensiteexplorer.org/dotbot; [email protected])"
216.244.66.245 - - [10/Feb/2026:01:54:02 +0000] "GET /?h=47669812 HTTP/1.0" 200 29055 "-" "Mozilla/5.0 (compatible; DotBot/1.2; +https://opensiteexplorer.org/dotbot; [email protected])"
216.244.66.245 - - [10/Feb/2026:01:54:06 +0000] "GET /?h=48007912 HTTP/1.0" 200 29055 "-" "Mozilla/5.0 (compatible; DotBot/1.2; +https://opensiteexplorer.org/dotbot; [email protected])"
216.244.66.245 - - [10/Feb/2026:01:54:09 +0000] "GET /?h=48085412 HTTP/1.0" 200 29055 "-" "Mozilla/5.0 (compatible; DotBot/1.2; +https://opensiteexplorer.org/dotbot; [email protected])"
216.244.66.245 - - [10/Feb/2026:01:54:12 +0000] "GET /?h=48119812 HTTP/1.0" 200 29055 "-" "Mozilla/5.0 (compatible; DotBot/1.2; +https://opensiteexplorer.org/dotbot; [email protected])"
216.244.66.245 - - [10/Feb/2026:01:54:14 +0000] "GET /?h=48262612 HTTP/1.0" 200 29053 "-" "Mozilla/5.0 (compatible; DotBot/1.2; +https://opensiteexplorer.org/dotbot; [email protected])"
216.244.66.245 - - [10/Feb/2026:01:54:17 +0000] "GET /?h=48284112 HTTP/1.0" 200 29054 "-" "Mozilla/5.0 (compatible; DotBot/1.2; +https://opensiteexplorer.org/dotbot; [email protected])"
216.244.66.245 - - [10/Feb/2026:01:54:19 +0000] "GET /?h=48831112 HTTP/1.0" 200 29053 "-" "Mozilla/5.0 (compatible; DotBot/1.2; +https://opensiteexplorer.org/dotbot; [email protected])"
216.244.66.245 - - [10/Feb/2026:01:54:21 +0000] "GET /?h=49033612 HTTP/1.0" 200 29055 "-" "Mozilla/5.0 (compatible; DotBot/1.2; +https://opensiteexplorer.org/dotbot; [email protected])"
216.244.66.245 - - [10/Feb/2026:01:54:23 +0000] "GET /?h=49316412 HTTP/1.0" 200 29055 "-" "Mozilla/5.0 (compatible; DotBot/1.2; +https://opensiteexplorer.org/dotbot; [email protected])"
216.244.66.245 - - [10/Feb/2026:01:54:25 +0000] "GET /?h=49592112 HTTP/1.0" 200 29055 "-" "Mozilla/5.0 (compatible; DotBot/1.2; +https://opensiteexplorer.org/dotbot; [email protected])"
216.244.66.245 - - [10/Feb/2026:01:54:29 +0000] "GET /?h=49620612 HTTP/1.0" 200 29055 "-" "Mozilla/5.0 (compatible; DotBot/1.2; +https://opensiteexplorer.org/dotbot; [email protected])"
2a02:4780:41:6421::1 - - [10/Feb/2026:01:54:34 +0000] "POST /wp-cron.php?doing_wp_cron=1770688474.4002549648284912109375 HTTP/1.0" 200 404 "-" "WordPress/6.9; http://hbkconsultancy.com"
216.244.66.245 - - [10/Feb/2026:01:54:33 +0000] "GET /?h=49874612 HTTP/1.0" 200 29054 "-" "Mozilla/5.0 (compatible; DotBot/1.2; +https://opensiteexplorer.org/dotbot; [email protected])"
216.244.66.245 - - [10/Feb/2026:01:54:38 +0000] "GET /?h=50442012 HTTP/1.0" 200 29054 "-" "Mozilla/5.0 (compatible; DotBot/1.2; +https://opensiteexplorer.org/dotbot; [email protected])"
