216.244.66.245 - - [10/Feb/2026:02:37:59 +0000] "GET /?h=64391712 HTTP/1.0" 200 29054 "-" "Mozilla/5.0 (compatible; DotBot/1.2; +https://opensiteexplorer.org/dotbot; [email protected])"
216.244.66.245 - - [10/Feb/2026:02:38:02 +0000] "GET /?h=64807612 HTTP/1.0" 200 29055 "-" "Mozilla/5.0 (compatible; DotBot/1.2; +https://opensiteexplorer.org/dotbot; [email protected])"
216.244.66.245 - - [10/Feb/2026:02:38:05 +0000] "GET /?h=65002512 HTTP/1.0" 200 29055 "-" "Mozilla/5.0 (compatible; DotBot/1.2; +https://opensiteexplorer.org/dotbot; [email protected])"
216.244.66.245 - - [10/Feb/2026:02:38:07 +0000] "GET /?h=65158412 HTTP/1.0" 200 29055 "-" "Mozilla/5.0 (compatible; DotBot/1.2; +https://opensiteexplorer.org/dotbot; [email protected])"
216.244.66.245 - - [10/Feb/2026:02:38:10 +0000] "GET /?h=65492612 HTTP/1.0" 200 29056 "-" "Mozilla/5.0 (compatible; DotBot/1.2; +https://opensiteexplorer.org/dotbot; [email protected])"
216.244.66.245 - - [10/Feb/2026:02:38:12 +0000] "GET /?h=65622312 HTTP/1.0" 200 29055 "-" "Mozilla/5.0 (compatible; DotBot/1.2; +https://opensiteexplorer.org/dotbot; [email protected])"
2a02:4780:41:6421::1 - - [10/Feb/2026:02:38:16 +0000] "POST /wp-cron.php?doing_wp_cron=1770691096.1288650035858154296875 HTTP/1.0" 200 404 "-" "WordPress/6.9; http://hbkconsultancy.com"
216.244.66.245 - - [10/Feb/2026:02:38:15 +0000] "GET /?h=65745212 HTTP/1.0" 200 29055 "-" "Mozilla/5.0 (compatible; DotBot/1.2; +https://opensiteexplorer.org/dotbot; [email protected])"
216.244.66.245 - - [10/Feb/2026:02:38:19 +0000] "GET /?h=66059812 HTTP/1.0" 200 29054 "-" "Mozilla/5.0 (compatible; DotBot/1.2; +https://opensiteexplorer.org/dotbot; [email protected])"
216.244.66.245 - - [10/Feb/2026:02:38:22 +0000] "GET /?h=66178112 HTTP/1.0" 200 29055 "-" "Mozilla/5.0 (compatible; DotBot/1.2; +https://opensiteexplorer.org/dotbot; [email protected])"
216.244.66.245 - - [10/Feb/2026:02:38:24 +0000] "GET /?h=66304812 HTTP/1.0" 200 29056 "-" "Mozilla/5.0 (compatible; DotBot/1.2; +https://opensiteexplorer.org/dotbot; [email protected])"
216.244.66.245 - - [10/Feb/2026:02:38:26 +0000] "GET /?h=66431512 HTTP/1.0" 200 29055 "-" "Mozilla/5.0 (compatible; DotBot/1.2; +https://opensiteexplorer.org/dotbot; [email protected])"
216.244.66.245 - - [10/Feb/2026:02:38:29 +0000] "GET /?h=66698412 HTTP/1.0" 200 29055 "-" "Mozilla/5.0 (compatible; DotBot/1.2; +https://opensiteexplorer.org/dotbot; [email protected])"
2a02:4780:41:6421::1 - - [10/Feb/2026:02:38:31 +0000] "POST /wp-cron.php?doing_wp_cron=1770691111.6725039482116699218750 HTTP/1.0" 200 404 "-" "WordPress/6.9; http://hbkconsultancy.com"
216.244.66.245 - - [10/Feb/2026:02:38:30 +0000] "GET /?h=66814312 HTTP/1.0" 200 29055 "-" "Mozilla/5.0 (compatible; DotBot/1.2; +https://opensiteexplorer.org/dotbot; [email protected])"
216.244.66.245 - - [10/Feb/2026:02:38:34 +0000] "GET /?h=66882412 HTTP/1.0" 200 29056 "-" "Mozilla/5.0 (compatible; DotBot/1.2; +https://opensiteexplorer.org/dotbot; [email protected])"
216.244.66.245 - - [10/Feb/2026:02:38:37 +0000] "GET /?h=66913212 HTTP/1.0" 200 29055 "-" "Mozilla/5.0 (compatible; DotBot/1.2; +https://opensiteexplorer.org/dotbot; [email protected])"
216.244.66.245 - - [10/Feb/2026:02:38:40 +0000] "GET /?h=66957112 HTTP/1.0" 200 29055 "-" "Mozilla/5.0 (compatible; DotBot/1.2; +https://opensiteexplorer.org/dotbot; [email protected])"
216.244.66.245 - - [10/Feb/2026:02:38:42 +0000] "GET /?h=67213612 HTTP/1.0" 200 29055 "-" "Mozilla/5.0 (compatible; DotBot/1.2; +https://opensiteexplorer.org/dotbot; [email protected])"
122.183.50.3 - - [10/Feb/2026:02:38:43 +0000] "POST /xmlrpc.php HTTP/1.0" 200 617 "-" "Mozilla/5.0 (X11; Ubuntu; Linux x86_64; x86) AppleWebKit/537.36 (KHTML, like Gecko) Opera/69.0.0.0 Safari/537.36"
216.244.66.245 - - [10/Feb/2026:02:38:44 +0000] "GET /?h=67456112 HTTP/1.0" 200 29056 "-" "Mozilla/5.0 (compatible; DotBot/1.2; +https://opensiteexplorer.org/dotbot; [email protected])"
216.244.66.245 - - [10/Feb/2026:02:38:46 +0000] "GET /?h=67677612 HTTP/1.0" 200 29055 "-" "Mozilla/5.0 (compatible; DotBot/1.2; +https://opensiteexplorer.org/dotbot; [email protected])"
216.244.66.245 - - [10/Feb/2026:02:38:49 +0000] "GET /?h=68238412 HTTP/1.0" 200 29055 "-" "Mozilla/5.0 (compatible; DotBot/1.2; +https://opensiteexplorer.org/dotbot; [email protected])"
216.244.66.245 - - [10/Feb/2026:02:38:51 +0000] "GET /?h=68343012 HTTP/1.0" 200 29056 "-" "Mozilla/5.0 (compatible; DotBot/1.2; +https://opensiteexplorer.org/dotbot; [email protected])"
216.244.66.245 - - [10/Feb/2026:02:38:53 +0000] "GET /?h=68532212 HTTP/1.0" 200 29056 "-" "Mozilla/5.0 (compatible; DotBot/1.2; +https://opensiteexplorer.org/dotbot; [email protected])"
216.244.66.245 - - [10/Feb/2026:02:38:55 +0000] "GET /?h=68800312 HTTP/1.0" 200 29056 "-" "Mozilla/5.0 (compatible; DotBot/1.2; +https://opensiteexplorer.org/dotbot; [email protected])"
216.244.66.245 - - [10/Feb/2026:02:38:57 +0000] "GET /?h=68861812 HTTP/1.0" 200 29056 "-" "Mozilla/5.0 (compatible; DotBot/1.2; +https://opensiteexplorer.org/dotbot; [email protected])"
216.244.66.245 - - [10/Feb/2026:02:38:59 +0000] "GET /?h=70190612 HTTP/1.0" 200 29058 "-" "Mozilla/5.0 (compatible; DotBot/1.2; +https://opensiteexplorer.org/dotbot; [email protected])"
216.244.66.245 - - [10/Feb/2026:02:39:01 +0000] "GET /?h=70490412 HTTP/1.0" 200 29055 "-" "Mozilla/5.0 (compatible; DotBot/1.2; +https://opensiteexplorer.org/dotbot; [email protected])"
216.244.66.245 - - [10/Feb/2026:02:39:03 +0000] "GET /?h=70525112 HTTP/1.0" 200 29055 "-" "Mozilla/5.0 (compatible; DotBot/1.2; +https://opensiteexplorer.org/dotbot; [email protected])"
216.244.66.245 - - [10/Feb/2026:02:39:05 +0000] "GET /?h=70543212 HTTP/1.0" 200 29055 "-" "Mozilla/5.0 (compatible; DotBot/1.2; +https://opensiteexplorer.org/dotbot; [email protected])"
216.244.66.245 - - [10/Feb/2026:02:39:08 +0000] "GET /?h=70791812 HTTP/1.0" 200 29055 "-" "Mozilla/5.0 (compatible; DotBot/1.2; +https://opensiteexplorer.org/dotbot; [email protected])"
216.244.66.245 - - [10/Feb/2026:02:39:10 +0000] "GET /?h=70809212 HTTP/1.0" 200 29056 "-" "Mozilla/5.0 (compatible; DotBot/1.2; +https://opensiteexplorer.org/dotbot; [email protected])"
216.244.66.245 - - [10/Feb/2026:02:39:12 +0000] "GET /?h=71205312 HTTP/1.0" 200 29055 "-" "Mozilla/5.0 (compatible; DotBot/1.2; +https://opensiteexplorer.org/dotbot; [email protected])"
2a02:4780:41:6421::1 - - [10/Feb/2026:02:39:15 +0000] "POST /wp-cron.php?doing_wp_cron=1770691154.9643850326538085937500 HTTP/1.0" 200 404 "-" "WordPress/6.9; http://hbkconsultancy.com"
216.244.66.245 - - [10/Feb/2026:02:39:14 +0000] "GET /?h=71649012 HTTP/1.0" 200 29055 "-" "Mozilla/5.0 (compatible; DotBot/1.2; +https://opensiteexplorer.org/dotbot; [email protected])"
216.244.66.245 - - [10/Feb/2026:02:39:18 +0000] "GET /?h=71822512 HTTP/1.0" 200 29054 "-" "Mozilla/5.0 (compatible; DotBot/1.2; +https://opensiteexplorer.org/dotbot; [email protected])"
216.244.66.245 - - [10/Feb/2026:02:39:21 +0000] "GET /?h=72572912 HTTP/1.0" 200 29055 "-" "Mozilla/5.0 (compatible; DotBot/1.2; +https://opensiteexplorer.org/dotbot; [email protected])"
216.244.66.245 - - [10/Feb/2026:02:39:24 +0000] "GET /?h=72880312 HTTP/1.0" 200 29056 "-" "Mozilla/5.0 (compatible; DotBot/1.2; +https://opensiteexplorer.org/dotbot; [email protected])"
216.244.66.245 - - [10/Feb/2026:02:39:26 +0000] "GET /?h=73174812 HTTP/1.0" 200 29056 "-" "Mozilla/5.0 (compatible; DotBot/1.2; +https://opensiteexplorer.org/dotbot; [email protected])"
216.244.66.245 - - [10/Feb/2026:02:39:29 +0000] "GET /?h=73276912 HTTP/1.0" 200 29055 "-" "Mozilla/5.0 (compatible; DotBot/1.2; +https://opensiteexplorer.org/dotbot; [email protected])"
216.244.66.245 - - [10/Feb/2026:02:39:31 +0000] "GET /?h=73374112 HTTP/1.0" 200 29056 "-" "Mozilla/5.0 (compatible; DotBot/1.2; +https://opensiteexplorer.org/dotbot; [email protected])"
2a02:4780:41:6421::1 - - [10/Feb/2026:02:39:31 +0000] "POST /wp-cron.php?doing_wp_cron=1770691171.8150310516357421875000 HTTP/1.0" 200 404 "-" "WordPress/6.9; http://hbkconsultancy.com"
20.222.217.57 - - [10/Feb/2026:02:39:30 +0000] "GET /wp-json/wp/v2/posts HTTP/1.0" 200 275240 "-" "Mozilla/5.0 (Windows NT 10.0; Win64; x64) AppleWebKit/537.36 (KHTML, like Gecko) Chrome/120.0.0.0 Safari/537.36"
216.244.66.245 - - [10/Feb/2026:02:39:33 +0000] "GET /?h=73552112 HTTP/1.0" 200 29056 "-" "Mozilla/5.0 (compatible; DotBot/1.2; +https://opensiteexplorer.org/dotbot; [email protected])"
216.244.66.245 - - [10/Feb/2026:02:39:35 +0000] "GET /?h=73577212 HTTP/1.0" 200 29056 "-" "Mozilla/5.0 (compatible; DotBot/1.2; +https://opensiteexplorer.org/dotbot; [email protected])"
216.244.66.245 - - [10/Feb/2026:02:39:37 +0000] "GET /?h=73658712 HTTP/1.0" 200 29056 "-" "Mozilla/5.0 (compatible; DotBot/1.2; +https://opensiteexplorer.org/dotbot; [email protected])"
216.244.66.245 - - [10/Feb/2026:02:39:39 +0000] "GET /?h=73664912 HTTP/1.0" 200 29055 "-" "Mozilla/5.0 (compatible; DotBot/1.2; +https://opensiteexplorer.org/dotbot; [email protected])"
185.156.174.27 - - [10/Feb/2026:02:39:40 +0000] "POST /xmlrpc.php HTTP/1.0" 200 609 "-" "Go-http-client/1.1"
216.244.66.245 - - [10/Feb/2026:02:39:42 +0000] "GET /?h=73821612 HTTP/1.0" 200 29056 "-" "Mozilla/5.0 (compatible; DotBot/1.2; +https://opensiteexplorer.org/dotbot; [email protected])"
122.183.50.3 - - [10/Feb/2026:02:39:43 +0000] "POST /xmlrpc.php HTTP/1.0" 200 617 "-" "Mozilla/5.0 (Windows NT 6.2; arm64) AppleWebKit/537.36 (KHTML, like Gecko) Opera/74.0.0.0 Safari/537.36"
216.244.66.245 - - [10/Feb/2026:02:39:44 +0000] "GET /?h=74228912 HTTP/1.0" 200 29056 "-" "Mozilla/5.0 (compatible; DotBot/1.2; +https://opensiteexplorer.org/dotbot; [email protected])"
216.244.66.245 - - [10/Feb/2026:02:39:46 +0000] "GET /?h=74278312 HTTP/1.0" 200 29056 "-" "Mozilla/5.0 (compatible; DotBot/1.2; +https://opensiteexplorer.org/dotbot; [email protected])"
216.244.66.245 - - [10/Feb/2026:02:39:48 +0000] "GET /?h=74300612 HTTP/1.0" 200 29055 "-" "Mozilla/5.0 (compatible; DotBot/1.2; +https://opensiteexplorer.org/dotbot; [email protected])"
216.244.66.245 - - [10/Feb/2026:02:39:50 +0000] "GET /?h=74372212 HTTP/1.0" 200 29054 "-" "Mozilla/5.0 (compatible; DotBot/1.2; +https://opensiteexplorer.org/dotbot; [email protected])"
216.244.66.245 - - [10/Feb/2026:02:39:53 +0000] "GET /?h=74434512 HTTP/1.0" 200 29056 "-" "Mozilla/5.0 (compatible; DotBot/1.2; +https://opensiteexplorer.org/dotbot; [email protected])"
216.244.66.245 - - [10/Feb/2026:02:39:58 +0000] "GET /?h=74444012 HTTP/1.0" 200 29056 "-" "Mozilla/5.0 (compatible; DotBot/1.2; +https://opensiteexplorer.org/dotbot; [email protected])"
216.244.66.245 - - [10/Feb/2026:02:40:02 +0000] "GET /?h=74462912 HTTP/1.0" 200 29054 "-" "Mozilla/5.0 (compatible; DotBot/1.2; +https://opensiteexplorer.org/dotbot; [email protected])"
216.244.66.245 - - [10/Feb/2026:02:40:05 +0000] "GET /?h=74943612 HTTP/1.0" 200 29054 "-" "Mozilla/5.0 (compatible; DotBot/1.2; +https://opensiteexplorer.org/dotbot; [email protected])"
216.244.66.245 - - [10/Feb/2026:02:40:09 +0000] "GET /?h=75271412 HTTP/1.0" 200 29054 "-" "Mozilla/5.0 (compatible; DotBot/1.2; +https://opensiteexplorer.org/dotbot; [email protected])"
216.244.66.245 - - [10/Feb/2026:02:40:11 +0000] "GET /?h=75394912 HTTP/1.0" 200 29055 "-" "Mozilla/5.0 (compatible; DotBot/1.2; +https://opensiteexplorer.org/dotbot; [email protected])"
2a02:4780:41:6421::1 - - [10/Feb/2026:02:40:15 +0000] "POST /wp-cron.php?doing_wp_cron=1770691215.1461119651794433593750 HTTP/1.0" 200 404 "-" "WordPress/6.9; http://hbkconsultancy.com"
216.244.66.245 - - [10/Feb/2026:02:40:14 +0000] "GET /?h=75521612 HTTP/1.0" 200 29055 "-" "Mozilla/5.0 (compatible; DotBot/1.2; +https://opensiteexplorer.org/dotbot; [email protected])"
216.244.66.245 - - [10/Feb/2026:02:40:18 +0000] "GET /?h=76524712 HTTP/1.0" 200 29054 "-" "Mozilla/5.0 (compatible; DotBot/1.2; +https://opensiteexplorer.org/dotbot; [email protected])"
216.244.66.245 - - [10/Feb/2026:02:40:21 +0000] "GET /?h=76760412 HTTP/1.0" 200 29055 "-" "Mozilla/5.0 (compatible; DotBot/1.2; +https://opensiteexplorer.org/dotbot; [email protected])"
216.244.66.245 - - [10/Feb/2026:02:40:24 +0000] "GET /?h=76813312 HTTP/1.0" 200 29055 "-" "Mozilla/5.0 (compatible; DotBot/1.2; +https://opensiteexplorer.org/dotbot; [email protected])"
216.244.66.245 - - [10/Feb/2026:02:40:26 +0000] "GET /?h=76826312 HTTP/1.0" 200 29055 "-" "Mozilla/5.0 (compatible; DotBot/1.2; +https://opensiteexplorer.org/dotbot; [email protected])"
216.244.66.245 - - [10/Feb/2026:02:40:29 +0000] "GET /?h=76839912 HTTP/1.0" 200 29054 "-" "Mozilla/5.0 (compatible; DotBot/1.2; +https://opensiteexplorer.org/dotbot; [email protected])"
2a02:4780:41:6421::1 - - [10/Feb/2026:02:40:31 +0000] "POST /wp-cron.php?doing_wp_cron=1770691231.8188359737396240234375 HTTP/1.0" 200 404 "-" "WordPress/6.9; http://hbkconsultancy.com"
216.244.66.245 - - [10/Feb/2026:02:40:31 +0000] "GET /?h=76866112 HTTP/1.0" 200 29055 "-" "Mozilla/5.0 (compatible; DotBot/1.2; +https://opensiteexplorer.org/dotbot; [email protected])"
216.244.66.245 - - [10/Feb/2026:02:40:34 +0000] "GET /?h=77048412 HTTP/1.0" 200 29055 "-" "Mozilla/5.0 (compatible; DotBot/1.2; +https://opensiteexplorer.org/dotbot; [email protected])"
216.244.66.245 - - [10/Feb/2026:02:40:37 +0000] "GET /?h=77099812 HTTP/1.0" 200 29055 "-" "Mozilla/5.0 (compatible; DotBot/1.2; +https://opensiteexplorer.org/dotbot; [email protected])"
216.244.66.245 - - [10/Feb/2026:02:40:39 +0000] "GET /?h=77331812 HTTP/1.0" 200 29055 "-" "Mozilla/5.0 (compatible; DotBot/1.2; +https://opensiteexplorer.org/dotbot; [email protected])"
122.183.50.3 - - [10/Feb/2026:02:40:42 +0000] "POST /xmlrpc.php HTTP/1.0" 200 617 "-" "Mozilla/5.0 (Windows NT 6.2; x64) AppleWebKit/537.36 (KHTML, like Gecko) Opera/79.0.0.0 Safari/537.36"
216.244.66.245 - - [10/Feb/2026:02:40:42 +0000] "GET /?h=77417412 HTTP/1.0" 200 29055 "-" "Mozilla/5.0 (compatible; DotBot/1.2; +https://opensiteexplorer.org/dotbot; [email protected])"
216.244.66.245 - - [10/Feb/2026:02:40:44 +0000] "GET /?h=77682912 HTTP/1.0" 200 29055 "-" "Mozilla/5.0 (compatible; DotBot/1.2; +https://opensiteexplorer.org/dotbot; [email protected])"
216.244.66.245 - - [10/Feb/2026:02:40:46 +0000] "GET /?h=77712812 HTTP/1.0" 200 29055 "-" "Mozilla/5.0 (compatible; DotBot/1.2; +https://opensiteexplorer.org/dotbot; [email protected])"
216.244.66.245 - - [10/Feb/2026:02:40:48 +0000] "GET /?h=77732112 HTTP/1.0" 200 29054 "-" "Mozilla/5.0 (compatible; DotBot/1.2; +https://opensiteexplorer.org/dotbot; [email protected])"
216.244.66.245 - - [10/Feb/2026:02:40:50 +0000] "GET /?h=77863512 HTTP/1.0" 200 29055 "-" "Mozilla/5.0 (compatible; DotBot/1.2; +https://opensiteexplorer.org/dotbot; [email protected])"
216.244.66.245 - - [10/Feb/2026:02:40:52 +0000] "GET /?h=77983512 HTTP/1.0" 200 29055 "-" "Mozilla/5.0 (compatible; DotBot/1.2; +https://opensiteexplorer.org/dotbot; [email protected])"
216.244.66.245 - - [10/Feb/2026:02:40:55 +0000] "GET /?h=78118112 HTTP/1.0" 200 29054 "-" "Mozilla/5.0 (compatible; DotBot/1.2; +https://opensiteexplorer.org/dotbot; [email protected])"
216.244.66.245 - - [10/Feb/2026:02:40:57 +0000] "GET /?h=78204812 HTTP/1.0" 200 29055 "-" "Mozilla/5.0 (compatible; DotBot/1.2; +https://opensiteexplorer.org/dotbot; [email protected])"
216.244.66.245 - - [10/Feb/2026:02:40:59 +0000] "GET /?h=78308112 HTTP/1.0" 200 29055 "-" "Mozilla/5.0 (compatible; DotBot/1.2; +https://opensiteexplorer.org/dotbot; [email protected])"
216.244.66.245 - - [10/Feb/2026:02:41:00 +0000] "GET /?h=78598912 HTTP/1.0" 200 29055 "-" "Mozilla/5.0 (compatible; DotBot/1.2; +https://opensiteexplorer.org/dotbot; [email protected])"
216.244.66.245 - - [10/Feb/2026:02:41:03 +0000] "GET /?h=78599812 HTTP/1.0" 200 29055 "-" "Mozilla/5.0 (compatible; DotBot/1.2; +https://opensiteexplorer.org/dotbot; [email protected])"
216.244.66.245 - - [10/Feb/2026:02:41:04 +0000] "GET /?h=78845412 HTTP/1.0" 200 29055 "-" "Mozilla/5.0 (compatible; DotBot/1.2; +https://opensiteexplorer.org/dotbot; [email protected])"
216.244.66.245 - - [10/Feb/2026:02:41:06 +0000] "GET /?h=78899412 HTTP/1.0" 200 29055 "-" "Mozilla/5.0 (compatible; DotBot/1.2; +https://opensiteexplorer.org/dotbot; [email protected])"
216.244.66.245 - - [10/Feb/2026:02:41:08 +0000] "GET /?h=79232212 HTTP/1.0" 200 29054 "-" "Mozilla/5.0 (compatible; DotBot/1.2; +https://opensiteexplorer.org/dotbot; [email protected])"
216.244.66.245 - - [10/Feb/2026:02:41:10 +0000] "GET /?h=79416112 HTTP/1.0" 200 29055 "-" "Mozilla/5.0 (compatible; DotBot/1.2; +https://opensiteexplorer.org/dotbot; [email protected])"
216.244.66.245 - - [10/Feb/2026:02:41:12 +0000] "GET /?h=80081712 HTTP/1.0" 200 29054 "-" "Mozilla/5.0 (compatible; DotBot/1.2; +https://opensiteexplorer.org/dotbot; [email protected])"
2a02:4780:41:6421::1 - - [10/Feb/2026:02:41:15 +0000] "POST /wp-cron.php?doing_wp_cron=1770691275.3651740550994873046875 HTTP/1.0" 200 404 "-" "WordPress/6.9; http://hbkconsultancy.com"
216.244.66.245 - - [10/Feb/2026:02:41:14 +0000] "GET /?h=80081912 HTTP/1.0" 200 29055 "-" "Mozilla/5.0 (compatible; DotBot/1.2; +https://opensiteexplorer.org/dotbot; [email protected])"
216.244.66.245 - - [10/Feb/2026:02:41:18 +0000] "GET /?h=80455512 HTTP/1.0" 200 29053 "-" "Mozilla/5.0 (compatible; DotBot/1.2; +https://opensiteexplorer.org/dotbot; [email protected])"
216.244.66.245 - - [10/Feb/2026:02:41:21 +0000] "GET /?h=80458812 HTTP/1.0" 200 29054 "-" "Mozilla/5.0 (compatible; DotBot/1.2; +https://opensiteexplorer.org/dotbot; [email protected])"
216.244.66.245 - - [10/Feb/2026:02:41:24 +0000] "GET /?h=80507812 HTTP/1.0" 200 29054 "-" "Mozilla/5.0 (compatible; DotBot/1.2; +https://opensiteexplorer.org/dotbot; [email protected])"
216.244.66.245 - - [10/Feb/2026:02:41:27 +0000] "GET /?h=81054912 HTTP/1.0" 200 29055 "-" "Mozilla/5.0 (compatible; DotBot/1.2; +https://opensiteexplorer.org/dotbot; [email protected])"
2a02:4780:41:6421::1 - - [10/Feb/2026:02:41:42 +0000] "POST /wp-cron.php?doing_wp_cron=1770691302.7400228977203369140625 HTTP/1.0" 200 412 "-" "WordPress/6.9; https://hbkconsultancy.com"
122.183.50.3 - - [10/Feb/2026:02:41:42 +0000] "POST /xmlrpc.php HTTP/1.0" 200 617 "-" "Mozilla/5.0 (Macintosh; Intel Mac OS X 10_15_7; arm64) AppleWebKit/537.36 (KHTML, like Gecko) Edge/85.0.0.0 Safari/537.36"
101.51.174.137 - - [10/Feb/2026:02:41:45 +0000] "GET /wp-json/wp/v2/posts HTTP/1.0" 200 275240 "-" "Mozilla/5.0 (Windows NT 10.0; Win64; x64) AppleWebKit/537.36 (KHTML, like Gecko) Chrome/120.0.0.0 Safari/537.36"
101.51.174.137 - - [10/Feb/2026:02:41:47 +0000] "POST /wp-comments-post.php HTTP/1.0" 302 1109 "-" "Mozilla/5.0 (Windows NT 10.0; Win64; x64) AppleWebKit/537.36 (KHTML, like Gecko) Chrome/120.0.0.0 Safari/537.36"
101.51.174.137 - - [10/Feb/2026:02:41:49 +0000] "POST /wp-comments-post.php HTTP/1.0" 429 3103 "-" "Mozilla/5.0 (Windows NT 10.0; Win64; x64) AppleWebKit/537.36 (KHTML, like Gecko) Chrome/120.0.0.0 Safari/537.36"
101.51.174.137 - - [10/Feb/2026:02:41:50 +0000] "POST /wp-comments-post.php HTTP/1.0" 429 3103 "-" "Mozilla/5.0 (Windows NT 10.0; Win64; x64) AppleWebKit/537.36 (KHTML, like Gecko) Chrome/120.0.0.0 Safari/537.36"
101.51.174.137 - - [10/Feb/2026:02:41:51 +0000] "POST /wp-comments-post.php HTTP/1.0" 429 3103 "-" "Mozilla/5.0 (Windows NT 10.0; Win64; x64) AppleWebKit/537.36 (KHTML, like Gecko) Chrome/120.0.0.0 Safari/537.36"
101.51.174.137 - - [10/Feb/2026:02:41:52 +0000] "POST /wp-comments-post.php HTTP/1.0" 429 3103 "-" "Mozilla/5.0 (Windows NT 10.0; Win64; x64) AppleWebKit/537.36 (KHTML, like Gecko) Chrome/120.0.0.0 Safari/537.36"
101.51.174.137 - - [10/Feb/2026:02:41:53 +0000] "POST /wp-comments-post.php HTTP/1.0" 429 3103 "-" "Mozilla/5.0 (Windows NT 10.0; Win64; x64) AppleWebKit/537.36 (KHTML, like Gecko) Chrome/120.0.0.0 Safari/537.36"
101.51.174.137 - - [10/Feb/2026:02:41:54 +0000] "POST /wp-comments-post.php HTTP/1.0" 429 3103 "-" "Mozilla/5.0 (Windows NT 10.0; Win64; x64) AppleWebKit/537.36 (KHTML, like Gecko) Chrome/120.0.0.0 Safari/537.36"
101.51.174.137 - - [10/Feb/2026:02:41:55 +0000] "POST /wp-comments-post.php HTTP/1.0" 429 3103 "-" "Mozilla/5.0 (Windows NT 10.0; Win64; x64) AppleWebKit/537.36 (KHTML, like Gecko) Chrome/120.0.0.0 Safari/537.36"
101.51.174.137 - - [10/Feb/2026:02:41:56 +0000] "POST /wp-comments-post.php HTTP/1.0" 429 3103 "-" "Mozilla/5.0 (Windows NT 10.0; Win64; x64) AppleWebKit/537.36 (KHTML, like Gecko) Chrome/120.0.0.0 Safari/537.36"
37.140.223.3 - - [10/Feb/2026:02:41:57 +0000] "POST /wp-login.php HTTP/1.0" 200 3976 "-" "Mozilla/5.0"
193.36.225.137 - - [10/Feb/2026:02:41:57 +0000] "POST /wp-login.php HTTP/1.0" 200 3978 "-" "Mozilla/5.0"
37.140.223.18 - - [10/Feb/2026:02:41:57 +0000] "POST /wp-login.php HTTP/1.0" 200 3978 "-" "Mozilla/5.0"
172.245.102.6 - - [10/Feb/2026:02:41:57 +0000] "POST /wp-login.php HTTP/1.0" 200 3976 "-" "Mozilla/5.0"
193.36.225.138 - - [10/Feb/2026:02:41:57 +0000] "POST /wp-login.php HTTP/1.0" 200 3975 "-" "Mozilla/5.0"
172.245.102.6 - - [10/Feb/2026:02:41:57 +0000] "POST /wp-login.php HTTP/1.0" 200 3979 "-" "Mozilla/5.0"
37.140.223.6 - - [10/Feb/2026:02:41:57 +0000] "POST /wp-login.php HTTP/1.0" 200 3973 "-" "Mozilla/5.0"
147.93.58.212 - - [10/Feb/2026:02:42:01 +0000] "GET / HTTP/1.0" 200 29042 "-" "Mozilla/5.0 (X11; Linux x86_64) AppleWebKit/537.36 (KHTML, like Gecko) Chrome/44.0.2403.157 Safari/537.36"
2a02:4780:41:6421::1 - - [10/Feb/2026:02:42:42 +0000] "POST /wp-cron.php?doing_wp_cron=1770691362.6906769275665283203125 HTTP/1.0" 200 412 "-" "WordPress/6.9; https://hbkconsultancy.com"
122.183.50.3 - - [10/Feb/2026:02:42:42 +0000] "POST /xmlrpc.php HTTP/1.0" 200 617 "-" "Mozilla/5.0 (Windows NT 10.0; x64) AppleWebKit/537.36 (KHTML, like Gecko) Firefox/90.0.0.0 Safari/537.36"
2a02:4780:41:6421::1 - - [10/Feb/2026:02:43:42 +0000] "POST /wp-cron.php?doing_wp_cron=1770691422.6729950904846191406250 HTTP/1.0" 200 412 "-" "WordPress/6.9; https://hbkconsultancy.com"
122.183.50.3 - - [10/Feb/2026:02:43:42 +0000] "POST /xmlrpc.php HTTP/1.0" 200 617 "-" "Mozilla/5.0 (Windows NT 10.0; arm64) AppleWebKit/537.36 (KHTML, like Gecko) Opera/74.0.0.0 Safari/537.36"
2a02:4780:41:6421::1 - - [10/Feb/2026:02:44:42 +0000] "POST /wp-cron.php?doing_wp_cron=1770691482.7404420375823974609375 HTTP/1.0" 200 412 "-" "WordPress/6.9; https://hbkconsultancy.com"
122.183.50.3 - - [10/Feb/2026:02:44:42 +0000] "POST /xmlrpc.php HTTP/1.0" 200 617 "-" "Mozilla/5.0 (Windows NT 6.3; arm64) AppleWebKit/537.36 (KHTML, like Gecko) Chrome/84.0.0.0 Safari/537.36"
2a02:4780:41:6421::1 - - [10/Feb/2026:02:45:19 +0000] "POST /wp-cron.php?doing_wp_cron=1770691519.3988919258117675781250 HTTP/1.0" 200 404 "-" "WordPress/6.9; http://hbkconsultancy.com"
216.244.66.245 - - [10/Feb/2026:02:45:18 +0000] "GET /robots.txt HTTP/1.0" 200 566 "-" "Mozilla/5.0 (compatible; DotBot/1.2; +https://opensiteexplorer.org/dotbot; [email protected])"
64.42.179.35 - - [10/Feb/2026:02:45:19 +0000] "POST /xmlrpc.php HTTP/1.0" 200 609 "-" "Go-http-client/1.1"
114.119.136.188 - - [10/Feb/2026:02:45:22 +0000] "GET /zendesk-vs-intercom-2 HTTP/1.0" 301 472 "https://hbkconsultancy.com/2025/02/page/23" "Mozilla/5.0 (Linux; Android 7.0;) AppleWebKit/537.36 (KHTML, like Gecko) Mobile Safari/537.36 (compatible; PetalBot;+https://webmaster.petalsearch.com/site/petalbot)"
114.119.136.188 - - [10/Feb/2026:02:45:23 +0000] "GET /zendesk-vs-intercom-2/ HTTP/1.0" 200 93498 "https://hbkconsultancy.com/2025/02/page/23" "Mozilla/5.0 (Linux; Android 7.0;) AppleWebKit/537.36 (KHTML, like Gecko) Mobile Safari/537.36 (compatible; PetalBot;+https://webmaster.petalsearch.com/site/petalbot)"
2a02:4780:41:6421::1 - - [10/Feb/2026:02:45:42 +0000] "POST /wp-cron.php?doing_wp_cron=1770691542.4218170642852783203125 HTTP/1.0" 200 412 "-" "WordPress/6.9; https://hbkconsultancy.com"
122.183.50.3 - - [10/Feb/2026:02:45:41 +0000] "POST /xmlrpc.php HTTP/1.0" 200 617 "-" "Mozilla/5.0 (Windows NT 6.3; arm64) AppleWebKit/537.36 (KHTML, like Gecko) Opera/67.0.0.0 Safari/537.36"
2a02:4780:41:6421::1 - - [10/Feb/2026:02:46:18 +0000] "POST /wp-cron.php?doing_wp_cron=1770691578.6501030921936035156250 HTTP/1.0" 200 404 "-" "WordPress/6.9; http://hbkconsultancy.com"
185.156.174.27 - - [10/Feb/2026:02:46:18 +0000] "POST /xmlrpc.php HTTP/1.0" 200 609 "-" "Go-http-client/1.1"
2a02:4780:41:6421::1 - - [10/Feb/2026:02:46:43 +0000] "POST /wp-cron.php?doing_wp_cron=1770691603.3206329345703125000000 HTTP/1.0" 200 412 "-" "WordPress/6.9; https://hbkconsultancy.com"
122.183.50.3 - - [10/Feb/2026:02:46:42 +0000] "POST /xmlrpc.php HTTP/1.0" 200 617 "-" "Mozilla/5.0 (Windows NT 6.2; x64) AppleWebKit/537.36 (KHTML, like Gecko) Firefox/86.0.0.0 Safari/537.36"
114.119.136.188 - - [10/Feb/2026:02:46:46 +0000] "GET /mejores-internet-casinos-online-en-spain-2025-pesos-argentinos-2 HTTP/1.0" 301 515 "http://hbkconsultancy.com/3-columns/page/10" "Mozilla/5.0 (Linux; Android 7.0;) AppleWebKit/537.36 (KHTML, like Gecko) Mobile Safari/537.36 (compatible; PetalBot;+https://webmaster.petalsearch.com/site/petalbot)"
114.119.136.188 - - [10/Feb/2026:02:46:47 +0000] "GET /mejores-internet-casinos-online-en-spain-2025-pesos-argentinos-2/ HTTP/1.0" 200 42364 "http://hbkconsultancy.com/3-columns/page/10" "Mozilla/5.0 (Linux; Android 7.0;) AppleWebKit/537.36 (KHTML, like Gecko) Mobile Safari/537.36 (compatible; PetalBot;+https://webmaster.petalsearch.com/site/petalbot)"
2a02:4780:41:6421::1 - - [10/Feb/2026:02:47:42 +0000] "POST /wp-cron.php?doing_wp_cron=1770691662.8193690776824951171875 HTTP/1.0" 200 412 "-" "WordPress/6.9; https://hbkconsultancy.com"
122.183.50.3 - - [10/Feb/2026:02:47:42 +0000] "POST /xmlrpc.php HTTP/1.0" 200 617 "-" "Mozilla/5.0 (Windows NT 6.3; x86) AppleWebKit/537.36 (KHTML, like Gecko) Firefox/92.0.0.0 Safari/537.36"
114.119.136.188 - - [10/Feb/2026:02:48:09 +0000] "GET /detailorder1009descriptionoshibka-zapisi-dannykh-v-bd-2 HTTP/1.0" 301 506 "https://hbkconsultancy.com/detailorder1009descriptionoshibka-zapisi-dannykh-v-bd-2" "Mozilla/5.0 (Linux; Android 7.0;) AppleWebKit/537.36 (KHTML, like Gecko) Mobile Safari/537.36 (compatible; PetalBot;+https://webmaster.petalsearch.com/site/petalbot)"
114.119.136.188 - - [10/Feb/2026:02:48:10 +0000] "GET /detailorder1009descriptionoshibka-zapisi-dannykh-v-bd-2/ HTTP/1.0" 200 31364 "https://hbkconsultancy.com/detailorder1009descriptionoshibka-zapisi-dannykh-v-bd-2" "Mozilla/5.0 (Linux; Android 7.0;) AppleWebKit/537.36 (KHTML, like Gecko) Mobile Safari/537.36 (compatible; PetalBot;+https://webmaster.petalsearch.com/site/petalbot)"
2a02:4780:41:6421::1 - - [10/Feb/2026:02:48:19 +0000] "POST /wp-cron.php?doing_wp_cron=1770691699.6020979881286621093750 HTTP/1.0" 200 404 "-" "WordPress/6.9; http://hbkconsultancy.com"
185.156.174.27 - - [10/Feb/2026:02:48:19 +0000] "POST /xmlrpc.php HTTP/1.0" 200 609 "-" "Go-http-client/1.1"
104.209.173.99 - - [10/Feb/2026:02:48:24 +0000] "GET / HTTP/1.0" 200 29037 "https://hpk-mec.com" "Go-http-client/1.1"
2a02:4780:41:6421::1 - - [10/Feb/2026:02:48:31 +0000] "POST /wp-cron.php?doing_wp_cron=1770691711.1657350063323974609375 HTTP/1.0" 200 404 "-" "WordPress/6.9; http://hbkconsultancy.com"
64.42.179.35 - - [10/Feb/2026:02:48:30 +0000] "POST /xmlrpc.php HTTP/1.0" 200 609 "-" "Go-http-client/1.1"
122.183.50.3 - - [10/Feb/2026:02:48:42 +0000] "POST /xmlrpc.php HTTP/1.0" 200 617 "-" "Mozilla/5.0 (Windows NT 6.2; x64) AppleWebKit/537.36 (KHTML, like Gecko) Edge/94.0.0.0 Safari/537.36"
64.42.179.35 - - [10/Feb/2026:02:48:55 +0000] "POST /xmlrpc.php HTTP/1.0" 200 609 "-" "Go-http-client/1.1"
2a02:4780:41:6421::1 - - [10/Feb/2026:02:49:42 +0000] "POST /wp-cron.php?doing_wp_cron=1770691782.7329459190368652343750 HTTP/1.0" 200 412 "-" "WordPress/6.9; https://hbkconsultancy.com"
122.183.50.3 - - [10/Feb/2026:02:49:42 +0000] "POST /xmlrpc.php HTTP/1.0" 200 617 "-" "Mozilla/5.0 (Linux; Android 10; x86) AppleWebKit/537.36 (KHTML, like Gecko) Firefox/99.0.0.0 Safari/537.36"
2a02:4780:41:6421::1 - - [10/Feb/2026:02:50:42 +0000] "POST /wp-cron.php?doing_wp_cron=1770691842.8351800441741943359375 HTTP/1.0" 200 412 "-" "WordPress/6.9; https://hbkconsultancy.com"
122.183.50.3 - - [10/Feb/2026:02:50:42 +0000] "POST /xmlrpc.php HTTP/1.0" 200 617 "-" "Mozilla/5.0 (Linux; Android 10; arm64) AppleWebKit/537.36 (KHTML, like Gecko) Opera/66.0.0.0 Safari/537.36"
64.42.179.35 - - [10/Feb/2026:02:51:10 +0000] "POST /xmlrpc.php HTTP/1.0" 200 609 "-" "Go-http-client/1.1"
2a02:4780:41:6421::1 - - [10/Feb/2026:02:51:43 +0000] "POST /wp-cron.php?doing_wp_cron=1770691902.9955320358276367187500 HTTP/1.0" 200 412 "-" "WordPress/6.9; https://hbkconsultancy.com"
122.183.50.3 - - [10/Feb/2026:02:51:42 +0000] "POST /xmlrpc.php HTTP/1.0" 200 617 "-" "Mozilla/5.0 (Macintosh; Intel Mac OS X 10_15_7; x86) AppleWebKit/537.36 (KHTML, like Gecko) Edge/97.0.0.0 Safari/537.36"
2a02:4780:41:6421::1 - - [10/Feb/2026:02:52:42 +0000] "POST /wp-cron.php?doing_wp_cron=1770691962.8657701015472412109375 HTTP/1.0" 200 412 "-" "WordPress/6.9; https://hbkconsultancy.com"
122.183.50.3 - - [10/Feb/2026:02:52:42 +0000] "POST /xmlrpc.php HTTP/1.0" 200 617 "-" "Mozilla/5.0 (Windows NT 6.3; arm64) AppleWebKit/537.36 (KHTML, like Gecko) Firefox/74.0.0.0 Safari/537.36"
2a02:4780:41:6421::1 - - [10/Feb/2026:02:53:42 +0000] "POST /wp-cron.php?doing_wp_cron=1770692022.9397089481353759765625 HTTP/1.0" 200 412 "-" "WordPress/6.9; https://hbkconsultancy.com"
122.183.50.3 - - [10/Feb/2026:02:53:42 +0000] "POST /xmlrpc.php HTTP/1.0" 200 617 "-" "Mozilla/5.0 (X11; Ubuntu; Linux x86_64; x86) AppleWebKit/537.36 (KHTML, like Gecko) Opera/67.0.0.0 Safari/537.36"
2a02:4780:41:6421::1 - - [10/Feb/2026:02:54:43 +0000] "POST /wp-cron.php?doing_wp_cron=1770692083.0344009399414062500000 HTTP/1.0" 200 412 "-" "WordPress/6.9; https://hbkconsultancy.com"
122.183.50.3 - - [10/Feb/2026:02:54:42 +0000] "POST /xmlrpc.php HTTP/1.0" 200 617 "-" "Mozilla/5.0 (Macintosh; Intel Mac OS X 10_15_7; arm64) AppleWebKit/537.36 (KHTML, like Gecko) Chrome/97.0.0.0 Safari/537.36"
184.75.221.211 - - [10/Feb/2026:02:54:51 +0000] "POST /xmlrpc.php HTTP/1.0" 200 609 "-" "Go-http-client/1.1"
2a02:4780:41:6421::1 - - [10/Feb/2026:02:55:42 +0000] "POST /wp-cron.php?doing_wp_cron=1770692142.3063960075378417968750 HTTP/1.0" 200 412 "-" "WordPress/6.9; https://hbkconsultancy.com"
122.183.50.3 - - [10/Feb/2026:02:55:41 +0000] "POST /xmlrpc.php HTTP/1.0" 200 617 "-" "Mozilla/5.0 (Linux; Android 10; arm64) AppleWebKit/537.36 (KHTML, like Gecko) Opera/72.0.0.0 Safari/537.36"
147.93.58.212 - - [10/Feb/2026:02:56:01 +0000] "GET / HTTP/1.0" 200 29042 "-" "Mozilla/5.0 (X11; Linux x86_64) AppleWebKit/537.36 (KHTML, like Gecko) Chrome/44.0.2403.157 Safari/537.36"
2a02:4780:41:6421::1 - - [10/Feb/2026:02:56:43 +0000] "POST /wp-cron.php?doing_wp_cron=1770692203.1558148860931396484375 HTTP/1.0" 200 412 "-" "WordPress/6.9; https://hbkconsultancy.com"
122.183.50.3 - - [10/Feb/2026:02:56:42 +0000] "POST /xmlrpc.php HTTP/1.0" 200 617 "-" "Mozilla/5.0 (Macintosh; Intel Mac OS X 10_15_7; x86) AppleWebKit/537.36 (KHTML, like Gecko) Safari/12.0.0.0 Safari/537.36"
136.144.33.17 - - [10/Feb/2026:02:57:31 +0000] "POST /wp-login.php HTTP/1.0" 200 3975 "-" "Mozilla/5.0"
193.36.225.131 - - [10/Feb/2026:02:57:31 +0000] "POST /wp-login.php HTTP/1.0" 200 3978 "-" "Mozilla/5.0"
172.245.102.9 - - [10/Feb/2026:02:57:31 +0000] "POST /wp-login.php HTTP/1.0" 200 3978 "-" "Mozilla/5.0"
2a02:4780:41:6421::1 - - [10/Feb/2026:02:57:32 +0000] "POST /wp-cron.php?doing_wp_cron=1770692252.2267470359802246093750 HTTP/1.0" 200 412 "-" "WordPress/6.9; https://hbkconsultancy.com"
37.140.223.26 - - [10/Feb/2026:02:57:31 +0000] "POST /wp-login.php HTTP/1.0" 200 3976 "-" "Mozilla/5.0"
37.140.223.5 - - [10/Feb/2026:02:57:31 +0000] "POST /wp-login.php HTTP/1.0" 200 3976 "-" "Mozilla/5.0"
193.36.225.133 - - [10/Feb/2026:02:57:31 +0000] "POST /wp-login.php HTTP/1.0" 200 3973 "-" "Mozilla/5.0"
37.140.223.23 - - [10/Feb/2026:02:57:31 +0000] "POST /wp-login.php HTTP/1.0" 200 3979 "-" "Mozilla/5.0"
122.183.50.3 - - [10/Feb/2026:02:57:42 +0000] "POST /xmlrpc.php HTTP/1.0" 200 617 "-" "Mozilla/5.0 (Windows NT 6.2; x64) AppleWebKit/537.36 (KHTML, like Gecko) Chrome/89.0.0.0 Safari/537.36"
122.183.50.3 - - [10/Feb/2026:02:58:42 +0000] "POST /xmlrpc.php HTTP/1.0" 200 617 "-" "Mozilla/5.0 (Linux; Android 10; x64) AppleWebKit/537.36 (KHTML, like Gecko) Firefox/83.0.0.0 Safari/537.36"
2a02:4780:41:6421::1 - - [10/Feb/2026:02:59:43 +0000] "POST /wp-cron.php?doing_wp_cron=1770692383.3866291046142578125000 HTTP/1.0" 200 412 "-" "WordPress/6.9; https://hbkconsultancy.com"
122.183.50.3 - - [10/Feb/2026:02:59:42 +0000] "POST /xmlrpc.php HTTP/1.0" 200 617 "-" "Mozilla/5.0 (Windows NT 10.0; x86) AppleWebKit/537.36 (KHTML, like Gecko) Firefox/86.0.0.0 Safari/537.36"
17.22.237.147 - - [10/Feb/2026:02:59:53 +0000] "GET /top-20-backpage-alternate-options-the-best-new-sites-like-backpage-com/ HTTP/1.0" 200 34251 "-" "Mozilla/5.0 (Macintosh; Intel Mac OS X 10_15_7) AppleWebKit/605.1.15 (KHTML, like Gecko) Version/17.4 Safari/605.1.15 (Applebot/0.1; +http://www.apple.com/go/applebot)"
147.93.58.212 - - [10/Feb/2026:03:00:01 +0000] "GET / HTTP/1.0" 200 29040 "-" "Mozilla/5.0 (X11; Linux x86_64) AppleWebKit/537.36 (KHTML, like Gecko) Chrome/44.0.2403.157 Safari/537.36"
2a02:4780:41:6421::1 - - [10/Feb/2026:03:00:41 +0000] "POST /wp-cron.php?doing_wp_cron=1770692441.3419709205627441406250 HTTP/1.0" 200 412 "-" "WordPress/6.9; https://hbkconsultancy.com"
122.183.50.3 - - [10/Feb/2026:03:00:40 +0000] "POST /xmlrpc.php HTTP/1.0" 200 617 "-" "Mozilla/5.0 (Macintosh; Intel Mac OS X 10_15_7; x64) AppleWebKit/537.36 (KHTML, like Gecko) Opera/78.0.0.0 Safari/537.36"
2a02:4780:41:6421::1 - - [10/Feb/2026:03:01:41 +0000] "POST /wp-cron.php?doing_wp_cron=1770692501.3659300804138183593750 HTTP/1.0" 200 412 "-" "WordPress/6.9; https://hbkconsultancy.com"
122.183.50.3 - - [10/Feb/2026:03:01:40 +0000] "POST /xmlrpc.php HTTP/1.0" 200 617 "-" "Mozilla/5.0 (X11; Ubuntu; Linux x86_64; x64) AppleWebKit/537.36 (KHTML, like Gecko) Chrome/88.0.0.0 Safari/537.36"
2a02:4780:41:6421::1 - - [10/Feb/2026:03:02:14 +0000] "POST /wp-cron.php?doing_wp_cron=1770692534.5706789493560791015625 HTTP/1.0" 200 404 "-" "WordPress/6.9; http://hbkconsultancy.com"
43.152.72.247 - - [10/Feb/2026:03:02:14 +0000] "GET / HTTP/1.0" 301 390 "-" "Mozilla/5.0 (iPhone; CPU iPhone OS 13_2_3 like Mac OS X) AppleWebKit/605.1.15 (KHTML, like Gecko) Version/13.0.3 Mobile/15E148 Safari/604.1"
43.152.72.247 - - [10/Feb/2026:03:02:16 +0000] "GET / HTTP/1.0" 200 29042 "http://www.hbkconsultancy.com" "Mozilla/5.0 (iPhone; CPU iPhone OS 13_2_3 like Mac OS X) AppleWebKit/605.1.15 (KHTML, like Gecko) Version/13.0.3 Mobile/15E148 Safari/604.1"
2a02:4780:41:6421::1 - - [10/Feb/2026:03:02:41 +0000] "POST /wp-cron.php?doing_wp_cron=1770692561.2918360233306884765625 HTTP/1.0" 200 412 "-" "WordPress/6.9; https://hbkconsultancy.com"
122.183.50.3 - - [10/Feb/2026:03:02:40 +0000] "POST /xmlrpc.php HTTP/1.0" 200 617 "-" "Mozilla/5.0 (X11; Ubuntu; Linux x86_64; x86) AppleWebKit/537.36 (KHTML, like Gecko) Opera/77.0.0.0 Safari/537.36"
85.208.96.193 - - [10/Feb/2026:03:02:55 +0000] "GET /robots.txt HTTP/1.0" 200 566 "-" "Mozilla/5.0 (compatible; SemrushBot/7~bl; +http://www.semrush.com/bot.html)"
85.208.96.212 - - [10/Feb/2026:03:02:56 +0000] "GET /1win-logon-register-to-your-own-account-2/ HTTP/1.0" 200 40598 "-" "Mozilla/5.0 (compatible; SemrushBot/7~bl; +http://www.semrush.com/bot.html)"
2a02:4780:41:6421::1 - - [10/Feb/2026:03:03:16 +0000] "POST /wp-cron.php?doing_wp_cron=1770692596.4026589393615722656250 HTTP/1.0" 200 404 "-" "WordPress/6.9; http://hbkconsultancy.com"
184.75.221.211 - - [10/Feb/2026:03:03:15 +0000] "POST /xmlrpc.php HTTP/1.0" 200 609 "-" "Go-http-client/1.1"
2a02:4780:41:6421::1 - - [10/Feb/2026:03:03:41 +0000] "POST /wp-cron.php?doing_wp_cron=1770692621.3116519451141357421875 HTTP/1.0" 200 412 "-" "WordPress/6.9; https://hbkconsultancy.com"
122.183.50.3 - - [10/Feb/2026:03:03:40 +0000] "POST /xmlrpc.php HTTP/1.0" 200 617 "-" "Mozilla/5.0 (X11; Ubuntu; Linux x86_64; x86) AppleWebKit/537.36 (KHTML, like Gecko) Opera/77.0.0.0 Safari/537.36"
185.156.175.60 - - [10/Feb/2026:03:03:49 +0000] "POST /xmlrpc.php HTTP/1.0" 200 609 "-" "Go-http-client/1.1"
2a02:4780:41:6421::1 - - [10/Feb/2026:03:04:41 +0000] "POST /wp-cron.php?doing_wp_cron=1770692681.3336379528045654296875 HTTP/1.0" 200 412 "-" "WordPress/6.9; https://hbkconsultancy.com"
122.183.50.3 - - [10/Feb/2026:03:04:40 +0000] "POST /xmlrpc.php HTTP/1.0" 200 617 "-" "Mozilla/5.0 (Macintosh; Intel Mac OS X 10_15_7; x86) AppleWebKit/537.36 (KHTML, like Gecko) Edge/82.0.0.0 Safari/537.36"
2a02:4780:41:6421::1 - - [10/Feb/2026:03:05:41 +0000] "POST /wp-cron.php?doing_wp_cron=1770692741.3367059230804443359375 HTTP/1.0" 200 412 "-" "WordPress/6.9; https://hbkconsultancy.com"
122.183.50.3 - - [10/Feb/2026:03:05:40 +0000] "POST /xmlrpc.php HTTP/1.0" 200 617 "-" "Mozilla/5.0 (Windows NT 6.2; x86) AppleWebKit/537.36 (KHTML, like Gecko) Edge/80.0.0.0 Safari/537.36"
2a02:4780:41:6421::1 - - [10/Feb/2026:03:06:31 +0000] "POST /wp-cron.php?doing_wp_cron=1770692791.4705948829650878906250 HTTP/1.0" 200 404 "-" "WordPress/6.9; http://hbkconsultancy.com"
185.156.175.60 - - [10/Feb/2026:03:06:30 +0000] "POST /xmlrpc.php HTTP/1.0" 200 609 "-" "Go-http-client/1.1"
122.183.50.3 - - [10/Feb/2026:03:06:40 +0000] "POST /xmlrpc.php HTTP/1.0" 200 617 "-" "Mozilla/5.0 (Windows NT 10.0; x86) AppleWebKit/537.36 (KHTML, like Gecko) Edge/92.0.0.0 Safari/537.36"
185.156.175.60 - - [10/Feb/2026:03:07:04 +0000] "POST /xmlrpc.php HTTP/1.0" 200 609 "-" "Go-http-client/1.1"
2a02:4780:41:6421::1 - - [10/Feb/2026:03:07:41 +0000] "POST /wp-cron.php?doing_wp_cron=1770692861.3370490074157714843750 HTTP/1.0" 200 412 "-" "WordPress/6.9; https://hbkconsultancy.com"
122.183.50.3 - - [10/Feb/2026:03:07:40 +0000] "POST /xmlrpc.php HTTP/1.0" 200 617 "-" "Mozilla/5.0 (X11; Ubuntu; Linux x86_64; x64) AppleWebKit/537.36 (KHTML, like Gecko) Firefox/95.0.0.0 Safari/537.36"
2a02:4780:41:6421::1 - - [10/Feb/2026:03:08:41 +0000] "POST /wp-cron.php?doing_wp_cron=1770692921.5725059509277343750000 HTTP/1.0" 200 412 "-" "WordPress/6.9; https://hbkconsultancy.com"
122.183.50.3 - - [10/Feb/2026:03:08:40 +0000] "POST /xmlrpc.php HTTP/1.0" 200 617 "-" "Mozilla/5.0 (Windows NT 6.3; x86) AppleWebKit/537.36 (KHTML, like Gecko) Opera/80.0.0.0 Safari/537.36"
2a02:4780:41:6421::1 - - [10/Feb/2026:03:09:41 +0000] "POST /wp-cron.php?doing_wp_cron=1770692981.3576281070709228515625 HTTP/1.0" 200 412 "-" "WordPress/6.9; https://hbkconsultancy.com"
122.183.50.3 - - [10/Feb/2026:03:09:40 +0000] "POST /xmlrpc.php HTTP/1.0" 200 617 "-" "Mozilla/5.0 (Windows NT 6.2; arm64) AppleWebKit/537.36 (KHTML, like Gecko) Opera/67.0.0.0 Safari/537.36"
2a02:4780:41:6421::1 - - [10/Feb/2026:03:10:41 +0000] "POST /wp-cron.php?doing_wp_cron=1770693041.3920431137084960937500 HTTP/1.0" 200 412 "-" "WordPress/6.9; https://hbkconsultancy.com"
122.183.50.3 - - [10/Feb/2026:03:10:40 +0000] "POST /xmlrpc.php HTTP/1.0" 200 617 "-" "Mozilla/5.0 (Windows NT 6.3; arm64) AppleWebKit/537.36 (KHTML, like Gecko) Edge/93.0.0.0 Safari/537.36"
2a02:4780:41:6421::1 - - [10/Feb/2026:03:11:41 +0000] "POST /wp-cron.php?doing_wp_cron=1770693101.3948040008544921875000 HTTP/1.0" 200 412 "-" "WordPress/6.9; https://hbkconsultancy.com"
122.183.50.3 - - [10/Feb/2026:03:11:40 +0000] "POST /xmlrpc.php HTTP/1.0" 200 617 "-" "Mozilla/5.0 (Linux; Android 10; x86) AppleWebKit/537.36 (KHTML, like Gecko) Chrome/114.0.0.0 Safari/537.36"
2a02:4780:41:6421::1 - - [10/Feb/2026:03:12:25 +0000] "POST /wp-cron.php?doing_wp_cron=1770693145.5905098915100097656250 HTTP/1.0" 200 412 "-" "WordPress/6.9; https://hbkconsultancy.com"
87.121.84.115 - - [10/Feb/2026:03:12:24 +0000] "GET / HTTP/1.0" 200 29037 "-" "ALittle Client"
216.244.66.245 - - [10/Feb/2026:03:12:29 +0000] "GET /?h=65375012 HTTP/1.0" 200 29054 "-" "Mozilla/5.0 (compatible; DotBot/1.2; +https://opensiteexplorer.org/dotbot; [email protected])"
2a02:4780:41:6421::1 - - [10/Feb/2026:03:12:35 +0000] "POST /wp-cron.php?doing_wp_cron=1770693155.5171830654144287109375 HTTP/1.0" 200 404 "-" "WordPress/6.9; http://hbkconsultancy.com"
216.244.66.245 - - [10/Feb/2026:03:12:34 +0000] "GET /?h=65929212 HTTP/1.0" 200 29055 "-" "Mozilla/5.0 (compatible; DotBot/1.2; +https://opensiteexplorer.org/dotbot; [email protected])"
216.244.66.245 - - [10/Feb/2026:03:12:40 +0000] "GET /?h=67543612 HTTP/1.0" 200 29055 "-" "Mozilla/5.0 (compatible; DotBot/1.2; +https://opensiteexplorer.org/dotbot; [email protected])"
122.183.50.3 - - [10/Feb/2026:03:12:40 +0000] "POST /xmlrpc.php HTTP/1.0" 200 617 "-" "Mozilla/5.0 (Windows NT 10.0; x86) AppleWebKit/537.36 (KHTML, like Gecko) Edge/93.0.0.0 Safari/537.36"
216.244.66.245 - - [10/Feb/2026:03:12:44 +0000] "GET /?h=68807812 HTTP/1.0" 200 29055 "-" "Mozilla/5.0 (compatible; DotBot/1.2; +https://opensiteexplorer.org/dotbot; [email protected])"
216.244.66.245 - - [10/Feb/2026:03:12:48 +0000] "GET /?h=68978212 HTTP/1.0" 200 29054 "-" "Mozilla/5.0 (compatible; DotBot/1.2; +https://opensiteexplorer.org/dotbot; [email protected])"
216.244.66.245 - - [10/Feb/2026:03:12:51 +0000] "GET /?h=73889812 HTTP/1.0" 200 29055 "-" "Mozilla/5.0 (compatible; DotBot/1.2; +https://opensiteexplorer.org/dotbot; [email protected])"
2a02:4780:41:6421::1 - - [10/Feb/2026:03:13:41 +0000] "POST /wp-cron.php?doing_wp_cron=1770693221.4476809501647949218750 HTTP/1.0" 200 412 "-" "WordPress/6.9; https://hbkconsultancy.com"
122.183.50.3 - - [10/Feb/2026:03:13:40 +0000] "POST /xmlrpc.php HTTP/1.0" 200 617 "-" "Mozilla/5.0 (Windows NT 10.0; arm64) AppleWebKit/537.36 (KHTML, like Gecko) Safari/13.0.0.0 Safari/537.36"
216.244.66.245 - - [10/Feb/2026:03:13:53 +0000] "GET /?h=10009512 HTTP/1.0" 200 29055 "-" "Mozilla/5.0 (compatible; DotBot/1.2; +https://opensiteexplorer.org/dotbot; [email protected])"
216.244.66.245 - - [10/Feb/2026:03:13:55 +0000] "GET /?h=10064512 HTTP/1.0" 200 29055 "-" "Mozilla/5.0 (compatible; DotBot/1.2; +https://opensiteexplorer.org/dotbot; [email protected])"
216.244.66.245 - - [10/Feb/2026:03:13:58 +0000] "GET /?h=10089512 HTTP/1.0" 200 29055 "-" "Mozilla/5.0 (compatible; DotBot/1.2; +https://opensiteexplorer.org/dotbot; [email protected])"
216.244.66.245 - - [10/Feb/2026:03:14:00 +0000] "GET /?h=10160212 HTTP/1.0" 200 29055 "-" "Mozilla/5.0 (compatible; DotBot/1.2; +https://opensiteexplorer.org/dotbot; [email protected])"
147.93.58.212 - - [10/Feb/2026:03:14:01 +0000] "GET / HTTP/1.0" 200 29042 "-" "Mozilla/5.0 (X11; Linux x86_64) AppleWebKit/537.36 (KHTML, like Gecko) Chrome/44.0.2403.157 Safari/537.36"
216.244.66.245 - - [10/Feb/2026:03:14:02 +0000] "GET /?h=10202212 HTTP/1.0" 200 29054 "-" "Mozilla/5.0 (compatible; DotBot/1.2; +https://opensiteexplorer.org/dotbot; [email protected])"
216.244.66.245 - - [10/Feb/2026:03:14:05 +0000] "GET /?h=10228612 HTTP/1.0" 200 29055 "-" "Mozilla/5.0 (compatible; DotBot/1.2; +https://opensiteexplorer.org/dotbot; [email protected])"
216.244.66.245 - - [10/Feb/2026:03:14:07 +0000] "GET /?h=10281912 HTTP/1.0" 200 29055 "-" "Mozilla/5.0 (compatible; DotBot/1.2; +https://opensiteexplorer.org/dotbot; [email protected])"
2a02:4780:41:6421::1 - - [10/Feb/2026:03:14:15 +0000] "POST /wp-cron.php?doing_wp_cron=1770693255.3309550285339355468750 HTTP/1.0" 200 404 "-" "WordPress/6.9; http://hbkconsultancy.com"
216.244.66.245 - - [10/Feb/2026:03:14:14 +0000] "GET /?h=10285912 HTTP/1.0" 200 29055 "-" "Mozilla/5.0 (compatible; DotBot/1.2; +https://opensiteexplorer.org/dotbot; [email protected])"
216.244.66.245 - - [10/Feb/2026:03:14:19 +0000] "GET /?h=10300912 HTTP/1.0" 200 29055 "-" "Mozilla/5.0 (compatible; DotBot/1.2; +https://opensiteexplorer.org/dotbot; [email protected])"
216.244.66.245 - - [10/Feb/2026:03:14:24 +0000] "GET /?h=10513612 HTTP/1.0" 200 29055 "-" "Mozilla/5.0 (compatible; DotBot/1.2; +https://opensiteexplorer.org/dotbot; [email protected])"
216.244.66.245 - - [10/Feb/2026:03:14:28 +0000] "GET /?h=10534912 HTTP/1.0" 200 29055 "-" "Mozilla/5.0 (compatible; DotBot/1.2; +https://opensiteexplorer.org/dotbot; [email protected])"
2a02:4780:41:6421::1 - - [10/Feb/2026:03:14:32 +0000] "POST /wp-cron.php?doing_wp_cron=1770693272.1844329833984375000000 HTTP/1.0" 200 404 "-" "WordPress/6.9; http://hbkconsultancy.com"
216.244.66.245 - - [10/Feb/2026:03:14:31 +0000] "GET /?h=10570412 HTTP/1.0" 200 29055 "-" "Mozilla/5.0 (compatible; DotBot/1.2; +https://opensiteexplorer.org/dotbot; [email protected])"
216.244.66.245 - - [10/Feb/2026:03:14:35 +0000] "GET /?h=10607812 HTTP/1.0" 200 29055 "-" "Mozilla/5.0 (compatible; DotBot/1.2; +https://opensiteexplorer.org/dotbot; [email protected])"
216.244.66.245 - - [10/Feb/2026:03:14:39 +0000] "GET /?h=10613412 HTTP/1.0" 200 29053 "-" "Mozilla/5.0 (compatible; DotBot/1.2; +https://opensiteexplorer.org/dotbot; [email protected])"
122.183.50.3 - - [10/Feb/2026:03:14:40 +0000] "POST /xmlrpc.php HTTP/1.0" 200 617 "-" "Mozilla/5.0 (X11; Ubuntu; Linux x86_64; x86) AppleWebKit/537.36 (KHTML, like Gecko) Opera/66.0.0.0 Safari/537.36"
216.244.66.245 - - [10/Feb/2026:03:14:41 +0000] "GET /?h=10764812 HTTP/1.0" 200 29055 "-" "Mozilla/5.0 (compatible; DotBot/1.2; +https://opensiteexplorer.org/dotbot; [email protected])"
216.244.66.245 - - [10/Feb/2026:03:14:44 +0000] "GET /?h=10765412 HTTP/1.0" 200 29055 "-" "Mozilla/5.0 (compatible; DotBot/1.2; +https://opensiteexplorer.org/dotbot; [email protected])"
216.244.66.245 - - [10/Feb/2026:03:14:46 +0000] "GET /?h=10848912 HTTP/1.0" 200 29055 "-" "Mozilla/5.0 (compatible; DotBot/1.2; +https://opensiteexplorer.org/dotbot; [email protected])"
216.244.66.245 - - [10/Feb/2026:03:14:49 +0000] "GET /?h=10945012 HTTP/1.0" 200 29054 "-" "Mozilla/5.0 (compatible; DotBot/1.2; +https://opensiteexplorer.org/dotbot; [email protected])"
216.244.66.245 - - [10/Feb/2026:03:14:52 +0000] "GET /?h=11035312 HTTP/1.0" 200 29055 "-" "Mozilla/5.0 (compatible; DotBot/1.2; +https://opensiteexplorer.org/dotbot; [email protected])"
216.244.66.245 - - [10/Feb/2026:03:14:54 +0000] "GET /?h=11042012 HTTP/1.0" 200 29054 "-" "Mozilla/5.0 (compatible; DotBot/1.2; +https://opensiteexplorer.org/dotbot; [email protected])"
216.244.66.245 - - [10/Feb/2026:03:14:56 +0000] "GET /?h=11057012 HTTP/1.0" 200 29055 "-" "Mozilla/5.0 (compatible; DotBot/1.2; +https://opensiteexplorer.org/dotbot; [email protected])"
216.244.66.245 - - [10/Feb/2026:03:15:00 +0000] "GET /?h=11247512 HTTP/1.0" 200 29055 "-" "Mozilla/5.0 (compatible; DotBot/1.2; +https://opensiteexplorer.org/dotbot; [email protected])"
216.244.66.245 - - [10/Feb/2026:03:15:05 +0000] "GET /?h=11271912 HTTP/1.0" 200 29054 "-" "Mozilla/5.0 (compatible; DotBot/1.2; +https://opensiteexplorer.org/dotbot; [email protected])"
216.244.66.245 - - [10/Feb/2026:03:15:10 +0000] "GET /?h=11293912 HTTP/1.0" 200 29056 "-" "Mozilla/5.0 (compatible; DotBot/1.2; +https://opensiteexplorer.org/dotbot; [email protected])"
2a02:4780:41:6421::1 - - [10/Feb/2026:03:15:15 +0000] "POST /wp-cron.php?doing_wp_cron=1770693315.1372940540313720703125 HTTP/1.0" 200 404 "-" "WordPress/6.9; http://hbkconsultancy.com"
216.244.66.245 - - [10/Feb/2026:03:15:14 +0000] "GET /?h=11313312 HTTP/1.0" 200 29054 "-" "Mozilla/5.0 (compatible; DotBot/1.2; +https://opensiteexplorer.org/dotbot; [email protected])"
216.244.66.245 - - [10/Feb/2026:03:15:18 +0000] "GET /?h=11450812 HTTP/1.0" 200 29054 "-" "Mozilla/5.0 (compatible; DotBot/1.2; +https://opensiteexplorer.org/dotbot; [email protected])"
216.244.66.245 - - [10/Feb/2026:03:15:22 +0000] "GET /?h=11471912 HTTP/1.0" 200 29055 "-" "Mozilla/5.0 (compatible; DotBot/1.2; +https://opensiteexplorer.org/dotbot; [email protected])"
216.244.66.245 - - [10/Feb/2026:03:15:25 +0000] "GET /?h=11473512 HTTP/1.0" 200 29055 "-" "Mozilla/5.0 (compatible; DotBot/1.2; +https://opensiteexplorer.org/dotbot; [email protected])"
216.244.66.245 - - [10/Feb/2026:03:15:28 +0000] "GET /?h=11573012 HTTP/1.0" 200 29055 "-" "Mozilla/5.0 (compatible; DotBot/1.2; +https://opensiteexplorer.org/dotbot; [email protected])"
2a02:4780:41:6421::1 - - [10/Feb/2026:03:15:32 +0000] "POST /wp-cron.php?doing_wp_cron=1770693332.3576378822326660156250 HTTP/1.0" 200 404 "-" "WordPress/6.9; http://hbkconsultancy.com"
216.244.66.245 - - [10/Feb/2026:03:15:31 +0000] "GET /?h=11579412 HTTP/1.0" 200 29055 "-" "Mozilla/5.0 (compatible; DotBot/1.2; +https://opensiteexplorer.org/dotbot; [email protected])"
216.244.66.245 - - [10/Feb/2026:03:15:39 +0000] "GET /?h=11582912 HTTP/1.0" 200 29055 "-" "Mozilla/5.0 (compatible; DotBot/1.2; +https://opensiteexplorer.org/dotbot; [email protected])"
122.183.50.3 - - [10/Feb/2026:03:15:40 +0000] "POST /xmlrpc.php HTTP/1.0" 200 617 "-" "Mozilla/5.0 (Windows NT 6.3; x86) AppleWebKit/537.36 (KHTML, like Gecko) Safari/11.0.0.0 Safari/537.36"
216.244.66.245 - - [10/Feb/2026:03:15:46 +0000] "GET /?h=11610212 HTTP/1.0" 200 29055 "-" "Mozilla/5.0 (compatible; DotBot/1.2; +https://opensiteexplorer.org/dotbot; [email protected])"
216.244.66.245 - - [10/Feb/2026:03:15:53 +0000] "GET /?h=11682012 HTTP/1.0" 200 29054 "-" "Mozilla/5.0 (compatible; DotBot/1.2; +https://opensiteexplorer.org/dotbot; [email protected])"
216.244.66.245 - - [10/Feb/2026:03:15:59 +0000] "GET /?h=11706912 HTTP/1.0" 200 29053 "-" "Mozilla/5.0 (compatible; DotBot/1.2; +https://opensiteexplorer.org/dotbot; [email protected])"
216.244.66.245 - - [10/Feb/2026:03:16:03 +0000] "GET /?h=11712512 HTTP/1.0" 200 29055 "-" "Mozilla/5.0 (compatible; DotBot/1.2; +https://opensiteexplorer.org/dotbot; [email protected])"
216.244.66.245 - - [10/Feb/2026:03:16:07 +0000] "GET /?h=11735212 HTTP/1.0" 200 29055 "-" "Mozilla/5.0 (compatible; DotBot/1.2; +https://opensiteexplorer.org/dotbot; [email protected])"
216.244.66.245 - - [10/Feb/2026:03:16:11 +0000] "GET /?h=11787212 HTTP/1.0" 200 29055 "-" "Mozilla/5.0 (compatible; DotBot/1.2; +https://opensiteexplorer.org/dotbot; [email protected])"
2a02:4780:41:6421::1 - - [10/Feb/2026:03:16:15 +0000] "POST /wp-cron.php?doing_wp_cron=1770693374.9982540607452392578125 HTTP/1.0" 200 404 "-" "WordPress/6.9; http://hbkconsultancy.com"
