138.199.35.5 - - [10/Feb/2026:02:05:45 +0000] "POST /xmlrpc.php HTTP/1.0" 200 628 "-" "Mozilla/5.0 (Windows NT 10.0; Win64; x64) AppleWebKit/537.36 (KHTML, like Gecko) Chrome/78.0.3904.108 Safari/537.36"
138.199.35.5 - - [10/Feb/2026:02:05:45 +0000] "POST /xmlrpc.php HTTP/1.0" 200 628 "-" "Mozilla/5.0 (Windows NT 10.0; Win64; x64) AppleWebKit/537.36 (KHTML, like Gecko) Chrome/78.0.3904.108 Safari/537.36"
138.199.35.5 - - [10/Feb/2026:02:05:46 +0000] "POST /xmlrpc.php HTTP/1.0" 200 628 "-" "Mozilla/5.0 (Windows NT 10.0; Win64; x64) AppleWebKit/537.36 (KHTML, like Gecko) Chrome/78.0.3904.108 Safari/537.36"
138.199.35.5 - - [10/Feb/2026:02:05:46 +0000] "POST /xmlrpc.php HTTP/1.0" 200 628 "-" "Mozilla/5.0 (Windows NT 10.0; Win64; x64) AppleWebKit/537.36 (KHTML, like Gecko) Chrome/78.0.3904.108 Safari/537.36"
138.199.35.5 - - [10/Feb/2026:02:05:46 +0000] "POST /xmlrpc.php HTTP/1.0" 200 628 "-" "Mozilla/5.0 (Windows NT 10.0; Win64; x64) AppleWebKit/537.36 (KHTML, like Gecko) Chrome/78.0.3904.108 Safari/537.36"
138.199.35.5 - - [10/Feb/2026:02:05:47 +0000] "POST /xmlrpc.php HTTP/1.0" 200 628 "-" "Mozilla/5.0 (Windows NT 10.0; Win64; x64) AppleWebKit/537.36 (KHTML, like Gecko) Chrome/78.0.3904.108 Safari/537.36"
138.199.35.5 - - [10/Feb/2026:02:05:47 +0000] "POST /xmlrpc.php HTTP/1.0" 200 628 "-" "Mozilla/5.0 (Windows NT 10.0; Win64; x64) AppleWebKit/537.36 (KHTML, like Gecko) Chrome/78.0.3904.108 Safari/537.36"
138.199.35.5 - - [10/Feb/2026:02:05:48 +0000] "POST /xmlrpc.php HTTP/1.0" 200 628 "-" "Mozilla/5.0 (Windows NT 10.0; Win64; x64) AppleWebKit/537.36 (KHTML, like Gecko) Chrome/78.0.3904.108 Safari/537.36"
138.199.35.5 - - [10/Feb/2026:02:05:48 +0000] "POST /xmlrpc.php HTTP/1.0" 200 628 "-" "Mozilla/5.0 (Windows NT 10.0; Win64; x64) AppleWebKit/537.36 (KHTML, like Gecko) Chrome/78.0.3904.108 Safari/537.36"
138.199.35.5 - - [10/Feb/2026:02:05:49 +0000] "POST /xmlrpc.php HTTP/1.0" 200 628 "-" "Mozilla/5.0 (Windows NT 10.0; Win64; x64) AppleWebKit/537.36 (KHTML, like Gecko) Chrome/78.0.3904.108 Safari/537.36"
138.199.35.5 - - [10/Feb/2026:02:05:49 +0000] "POST /xmlrpc.php HTTP/1.0" 200 628 "-" "Mozilla/5.0 (Windows NT 10.0; Win64; x64) AppleWebKit/537.36 (KHTML, like Gecko) Chrome/78.0.3904.108 Safari/537.36"
138.199.35.5 - - [10/Feb/2026:02:05:49 +0000] "POST /xmlrpc.php HTTP/1.0" 200 628 "-" "Mozilla/5.0 (Windows NT 10.0; Win64; x64) AppleWebKit/537.36 (KHTML, like Gecko) Chrome/78.0.3904.108 Safari/537.36"
138.199.35.5 - - [10/Feb/2026:02:05:50 +0000] "POST /xmlrpc.php HTTP/1.0" 200 628 "-" "Mozilla/5.0 (Windows NT 10.0; Win64; x64) AppleWebKit/537.36 (KHTML, like Gecko) Chrome/78.0.3904.108 Safari/537.36"
138.199.35.5 - - [10/Feb/2026:02:05:50 +0000] "POST /xmlrpc.php HTTP/1.0" 200 628 "-" "Mozilla/5.0 (Windows NT 10.0; Win64; x64) AppleWebKit/537.36 (KHTML, like Gecko) Chrome/78.0.3904.108 Safari/537.36"
138.199.35.5 - - [10/Feb/2026:02:05:51 +0000] "POST /xmlrpc.php HTTP/1.0" 200 628 "-" "Mozilla/5.0 (Windows NT 10.0; Win64; x64) AppleWebKit/537.36 (KHTML, like Gecko) Chrome/78.0.3904.108 Safari/537.36"
138.199.35.5 - - [10/Feb/2026:02:05:51 +0000] "POST /xmlrpc.php HTTP/1.0" 200 628 "-" "Mozilla/5.0 (Windows NT 10.0; Win64; x64) AppleWebKit/537.36 (KHTML, like Gecko) Chrome/78.0.3904.108 Safari/537.36"
138.199.35.5 - - [10/Feb/2026:02:05:51 +0000] "POST /xmlrpc.php HTTP/1.0" 200 628 "-" "Mozilla/5.0 (Windows NT 10.0; Win64; x64) AppleWebKit/537.36 (KHTML, like Gecko) Chrome/78.0.3904.108 Safari/537.36"
138.199.35.5 - - [10/Feb/2026:02:05:52 +0000] "POST /xmlrpc.php HTTP/1.0" 200 628 "-" "Mozilla/5.0 (Windows NT 10.0; Win64; x64) AppleWebKit/537.36 (KHTML, like Gecko) Chrome/78.0.3904.108 Safari/537.36"
138.199.35.5 - - [10/Feb/2026:02:05:52 +0000] "POST /xmlrpc.php HTTP/1.0" 200 628 "-" "Mozilla/5.0 (Windows NT 10.0; Win64; x64) AppleWebKit/537.36 (KHTML, like Gecko) Chrome/78.0.3904.108 Safari/537.36"
138.199.35.5 - - [10/Feb/2026:02:05:53 +0000] "POST /xmlrpc.php HTTP/1.0" 200 628 "-" "Mozilla/5.0 (Windows NT 10.0; Win64; x64) AppleWebKit/537.36 (KHTML, like Gecko) Chrome/78.0.3904.108 Safari/537.36"
122.183.50.3 - - [10/Feb/2026:02:05:53 +0000] "POST /xmlrpc.php HTTP/1.0" 200 617 "-" "Mozilla/5.0 (Windows NT 6.3; x64) AppleWebKit/537.36 (KHTML, like Gecko) Safari/14.0.0.0 Safari/537.36"
138.199.35.5 - - [10/Feb/2026:02:05:53 +0000] "POST /xmlrpc.php HTTP/1.0" 200 628 "-" "Mozilla/5.0 (Windows NT 10.0; Win64; x64) AppleWebKit/537.36 (KHTML, like Gecko) Chrome/78.0.3904.108 Safari/537.36"
138.199.35.5 - - [10/Feb/2026:02:05:53 +0000] "POST /xmlrpc.php HTTP/1.0" 200 628 "-" "Mozilla/5.0 (Windows NT 10.0; Win64; x64) AppleWebKit/537.36 (KHTML, like Gecko) Chrome/78.0.3904.108 Safari/537.36"
138.199.35.5 - - [10/Feb/2026:02:05:54 +0000] "POST /xmlrpc.php HTTP/1.0" 200 628 "-" "Mozilla/5.0 (Windows NT 10.0; Win64; x64) AppleWebKit/537.36 (KHTML, like Gecko) Chrome/78.0.3904.108 Safari/537.36"
138.199.35.5 - - [10/Feb/2026:02:05:54 +0000] "POST /xmlrpc.php HTTP/1.0" 200 628 "-" "Mozilla/5.0 (Windows NT 10.0; Win64; x64) AppleWebKit/537.36 (KHTML, like Gecko) Chrome/78.0.3904.108 Safari/537.36"
138.199.35.5 - - [10/Feb/2026:02:05:55 +0000] "POST /xmlrpc.php HTTP/1.0" 200 628 "-" "Mozilla/5.0 (Windows NT 10.0; Win64; x64) AppleWebKit/537.36 (KHTML, like Gecko) Chrome/78.0.3904.108 Safari/537.36"
138.199.35.5 - - [10/Feb/2026:02:05:55 +0000] "POST /xmlrpc.php HTTP/1.0" 200 628 "-" "Mozilla/5.0 (Windows NT 10.0; Win64; x64) AppleWebKit/537.36 (KHTML, like Gecko) Chrome/78.0.3904.108 Safari/537.36"
138.199.35.5 - - [10/Feb/2026:02:05:55 +0000] "POST /xmlrpc.php HTTP/1.0" 200 628 "-" "Mozilla/5.0 (Windows NT 10.0; Win64; x64) AppleWebKit/537.36 (KHTML, like Gecko) Chrome/78.0.3904.108 Safari/537.36"
138.199.35.5 - - [10/Feb/2026:02:05:56 +0000] "POST /xmlrpc.php HTTP/1.0" 200 628 "-" "Mozilla/5.0 (Windows NT 10.0; Win64; x64) AppleWebKit/537.36 (KHTML, like Gecko) Chrome/78.0.3904.108 Safari/537.36"
138.199.35.5 - - [10/Feb/2026:02:05:56 +0000] "POST /xmlrpc.php HTTP/1.0" 200 628 "-" "Mozilla/5.0 (Windows NT 10.0; Win64; x64) AppleWebKit/537.36 (KHTML, like Gecko) Chrome/78.0.3904.108 Safari/537.36"
138.199.35.5 - - [10/Feb/2026:02:05:57 +0000] "POST /xmlrpc.php HTTP/1.0" 200 628 "-" "Mozilla/5.0 (Windows NT 10.0; Win64; x64) AppleWebKit/537.36 (KHTML, like Gecko) Chrome/78.0.3904.108 Safari/537.36"
138.199.35.5 - - [10/Feb/2026:02:05:57 +0000] "POST /xmlrpc.php HTTP/1.0" 200 628 "-" "Mozilla/5.0 (Windows NT 10.0; Win64; x64) AppleWebKit/537.36 (KHTML, like Gecko) Chrome/78.0.3904.108 Safari/537.36"
138.199.35.5 - - [10/Feb/2026:02:05:58 +0000] "POST /xmlrpc.php HTTP/1.0" 200 628 "-" "Mozilla/5.0 (Windows NT 10.0; Win64; x64) AppleWebKit/537.36 (KHTML, like Gecko) Chrome/78.0.3904.108 Safari/537.36"
138.199.35.5 - - [10/Feb/2026:02:05:58 +0000] "POST /xmlrpc.php HTTP/1.0" 200 628 "-" "Mozilla/5.0 (Windows NT 10.0; Win64; x64) AppleWebKit/537.36 (KHTML, like Gecko) Chrome/78.0.3904.108 Safari/537.36"
138.199.35.5 - - [10/Feb/2026:02:05:58 +0000] "POST /xmlrpc.php HTTP/1.0" 200 628 "-" "Mozilla/5.0 (Windows NT 10.0; Win64; x64) AppleWebKit/537.36 (KHTML, like Gecko) Chrome/78.0.3904.108 Safari/537.36"
138.199.35.5 - - [10/Feb/2026:02:05:59 +0000] "POST /xmlrpc.php HTTP/1.0" 200 628 "-" "Mozilla/5.0 (Windows NT 10.0; Win64; x64) AppleWebKit/537.36 (KHTML, like Gecko) Chrome/78.0.3904.108 Safari/537.36"
138.199.35.5 - - [10/Feb/2026:02:05:59 +0000] "POST /xmlrpc.php HTTP/1.0" 200 628 "-" "Mozilla/5.0 (Windows NT 10.0; Win64; x64) AppleWebKit/537.36 (KHTML, like Gecko) Chrome/78.0.3904.108 Safari/537.36"
138.199.35.5 - - [10/Feb/2026:02:06:00 +0000] "POST /xmlrpc.php HTTP/1.0" 200 762 "-" "Mozilla/5.0 (Windows NT 10.0; Win64; x64) AppleWebKit/537.36 (KHTML, like Gecko) Chrome/78.0.3904.108 Safari/537.36"
2a02:4780:41:6421::1 - - [10/Feb/2026:02:06:54 +0000] "POST /wp-cron.php?doing_wp_cron=1770689214.0415029525756835937500 HTTP/1.0" 200 412 "-" "WordPress/6.9; https://hbkconsultancy.com"
122.183.50.3 - - [10/Feb/2026:02:06:53 +0000] "POST /xmlrpc.php HTTP/1.0" 200 617 "-" "Mozilla/5.0 (Windows NT 6.2; x64) AppleWebKit/537.36 (KHTML, like Gecko) Opera/80.0.0.0 Safari/537.36"
2a02:4780:41:6421::1 - - [10/Feb/2026:02:07:58 +0000] "POST /wp-cron.php?doing_wp_cron=1770689278.8849160671234130859375 HTTP/1.0" 200 412 "-" "WordPress/6.9; https://hbkconsultancy.com"
122.183.50.3 - - [10/Feb/2026:02:07:58 +0000] "POST /xmlrpc.php HTTP/1.0" 200 617 "-" "Mozilla/5.0 (Windows NT 10.0; x64) AppleWebKit/537.36 (KHTML, like Gecko) Firefox/70.0.0.0 Safari/537.36"
2a02:4780:41:6421::1 - - [10/Feb/2026:02:08:51 +0000] "POST /wp-cron.php?doing_wp_cron=1770689331.0132369995117187500000 HTTP/1.0" 200 412 "-" "WordPress/6.9; https://hbkconsultancy.com"
122.183.50.3 - - [10/Feb/2026:02:08:50 +0000] "POST /xmlrpc.php HTTP/1.0" 200 617 "-" "Mozilla/5.0 (Windows NT 10.0; arm64) AppleWebKit/537.36 (KHTML, like Gecko) Safari/12.0.0.0 Safari/537.36"
2a02:4780:41:6421::1 - - [10/Feb/2026:02:09:23 +0000] "POST /wp-cron.php?doing_wp_cron=1770689363.2291190624237060546875 HTTP/1.0" 200 412 "-" "WordPress/6.9; https://hbkconsultancy.com"
147.185.132.109 - - [10/Feb/2026:02:09:22 +0000] "GET / HTTP/1.0" 301 399 "-" "Hello from Palo Alto Networks, find out more about our scans in https://docs-cortex.paloaltonetworks.com/r/1/Cortex-Xpanse/Scanning-activity"
122.183.50.3 - - [10/Feb/2026:02:09:50 +0000] "POST /xmlrpc.php HTTP/1.0" 200 617 "-" "Mozilla/5.0 (Macintosh; Intel Mac OS X 10_15_7; x86) AppleWebKit/537.36 (KHTML, like Gecko) Opera/61.0.0.0 Safari/537.36"
2a02:4780:41:6421::1 - - [10/Feb/2026:02:09:50 +0000] "POST /wp-cron.php?doing_wp_cron=1770689390.7134709358215332031250 HTTP/1.0" 200 412 "-" "WordPress/6.9; https://hbkconsultancy.com"
17.22.245.76 - - [10/Feb/2026:02:09:50 +0000] "GET /robots.txt HTTP/1.0" 200 582 "-" "Mozilla/5.0 (Macintosh; Intel Mac OS X 10_15_7) AppleWebKit/605.1.15 (KHTML, like Gecko) Version/17.4 Safari/605.1.15 (Applebot/0.1; +http://www.apple.com/go/applebot)"
17.22.245.76 - - [10/Feb/2026:02:09:51 +0000] "GET /finest-online-casinos-down-under-top-aussie-betting-sites-2025-4/ HTTP/1.0" 200 41219 "-" "Mozilla/5.0 (Macintosh; Intel Mac OS X 10_15_7) AppleWebKit/605.1.15 (KHTML, like Gecko) Version/17.4 Safari/605.1.15 (Applebot/0.1; +http://www.apple.com/go/applebot)"
193.36.225.135 - - [10/Feb/2026:02:10:38 +0000] "POST /wp-login.php HTTP/1.0" 200 3979 "-" "Mozilla/5.0"
193.36.225.134 - - [10/Feb/2026:02:10:38 +0000] "POST /wp-login.php HTTP/1.0" 200 3973 "-" "Mozilla/5.0"
37.140.223.5 - - [10/Feb/2026:02:10:38 +0000] "POST /wp-login.php HTTP/1.0" 200 3978 "-" "Mozilla/5.0"
193.36.225.138 - - [10/Feb/2026:02:10:38 +0000] "POST /wp-login.php HTTP/1.0" 200 3976 "-" "Mozilla/5.0"
37.140.223.14 - - [10/Feb/2026:02:10:38 +0000] "POST /wp-login.php HTTP/1.0" 200 3978 "-" "Mozilla/5.0"
172.245.102.9 - - [10/Feb/2026:02:10:38 +0000] "POST /wp-login.php HTTP/1.0" 200 3976 "-" "Mozilla/5.0"
37.140.223.4 - - [10/Feb/2026:02:10:38 +0000] "POST /wp-login.php HTTP/1.0" 200 3975 "-" "Mozilla/5.0"
2a02:4780:41:6421::1 - - [10/Feb/2026:02:10:39 +0000] "POST /wp-cron.php?doing_wp_cron=1770689439.2760601043701171875000 HTTP/1.0" 200 412 "-" "WordPress/6.9; https://hbkconsultancy.com"
122.183.50.3 - - [10/Feb/2026:02:10:54 +0000] "POST /xmlrpc.php HTTP/1.0" 200 617 "-" "Mozilla/5.0 (Macintosh; Intel Mac OS X 10_15_7; x64) AppleWebKit/537.36 (KHTML, like Gecko) Opera/70.0.0.0 Safari/537.36"
2a02:4780:41:6421::1 - - [10/Feb/2026:02:11:51 +0000] "POST /wp-cron.php?doing_wp_cron=1770689511.8305900096893310546875 HTTP/1.0" 200 412 "-" "WordPress/6.9; https://hbkconsultancy.com"
122.183.50.3 - - [10/Feb/2026:02:11:51 +0000] "POST /xmlrpc.php HTTP/1.0" 200 617 "-" "Mozilla/5.0 (Linux; Android 10; arm64) AppleWebKit/537.36 (KHTML, like Gecko) Chrome/107.0.0.0 Safari/537.36"
2a02:4780:41:6421::1 - - [10/Feb/2026:02:12:34 +0000] "POST /wp-cron.php?doing_wp_cron=1770689554.4805860519409179687500 HTTP/1.0" 200 412 "-" "WordPress/6.9; https://hbkconsultancy.com"
114.119.140.186 - - [10/Feb/2026:02:12:33 +0000] "GET /blog-grid/page/65 HTTP/1.0" 301 417 "https://hbkconsultancy.com/blog-grid/page/64" "Mozilla/5.0 (Linux; Android 7.0;) AppleWebKit/537.36 (KHTML, like Gecko) Mobile Safari/537.36 (compatible; PetalBot;+https://webmaster.petalsearch.com/site/petalbot)"
114.119.140.186 - - [10/Feb/2026:02:12:35 +0000] "GET /blog-grid/page/65/ HTTP/1.0" 200 24274 "https://hbkconsultancy.com/blog-grid/page/64" "Mozilla/5.0 (Linux; Android 7.0;) AppleWebKit/537.36 (KHTML, like Gecko) Mobile Safari/537.36 (compatible; PetalBot;+https://webmaster.petalsearch.com/site/petalbot)"
122.183.50.3 - - [10/Feb/2026:02:12:49 +0000] "POST /xmlrpc.php HTTP/1.0" 200 617 "-" "Mozilla/5.0 (Windows NT 10.0; arm64) AppleWebKit/537.36 (KHTML, like Gecko) Firefox/74.0.0.0 Safari/537.36"
2a02:4780:41:6421::1 - - [10/Feb/2026:02:13:49 +0000] "POST /wp-cron.php?doing_wp_cron=1770689629.7592649459838867187500 HTTP/1.0" 200 412 "-" "WordPress/6.9; https://hbkconsultancy.com"
122.183.50.3 - - [10/Feb/2026:02:13:48 +0000] "POST /xmlrpc.php HTTP/1.0" 200 617 "-" "Mozilla/5.0 (Macintosh; Intel Mac OS X 10_15_7; x64) AppleWebKit/537.36 (KHTML, like Gecko) Opera/65.0.0.0 Safari/537.36"
147.93.58.212 - - [10/Feb/2026:02:14:01 +0000] "GET / HTTP/1.0" 200 29042 "-" "Mozilla/5.0 (X11; Linux x86_64) AppleWebKit/537.36 (KHTML, like Gecko) Chrome/44.0.2403.157 Safari/537.36"
114.119.130.54 - - [10/Feb/2026:02:14:02 +0000] "GET /2025/02/page/9 HTTP/1.0" 301 414 "https://hbkconsultancy.com/2025/02/page/10" "Mozilla/5.0 (Linux; Android 7.0;) AppleWebKit/537.36 (KHTML, like Gecko) Mobile Safari/537.36 (compatible; PetalBot;+https://webmaster.petalsearch.com/site/petalbot)"
114.119.130.54 - - [10/Feb/2026:02:14:04 +0000] "GET /2025/02/page/9/ HTTP/1.0" 200 28962 "https://hbkconsultancy.com/2025/02/page/10" "Mozilla/5.0 (Linux; Android 7.0;) AppleWebKit/537.36 (KHTML, like Gecko) Mobile Safari/537.36 (compatible; PetalBot;+https://webmaster.petalsearch.com/site/petalbot)"
2a02:4780:41:6421::1 - - [10/Feb/2026:02:14:54 +0000] "POST /wp-cron.php?doing_wp_cron=1770689694.5289659500122070312500 HTTP/1.0" 200 412 "-" "WordPress/6.9; https://hbkconsultancy.com"
122.183.50.3 - - [10/Feb/2026:02:14:53 +0000] "POST /xmlrpc.php HTTP/1.0" 200 617 "-" "Mozilla/5.0 (Windows NT 6.2; arm64) AppleWebKit/537.36 (KHTML, like Gecko) Edge/81.0.0.0 Safari/537.36"
2a02:4780:41:6421::1 - - [10/Feb/2026:02:15:21 +0000] "POST /wp-cron.php?doing_wp_cron=1770689721.7037429809570312500000 HTTP/1.0" 200 404 "-" "WordPress/6.9; http://hbkconsultancy.com"
114.119.151.5 - - [10/Feb/2026:02:15:21 +0000] "GET /my-courses/?query-0-page=31&cst HTTP/1.0" 200 27139 "http://hbkconsultancy.com/my-courses/?query-0-page=32" "Mozilla/5.0 (Linux; Android 7.0;) AppleWebKit/537.36 (KHTML, like Gecko) Mobile Safari/537.36 (compatible; PetalBot;+https://webmaster.petalsearch.com/site/petalbot)"
2a02:4780:41:6421::1 - - [10/Feb/2026:02:15:49 +0000] "POST /wp-cron.php?doing_wp_cron=1770689749.1858749389648437500000 HTTP/1.0" 200 412 "-" "WordPress/6.9; https://hbkconsultancy.com"
122.183.50.3 - - [10/Feb/2026:02:15:48 +0000] "POST /xmlrpc.php HTTP/1.0" 200 617 "-" "Mozilla/5.0 (Windows NT 10.0; x86) AppleWebKit/537.36 (KHTML, like Gecko) Opera/69.0.0.0 Safari/537.36"
2a02:4780:41:6421::1 - - [10/Feb/2026:02:16:45 +0000] "POST /wp-cron.php?doing_wp_cron=1770689805.2455189228057861328125 HTTP/1.0" 200 404 "-" "WordPress/6.9; http://hbkconsultancy.com"
114.119.130.54 - - [10/Feb/2026:02:16:44 +0000] "GET /10-best-online-casinos-australia-for-real-money-gaming-in-2025 HTTP/1.0" 301 503 "http://hbkconsultancy.com/2-columns/page/11" "Mozilla/5.0 (Linux; Android 7.0;) AppleWebKit/537.36 (KHTML, like Gecko) Mobile Safari/537.36 (compatible; PetalBot;+https://webmaster.petalsearch.com/site/petalbot)"
114.119.130.54 - - [10/Feb/2026:02:16:46 +0000] "GET /10-best-online-casinos-australia-for-real-money-gaming-in-2025/ HTTP/1.0" 200 41602 "http://hbkconsultancy.com/2-columns/page/11" "Mozilla/5.0 (Linux; Android 7.0;) AppleWebKit/537.36 (KHTML, like Gecko) Mobile Safari/537.36 (compatible; PetalBot;+https://webmaster.petalsearch.com/site/petalbot)"
122.183.50.3 - - [10/Feb/2026:02:16:48 +0000] "POST /xmlrpc.php HTTP/1.0" 200 617 "-" "Mozilla/5.0 (Windows NT 6.2; arm64) AppleWebKit/537.36 (KHTML, like Gecko) Safari/15.0.0.0 Safari/537.36"
2a02:4780:41:6421::1 - - [10/Feb/2026:02:17:49 +0000] "POST /wp-cron.php?doing_wp_cron=1770689869.4580860137939453125000 HTTP/1.0" 200 412 "-" "WordPress/6.9; https://hbkconsultancy.com"
122.183.50.3 - - [10/Feb/2026:02:17:48 +0000] "POST /xmlrpc.php HTTP/1.0" 200 617 "-" "Mozilla/5.0 (Windows NT 6.2; arm64) AppleWebKit/537.36 (KHTML, like Gecko) Edge/93.0.0.0 Safari/537.36"
122.183.50.3 - - [10/Feb/2026:02:18:48 +0000] "POST /xmlrpc.php HTTP/1.0" 200 617 "-" "Mozilla/5.0 (X11; Ubuntu; Linux x86_64; arm64) AppleWebKit/537.36 (KHTML, like Gecko) Chrome/91.0.0.0 Safari/537.36"
2a02:4780:41:6421::1 - - [10/Feb/2026:02:18:50 +0000] "POST /wp-cron.php?doing_wp_cron=1770689930.6113560199737548828125 HTTP/1.0" 200 412 "-" "WordPress/6.9; https://hbkconsultancy.com"
122.183.50.3 - - [10/Feb/2026:02:19:49 +0000] "POST /xmlrpc.php HTTP/1.0" 200 617 "-" "Mozilla/5.0 (Macintosh; Intel Mac OS X 10_15_7; x86) AppleWebKit/537.36 (KHTML, like Gecko) Firefox/80.0.0.0 Safari/537.36"
52.167.144.159 - - [10/Feb/2026:02:20:11 +0000] "GET /medbrat/ HTTP/1.0" 200 27318 "-" "Mozilla/5.0 AppleWebKit/537.36 (KHTML, like Gecko; compatible; bingbot/2.0; +http://www.bing.com/bingbot.htm) Chrome/116.0.1938.76 Safari/537.36"
66.249.68.136 - - [10/Feb/2026:02:20:12 +0000] "GET / HTTP/1.0" 200 29037 "-" "Googlebot-Image/1.0"
122.183.50.3 - - [10/Feb/2026:02:20:47 +0000] "POST /xmlrpc.php HTTP/1.0" 200 617 "-" "Mozilla/5.0 (Windows NT 10.0; x86) AppleWebKit/537.36 (KHTML, like Gecko) Edge/100.0.0.0 Safari/537.36"
122.183.50.3 - - [10/Feb/2026:02:21:46 +0000] "POST /xmlrpc.php HTTP/1.0" 200 617 "-" "Mozilla/5.0 (Windows NT 10.0; x86) AppleWebKit/537.36 (KHTML, like Gecko) Firefox/84.0.0.0 Safari/537.36"
2a02:4780:41:6421::1 - - [10/Feb/2026:02:21:47 +0000] "POST /wp-cron.php?doing_wp_cron=1770690107.1546700000762939453125 HTTP/1.0" 200 412 "-" "WordPress/6.9; https://hbkconsultancy.com"
198.54.134.252 - - [10/Feb/2026:02:22:19 +0000] "POST /xmlrpc.php HTTP/1.0" 200 609 "-" "Go-http-client/1.1"
2a02:4780:41:6421::1 - - [10/Feb/2026:02:22:19 +0000] "POST /wp-cron.php?doing_wp_cron=1770690139.6613380908966064453125 HTTP/1.0" 200 404 "-" "WordPress/6.9; http://hbkconsultancy.com"
122.183.50.3 - - [10/Feb/2026:02:22:46 +0000] "POST /xmlrpc.php HTTP/1.0" 200 617 "-" "Mozilla/5.0 (X11; Ubuntu; Linux x86_64; x64) AppleWebKit/537.36 (KHTML, like Gecko) Firefox/75.0.0.0 Safari/537.36"
2a02:4780:41:6421::1 - - [10/Feb/2026:02:22:47 +0000] "POST /wp-cron.php?doing_wp_cron=1770690167.2768030166625976562500 HTTP/1.0" 200 412 "-" "WordPress/6.9; https://hbkconsultancy.com"
37.46.199.70 - - [10/Feb/2026:02:23:43 +0000] "POST /xmlrpc.php HTTP/1.0" 200 609 "-" "Go-http-client/1.1"
2a02:4780:41:6421::1 - - [10/Feb/2026:02:23:44 +0000] "POST /wp-cron.php?doing_wp_cron=1770690224.3653240203857421875000 HTTP/1.0" 200 404 "-" "WordPress/6.9; http://hbkconsultancy.com"
122.183.50.3 - - [10/Feb/2026:02:23:46 +0000] "POST /xmlrpc.php HTTP/1.0" 200 617 "-" "Mozilla/5.0 (Linux; Android 10; arm64) AppleWebKit/537.36 (KHTML, like Gecko) Safari/14.0.0.0 Safari/537.36"
66.249.68.136 - - [10/Feb/2026:02:24:17 +0000] "GET /product-sitemap.xml HTTP/1.0" 200 983 "-" "Mozilla/5.0 (compatible; Googlebot/2.1; +http://www.google.com/bot.html)"
2a02:4780:41:6421::1 - - [10/Feb/2026:02:24:17 +0000] "POST /wp-cron.php?doing_wp_cron=1770690257.4830050468444824218750 HTTP/1.0" 200 412 "-" "WordPress/6.9; https://hbkconsultancy.com"
122.183.50.3 - - [10/Feb/2026:02:24:49 +0000] "POST /xmlrpc.php HTTP/1.0" 200 617 "-" "Mozilla/5.0 (Windows NT 10.0; x64) AppleWebKit/537.36 (KHTML, like Gecko) Firefox/75.0.0.0 Safari/537.36"
2a02:4780:41:6421::1 - - [10/Feb/2026:02:24:50 +0000] "POST /wp-cron.php?doing_wp_cron=1770690289.9940960407257080078125 HTTP/1.0" 200 412 "-" "WordPress/6.9; https://hbkconsultancy.com"
122.183.50.3 - - [10/Feb/2026:02:25:46 +0000] "POST /xmlrpc.php HTTP/1.0" 200 617 "-" "Mozilla/5.0 (Windows NT 6.2; x64) AppleWebKit/537.36 (KHTML, like Gecko) Opera/78.0.0.0 Safari/537.36"
2a02:4780:41:6421::1 - - [10/Feb/2026:02:25:46 +0000] "POST /wp-cron.php?doing_wp_cron=1770690346.7829930782318115234375 HTTP/1.0" 200 412 "-" "WordPress/6.9; https://hbkconsultancy.com"
193.36.225.248 - - [10/Feb/2026:02:26:18 +0000] "POST /wp-login.php HTTP/1.0" 200 3976 "-" "Mozilla/5.0"
2a02:4780:41:6421::1 - - [10/Feb/2026:02:26:19 +0000] "POST /wp-cron.php?doing_wp_cron=1770690379.0563941001892089843750 HTTP/1.0" 200 412 "-" "WordPress/6.9; https://hbkconsultancy.com"
172.245.102.9 - - [10/Feb/2026:02:26:18 +0000] "POST /wp-login.php HTTP/1.0" 200 3979 "-" "Mozilla/5.0"
193.36.225.131 - - [10/Feb/2026:02:26:18 +0000] "POST /wp-login.php HTTP/1.0" 200 3978 "-" "Mozilla/5.0"
193.36.225.117 - - [10/Feb/2026:02:26:18 +0000] "POST /wp-login.php HTTP/1.0" 200 3973 "-" "Mozilla/5.0"
193.36.225.136 - - [10/Feb/2026:02:26:19 +0000] "POST /wp-login.php HTTP/1.0" 200 3975 "-" "Mozilla/5.0"
193.36.225.129 - - [10/Feb/2026:02:26:19 +0000] "POST /wp-login.php HTTP/1.0" 200 3976 "-" "Mozilla/5.0"
172.245.102.8 - - [10/Feb/2026:02:26:19 +0000] "POST /wp-login.php HTTP/1.0" 200 3978 "-" "Mozilla/5.0"
2a02:4780:41:6421::1 - - [10/Feb/2026:02:26:47 +0000] "POST /wp-cron.php?doing_wp_cron=1770690407.4602549076080322265625 HTTP/1.0" 200 412 "-" "WordPress/6.9; https://hbkconsultancy.com"
122.183.50.3 - - [10/Feb/2026:02:26:46 +0000] "POST /xmlrpc.php HTTP/1.0" 200 617 "-" "Mozilla/5.0 (Macintosh; Intel Mac OS X 10_15_7; arm64) AppleWebKit/537.36 (KHTML, like Gecko) Edge/99.0.0.0 Safari/537.36"
2a02:4780:41:6421::1 - - [10/Feb/2026:02:27:19 +0000] "POST /wp-cron.php?doing_wp_cron=1770690439.7276709079742431640625 HTTP/1.0" 200 412 "-" "WordPress/6.9; https://hbkconsultancy.com"
87.121.84.115 - - [10/Feb/2026:02:27:18 +0000] "GET / HTTP/1.0" 200 29036 "-" "ALittle Client"
2a02:4780:41:6421::1 - - [10/Feb/2026:02:27:46 +0000] "POST /wp-cron.php?doing_wp_cron=1770690466.7965428829193115234375 HTTP/1.0" 200 412 "-" "WordPress/6.9; https://hbkconsultancy.com"
122.183.50.3 - - [10/Feb/2026:02:27:46 +0000] "POST /xmlrpc.php HTTP/1.0" 200 617 "-" "Mozilla/5.0 (Windows NT 6.2; x64) AppleWebKit/537.36 (KHTML, like Gecko) Chrome/111.0.0.0 Safari/537.36"
147.93.58.212 - - [10/Feb/2026:02:28:02 +0000] "GET / HTTP/1.0" 200 29042 "-" "Mozilla/5.0 (X11; Linux x86_64) AppleWebKit/537.36 (KHTML, like Gecko) Chrome/44.0.2403.157 Safari/537.36"
64.42.179.51 - - [10/Feb/2026:02:28:03 +0000] "POST /xmlrpc.php HTTP/1.0" 200 609 "-" "Go-http-client/1.1"
2a02:4780:41:6421::1 - - [10/Feb/2026:02:28:15 +0000] "POST /wp-cron.php?doing_wp_cron=1770690495.5056378841400146484375 HTTP/1.0" 200 404 "-" "WordPress/6.9; http://hbkconsultancy.com"
64.42.179.51 - - [10/Feb/2026:02:28:15 +0000] "POST /xmlrpc.php HTTP/1.0" 200 609 "-" "Go-http-client/1.1"
2a02:4780:41:6421::1 - - [10/Feb/2026:02:28:43 +0000] "POST /wp-cron.php?doing_wp_cron=1770690523.5464119911193847656250 HTTP/1.0" 200 412 "-" "WordPress/6.9; https://hbkconsultancy.com"
122.183.50.3 - - [10/Feb/2026:02:28:43 +0000] "POST /xmlrpc.php HTTP/1.0" 200 617 "-" "Mozilla/5.0 (Windows NT 10.0; x86) AppleWebKit/537.36 (KHTML, like Gecko) Chrome/104.0.0.0 Safari/537.36"
2a02:4780:41:6421::1 - - [10/Feb/2026:02:29:32 +0000] "POST /wp-cron.php?doing_wp_cron=1770690572.1863710880279541015625 HTTP/1.0" 200 412 "-" "WordPress/6.9; https://hbkconsultancy.com"
114.119.140.186 - - [10/Feb/2026:02:29:31 +0000] "GET /1win-logon-register-to-your-own-account/ HTTP/1.0" 200 40154 "https://hbkconsultancy.com/the-simple-most-readily-useful-technique-to-use-for-hot-swedish-women-revealed" "Mozilla/5.0 (Linux; Android 7.0;) AppleWebKit/537.36 (KHTML, like Gecko) Mobile Safari/537.36 (compatible; PetalBot;+https://webmaster.petalsearch.com/site/petalbot)"
216.244.66.245 - - [10/Feb/2026:02:29:40 +0000] "GET /?h=22426612 HTTP/1.0" 200 29055 "-" "Mozilla/5.0 (compatible; DotBot/1.2; +https://opensiteexplorer.org/dotbot; [email protected])"
122.183.50.3 - - [10/Feb/2026:02:29:43 +0000] "POST /xmlrpc.php HTTP/1.0" 200 617 "-" "Mozilla/5.0 (Linux; Android 10; x86) AppleWebKit/537.36 (KHTML, like Gecko) Chrome/99.0.0.0 Safari/537.36"
216.244.66.245 - - [10/Feb/2026:02:29:45 +0000] "GET /?h=22595412 HTTP/1.0" 200 29056 "-" "Mozilla/5.0 (compatible; DotBot/1.2; +https://opensiteexplorer.org/dotbot; [email protected])"
216.244.66.245 - - [10/Feb/2026:02:29:52 +0000] "GET /?h=22695412 HTTP/1.0" 200 29056 "-" "Mozilla/5.0 (compatible; DotBot/1.2; +https://opensiteexplorer.org/dotbot; [email protected])"
216.244.66.245 - - [10/Feb/2026:02:29:57 +0000] "GET /?h=23381412 HTTP/1.0" 200 29056 "-" "Mozilla/5.0 (compatible; DotBot/1.2; +https://opensiteexplorer.org/dotbot; [email protected])"
205.169.39.241 - - [10/Feb/2026:02:29:59 +0000] "GET / HTTP/1.0" 200 29037 "-" "Mozilla/5.0 (Windows NT 6.1; Win64; x64) AppleWebKit/537.36 (KHTML, like Gecko) Chrome/83.0.4103.61 Safari/537.36"
216.244.66.245 - - [10/Feb/2026:02:30:01 +0000] "GET /?h=23594712 HTTP/1.0" 200 29054 "-" "Mozilla/5.0 (compatible; DotBot/1.2; +https://opensiteexplorer.org/dotbot; [email protected])"
216.244.66.245 - - [10/Feb/2026:02:30:05 +0000] "GET /?h=23616812 HTTP/1.0" 200 29054 "-" "Mozilla/5.0 (compatible; DotBot/1.2; +https://opensiteexplorer.org/dotbot; [email protected])"
216.244.66.245 - - [10/Feb/2026:02:30:08 +0000] "GET /?h=23997412 HTTP/1.0" 200 29053 "-" "Mozilla/5.0 (compatible; DotBot/1.2; +https://opensiteexplorer.org/dotbot; [email protected])"
216.244.66.245 - - [10/Feb/2026:02:30:11 +0000] "GET /?h=24016812 HTTP/1.0" 200 29054 "-" "Mozilla/5.0 (compatible; DotBot/1.2; +https://opensiteexplorer.org/dotbot; [email protected])"
2a02:4780:41:6421::1 - - [10/Feb/2026:02:30:14 +0000] "POST /wp-cron.php?doing_wp_cron=1770690614.4715259075164794921875 HTTP/1.0" 200 404 "-" "WordPress/6.9; http://hbkconsultancy.com"
216.244.66.245 - - [10/Feb/2026:02:30:13 +0000] "GET /?h=24034512 HTTP/1.0" 200 29055 "-" "Mozilla/5.0 (compatible; DotBot/1.2; +https://opensiteexplorer.org/dotbot; [email protected])"
216.244.66.245 - - [10/Feb/2026:02:30:17 +0000] "GET /?h=24219012 HTTP/1.0" 200 29055 "-" "Mozilla/5.0 (compatible; DotBot/1.2; +https://opensiteexplorer.org/dotbot; [email protected])"
216.244.66.245 - - [10/Feb/2026:02:30:20 +0000] "GET /?h=24336812 HTTP/1.0" 200 29055 "-" "Mozilla/5.0 (compatible; DotBot/1.2; +https://opensiteexplorer.org/dotbot; [email protected])"
216.244.66.245 - - [10/Feb/2026:02:30:23 +0000] "GET /?h=24405912 HTTP/1.0" 200 29055 "-" "Mozilla/5.0 (compatible; DotBot/1.2; +https://opensiteexplorer.org/dotbot; [email protected])"
216.244.66.245 - - [10/Feb/2026:02:30:25 +0000] "GET /?h=24934112 HTTP/1.0" 200 29055 "-" "Mozilla/5.0 (compatible; DotBot/1.2; +https://opensiteexplorer.org/dotbot; [email protected])"
216.244.66.245 - - [10/Feb/2026:02:30:27 +0000] "GET /?h=25427912 HTTP/1.0" 200 29055 "-" "Mozilla/5.0 (compatible; DotBot/1.2; +https://opensiteexplorer.org/dotbot; [email protected])"
2a02:4780:41:6421::1 - - [10/Feb/2026:02:30:30 +0000] "POST /wp-cron.php?doing_wp_cron=1770690630.5732719898223876953125 HTTP/1.0" 200 404 "-" "WordPress/6.9; http://hbkconsultancy.com"
216.244.66.245 - - [10/Feb/2026:02:30:29 +0000] "GET /?h=26056612 HTTP/1.0" 200 29055 "-" "Mozilla/5.0 (compatible; DotBot/1.2; +https://opensiteexplorer.org/dotbot; [email protected])"
205.169.39.241 - - [10/Feb/2026:02:30:35 +0000] "GET / HTTP/1.0" 200 29037 "-" "Mozilla/5.0 (Windows NT 10.0; Win64; x64) AppleWebKit/537.36 (KHTML, like Gecko) Chrome/79.0.3945.79 Safari/537.36"
216.244.66.245 - - [10/Feb/2026:02:30:36 +0000] "GET /?h=26684512 HTTP/1.0" 200 29055 "-" "Mozilla/5.0 (compatible; DotBot/1.2; +https://opensiteexplorer.org/dotbot; [email protected])"
205.169.39.241 - - [10/Feb/2026:02:30:39 +0000] "GET /home/hbkconsultancy/public_html/wp-content/fonts/cairo/SLXVc1nY6HkvangtZmpQdkhzfH5lkSscRiyS.woff2 HTTP/1.0" 404 126511 "https://hbkconsultancy.com/" "Mozilla/5.0 (Windows NT 10.0; Win64; x64) AppleWebKit/537.36 (KHTML, like Gecko) Chrome/79.0.3945.79 Safari/537.36"
205.169.39.241 - - [10/Feb/2026:02:30:39 +0000] "GET /home/hbkconsultancy/public_html/wp-content/fonts/cairo/SLXVc1nY6HkvangtZmpQdkhzfH5lkSscQyyS4J0.woff2 HTTP/1.0" 404 126511 "https://hbkconsultancy.com/" "Mozilla/5.0 (Windows NT 10.0; Win64; x64) AppleWebKit/537.36 (KHTML, like Gecko) Chrome/79.0.3945.79 Safari/537.36"
216.244.66.245 - - [10/Feb/2026:02:30:40 +0000] "GET /?h=27370812 HTTP/1.0" 200 29055 "-" "Mozilla/5.0 (compatible; DotBot/1.2; +https://opensiteexplorer.org/dotbot; [email protected])"
122.183.50.3 - - [10/Feb/2026:02:30:43 +0000] "POST /xmlrpc.php HTTP/1.0" 200 617 "-" "Mozilla/5.0 (Linux; Android 10; x86) AppleWebKit/537.36 (KHTML, like Gecko) Safari/11.0.0.0 Safari/537.36"
216.244.66.245 - - [10/Feb/2026:02:30:44 +0000] "GET /?h=27444212 HTTP/1.0" 200 29055 "-" "Mozilla/5.0 (compatible; DotBot/1.2; +https://opensiteexplorer.org/dotbot; [email protected])"
216.244.66.245 - - [10/Feb/2026:02:30:47 +0000] "GET /?h=27979012 HTTP/1.0" 200 29055 "-" "Mozilla/5.0 (compatible; DotBot/1.2; +https://opensiteexplorer.org/dotbot; [email protected])"
216.244.66.245 - - [10/Feb/2026:02:30:50 +0000] "GET /?h=29537612 HTTP/1.0" 200 29055 "-" "Mozilla/5.0 (compatible; DotBot/1.2; +https://opensiteexplorer.org/dotbot; [email protected])"
216.244.66.245 - - [10/Feb/2026:02:30:53 +0000] "GET /?h=30057412 HTTP/1.0" 200 29055 "-" "Mozilla/5.0 (compatible; DotBot/1.2; +https://opensiteexplorer.org/dotbot; [email protected])"
114.119.151.5 - - [10/Feb/2026:02:30:55 +0000] "GET /events/world-university-convocation/ HTTP/1.0" 200 24647 "http://hbkconsultancy.com/tp-event-tag/event/" "Mozilla/5.0 (Linux; Android 7.0;) AppleWebKit/537.36 (KHTML, like Gecko) Mobile Safari/537.36 (compatible; PetalBot;+https://webmaster.petalsearch.com/site/petalbot)"
216.244.66.245 - - [10/Feb/2026:02:30:56 +0000] "GET /?h=30270612 HTTP/1.0" 200 29055 "-" "Mozilla/5.0 (compatible; DotBot/1.2; +https://opensiteexplorer.org/dotbot; [email protected])"
216.244.66.245 - - [10/Feb/2026:02:30:58 +0000] "GET /?h=30949612 HTTP/1.0" 200 29054 "-" "Mozilla/5.0 (compatible; DotBot/1.2; +https://opensiteexplorer.org/dotbot; [email protected])"
216.244.66.245 - - [10/Feb/2026:02:31:01 +0000] "GET /?h=31400312 HTTP/1.0" 200 29055 "-" "Mozilla/5.0 (compatible; DotBot/1.2; +https://opensiteexplorer.org/dotbot; [email protected])"
216.244.66.245 - - [10/Feb/2026:02:31:07 +0000] "GET /?h=32873312 HTTP/1.0" 200 29055 "-" "Mozilla/5.0 (compatible; DotBot/1.2; +https://opensiteexplorer.org/dotbot; [email protected])"
216.244.66.245 - - [10/Feb/2026:02:31:12 +0000] "GET /?h=33295112 HTTP/1.0" 200 29055 "-" "Mozilla/5.0 (compatible; DotBot/1.2; +https://opensiteexplorer.org/dotbot; [email protected])"
2a02:4780:41:6421::1 - - [10/Feb/2026:02:31:17 +0000] "POST /wp-cron.php?doing_wp_cron=1770690677.2449219226837158203125 HTTP/1.0" 200 404 "-" "WordPress/6.9; http://hbkconsultancy.com"
216.244.66.245 - - [10/Feb/2026:02:31:16 +0000] "GET /?h=33836612 HTTP/1.0" 200 29055 "-" "Mozilla/5.0 (compatible; DotBot/1.2; +https://opensiteexplorer.org/dotbot; [email protected])"
64.42.179.51 - - [10/Feb/2026:02:31:19 +0000] "POST /xmlrpc.php HTTP/1.0" 200 609 "-" "Go-http-client/1.1"
216.244.66.245 - - [10/Feb/2026:02:31:20 +0000] "GET /?h=34246312 HTTP/1.0" 200 29055 "-" "Mozilla/5.0 (compatible; DotBot/1.2; +https://opensiteexplorer.org/dotbot; [email protected])"
216.244.66.245 - - [10/Feb/2026:02:31:24 +0000] "GET /?h=34387012 HTTP/1.0" 200 29055 "-" "Mozilla/5.0 (compatible; DotBot/1.2; +https://opensiteexplorer.org/dotbot; [email protected])"
216.244.66.245 - - [10/Feb/2026:02:31:26 +0000] "GET /?h=34483912 HTTP/1.0" 200 29055 "-" "Mozilla/5.0 (compatible; DotBot/1.2; +https://opensiteexplorer.org/dotbot; [email protected])"
2a02:4780:41:6421::1 - - [10/Feb/2026:02:31:30 +0000] "POST /wp-cron.php?doing_wp_cron=1770690690.4570920467376708984375 HTTP/1.0" 200 404 "-" "WordPress/6.9; http://hbkconsultancy.com"
216.244.66.245 - - [10/Feb/2026:02:31:29 +0000] "GET /?h=34802012 HTTP/1.0" 200 29055 "-" "Mozilla/5.0 (compatible; DotBot/1.2; +https://opensiteexplorer.org/dotbot; [email protected])"
216.244.66.245 - - [10/Feb/2026:02:31:33 +0000] "GET /?h=35123512 HTTP/1.0" 200 29054 "-" "Mozilla/5.0 (compatible; DotBot/1.2; +https://opensiteexplorer.org/dotbot; [email protected])"
216.244.66.245 - - [10/Feb/2026:02:31:36 +0000] "GET /?h=35627512 HTTP/1.0" 200 29055 "-" "Mozilla/5.0 (compatible; DotBot/1.2; +https://opensiteexplorer.org/dotbot; [email protected])"
216.244.66.245 - - [10/Feb/2026:02:31:39 +0000] "GET /?h=36160412 HTTP/1.0" 200 29053 "-" "Mozilla/5.0 (compatible; DotBot/1.2; +https://opensiteexplorer.org/dotbot; [email protected])"
216.244.66.245 - - [10/Feb/2026:02:31:42 +0000] "GET /?h=36351412 HTTP/1.0" 200 29055 "-" "Mozilla/5.0 (compatible; DotBot/1.2; +https://opensiteexplorer.org/dotbot; [email protected])"
122.183.50.3 - - [10/Feb/2026:02:31:43 +0000] "POST /xmlrpc.php HTTP/1.0" 200 617 "-" "Mozilla/5.0 (Windows NT 6.2; x64) AppleWebKit/537.36 (KHTML, like Gecko) Firefox/93.0.0.0 Safari/537.36"
216.244.66.245 - - [10/Feb/2026:02:31:44 +0000] "GET /?h=36636512 HTTP/1.0" 200 29055 "-" "Mozilla/5.0 (compatible; DotBot/1.2; +https://opensiteexplorer.org/dotbot; [email protected])"
216.244.66.245 - - [10/Feb/2026:02:31:47 +0000] "GET /?h=36933512 HTTP/1.0" 200 29055 "-" "Mozilla/5.0 (compatible; DotBot/1.2; +https://opensiteexplorer.org/dotbot; [email protected])"
216.244.66.245 - - [10/Feb/2026:02:31:49 +0000] "GET /?h=37141512 HTTP/1.0" 200 29055 "-" "Mozilla/5.0 (compatible; DotBot/1.2; +https://opensiteexplorer.org/dotbot; [email protected])"
216.244.66.245 - - [10/Feb/2026:02:31:51 +0000] "GET /?h=37459312 HTTP/1.0" 200 29055 "-" "Mozilla/5.0 (compatible; DotBot/1.2; +https://opensiteexplorer.org/dotbot; [email protected])"
216.244.66.245 - - [10/Feb/2026:02:31:54 +0000] "GET /?h=37710712 HTTP/1.0" 200 29055 "-" "Mozilla/5.0 (compatible; DotBot/1.2; +https://opensiteexplorer.org/dotbot; [email protected])"
216.244.66.245 - - [10/Feb/2026:02:31:56 +0000] "GET /?h=37925012 HTTP/1.0" 200 29055 "-" "Mozilla/5.0 (compatible; DotBot/1.2; +https://opensiteexplorer.org/dotbot; [email protected])"
216.244.66.245 - - [10/Feb/2026:02:31:59 +0000] "GET /?h=39255912 HTTP/1.0" 200 29057 "-" "Mozilla/5.0 (compatible; DotBot/1.2; +https://opensiteexplorer.org/dotbot; [email protected])"
216.244.66.245 - - [10/Feb/2026:02:32:02 +0000] "GET /?h=39302012 HTTP/1.0" 200 29055 "-" "Mozilla/5.0 (compatible; DotBot/1.2; +https://opensiteexplorer.org/dotbot; [email protected])"
216.244.66.245 - - [10/Feb/2026:02:32:05 +0000] "GET /?h=40179312 HTTP/1.0" 200 29055 "-" "Mozilla/5.0 (compatible; DotBot/1.2; +https://opensiteexplorer.org/dotbot; [email protected])"
216.244.66.245 - - [10/Feb/2026:02:32:07 +0000] "GET /?h=40693812 HTTP/1.0" 200 29055 "-" "Mozilla/5.0 (compatible; DotBot/1.2; +https://opensiteexplorer.org/dotbot; [email protected])"
216.244.66.245 - - [10/Feb/2026:02:32:11 +0000] "GET /?h=42006212 HTTP/1.0" 200 29055 "-" "Mozilla/5.0 (compatible; DotBot/1.2; +https://opensiteexplorer.org/dotbot; [email protected])"
2a02:4780:41:6421::1 - - [10/Feb/2026:02:32:15 +0000] "POST /wp-cron.php?doing_wp_cron=1770690735.4014320373535156250000 HTTP/1.0" 200 404 "-" "WordPress/6.9; http://hbkconsultancy.com"
216.244.66.245 - - [10/Feb/2026:02:32:14 +0000] "GET /?h=42140612 HTTP/1.0" 200 29054 "-" "Mozilla/5.0 (compatible; DotBot/1.2; +https://opensiteexplorer.org/dotbot; [email protected])"
216.244.66.245 - - [10/Feb/2026:02:32:22 +0000] "GET /?h=42161312 HTTP/1.0" 200 29054 "-" "Mozilla/5.0 (compatible; DotBot/1.2; +https://opensiteexplorer.org/dotbot; [email protected])"
216.244.66.245 - - [10/Feb/2026:02:32:28 +0000] "GET /?h=42226212 HTTP/1.0" 200 29053 "-" "Mozilla/5.0 (compatible; DotBot/1.2; +https://opensiteexplorer.org/dotbot; [email protected])"
216.244.66.245 - - [10/Feb/2026:02:32:34 +0000] "GET /?h=42251912 HTTP/1.0" 200 29055 "-" "Mozilla/5.0 (compatible; DotBot/1.2; +https://opensiteexplorer.org/dotbot; [email protected])"
216.244.66.245 - - [10/Feb/2026:02:32:40 +0000] "GET /?h=42301312 HTTP/1.0" 200 29054 "-" "Mozilla/5.0 (compatible; DotBot/1.2; +https://opensiteexplorer.org/dotbot; [email protected])"
122.183.50.3 - - [10/Feb/2026:02:32:43 +0000] "POST /xmlrpc.php HTTP/1.0" 200 617 "-" "Mozilla/5.0 (Windows NT 10.0; x86) AppleWebKit/537.36 (KHTML, like Gecko) Opera/65.0.0.0 Safari/537.36"
216.244.66.245 - - [10/Feb/2026:02:32:44 +0000] "GET /?h=42307912 HTTP/1.0" 200 29056 "-" "Mozilla/5.0 (compatible; DotBot/1.2; +https://opensiteexplorer.org/dotbot; [email protected])"
138.199.35.5 - - [10/Feb/2026:02:32:46 +0000] "GET / HTTP/1.0" 200 29037 "-" "Mozilla/5.0 (Windows NT 10.0; Win64; x64) AppleWebKit/537.36 (KHTML, like Gecko) Chrome/78.0.3904.108 Safari/537.36"
138.199.35.5 - - [10/Feb/2026:02:32:47 +0000] "GET //wp-includes/wlwmanifest.xml HTTP/1.0" 301 442 "-" "Mozilla/5.0 (Windows NT 10.0; Win64; x64) AppleWebKit/537.36 (KHTML, like Gecko) Chrome/78.0.3904.108 Safari/537.36"
138.199.35.5 - - [10/Feb/2026:02:32:48 +0000] "GET //xmlrpc.php?rsd HTTP/1.0" 200 674 "-" "Mozilla/5.0 (Windows NT 10.0; Win64; x64) AppleWebKit/537.36 (KHTML, like Gecko) Chrome/78.0.3904.108 Safari/537.36"
216.244.66.245 - - [10/Feb/2026:02:32:48 +0000] "GET /?h=42315312 HTTP/1.0" 200 29054 "-" "Mozilla/5.0 (compatible; DotBot/1.2; +https://opensiteexplorer.org/dotbot; [email protected])"
138.199.35.5 - - [10/Feb/2026:02:32:48 +0000] "GET //?author=1 HTTP/1.0" 301 286 "-" "Mozilla/5.0 (Windows NT 10.0; Win64; x64) AppleWebKit/537.36 (KHTML, like Gecko) Chrome/78.0.3904.108 Safari/537.36"
138.199.35.5 - - [10/Feb/2026:02:32:49 +0000] "GET //?author=2 HTTP/1.0" 301 283 "-" "Mozilla/5.0 (Windows NT 10.0; Win64; x64) AppleWebKit/537.36 (KHTML, like Gecko) Chrome/78.0.3904.108 Safari/537.36"
138.199.35.5 - - [10/Feb/2026:02:32:50 +0000] "GET //wp-json/wp/v2/users/ HTTP/1.0" 200 6143 "-" "Mozilla/5.0 (Windows NT 10.0; Win64; x64) AppleWebKit/537.36 (KHTML, like Gecko) Chrome/78.0.3904.108 Safari/537.36"
138.199.35.5 - - [10/Feb/2026:02:32:50 +0000] "POST //xmlrpc.php HTTP/1.0" 200 636 "-" "Mozilla/5.0 (Windows NT 10.0; Win64; x64) AppleWebKit/537.36 (KHTML, like Gecko) Chrome/78.0.3904.108 Safari/537.36"
216.244.66.245 - - [10/Feb/2026:02:32:51 +0000] "GET /?h=42332012 HTTP/1.0" 200 29054 "-" "Mozilla/5.0 (compatible; DotBot/1.2; +https://opensiteexplorer.org/dotbot; [email protected])"
138.199.35.5 - - [10/Feb/2026:02:32:51 +0000] "POST //xmlrpc.php HTTP/1.0" 200 636 "-" "Mozilla/5.0 (Windows NT 10.0; Win64; x64) AppleWebKit/537.36 (KHTML, like Gecko) Chrome/78.0.3904.108 Safari/537.36"
138.199.35.5 - - [10/Feb/2026:02:32:52 +0000] "POST //xmlrpc.php HTTP/1.0" 200 636 "-" "Mozilla/5.0 (Windows NT 10.0; Win64; x64) AppleWebKit/537.36 (KHTML, like Gecko) Chrome/78.0.3904.108 Safari/537.36"
138.199.35.5 - - [10/Feb/2026:02:32:53 +0000] "POST //xmlrpc.php HTTP/1.0" 200 636 "-" "Mozilla/5.0 (Windows NT 10.0; Win64; x64) AppleWebKit/537.36 (KHTML, like Gecko) Chrome/78.0.3904.108 Safari/537.36"
138.199.35.5 - - [10/Feb/2026:02:32:53 +0000] "POST //xmlrpc.php HTTP/1.0" 200 636 "-" "Mozilla/5.0 (Windows NT 10.0; Win64; x64) AppleWebKit/537.36 (KHTML, like Gecko) Chrome/78.0.3904.108 Safari/537.36"
216.244.66.245 - - [10/Feb/2026:02:32:54 +0000] "GET /?h=42356912 HTTP/1.0" 200 29055 "-" "Mozilla/5.0 (compatible; DotBot/1.2; +https://opensiteexplorer.org/dotbot; [email protected])"
138.199.35.5 - - [10/Feb/2026:02:32:54 +0000] "POST //xmlrpc.php HTTP/1.0" 200 636 "-" "Mozilla/5.0 (Windows NT 10.0; Win64; x64) AppleWebKit/537.36 (KHTML, like Gecko) Chrome/78.0.3904.108 Safari/537.36"
138.199.35.5 - - [10/Feb/2026:02:32:55 +0000] "POST //xmlrpc.php HTTP/1.0" 200 636 "-" "Mozilla/5.0 (Windows NT 10.0; Win64; x64) AppleWebKit/537.36 (KHTML, like Gecko) Chrome/78.0.3904.108 Safari/537.36"
138.199.35.5 - - [10/Feb/2026:02:32:55 +0000] "POST //xmlrpc.php HTTP/1.0" 200 636 "-" "Mozilla/5.0 (Windows NT 10.0; Win64; x64) AppleWebKit/537.36 (KHTML, like Gecko) Chrome/78.0.3904.108 Safari/537.36"
138.199.35.5 - - [10/Feb/2026:02:32:56 +0000] "POST //xmlrpc.php HTTP/1.0" 200 636 "-" "Mozilla/5.0 (Windows NT 10.0; Win64; x64) AppleWebKit/537.36 (KHTML, like Gecko) Chrome/78.0.3904.108 Safari/537.36"
138.199.35.5 - - [10/Feb/2026:02:32:57 +0000] "POST //xmlrpc.php HTTP/1.0" 200 636 "-" "Mozilla/5.0 (Windows NT 10.0; Win64; x64) AppleWebKit/537.36 (KHTML, like Gecko) Chrome/78.0.3904.108 Safari/537.36"
216.244.66.245 - - [10/Feb/2026:02:32:57 +0000] "GET /?h=42478312 HTTP/1.0" 200 29055 "-" "Mozilla/5.0 (compatible; DotBot/1.2; +https://opensiteexplorer.org/dotbot; [email protected])"
138.199.35.5 - - [10/Feb/2026:02:32:58 +0000] "POST //xmlrpc.php HTTP/1.0" 200 636 "-" "Mozilla/5.0 (Windows NT 10.0; Win64; x64) AppleWebKit/537.36 (KHTML, like Gecko) Chrome/78.0.3904.108 Safari/537.36"
138.199.35.5 - - [10/Feb/2026:02:32:58 +0000] "POST //xmlrpc.php HTTP/1.0" 200 636 "-" "Mozilla/5.0 (Windows NT 10.0; Win64; x64) AppleWebKit/537.36 (KHTML, like Gecko) Chrome/78.0.3904.108 Safari/537.36"
138.199.35.5 - - [10/Feb/2026:02:32:59 +0000] "POST //xmlrpc.php HTTP/1.0" 200 636 "-" "Mozilla/5.0 (Windows NT 10.0; Win64; x64) AppleWebKit/537.36 (KHTML, like Gecko) Chrome/78.0.3904.108 Safari/537.36"
138.199.35.5 - - [10/Feb/2026:02:33:00 +0000] "POST //xmlrpc.php HTTP/1.0" 200 636 "-" "Mozilla/5.0 (Windows NT 10.0; Win64; x64) AppleWebKit/537.36 (KHTML, like Gecko) Chrome/78.0.3904.108 Safari/537.36"
138.199.35.5 - - [10/Feb/2026:02:33:00 +0000] "POST //xmlrpc.php HTTP/1.0" 200 636 "-" "Mozilla/5.0 (Windows NT 10.0; Win64; x64) AppleWebKit/537.36 (KHTML, like Gecko) Chrome/78.0.3904.108 Safari/537.36"
138.199.35.5 - - [10/Feb/2026:02:33:01 +0000] "POST //xmlrpc.php HTTP/1.0" 200 636 "-" "Mozilla/5.0 (Windows NT 10.0; Win64; x64) AppleWebKit/537.36 (KHTML, like Gecko) Chrome/78.0.3904.108 Safari/537.36"
216.244.66.245 - - [10/Feb/2026:02:33:01 +0000] "GET /?h=42515112 HTTP/1.0" 200 29054 "-" "Mozilla/5.0 (compatible; DotBot/1.2; +https://opensiteexplorer.org/dotbot; [email protected])"
138.199.35.5 - - [10/Feb/2026:02:33:02 +0000] "POST //xmlrpc.php HTTP/1.0" 200 636 "-" "Mozilla/5.0 (Windows NT 10.0; Win64; x64) AppleWebKit/537.36 (KHTML, like Gecko) Chrome/78.0.3904.108 Safari/537.36"
138.199.35.5 - - [10/Feb/2026:02:33:03 +0000] "POST //xmlrpc.php HTTP/1.0" 200 636 "-" "Mozilla/5.0 (Windows NT 10.0; Win64; x64) AppleWebKit/537.36 (KHTML, like Gecko) Chrome/78.0.3904.108 Safari/537.36"
138.199.35.5 - - [10/Feb/2026:02:33:03 +0000] "POST //xmlrpc.php HTTP/1.0" 200 636 "-" "Mozilla/5.0 (Windows NT 10.0; Win64; x64) AppleWebKit/537.36 (KHTML, like Gecko) Chrome/78.0.3904.108 Safari/537.36"
138.199.35.5 - - [10/Feb/2026:02:33:04 +0000] "POST //xmlrpc.php HTTP/1.0" 200 636 "-" "Mozilla/5.0 (Windows NT 10.0; Win64; x64) AppleWebKit/537.36 (KHTML, like Gecko) Chrome/78.0.3904.108 Safari/537.36"
138.199.35.5 - - [10/Feb/2026:02:33:05 +0000] "POST //xmlrpc.php HTTP/1.0" 200 636 "-" "Mozilla/5.0 (Windows NT 10.0; Win64; x64) AppleWebKit/537.36 (KHTML, like Gecko) Chrome/78.0.3904.108 Safari/537.36"
138.199.35.5 - - [10/Feb/2026:02:33:06 +0000] "POST //xmlrpc.php HTTP/1.0" 200 636 "-" "Mozilla/5.0 (Windows NT 10.0; Win64; x64) AppleWebKit/537.36 (KHTML, like Gecko) Chrome/78.0.3904.108 Safari/537.36"
138.199.35.5 - - [10/Feb/2026:02:33:06 +0000] "POST //xmlrpc.php HTTP/1.0" 200 636 "-" "Mozilla/5.0 (Windows NT 10.0; Win64; x64) AppleWebKit/537.36 (KHTML, like Gecko) Chrome/78.0.3904.108 Safari/537.36"
216.244.66.245 - - [10/Feb/2026:02:33:06 +0000] "GET /?h=42588812 HTTP/1.0" 200 29054 "-" "Mozilla/5.0 (compatible; DotBot/1.2; +https://opensiteexplorer.org/dotbot; [email protected])"
138.199.35.5 - - [10/Feb/2026:02:33:07 +0000] "POST //xmlrpc.php HTTP/1.0" 200 636 "-" "Mozilla/5.0 (Windows NT 10.0; Win64; x64) AppleWebKit/537.36 (KHTML, like Gecko) Chrome/78.0.3904.108 Safari/537.36"
82.102.23.139 - - [10/Feb/2026:02:33:07 +0000] "POST /xmlrpc.php HTTP/1.0" 200 609 "-" "Go-http-client/1.1"
138.199.35.5 - - [10/Feb/2026:02:33:08 +0000] "POST //xmlrpc.php HTTP/1.0" 200 636 "-" "Mozilla/5.0 (Windows NT 10.0; Win64; x64) AppleWebKit/537.36 (KHTML, like Gecko) Chrome/78.0.3904.108 Safari/537.36"
138.199.35.5 - - [10/Feb/2026:02:33:08 +0000] "POST //xmlrpc.php HTTP/1.0" 200 636 "-" "Mozilla/5.0 (Windows NT 10.0; Win64; x64) AppleWebKit/537.36 (KHTML, like Gecko) Chrome/78.0.3904.108 Safari/537.36"
138.199.35.5 - - [10/Feb/2026:02:33:09 +0000] "POST //xmlrpc.php HTTP/1.0" 200 636 "-" "Mozilla/5.0 (Windows NT 10.0; Win64; x64) AppleWebKit/537.36 (KHTML, like Gecko) Chrome/78.0.3904.108 Safari/537.36"
138.199.35.5 - - [10/Feb/2026:02:33:10 +0000] "POST //xmlrpc.php HTTP/1.0" 200 636 "-" "Mozilla/5.0 (Windows NT 10.0; Win64; x64) AppleWebKit/537.36 (KHTML, like Gecko) Chrome/78.0.3904.108 Safari/537.36"
216.244.66.245 - - [10/Feb/2026:02:33:10 +0000] "GET /?h=43141412 HTTP/1.0" 200 29054 "-" "Mozilla/5.0 (compatible; DotBot/1.2; +https://opensiteexplorer.org/dotbot; [email protected])"
138.199.35.5 - - [10/Feb/2026:02:33:11 +0000] "POST //xmlrpc.php HTTP/1.0" 200 636 "-" "Mozilla/5.0 (Windows NT 10.0; Win64; x64) AppleWebKit/537.36 (KHTML, like Gecko) Chrome/78.0.3904.108 Safari/537.36"
138.199.35.5 - - [10/Feb/2026:02:33:11 +0000] "POST //xmlrpc.php HTTP/1.0" 200 636 "-" "Mozilla/5.0 (Windows NT 10.0; Win64; x64) AppleWebKit/537.36 (KHTML, like Gecko) Chrome/78.0.3904.108 Safari/537.36"
138.199.35.5 - - [10/Feb/2026:02:33:12 +0000] "POST //xmlrpc.php HTTP/1.0" 200 636 "-" "Mozilla/5.0 (Windows NT 10.0; Win64; x64) AppleWebKit/537.36 (KHTML, like Gecko) Chrome/78.0.3904.108 Safari/537.36"
138.199.35.5 - - [10/Feb/2026:02:33:13 +0000] "POST //xmlrpc.php HTTP/1.0" 200 636 "-" "Mozilla/5.0 (Windows NT 10.0; Win64; x64) AppleWebKit/537.36 (KHTML, like Gecko) Chrome/78.0.3904.108 Safari/537.36"
138.199.35.5 - - [10/Feb/2026:02:33:14 +0000] "POST //xmlrpc.php HTTP/1.0" 200 636 "-" "Mozilla/5.0 (Windows NT 10.0; Win64; x64) AppleWebKit/537.36 (KHTML, like Gecko) Chrome/78.0.3904.108 Safari/537.36"
138.199.35.5 - - [10/Feb/2026:02:33:14 +0000] "POST //xmlrpc.php HTTP/1.0" 200 636 "-" "Mozilla/5.0 (Windows NT 10.0; Win64; x64) AppleWebKit/537.36 (KHTML, like Gecko) Chrome/78.0.3904.108 Safari/537.36"
216.244.66.245 - - [10/Feb/2026:02:33:14 +0000] "GET /?h=43184012 HTTP/1.0" 200 29054 "-" "Mozilla/5.0 (compatible; DotBot/1.2; +https://opensiteexplorer.org/dotbot; [email protected])"
138.199.35.5 - - [10/Feb/2026:02:33:15 +0000] "POST //xmlrpc.php HTTP/1.0" 200 636 "-" "Mozilla/5.0 (Windows NT 10.0; Win64; x64) AppleWebKit/537.36 (KHTML, like Gecko) Chrome/78.0.3904.108 Safari/537.36"
138.199.35.5 - - [10/Feb/2026:02:33:16 +0000] "POST //xmlrpc.php HTTP/1.0" 200 636 "-" "Mozilla/5.0 (Windows NT 10.0; Win64; x64) AppleWebKit/537.36 (KHTML, like Gecko) Chrome/78.0.3904.108 Safari/537.36"
138.199.35.5 - - [10/Feb/2026:02:33:16 +0000] "POST //xmlrpc.php HTTP/1.0" 200 636 "-" "Mozilla/5.0 (Windows NT 10.0; Win64; x64) AppleWebKit/537.36 (KHTML, like Gecko) Chrome/78.0.3904.108 Safari/537.36"
138.199.35.5 - - [10/Feb/2026:02:33:17 +0000] "POST //xmlrpc.php HTTP/1.0" 200 636 "-" "Mozilla/5.0 (Windows NT 10.0; Win64; x64) AppleWebKit/537.36 (KHTML, like Gecko) Chrome/78.0.3904.108 Safari/537.36"
138.199.35.5 - - [10/Feb/2026:02:33:18 +0000] "POST //xmlrpc.php HTTP/1.0" 200 636 "-" "Mozilla/5.0 (Windows NT 10.0; Win64; x64) AppleWebKit/537.36 (KHTML, like Gecko) Chrome/78.0.3904.108 Safari/537.36"
216.244.66.245 - - [10/Feb/2026:02:33:18 +0000] "GET /?h=43624012 HTTP/1.0" 200 29054 "-" "Mozilla/5.0 (compatible; DotBot/1.2; +https://opensiteexplorer.org/dotbot; [email protected])"
138.199.35.5 - - [10/Feb/2026:02:33:18 +0000] "POST //xmlrpc.php HTTP/1.0" 200 636 "-" "Mozilla/5.0 (Windows NT 10.0; Win64; x64) AppleWebKit/537.36 (KHTML, like Gecko) Chrome/78.0.3904.108 Safari/537.36"
138.199.35.5 - - [10/Feb/2026:02:33:19 +0000] "POST //xmlrpc.php HTTP/1.0" 200 636 "-" "Mozilla/5.0 (Windows NT 10.0; Win64; x64) AppleWebKit/537.36 (KHTML, like Gecko) Chrome/78.0.3904.108 Safari/537.36"
138.199.35.5 - - [10/Feb/2026:02:33:20 +0000] "POST //xmlrpc.php HTTP/1.0" 200 636 "-" "Mozilla/5.0 (Windows NT 10.0; Win64; x64) AppleWebKit/537.36 (KHTML, like Gecko) Chrome/78.0.3904.108 Safari/537.36"
138.199.35.5 - - [10/Feb/2026:02:33:21 +0000] "POST //xmlrpc.php HTTP/1.0" 200 636 "-" "Mozilla/5.0 (Windows NT 10.0; Win64; x64) AppleWebKit/537.36 (KHTML, like Gecko) Chrome/78.0.3904.108 Safari/537.36"
216.244.66.245 - - [10/Feb/2026:02:33:21 +0000] "GET /?h=43766712 HTTP/1.0" 200 29054 "-" "Mozilla/5.0 (compatible; DotBot/1.2; +https://opensiteexplorer.org/dotbot; [email protected])"
138.199.35.5 - - [10/Feb/2026:02:33:21 +0000] "POST //xmlrpc.php HTTP/1.0" 200 636 "-" "Mozilla/5.0 (Windows NT 10.0; Win64; x64) AppleWebKit/537.36 (KHTML, like Gecko) Chrome/78.0.3904.108 Safari/537.36"
138.199.35.5 - - [10/Feb/2026:02:33:22 +0000] "POST //xmlrpc.php HTTP/1.0" 200 636 "-" "Mozilla/5.0 (Windows NT 10.0; Win64; x64) AppleWebKit/537.36 (KHTML, like Gecko) Chrome/78.0.3904.108 Safari/537.36"
138.199.35.5 - - [10/Feb/2026:02:33:23 +0000] "POST //xmlrpc.php HTTP/1.0" 200 636 "-" "Mozilla/5.0 (Windows NT 10.0; Win64; x64) AppleWebKit/537.36 (KHTML, like Gecko) Chrome/78.0.3904.108 Safari/537.36"
138.199.35.5 - - [10/Feb/2026:02:33:23 +0000] "POST //xmlrpc.php HTTP/1.0" 200 636 "-" "Mozilla/5.0 (Windows NT 10.0; Win64; x64) AppleWebKit/537.36 (KHTML, like Gecko) Chrome/78.0.3904.108 Safari/537.36"
216.244.66.245 - - [10/Feb/2026:02:33:23 +0000] "GET /?h=43788612 HTTP/1.0" 200 29054 "-" "Mozilla/5.0 (compatible; DotBot/1.2; +https://opensiteexplorer.org/dotbot; [email protected])"
