147.93.58.212 - - [10/Feb/2026:05:00:01 +0000] "GET / HTTP/1.0" 200 29010 "-" "Mozilla/5.0 (X11; Linux x86_64) AppleWebKit/537.36 (KHTML, like Gecko) Chrome/44.0.2403.157 Safari/537.36"
45.164.40.242 - - [10/Feb/2026:05:00:53 +0000] "GET /30812285822.htm HTTP/1.0" 404 126639 "https://hbkconsultancy.com/" "Mozilla/5.0 (Macintosh; Intel Mac OS X 10_15_7) AppleWebKit/537.36 (KHTML, like Gecko) Chrome/133.0.0.0 Safari/537.36"
2a02:4780:41:6421::1 - - [10/Feb/2026:05:01:50 +0000] "POST /wp-cron.php?doing_wp_cron=1770699710.0991609096527099609375 HTTP/1.0" 200 412 "-" "WordPress/6.9; https://hbkconsultancy.com"
182.188.84.238 - - [10/Feb/2026:05:01:49 +0000] "GET /52019175027.htm HTTP/1.0" 404 126639 "https://hbkconsultancy.com/" "Mozilla/5.0 (X11; CrOS x86_64 14541.0.0) AppleWebKit/537.36 (KHTML, like Gecko) Chrome/134.0.0.0 Safari/537.36"
2a02:4780:41:6421::1 - - [10/Feb/2026:05:04:21 +0000] "POST /wp-cron.php?doing_wp_cron=1770699861.4900310039520263671875 HTTP/1.0" 200 412 "-" "WordPress/6.9; https://hbkconsultancy.com"
114.119.151.5 - - [10/Feb/2026:05:04:21 +0000] "GET /courses/complete-digital-marketing-course HTTP/1.0" 301 441 "https://hbkconsultancy.com/best-adult-cellular-porn-games-download-for-home-windows-android" "Mozilla/5.0 (Linux; Android 7.0;) AppleWebKit/537.36 (KHTML, like Gecko) Mobile Safari/537.36 (compatible; PetalBot;+https://webmaster.petalsearch.com/site/petalbot)"
114.119.151.5 - - [10/Feb/2026:05:04:22 +0000] "GET /courses/complete-digital-marketing-course/ HTTP/1.0" 200 29659 "https://hbkconsultancy.com/best-adult-cellular-porn-games-download-for-home-windows-android" "Mozilla/5.0 (Linux; Android 7.0;) AppleWebKit/537.36 (KHTML, like Gecko) Mobile Safari/537.36 (compatible; PetalBot;+https://webmaster.petalsearch.com/site/petalbot)"
2a02:4780:41:6421::1 - - [10/Feb/2026:05:05:44 +0000] "POST /wp-cron.php?doing_wp_cron=1770699944.2690210342407226562500 HTTP/1.0" 200 404 "-" "WordPress/6.9; http://hbkconsultancy.com"
114.119.151.5 - - [10/Feb/2026:05:05:43 +0000] "GET /need-to-know-more-about-latin-girl/ HTTP/1.0" 200 34426 "http://hbkconsultancy.com/3-columns/page/12/" "Mozilla/5.0 (Linux; Android 7.0;) AppleWebKit/537.36 (KHTML, like Gecko) Mobile Safari/537.36 (compatible; PetalBot;+https://webmaster.petalsearch.com/site/petalbot)"
2a02:4780:41:6421::1 - - [10/Feb/2026:05:07:07 +0000] "POST /wp-cron.php?doing_wp_cron=1770700027.4283769130706787109375 HTTP/1.0" 200 404 "-" "WordPress/6.9; http://hbkconsultancy.com"
114.119.151.1 - - [10/Feb/2026:05:07:06 +0000] "GET /mejores-casinos-con-dinero-real-2025-4/ HTTP/1.0" 200 41023 "http://hbkconsultancy.com/2025/" "Mozilla/5.0 (Linux; Android 7.0;) AppleWebKit/537.36 (KHTML, like Gecko) Mobile Safari/537.36 (compatible; PetalBot;+https://webmaster.petalsearch.com/site/petalbot)"
2a02:4780:41:6421::1 - - [10/Feb/2026:05:08:32 +0000] "POST /wp-cron.php?doing_wp_cron=1770700112.2787699699401855468750 HTTP/1.0" 200 404 "-" "WordPress/6.9; http://hbkconsultancy.com"
114.119.136.188 - - [10/Feb/2026:05:08:31 +0000] "GET /guia-de-juegos-sobre-ruleta-online-em-virtude-de-colombianos-casino HTTP/1.0" 301 508 "https://hbkconsultancy.com/author/hbk/page/11" "Mozilla/5.0 (Linux; Android 7.0;) AppleWebKit/537.36 (KHTML, like Gecko) Mobile Safari/537.36 (compatible; PetalBot;+https://webmaster.petalsearch.com/site/petalbot)"
114.119.136.188 - - [10/Feb/2026:05:08:33 +0000] "GET /guia-de-juegos-sobre-ruleta-online-em-virtude-de-colombianos-casino/ HTTP/1.0" 200 42553 "https://hbkconsultancy.com/author/hbk/page/11" "Mozilla/5.0 (Linux; Android 7.0;) AppleWebKit/537.36 (KHTML, like Gecko) Mobile Safari/537.36 (compatible; PetalBot;+https://webmaster.petalsearch.com/site/petalbot)"
2a02:4780:41:6421::1 - - [10/Feb/2026:05:09:55 +0000] "POST /wp-cron.php?doing_wp_cron=1770700195.2607328891754150390625 HTTP/1.0" 200 412 "-" "WordPress/6.9; https://hbkconsultancy.com"
114.119.136.188 - - [10/Feb/2026:05:09:54 +0000] "GET /2023 HTTP/1.0" 301 404 "http://hbkconsultancy.com/2023/10" "Mozilla/5.0 (Linux; Android 7.0;) AppleWebKit/537.36 (KHTML, like Gecko) Mobile Safari/537.36 (compatible; PetalBot;+https://webmaster.petalsearch.com/site/petalbot)"
114.119.136.188 - - [10/Feb/2026:05:09:56 +0000] "GET /2023/ HTTP/1.0" 200 27857 "http://hbkconsultancy.com/2023/10" "Mozilla/5.0 (Linux; Android 7.0;) AppleWebKit/537.36 (KHTML, like Gecko) Mobile Safari/537.36 (compatible; PetalBot;+https://webmaster.petalsearch.com/site/petalbot)"
2a02:4780:41:6421::1 - - [10/Feb/2026:05:10:54 +0000] "POST /wp-cron.php?doing_wp_cron=1770700254.2342240810394287109375 HTTP/1.0" 200 412 "-" "WordPress/6.9; https://hbkconsultancy.com"
103.84.151.59 - - [10/Feb/2026:05:10:53 +0000] "GET /50869206955.htm HTTP/1.0" 404 126638 "https://hbkconsultancy.com/" "Mozilla/5.0 (Windows NT 10.0; Win64; x64) AppleWebKit/537.36 (KHTML, like Gecko) Chrome/135.0.0.0 Safari/537.36"
2a02:4780:41:6421::1 - - [10/Feb/2026:05:11:18 +0000] "POST /wp-cron.php?doing_wp_cron=1770700278.6343169212341308593750 HTTP/1.0" 200 404 "-" "WordPress/6.9; http://hbkconsultancy.com"
114.119.132.88 - - [10/Feb/2026:05:11:17 +0000] "GET /3-columns/page/30/ HTTP/1.0" 200 24162 "http://hbkconsultancy.com/3-columns/page/31/" "Mozilla/5.0 (Linux; Android 7.0;) AppleWebKit/537.36 (KHTML, like Gecko) Mobile Safari/537.36 (compatible; PetalBot;+https://webmaster.petalsearch.com/site/petalbot)"
114.119.137.91 - - [10/Feb/2026:05:12:51 +0000] "GET /2025/02/25 HTTP/1.0" 301 410 "https://hbkconsultancy.com/blog-grid/page/4" "Mozilla/5.0 (Linux; Android 7.0;) AppleWebKit/537.36 (KHTML, like Gecko) Mobile Safari/537.36 (compatible; PetalBot;+https://webmaster.petalsearch.com/site/petalbot)"
2a02:4780:41:6421::1 - - [10/Feb/2026:05:12:53 +0000] "POST /wp-cron.php?doing_wp_cron=1770700373.4780759811401367187500 HTTP/1.0" 200 412 "-" "WordPress/6.9; https://hbkconsultancy.com"
114.119.137.91 - - [10/Feb/2026:05:12:55 +0000] "GET /2025/02/25/ HTTP/1.0" 200 29097 "https://hbkconsultancy.com/blog-grid/page/4" "Mozilla/5.0 (Linux; Android 7.0;) AppleWebKit/537.36 (KHTML, like Gecko) Mobile Safari/537.36 (compatible; PetalBot;+https://webmaster.petalsearch.com/site/petalbot)"
147.93.58.212 - - [10/Feb/2026:05:14:01 +0000] "GET / HTTP/1.0" 200 29042 "-" "Mozilla/5.0 (X11; Linux x86_64) AppleWebKit/537.36 (KHTML, like Gecko) Chrome/44.0.2403.157 Safari/537.36"
114.119.151.5 - - [10/Feb/2026:05:14:06 +0000] "GET /20-best-backpage-alternatives-sites-sites-like-backpage HTTP/1.0" 301 506 "https://hbkconsultancy.com/top-20-backpage-alternatives-one-of-the-best-new-sites-like-backpage-com" "Mozilla/5.0 (Linux; Android 7.0;) AppleWebKit/537.36 (KHTML, like Gecko) Mobile Safari/537.36 (compatible; PetalBot;+https://webmaster.petalsearch.com/site/petalbot)"
114.119.151.5 - - [10/Feb/2026:05:14:07 +0000] "GET /20-best-backpage-alternatives-sites-sites-like-backpage/ HTTP/1.0" 200 34401 "https://hbkconsultancy.com/top-20-backpage-alternatives-one-of-the-best-new-sites-like-backpage-com" "Mozilla/5.0 (Linux; Android 7.0;) AppleWebKit/537.36 (KHTML, like Gecko) Mobile Safari/537.36 (compatible; PetalBot;+https://webmaster.petalsearch.com/site/petalbot)"
37.140.223.16 - - [10/Feb/2026:05:14:40 +0000] "POST /wp-login.php HTTP/1.0" 200 3975 "-" "Mozilla/5.0"
193.36.225.112 - - [10/Feb/2026:05:14:40 +0000] "POST /wp-login.php HTTP/1.0" 200 3979 "-" "Mozilla/5.0"
37.140.223.16 - - [10/Feb/2026:05:14:40 +0000] "POST /wp-login.php HTTP/1.0" 200 3976 "-" "Mozilla/5.0"
37.140.223.15 - - [10/Feb/2026:05:14:40 +0000] "POST /wp-login.php HTTP/1.0" 200 3978 "-" "Mozilla/5.0"
37.140.223.7 - - [10/Feb/2026:05:14:40 +0000] "POST /wp-login.php HTTP/1.0" 200 3976 "-" "Mozilla/5.0"
37.140.223.25 - - [10/Feb/2026:05:14:40 +0000] "POST /wp-login.php HTTP/1.0" 200 3973 "-" "Mozilla/5.0"
172.245.102.7 - - [10/Feb/2026:05:14:40 +0000] "POST /wp-login.php HTTP/1.0" 200 3978 "-" "Mozilla/5.0"
2a02:4780:41:6421::1 - - [10/Feb/2026:05:15:29 +0000] "POST /wp-cron.php?doing_wp_cron=1770700529.3872179985046386718750 HTTP/1.0" 200 404 "-" "WordPress/6.9; http://hbkconsultancy.com"
114.119.132.88 - - [10/Feb/2026:05:15:28 +0000] "GET /my-courses/?query-0-page=21&cst HTTP/1.0" 200 27146 "http://hbkconsultancy.com/my-courses/?query-0-page=22" "Mozilla/5.0 (Linux; Android 7.0;) AppleWebKit/537.36 (KHTML, like Gecko) Mobile Safari/537.36 (compatible; PetalBot;+https://webmaster.petalsearch.com/site/petalbot)"
2a02:4780:41:6421::1 - - [10/Feb/2026:05:16:37 +0000] "POST /wp-cron.php?doing_wp_cron=1770700597.1979410648345947265625 HTTP/1.0" 200 404 "-" "WordPress/6.9; http://hbkconsultancy.com"
43.153.123.4 - - [10/Feb/2026:05:16:36 +0000] "GET / HTTP/1.0" 200 29042 "-" "Mozilla/5.0 (iPhone; CPU iPhone OS 13_2_3 like Mac OS X) AppleWebKit/605.1.15 (KHTML, like Gecko) Version/13.0.3 Mobile/15E148 Safari/604.1"
2a02:4780:41:6421::1 - - [10/Feb/2026:05:18:17 +0000] "POST /wp-cron.php?doing_wp_cron=1770700697.1433289051055908203125 HTTP/1.0" 200 404 "-" "WordPress/6.9; http://hbkconsultancy.com"
17.246.19.198 - - [10/Feb/2026:05:18:16 +0000] "GET /casino-crypto-top-des-casinos-bitcoin-cryptomonnaies-2/ HTTP/1.0" 200 43112 "-" "Mozilla/5.0 (Macintosh; Intel Mac OS X 10_15_7) AppleWebKit/605.1.15 (KHTML, like Gecko) Version/17.4 Safari/605.1.15 (Applebot/0.1; +http://www.apple.com/go/applebot)"
2a02:4780:41:6421::1 - - [10/Feb/2026:05:21:08 +0000] "POST /wp-cron.php?doing_wp_cron=1770700868.3147790431976318359375 HTTP/1.0" 200 412 "-" "WordPress/6.9; https://hbkconsultancy.com"
200.59.191.118 - - [10/Feb/2026:05:21:07 +0000] "GET /6162110518.htm HTTP/1.0" 404 126639 "https://hbkconsultancy.com/" "Mozilla/5.0 (Windows NT 10.0; Win64; x64) AppleWebKit/537.36 (KHTML, like Gecko) Chrome/135.0.0.0 Safari/537.36"
2a02:4780:41:6421::1 - - [10/Feb/2026:05:23:22 +0000] "POST /wp-cron.php?doing_wp_cron=1770701002.3817989826202392578125 HTTP/1.0" 200 404 "-" "WordPress/6.9; http://hbkconsultancy.com"
20.62.114.0 - - [10/Feb/2026:05:23:21 +0000] "GET /wp-content/plugins/hellopress/wp_filemanager.php HTTP/1.0" 404 126470 "-" "-"
20.62.114.0 - - [10/Feb/2026:05:23:23 +0000] "GET /166.php HTTP/1.0" 404 126471 "-" "-"
20.62.114.0 - - [10/Feb/2026:05:23:24 +0000] "GET /reze.php HTTP/1.0" 404 126351 "-" "-"
20.62.114.0 - - [10/Feb/2026:05:23:24 +0000] "GET /lib.php HTTP/1.0" 404 126352 "-" "-"
114.119.137.91 - - [10/Feb/2026:05:23:25 +0000] "GET /najlepsze-kasyna-na-prawdziwe-pieniadze-2025-3/ HTTP/1.0" 200 42085 "https://hbkconsultancy.com/2025/02/page/16" "Mozilla/5.0 (Linux; Android 7.0;) AppleWebKit/537.36 (KHTML, like Gecko) Mobile Safari/537.36 (compatible; PetalBot;+https://webmaster.petalsearch.com/site/petalbot)"
20.62.114.0 - - [10/Feb/2026:05:23:25 +0000] "GET /x.php HTTP/1.0" 404 126352 "-" "-"
20.62.114.0 - - [10/Feb/2026:05:23:26 +0000] "GET /k.php HTTP/1.0" 404 126351 "-" "-"
20.62.114.0 - - [10/Feb/2026:05:23:27 +0000] "GET /jga.php HTTP/1.0" 404 126351 "-" "-"
20.62.114.0 - - [10/Feb/2026:05:23:28 +0000] "GET /past1.php HTTP/1.0" 404 126351 "-" "-"
20.62.114.0 - - [10/Feb/2026:05:23:29 +0000] "GET /8xyz.php HTTP/1.0" 404 126352 "-" "-"
2a02:4780:41:6421::1 - - [10/Feb/2026:05:23:30 +0000] "POST /wp-cron.php?doing_wp_cron=1770701010.9133241176605224609375 HTTP/1.0" 200 404 "-" "WordPress/6.9; http://hbkconsultancy.com"
20.62.114.0 - - [10/Feb/2026:05:23:30 +0000] "GET /ol.php HTTP/1.0" 404 126351 "-" "-"
20.62.114.0 - - [10/Feb/2026:05:23:31 +0000] "GET /bk.php HTTP/1.0" 404 126351 "-" "-"
20.62.114.0 - - [10/Feb/2026:05:23:32 +0000] "GET /vx.php HTTP/1.0" 404 126351 "-" "-"
20.62.114.0 - - [10/Feb/2026:05:23:33 +0000] "GET /sx.php HTTP/1.0" 404 126352 "-" "-"
2a02:4780:41:6421::1 - - [10/Feb/2026:05:24:48 +0000] "POST /wp-cron.php?doing_wp_cron=1770701088.9057729244232177734375 HTTP/1.0" 200 412 "-" "WordPress/6.9; https://hbkconsultancy.com"
114.119.151.5 - - [10/Feb/2026:05:24:48 +0000] "GET /detailorder1009descriptionoshibka-zapisi-dannykh-v-bd HTTP/1.0" 301 504 "https://hbkconsultancy.com/2025/02/22/page/2" "Mozilla/5.0 (Linux; Android 7.0;) AppleWebKit/537.36 (KHTML, like Gecko) Mobile Safari/537.36 (compatible; PetalBot;+https://webmaster.petalsearch.com/site/petalbot)"
114.119.151.5 - - [10/Feb/2026:05:24:50 +0000] "GET /detailorder1009descriptionoshibka-zapisi-dannykh-v-bd/ HTTP/1.0" 200 31607 "https://hbkconsultancy.com/2025/02/22/page/2" "Mozilla/5.0 (Linux; Android 7.0;) AppleWebKit/537.36 (KHTML, like Gecko) Mobile Safari/537.36 (compatible; PetalBot;+https://webmaster.petalsearch.com/site/petalbot)"
216.244.66.245 - - [10/Feb/2026:05:25:08 +0000] "GET /?h=10096012 HTTP/1.0" 200 29054 "-" "Mozilla/5.0 (compatible; DotBot/1.2; +https://opensiteexplorer.org/dotbot; [email protected])"
2a02:4780:41:6421::1 - - [10/Feb/2026:05:25:14 +0000] "POST /wp-cron.php?doing_wp_cron=1770701114.4903640747070312500000 HTTP/1.0" 200 404 "-" "WordPress/6.9; http://hbkconsultancy.com"
216.244.66.245 - - [10/Feb/2026:05:25:13 +0000] "GET /?h=10181112 HTTP/1.0" 200 29054 "-" "Mozilla/5.0 (compatible; DotBot/1.2; +https://opensiteexplorer.org/dotbot; [email protected])"
2a02:4780:41:6421::1 - - [10/Feb/2026:05:25:19 +0000] "POST /wp-cron.php?doing_wp_cron=1770701119.7366259098052978515625 HTTP/1.0" 200 404 "-" "WordPress/6.9; http://hbkconsultancy.com"
216.244.66.245 - - [10/Feb/2026:05:25:18 +0000] "GET /?h=10219512 HTTP/1.0" 200 29053 "-" "Mozilla/5.0 (compatible; DotBot/1.2; +https://opensiteexplorer.org/dotbot; [email protected])"
216.244.66.245 - - [10/Feb/2026:05:25:23 +0000] "GET /?h=10534212 HTTP/1.0" 200 29055 "-" "Mozilla/5.0 (compatible; DotBot/1.2; +https://opensiteexplorer.org/dotbot; [email protected])"
216.244.66.245 - - [10/Feb/2026:05:25:27 +0000] "GET /?h=10567812 HTTP/1.0" 200 29055 "-" "Mozilla/5.0 (compatible; DotBot/1.2; +https://opensiteexplorer.org/dotbot; [email protected])"
2a02:4780:41:6421::1 - - [10/Feb/2026:05:25:31 +0000] "POST /wp-cron.php?doing_wp_cron=1770701131.5854849815368652343750 HTTP/1.0" 200 404 "-" "WordPress/6.9; http://hbkconsultancy.com"
216.244.66.245 - - [10/Feb/2026:05:25:30 +0000] "GET /?h=10679812 HTTP/1.0" 200 29054 "-" "Mozilla/5.0 (compatible; DotBot/1.2; +https://opensiteexplorer.org/dotbot; [email protected])"
216.244.66.245 - - [10/Feb/2026:05:25:34 +0000] "GET /?h=10708912 HTTP/1.0" 200 29055 "-" "Mozilla/5.0 (compatible; DotBot/1.2; +https://opensiteexplorer.org/dotbot; [email protected])"
216.244.66.245 - - [10/Feb/2026:05:25:37 +0000] "GET /?h=10779012 HTTP/1.0" 200 29055 "-" "Mozilla/5.0 (compatible; DotBot/1.2; +https://opensiteexplorer.org/dotbot; [email protected])"
216.244.66.245 - - [10/Feb/2026:05:25:39 +0000] "GET /?h=10810912 HTTP/1.0" 200 29054 "-" "Mozilla/5.0 (compatible; DotBot/1.2; +https://opensiteexplorer.org/dotbot; [email protected])"
216.244.66.245 - - [10/Feb/2026:05:25:42 +0000] "GET /?h=10943012 HTTP/1.0" 200 29055 "-" "Mozilla/5.0 (compatible; DotBot/1.2; +https://opensiteexplorer.org/dotbot; [email protected])"
216.244.66.245 - - [10/Feb/2026:05:25:44 +0000] "GET /?h=11023812 HTTP/1.0" 200 29055 "-" "Mozilla/5.0 (compatible; DotBot/1.2; +https://opensiteexplorer.org/dotbot; [email protected])"
216.244.66.245 - - [10/Feb/2026:05:25:46 +0000] "GET /?h=11039812 HTTP/1.0" 200 29055 "-" "Mozilla/5.0 (compatible; DotBot/1.2; +https://opensiteexplorer.org/dotbot; [email protected])"
216.244.66.245 - - [10/Feb/2026:05:25:48 +0000] "GET /?h=11104712 HTTP/1.0" 200 29054 "-" "Mozilla/5.0 (compatible; DotBot/1.2; +https://opensiteexplorer.org/dotbot; [email protected])"
216.244.66.245 - - [10/Feb/2026:05:25:50 +0000] "GET /?h=11296112 HTTP/1.0" 200 29053 "-" "Mozilla/5.0 (compatible; DotBot/1.2; +https://opensiteexplorer.org/dotbot; [email protected])"
216.244.66.245 - - [10/Feb/2026:05:25:52 +0000] "GET /?h=11343212 HTTP/1.0" 200 29055 "-" "Mozilla/5.0 (compatible; DotBot/1.2; +https://opensiteexplorer.org/dotbot; [email protected])"
216.244.66.245 - - [10/Feb/2026:05:25:54 +0000] "GET /?h=11419512 HTTP/1.0" 200 29055 "-" "Mozilla/5.0 (compatible; DotBot/1.2; +https://opensiteexplorer.org/dotbot; [email protected])"
216.244.66.245 - - [10/Feb/2026:05:25:57 +0000] "GET /?h=11516012 HTTP/1.0" 200 29055 "-" "Mozilla/5.0 (compatible; DotBot/1.2; +https://opensiteexplorer.org/dotbot; [email protected])"
216.244.66.245 - - [10/Feb/2026:05:25:59 +0000] "GET /?h=11540212 HTTP/1.0" 200 29054 "-" "Mozilla/5.0 (compatible; DotBot/1.2; +https://opensiteexplorer.org/dotbot; [email protected])"
216.244.66.245 - - [10/Feb/2026:05:26:01 +0000] "GET /?h=11540512 HTTP/1.0" 200 29055 "-" "Mozilla/5.0 (compatible; DotBot/1.2; +https://opensiteexplorer.org/dotbot; [email protected])"
216.244.66.245 - - [10/Feb/2026:05:26:03 +0000] "GET /?h=11544812 HTTP/1.0" 200 29055 "-" "Mozilla/5.0 (compatible; DotBot/1.2; +https://opensiteexplorer.org/dotbot; [email protected])"
216.244.66.245 - - [10/Feb/2026:05:26:05 +0000] "GET /?h=11576112 HTTP/1.0" 200 29055 "-" "Mozilla/5.0 (compatible; DotBot/1.2; +https://opensiteexplorer.org/dotbot; [email protected])"
216.244.66.245 - - [10/Feb/2026:05:26:08 +0000] "GET /?h=11589212 HTTP/1.0" 200 29055 "-" "Mozilla/5.0 (compatible; DotBot/1.2; +https://opensiteexplorer.org/dotbot; [email protected])"
216.244.66.245 - - [10/Feb/2026:05:26:10 +0000] "GET /?h=11605812 HTTP/1.0" 200 29055 "-" "Mozilla/5.0 (compatible; DotBot/1.2; +https://opensiteexplorer.org/dotbot; [email protected])"
216.244.66.245 - - [10/Feb/2026:05:26:13 +0000] "GET /?h=11618412 HTTP/1.0" 200 29055 "-" "Mozilla/5.0 (compatible; DotBot/1.2; +https://opensiteexplorer.org/dotbot; [email protected])"
216.244.66.245 - - [10/Feb/2026:05:26:15 +0000] "GET /?h=11628312 HTTP/1.0" 200 29055 "-" "Mozilla/5.0 (compatible; DotBot/1.2; +https://opensiteexplorer.org/dotbot; [email protected])"
114.119.151.1 - - [10/Feb/2026:05:26:15 +0000] "GET /blog-grid/page/6/ HTTP/1.0" 200 24080 "https://hbkconsultancy.com/blog-grid/page/6" "Mozilla/5.0 (Linux; Android 7.0;) AppleWebKit/537.36 (KHTML, like Gecko) Mobile Safari/537.36 (compatible; PetalBot;+https://webmaster.petalsearch.com/site/petalbot)"
2a02:4780:41:6421::1 - - [10/Feb/2026:05:26:16 +0000] "POST /wp-cron.php?doing_wp_cron=1770701176.0205910205841064453125 HTTP/1.0" 200 412 "-" "WordPress/6.9; https://hbkconsultancy.com"
216.244.66.245 - - [10/Feb/2026:05:26:17 +0000] "GET /?h=11676712 HTTP/1.0" 200 29055 "-" "Mozilla/5.0 (compatible; DotBot/1.2; +https://opensiteexplorer.org/dotbot; [email protected])"
216.244.66.245 - - [10/Feb/2026:05:26:20 +0000] "GET /?h=11750312 HTTP/1.0" 200 29055 "-" "Mozilla/5.0 (compatible; DotBot/1.2; +https://opensiteexplorer.org/dotbot; [email protected])"
216.244.66.245 - - [10/Feb/2026:05:26:22 +0000] "GET /?h=11770112 HTTP/1.0" 200 29055 "-" "Mozilla/5.0 (compatible; DotBot/1.2; +https://opensiteexplorer.org/dotbot; [email protected])"
216.244.66.245 - - [10/Feb/2026:05:26:24 +0000] "GET /?h=11832212 HTTP/1.0" 200 29054 "-" "Mozilla/5.0 (compatible; DotBot/1.2; +https://opensiteexplorer.org/dotbot; [email protected])"
216.244.66.245 - - [10/Feb/2026:05:26:27 +0000] "GET /?h=11862112 HTTP/1.0" 200 29056 "-" "Mozilla/5.0 (compatible; DotBot/1.2; +https://opensiteexplorer.org/dotbot; [email protected])"
216.244.66.245 - - [10/Feb/2026:05:26:29 +0000] "GET /?h=11883412 HTTP/1.0" 200 29055 "-" "Mozilla/5.0 (compatible; DotBot/1.2; +https://opensiteexplorer.org/dotbot; [email protected])"
2a02:4780:41:6421::1 - - [10/Feb/2026:05:26:32 +0000] "POST /wp-cron.php?doing_wp_cron=1770701192.0650019645690917968750 HTTP/1.0" 200 404 "-" "WordPress/6.9; http://hbkconsultancy.com"
216.244.66.245 - - [10/Feb/2026:05:26:31 +0000] "GET /?h=11906912 HTTP/1.0" 200 29056 "-" "Mozilla/5.0 (compatible; DotBot/1.2; +https://opensiteexplorer.org/dotbot; [email protected])"
216.244.66.245 - - [10/Feb/2026:05:26:35 +0000] "GET /?h=11926112 HTTP/1.0" 200 29055 "-" "Mozilla/5.0 (compatible; DotBot/1.2; +https://opensiteexplorer.org/dotbot; [email protected])"
216.244.66.245 - - [10/Feb/2026:05:26:37 +0000] "GET /?h=12105512 HTTP/1.0" 200 29056 "-" "Mozilla/5.0 (compatible; DotBot/1.2; +https://opensiteexplorer.org/dotbot; [email protected])"
216.244.66.245 - - [10/Feb/2026:05:26:40 +0000] "GET /?h=12285012 HTTP/1.0" 200 29055 "-" "Mozilla/5.0 (compatible; DotBot/1.2; +https://opensiteexplorer.org/dotbot; [email protected])"
216.244.66.245 - - [10/Feb/2026:05:26:42 +0000] "GET /?h=12332412 HTTP/1.0" 200 29056 "-" "Mozilla/5.0 (compatible; DotBot/1.2; +https://opensiteexplorer.org/dotbot; [email protected])"
216.244.66.245 - - [10/Feb/2026:05:26:45 +0000] "GET /?h=12369812 HTTP/1.0" 200 29055 "-" "Mozilla/5.0 (compatible; DotBot/1.2; +https://opensiteexplorer.org/dotbot; [email protected])"
216.244.66.245 - - [10/Feb/2026:05:26:47 +0000] "GET /?h=12383012 HTTP/1.0" 200 29056 "-" "Mozilla/5.0 (compatible; DotBot/1.2; +https://opensiteexplorer.org/dotbot; [email protected])"
216.244.66.245 - - [10/Feb/2026:05:26:49 +0000] "GET /?h=12414612 HTTP/1.0" 200 29054 "-" "Mozilla/5.0 (compatible; DotBot/1.2; +https://opensiteexplorer.org/dotbot; [email protected])"
216.244.66.245 - - [10/Feb/2026:05:26:52 +0000] "GET /?h=12487012 HTTP/1.0" 200 29055 "-" "Mozilla/5.0 (compatible; DotBot/1.2; +https://opensiteexplorer.org/dotbot; [email protected])"
216.244.66.245 - - [10/Feb/2026:05:26:54 +0000] "GET /?h=12620712 HTTP/1.0" 200 29055 "-" "Mozilla/5.0 (compatible; DotBot/1.2; +https://opensiteexplorer.org/dotbot; [email protected])"
216.244.66.245 - - [10/Feb/2026:05:26:58 +0000] "GET /?h=12656012 HTTP/1.0" 200 29055 "-" "Mozilla/5.0 (compatible; DotBot/1.2; +https://opensiteexplorer.org/dotbot; [email protected])"
216.244.66.245 - - [10/Feb/2026:05:27:02 +0000] "GET /?h=12718412 HTTP/1.0" 200 29055 "-" "Mozilla/5.0 (compatible; DotBot/1.2; +https://opensiteexplorer.org/dotbot; [email protected])"
216.244.66.245 - - [10/Feb/2026:05:27:06 +0000] "GET /?h=12724812 HTTP/1.0" 200 29055 "-" "Mozilla/5.0 (compatible; DotBot/1.2; +https://opensiteexplorer.org/dotbot; [email protected])"
216.244.66.245 - - [10/Feb/2026:05:27:10 +0000] "GET /?h=12752212 HTTP/1.0" 200 29054 "-" "Mozilla/5.0 (compatible; DotBot/1.2; +https://opensiteexplorer.org/dotbot; [email protected])"
2a02:4780:41:6421::1 - - [10/Feb/2026:05:27:14 +0000] "POST /wp-cron.php?doing_wp_cron=1770701234.4566760063171386718750 HTTP/1.0" 200 404 "-" "WordPress/6.9; http://hbkconsultancy.com"
216.244.66.245 - - [10/Feb/2026:05:27:13 +0000] "GET /?h=12758412 HTTP/1.0" 200 29055 "-" "Mozilla/5.0 (compatible; DotBot/1.2; +https://opensiteexplorer.org/dotbot; [email protected])"
216.244.66.245 - - [10/Feb/2026:05:27:19 +0000] "GET /?h=12776512 HTTP/1.0" 200 29055 "-" "Mozilla/5.0 (compatible; DotBot/1.2; +https://opensiteexplorer.org/dotbot; [email protected])"
216.244.66.245 - - [10/Feb/2026:05:27:23 +0000] "GET /?h=12835712 HTTP/1.0" 200 29056 "-" "Mozilla/5.0 (compatible; DotBot/1.2; +https://opensiteexplorer.org/dotbot; [email protected])"
216.244.66.245 - - [10/Feb/2026:05:27:27 +0000] "GET /?h=12856812 HTTP/1.0" 200 29056 "-" "Mozilla/5.0 (compatible; DotBot/1.2; +https://opensiteexplorer.org/dotbot; [email protected])"
2a02:4780:41:6421::1 - - [10/Feb/2026:05:27:35 +0000] "POST /wp-cron.php?doing_wp_cron=1770701255.1951730251312255859375 HTTP/1.0" 200 404 "-" "WordPress/6.9; http://hbkconsultancy.com"
216.244.66.245 - - [10/Feb/2026:05:27:34 +0000] "GET /?h=12934112 HTTP/1.0" 200 29055 "-" "Mozilla/5.0 (compatible; DotBot/1.2; +https://opensiteexplorer.org/dotbot; [email protected])"
114.119.130.54 - - [10/Feb/2026:05:27:37 +0000] "GET /events/the-education-event-in-canada HTTP/1.0" 301 427 "http://hbkconsultancy.com/wpem-event-grid" "Mozilla/5.0 (Linux; Android 7.0;) AppleWebKit/537.36 (KHTML, like Gecko) Mobile Safari/537.36 (compatible; PetalBot;+https://webmaster.petalsearch.com/site/petalbot)"
114.119.130.54 - - [10/Feb/2026:05:27:38 +0000] "GET /events/the-education-event-in-canada/ HTTP/1.0" 200 24568 "http://hbkconsultancy.com/wpem-event-grid" "Mozilla/5.0 (Linux; Android 7.0;) AppleWebKit/537.36 (KHTML, like Gecko) Mobile Safari/537.36 (compatible; PetalBot;+https://webmaster.petalsearch.com/site/petalbot)"
216.244.66.245 - - [10/Feb/2026:05:27:39 +0000] "GET /?h=12946212 HTTP/1.0" 200 29055 "-" "Mozilla/5.0 (compatible; DotBot/1.2; +https://opensiteexplorer.org/dotbot; [email protected])"
216.244.66.245 - - [10/Feb/2026:05:27:44 +0000] "GET /?h=13081012 HTTP/1.0" 200 29055 "-" "Mozilla/5.0 (compatible; DotBot/1.2; +https://opensiteexplorer.org/dotbot; [email protected])"
216.244.66.245 - - [10/Feb/2026:05:27:48 +0000] "GET /?h=13194812 HTTP/1.0" 200 29055 "-" "Mozilla/5.0 (compatible; DotBot/1.2; +https://opensiteexplorer.org/dotbot; [email protected])"
216.244.66.245 - - [10/Feb/2026:05:27:51 +0000] "GET /?h=13287612 HTTP/1.0" 200 29055 "-" "Mozilla/5.0 (compatible; DotBot/1.2; +https://opensiteexplorer.org/dotbot; [email protected])"
216.244.66.245 - - [10/Feb/2026:05:27:55 +0000] "GET /?h=13306712 HTTP/1.0" 200 29055 "-" "Mozilla/5.0 (compatible; DotBot/1.2; +https://opensiteexplorer.org/dotbot; [email protected])"
147.185.132.78 - - [10/Feb/2026:05:27:59 +0000] "GET / HTTP/1.0" 200 29041 "-" "Hello from Palo Alto Networks, find out more about our scans in https://docs-cortex.paloaltonetworks.com/r/1/Cortex-Xpanse/Scanning-activity"
216.244.66.245 - - [10/Feb/2026:05:28:01 +0000] "GET /?h=13357012 HTTP/1.0" 200 29055 "-" "Mozilla/5.0 (compatible; DotBot/1.2; +https://opensiteexplorer.org/dotbot; [email protected])"
147.93.58.212 - - [10/Feb/2026:05:28:02 +0000] "GET / HTTP/1.0" 200 29042 "-" "Mozilla/5.0 (X11; Linux x86_64) AppleWebKit/537.36 (KHTML, like Gecko) Chrome/44.0.2403.157 Safari/537.36"
216.244.66.245 - - [10/Feb/2026:05:28:06 +0000] "GET /?h=13374912 HTTP/1.0" 200 29055 "-" "Mozilla/5.0 (compatible; DotBot/1.2; +https://opensiteexplorer.org/dotbot; [email protected])"
216.244.66.245 - - [10/Feb/2026:05:28:10 +0000] "GET /?h=13564212 HTTP/1.0" 200 29055 "-" "Mozilla/5.0 (compatible; DotBot/1.2; +https://opensiteexplorer.org/dotbot; [email protected])"
2a02:4780:41:6421::1 - - [10/Feb/2026:05:28:16 +0000] "POST /wp-cron.php?doing_wp_cron=1770701296.1765339374542236328125 HTTP/1.0" 200 404 "-" "WordPress/6.9; http://hbkconsultancy.com"
216.244.66.245 - - [10/Feb/2026:05:28:15 +0000] "GET /?h=13566712 HTTP/1.0" 200 29055 "-" "Mozilla/5.0 (compatible; DotBot/1.2; +https://opensiteexplorer.org/dotbot; [email protected])"
216.244.66.245 - - [10/Feb/2026:05:28:19 +0000] "GET /?h=13570312 HTTP/1.0" 200 29055 "-" "Mozilla/5.0 (compatible; DotBot/1.2; +https://opensiteexplorer.org/dotbot; [email protected])"
216.244.66.245 - - [10/Feb/2026:05:28:25 +0000] "GET /?h=13591212 HTTP/1.0" 200 29055 "-" "Mozilla/5.0 (compatible; DotBot/1.2; +https://opensiteexplorer.org/dotbot; [email protected])"
2a02:4780:41:6421::1 - - [10/Feb/2026:05:28:31 +0000] "POST /wp-cron.php?doing_wp_cron=1770701311.2385969161987304687500 HTTP/1.0" 200 404 "-" "WordPress/6.9; http://hbkconsultancy.com"
216.244.66.245 - - [10/Feb/2026:05:28:30 +0000] "GET /?h=13622312 HTTP/1.0" 200 29055 "-" "Mozilla/5.0 (compatible; DotBot/1.2; +https://opensiteexplorer.org/dotbot; [email protected])"
216.244.66.245 - - [10/Feb/2026:05:28:34 +0000] "GET /?h=13646712 HTTP/1.0" 200 29055 "-" "Mozilla/5.0 (compatible; DotBot/1.2; +https://opensiteexplorer.org/dotbot; [email protected])"
216.244.66.245 - - [10/Feb/2026:05:28:38 +0000] "GET /?h=13740012 HTTP/1.0" 200 29056 "-" "Mozilla/5.0 (compatible; DotBot/1.2; +https://opensiteexplorer.org/dotbot; [email protected])"
216.244.66.245 - - [10/Feb/2026:05:28:41 +0000] "GET /?h=13890112 HTTP/1.0" 200 29056 "-" "Mozilla/5.0 (compatible; DotBot/1.2; +https://opensiteexplorer.org/dotbot; [email protected])"
216.244.66.245 - - [10/Feb/2026:05:28:44 +0000] "GET /?h=14093512 HTTP/1.0" 200 29055 "-" "Mozilla/5.0 (compatible; DotBot/1.2; +https://opensiteexplorer.org/dotbot; [email protected])"
216.244.66.245 - - [10/Feb/2026:05:28:48 +0000] "GET /?h=14147312 HTTP/1.0" 200 29055 "-" "Mozilla/5.0 (compatible; DotBot/1.2; +https://opensiteexplorer.org/dotbot; [email protected])"
216.244.66.245 - - [10/Feb/2026:05:28:52 +0000] "GET /?h=14164412 HTTP/1.0" 200 29055 "-" "Mozilla/5.0 (compatible; DotBot/1.2; +https://opensiteexplorer.org/dotbot; [email protected])"
216.244.66.245 - - [10/Feb/2026:05:28:56 +0000] "GET /?h=14174912 HTTP/1.0" 200 29055 "-" "Mozilla/5.0 (compatible; DotBot/1.2; +https://opensiteexplorer.org/dotbot; [email protected])"
114.119.136.75 - - [10/Feb/2026:05:28:59 +0000] "GET /eb_footer/elementor-footer-02 HTTP/1.0" 301 420 "http://hbkconsultancy.com/eb_footer/elementor-footer-02" "Mozilla/5.0 (Linux; Android 7.0;) AppleWebKit/537.36 (KHTML, like Gecko) Mobile Safari/537.36 (compatible; PetalBot;+https://webmaster.petalsearch.com/site/petalbot)"
114.119.136.75 - - [10/Feb/2026:05:29:00 +0000] "GET /eb_footer/elementor-footer-02/ HTTP/1.0" 200 18445 "http://hbkconsultancy.com/eb_footer/elementor-footer-02" "Mozilla/5.0 (Linux; Android 7.0;) AppleWebKit/537.36 (KHTML, like Gecko) Mobile Safari/537.36 (compatible; PetalBot;+https://webmaster.petalsearch.com/site/petalbot)"
216.244.66.245 - - [10/Feb/2026:05:29:00 +0000] "GET /?h=14222512 HTTP/1.0" 200 29055 "-" "Mozilla/5.0 (compatible; DotBot/1.2; +https://opensiteexplorer.org/dotbot; [email protected])"
216.244.66.245 - - [10/Feb/2026:05:29:04 +0000] "GET /?h=14229212 HTTP/1.0" 200 29054 "-" "Mozilla/5.0 (compatible; DotBot/1.2; +https://opensiteexplorer.org/dotbot; [email protected])"
216.244.66.245 - - [10/Feb/2026:05:29:08 +0000] "GET /?h=14372812 HTTP/1.0" 200 29055 "-" "Mozilla/5.0 (compatible; DotBot/1.2; +https://opensiteexplorer.org/dotbot; [email protected])"
216.244.66.245 - - [10/Feb/2026:05:29:11 +0000] "GET /?h=14476412 HTTP/1.0" 200 29055 "-" "Mozilla/5.0 (compatible; DotBot/1.2; +https://opensiteexplorer.org/dotbot; [email protected])"
2a02:4780:41:6421::1 - - [10/Feb/2026:05:29:15 +0000] "POST /wp-cron.php?doing_wp_cron=1770701354.9923980236053466796875 HTTP/1.0" 200 404 "-" "WordPress/6.9; http://hbkconsultancy.com"
216.244.66.245 - - [10/Feb/2026:05:29:14 +0000] "GET /?h=14496912 HTTP/1.0" 200 29055 "-" "Mozilla/5.0 (compatible; DotBot/1.2; +https://opensiteexplorer.org/dotbot; [email protected])"
216.244.66.245 - - [10/Feb/2026:05:29:21 +0000] "GET /?h=14593212 HTTP/1.0" 200 29055 "-" "Mozilla/5.0 (compatible; DotBot/1.2; +https://opensiteexplorer.org/dotbot; [email protected])"
216.244.66.245 - - [10/Feb/2026:05:29:27 +0000] "GET /?h=14615612 HTTP/1.0" 200 29056 "-" "Mozilla/5.0 (compatible; DotBot/1.2; +https://opensiteexplorer.org/dotbot; [email protected])"
2a02:4780:41:6421::1 - - [10/Feb/2026:05:29:32 +0000] "POST /wp-cron.php?doing_wp_cron=1770701372.2059969902038574218750 HTTP/1.0" 200 404 "-" "WordPress/6.9; http://hbkconsultancy.com"
216.244.66.245 - - [10/Feb/2026:05:29:31 +0000] "GET /?h=14701712 HTTP/1.0" 200 29056 "-" "Mozilla/5.0 (compatible; DotBot/1.2; +https://opensiteexplorer.org/dotbot; [email protected])"
216.244.66.245 - - [10/Feb/2026:05:29:36 +0000] "GET /?h=14864012 HTTP/1.0" 200 29056 "-" "Mozilla/5.0 (compatible; DotBot/1.2; +https://opensiteexplorer.org/dotbot; [email protected])"
216.244.66.245 - - [10/Feb/2026:05:29:40 +0000] "GET /?h=14925112 HTTP/1.0" 200 29056 "-" "Mozilla/5.0 (compatible; DotBot/1.2; +https://opensiteexplorer.org/dotbot; [email protected])"
216.244.66.245 - - [10/Feb/2026:05:29:43 +0000] "GET /?h=14934612 HTTP/1.0" 200 29056 "-" "Mozilla/5.0 (compatible; DotBot/1.2; +https://opensiteexplorer.org/dotbot; [email protected])"
216.244.66.245 - - [10/Feb/2026:05:29:47 +0000] "GET /?h=14986312 HTTP/1.0" 200 29056 "-" "Mozilla/5.0 (compatible; DotBot/1.2; +https://opensiteexplorer.org/dotbot; [email protected])"
216.244.66.245 - - [10/Feb/2026:05:29:50 +0000] "GET /?h=15052512 HTTP/1.0" 200 29054 "-" "Mozilla/5.0 (compatible; DotBot/1.2; +https://opensiteexplorer.org/dotbot; [email protected])"
216.244.66.245 - - [10/Feb/2026:05:29:52 +0000] "GET /?h=15076412 HTTP/1.0" 200 29055 "-" "Mozilla/5.0 (compatible; DotBot/1.2; +https://opensiteexplorer.org/dotbot; [email protected])"
216.244.66.245 - - [10/Feb/2026:05:29:55 +0000] "GET /?h=15088712 HTTP/1.0" 200 29055 "-" "Mozilla/5.0 (compatible; DotBot/1.2; +https://opensiteexplorer.org/dotbot; [email protected])"
216.244.66.245 - - [10/Feb/2026:05:29:59 +0000] "GET /?h=15126812 HTTP/1.0" 200 29054 "-" "Mozilla/5.0 (compatible; DotBot/1.2; +https://opensiteexplorer.org/dotbot; [email protected])"
216.244.66.245 - - [10/Feb/2026:05:30:03 +0000] "GET /?h=15316712 HTTP/1.0" 200 29054 "-" "Mozilla/5.0 (compatible; DotBot/1.2; +https://opensiteexplorer.org/dotbot; [email protected])"
216.244.66.245 - - [10/Feb/2026:05:30:07 +0000] "GET /?h=15332512 HTTP/1.0" 200 29054 "-" "Mozilla/5.0 (compatible; DotBot/1.2; +https://opensiteexplorer.org/dotbot; [email protected])"
216.244.66.245 - - [10/Feb/2026:05:30:11 +0000] "GET /?h=15356112 HTTP/1.0" 200 29055 "-" "Mozilla/5.0 (compatible; DotBot/1.2; +https://opensiteexplorer.org/dotbot; [email protected])"
2a02:4780:41:6421::1 - - [10/Feb/2026:05:30:15 +0000] "POST /wp-cron.php?doing_wp_cron=1770701415.4134199619293212890625 HTTP/1.0" 200 404 "-" "WordPress/6.9; http://hbkconsultancy.com"
216.244.66.245 - - [10/Feb/2026:05:30:14 +0000] "GET /?h=15411812 HTTP/1.0" 200 29054 "-" "Mozilla/5.0 (compatible; DotBot/1.2; +https://opensiteexplorer.org/dotbot; [email protected])"
216.244.66.245 - - [10/Feb/2026:05:30:18 +0000] "GET /?h=15533212 HTTP/1.0" 200 29049 "-" "Mozilla/5.0 (compatible; DotBot/1.2; +https://opensiteexplorer.org/dotbot; [email protected])"
216.244.66.245 - - [10/Feb/2026:05:30:20 +0000] "GET /?h=15567412 HTTP/1.0" 200 29055 "-" "Mozilla/5.0 (compatible; DotBot/1.2; +https://opensiteexplorer.org/dotbot; [email protected])"
216.244.66.245 - - [10/Feb/2026:05:30:25 +0000] "GET /?h=15649412 HTTP/1.0" 200 29055 "-" "Mozilla/5.0 (compatible; DotBot/1.2; +https://opensiteexplorer.org/dotbot; [email protected])"
216.244.66.245 - - [10/Feb/2026:05:30:29 +0000] "GET /?h=15793412 HTTP/1.0" 200 29054 "-" "Mozilla/5.0 (compatible; DotBot/1.2; +https://opensiteexplorer.org/dotbot; [email protected])"
2a02:4780:41:6421::1 - - [10/Feb/2026:05:30:33 +0000] "POST /wp-cron.php?doing_wp_cron=1770701432.9638450145721435546875 HTTP/1.0" 200 404 "-" "WordPress/6.9; http://hbkconsultancy.com"
216.244.66.245 - - [10/Feb/2026:05:30:32 +0000] "GET /?h=15923512 HTTP/1.0" 200 29055 "-" "Mozilla/5.0 (compatible; DotBot/1.2; +https://opensiteexplorer.org/dotbot; [email protected])"
216.244.66.245 - - [10/Feb/2026:05:30:35 +0000] "GET /?h=15963912 HTTP/1.0" 200 29055 "-" "Mozilla/5.0 (compatible; DotBot/1.2; +https://opensiteexplorer.org/dotbot; [email protected])"
37.140.223.12 - - [10/Feb/2026:05:30:36 +0000] "POST /wp-login.php HTTP/1.0" 200 3976 "-" "Mozilla/5.0"
37.140.223.3 - - [10/Feb/2026:05:30:36 +0000] "POST /wp-login.php HTTP/1.0" 200 3975 "-" "Mozilla/5.0"
193.36.225.135 - - [10/Feb/2026:05:30:36 +0000] "POST /wp-login.php HTTP/1.0" 200 3979 "-" "Mozilla/5.0"
193.36.225.131 - - [10/Feb/2026:05:30:36 +0000] "POST /wp-login.php HTTP/1.0" 200 3976 "-" "Mozilla/5.0"
37.140.223.14 - - [10/Feb/2026:05:30:36 +0000] "POST /wp-login.php HTTP/1.0" 200 3978 "-" "Mozilla/5.0"
37.140.223.25 - - [10/Feb/2026:05:30:36 +0000] "POST /wp-login.php HTTP/1.0" 200 3978 "-" "Mozilla/5.0"
193.36.225.115 - - [10/Feb/2026:05:30:36 +0000] "POST /wp-login.php HTTP/1.0" 200 3973 "-" "Mozilla/5.0"
216.244.66.245 - - [10/Feb/2026:05:30:39 +0000] "GET /?h=16053212 HTTP/1.0" 200 29055 "-" "Mozilla/5.0 (compatible; DotBot/1.2; +https://opensiteexplorer.org/dotbot; [email protected])"
216.244.66.245 - - [10/Feb/2026:05:30:43 +0000] "GET /?h=16072512 HTTP/1.0" 200 29055 "-" "Mozilla/5.0 (compatible; DotBot/1.2; +https://opensiteexplorer.org/dotbot; [email protected])"
216.244.66.245 - - [10/Feb/2026:05:30:47 +0000] "GET /?h=16086312 HTTP/1.0" 200 29055 "-" "Mozilla/5.0 (compatible; DotBot/1.2; +https://opensiteexplorer.org/dotbot; [email protected])"
216.244.66.245 - - [10/Feb/2026:05:30:51 +0000] "GET /?h=16109412 HTTP/1.0" 200 29054 "-" "Mozilla/5.0 (compatible; DotBot/1.2; +https://opensiteexplorer.org/dotbot; [email protected])"
216.244.66.245 - - [10/Feb/2026:05:30:54 +0000] "GET /?h=16243312 HTTP/1.0" 200 29054 "-" "Mozilla/5.0 (compatible; DotBot/1.2; +https://opensiteexplorer.org/dotbot; [email protected])"
216.244.66.245 - - [10/Feb/2026:05:30:56 +0000] "GET /?h=16506812 HTTP/1.0" 200 29054 "-" "Mozilla/5.0 (compatible; DotBot/1.2; +https://opensiteexplorer.org/dotbot; [email protected])"
216.244.66.245 - - [10/Feb/2026:05:31:01 +0000] "GET /?h=16805812 HTTP/1.0" 200 29055 "-" "Mozilla/5.0 (compatible; DotBot/1.2; +https://opensiteexplorer.org/dotbot; [email protected])"
216.244.66.245 - - [10/Feb/2026:05:31:05 +0000] "GET /?h=16837912 HTTP/1.0" 200 29054 "-" "Mozilla/5.0 (compatible; DotBot/1.2; +https://opensiteexplorer.org/dotbot; [email protected])"
216.244.66.245 - - [10/Feb/2026:05:31:08 +0000] "GET /?h=16863212 HTTP/1.0" 200 29054 "-" "Mozilla/5.0 (compatible; DotBot/1.2; +https://opensiteexplorer.org/dotbot; [email protected])"
216.244.66.245 - - [10/Feb/2026:05:31:11 +0000] "GET /?h=16946812 HTTP/1.0" 200 29055 "-" "Mozilla/5.0 (compatible; DotBot/1.2; +https://opensiteexplorer.org/dotbot; [email protected])"
216.244.66.245 - - [10/Feb/2026:05:31:13 +0000] "GET /?h=16949212 HTTP/1.0" 200 29055 "-" "Mozilla/5.0 (compatible; DotBot/1.2; +https://opensiteexplorer.org/dotbot; [email protected])"
216.244.66.245 - - [10/Feb/2026:05:31:18 +0000] "GET /?h=16991712 HTTP/1.0" 200 29054 "-" "Mozilla/5.0 (compatible; DotBot/1.2; +https://opensiteexplorer.org/dotbot; [email protected])"
216.244.66.245 - - [10/Feb/2026:05:31:22 +0000] "GET /?h=17053712 HTTP/1.0" 200 29055 "-" "Mozilla/5.0 (compatible; DotBot/1.2; +https://opensiteexplorer.org/dotbot; [email protected])"
216.244.66.245 - - [10/Feb/2026:05:31:25 +0000] "GET /?h=17136012 HTTP/1.0" 200 29055 "-" "Mozilla/5.0 (compatible; DotBot/1.2; +https://opensiteexplorer.org/dotbot; [email protected])"
216.244.66.245 - - [10/Feb/2026:05:31:28 +0000] "GET /?h=17274412 HTTP/1.0" 200 29055 "-" "Mozilla/5.0 (compatible; DotBot/1.2; +https://opensiteexplorer.org/dotbot; [email protected])"
216.244.66.245 - - [10/Feb/2026:05:31:30 +0000] "GET /?h=17303712 HTTP/1.0" 200 29055 "-" "Mozilla/5.0 (compatible; DotBot/1.2; +https://opensiteexplorer.org/dotbot; [email protected])"
216.244.66.245 - - [10/Feb/2026:05:31:32 +0000] "GET /?h=17313912 HTTP/1.0" 200 29055 "-" "Mozilla/5.0 (compatible; DotBot/1.2; +https://opensiteexplorer.org/dotbot; [email protected])"
216.244.66.245 - - [10/Feb/2026:05:31:34 +0000] "GET /?h=17387812 HTTP/1.0" 200 29054 "-" "Mozilla/5.0 (compatible; DotBot/1.2; +https://opensiteexplorer.org/dotbot; [email protected])"
216.244.66.245 - - [10/Feb/2026:05:31:36 +0000] "GET /?h=17401312 HTTP/1.0" 200 29055 "-" "Mozilla/5.0 (compatible; DotBot/1.2; +https://opensiteexplorer.org/dotbot; [email protected])"
216.244.66.245 - - [10/Feb/2026:05:31:38 +0000] "GET /?h=17434212 HTTP/1.0" 200 29054 "-" "Mozilla/5.0 (compatible; DotBot/1.2; +https://opensiteexplorer.org/dotbot; [email protected])"
216.244.66.245 - - [10/Feb/2026:05:31:40 +0000] "GET /?h=17447312 HTTP/1.0" 200 29055 "-" "Mozilla/5.0 (compatible; DotBot/1.2; +https://opensiteexplorer.org/dotbot; [email protected])"
216.244.66.245 - - [10/Feb/2026:05:31:42 +0000] "GET /?h=17648012 HTTP/1.0" 200 29055 "-" "Mozilla/5.0 (compatible; DotBot/1.2; +https://opensiteexplorer.org/dotbot; [email protected])"
216.244.66.245 - - [10/Feb/2026:05:31:46 +0000] "GET /?h=17678012 HTTP/1.0" 200 29055 "-" "Mozilla/5.0 (compatible; DotBot/1.2; +https://opensiteexplorer.org/dotbot; [email protected])"
216.244.66.245 - - [10/Feb/2026:05:31:50 +0000] "GET /?h=17695012 HTTP/1.0" 200 29054 "-" "Mozilla/5.0 (compatible; DotBot/1.2; +https://opensiteexplorer.org/dotbot; [email protected])"
216.244.66.245 - - [10/Feb/2026:05:31:52 +0000] "GET /?h=17724812 HTTP/1.0" 200 29054 "-" "Mozilla/5.0 (compatible; DotBot/1.2; +https://opensiteexplorer.org/dotbot; [email protected])"
216.244.66.245 - - [10/Feb/2026:05:31:55 +0000] "GET /?h=17743712 HTTP/1.0" 200 29054 "-" "Mozilla/5.0 (compatible; DotBot/1.2; +https://opensiteexplorer.org/dotbot; [email protected])"
216.244.66.245 - - [10/Feb/2026:05:31:57 +0000] "GET /?h=17774412 HTTP/1.0" 200 29054 "-" "Mozilla/5.0 (compatible; DotBot/1.2; +https://opensiteexplorer.org/dotbot; [email protected])"
216.244.66.245 - - [10/Feb/2026:05:31:59 +0000] "GET /?h=17804312 HTTP/1.0" 200 29053 "-" "Mozilla/5.0 (compatible; DotBot/1.2; +https://opensiteexplorer.org/dotbot; [email protected])"
216.244.66.245 - - [10/Feb/2026:05:32:01 +0000] "GET /?h=17940612 HTTP/1.0" 200 29055 "-" "Mozilla/5.0 (compatible; DotBot/1.2; +https://opensiteexplorer.org/dotbot; [email protected])"
216.244.66.245 - - [10/Feb/2026:05:32:03 +0000] "GET /?h=17948712 HTTP/1.0" 200 29055 "-" "Mozilla/5.0 (compatible; DotBot/1.2; +https://opensiteexplorer.org/dotbot; [email protected])"
216.244.66.245 - - [10/Feb/2026:05:32:05 +0000] "GET /?h=18006012 HTTP/1.0" 200 29055 "-" "Mozilla/5.0 (compatible; DotBot/1.2; +https://opensiteexplorer.org/dotbot; [email protected])"
216.244.66.245 - - [10/Feb/2026:05:32:07 +0000] "GET /?h=18025212 HTTP/1.0" 200 29055 "-" "Mozilla/5.0 (compatible; DotBot/1.2; +https://opensiteexplorer.org/dotbot; [email protected])"
216.244.66.245 - - [10/Feb/2026:05:32:09 +0000] "GET /?h=18141212 HTTP/1.0" 200 29056 "-" "Mozilla/5.0 (compatible; DotBot/1.2; +https://opensiteexplorer.org/dotbot; [email protected])"
216.244.66.245 - - [10/Feb/2026:05:32:11 +0000] "GET /?h=18198312 HTTP/1.0" 200 29055 "-" "Mozilla/5.0 (compatible; DotBot/1.2; +https://opensiteexplorer.org/dotbot; [email protected])"
216.244.66.245 - - [10/Feb/2026:05:32:13 +0000] "GET /?h=18208812 HTTP/1.0" 200 29055 "-" "Mozilla/5.0 (compatible; DotBot/1.2; +https://opensiteexplorer.org/dotbot; [email protected])"
2a02:4780:41:6421::1 - - [10/Feb/2026:05:32:16 +0000] "POST /wp-cron.php?doing_wp_cron=1770701536.3754420280456542968750 HTTP/1.0" 200 404 "-" "WordPress/6.9; http://hbkconsultancy.com"
216.244.66.245 - - [10/Feb/2026:05:32:15 +0000] "GET /?h=18398112 HTTP/1.0" 200 29055 "-" "Mozilla/5.0 (compatible; DotBot/1.2; +https://opensiteexplorer.org/dotbot; [email protected])"
216.244.66.245 - - [10/Feb/2026:05:32:19 +0000] "GET /?h=18475312 HTTP/1.0" 200 29054 "-" "Mozilla/5.0 (compatible; DotBot/1.2; +https://opensiteexplorer.org/dotbot; [email protected])"
216.244.66.245 - - [10/Feb/2026:05:32:21 +0000] "GET /?h=18483712 HTTP/1.0" 200 29055 "-" "Mozilla/5.0 (compatible; DotBot/1.2; +https://opensiteexplorer.org/dotbot; [email protected])"
216.244.66.245 - - [10/Feb/2026:05:32:24 +0000] "GET /?h=18617612 HTTP/1.0" 200 29056 "-" "Mozilla/5.0 (compatible; DotBot/1.2; +https://opensiteexplorer.org/dotbot; [email protected])"
216.244.66.245 - - [10/Feb/2026:05:32:26 +0000] "GET /?h=18771412 HTTP/1.0" 200 29056 "-" "Mozilla/5.0 (compatible; DotBot/1.2; +https://opensiteexplorer.org/dotbot; [email protected])"
2a02:4780:41:6421::1 - - [10/Feb/2026:05:32:30 +0000] "POST /wp-cron.php?doing_wp_cron=1770701550.4439198970794677734375 HTTP/1.0" 200 404 "-" "WordPress/6.9; http://hbkconsultancy.com"
216.244.66.245 - - [10/Feb/2026:05:32:29 +0000] "GET /?h=18787112 HTTP/1.0" 200 29055 "-" "Mozilla/5.0 (compatible; DotBot/1.2; +https://opensiteexplorer.org/dotbot; [email protected])"
216.244.66.245 - - [10/Feb/2026:05:32:35 +0000] "GET /?h=18839312 HTTP/1.0" 200 29056 "-" "Mozilla/5.0 (compatible; DotBot/1.2; +https://opensiteexplorer.org/dotbot; [email protected])"
216.244.66.245 - - [10/Feb/2026:05:32:40 +0000] "GET /?h=18842412 HTTP/1.0" 200 29055 "-" "Mozilla/5.0 (compatible; DotBot/1.2; +https://opensiteexplorer.org/dotbot; [email protected])"
216.244.66.245 - - [10/Feb/2026:05:32:44 +0000] "GET /?h=18891112 HTTP/1.0" 200 29055 "-" "Mozilla/5.0 (compatible; DotBot/1.2; +https://opensiteexplorer.org/dotbot; [email protected])"
216.244.66.245 - - [10/Feb/2026:05:32:48 +0000] "GET /?h=18958612 HTTP/1.0" 200 29055 "-" "Mozilla/5.0 (compatible; DotBot/1.2; +https://opensiteexplorer.org/dotbot; [email protected])"
216.244.66.245 - - [10/Feb/2026:05:32:52 +0000] "GET /?h=19001212 HTTP/1.0" 200 29055 "-" "Mozilla/5.0 (compatible; DotBot/1.2; +https://opensiteexplorer.org/dotbot; [email protected])"
216.244.66.245 - - [10/Feb/2026:05:32:55 +0000] "GET /?h=19167212 HTTP/1.0" 200 29055 "-" "Mozilla/5.0 (compatible; DotBot/1.2; +https://opensiteexplorer.org/dotbot; [email protected])"
216.244.66.245 - - [10/Feb/2026:05:32:57 +0000] "GET /?h=19210712 HTTP/1.0" 200 29055 "-" "Mozilla/5.0 (compatible; DotBot/1.2; +https://opensiteexplorer.org/dotbot; [email protected])"
216.244.66.245 - - [10/Feb/2026:05:33:00 +0000] "GET /?h=19258512 HTTP/1.0" 200 29054 "-" "Mozilla/5.0 (compatible; DotBot/1.2; +https://opensiteexplorer.org/dotbot; [email protected])"
216.244.66.245 - - [10/Feb/2026:05:33:03 +0000] "GET /?h=19368212 HTTP/1.0" 200 29055 "-" "Mozilla/5.0 (compatible; DotBot/1.2; +https://opensiteexplorer.org/dotbot; [email protected])"
216.244.66.245 - - [10/Feb/2026:05:33:06 +0000] "GET /?h=19499912 HTTP/1.0" 200 29055 "-" "Mozilla/5.0 (compatible; DotBot/1.2; +https://opensiteexplorer.org/dotbot; [email protected])"
216.244.66.245 - - [10/Feb/2026:05:33:09 +0000] "GET /?h=19648312 HTTP/1.0" 200 29054 "-" "Mozilla/5.0 (compatible; DotBot/1.2; +https://opensiteexplorer.org/dotbot; [email protected])"
216.244.66.245 - - [10/Feb/2026:05:33:12 +0000] "GET /?h=19851712 HTTP/1.0" 200 29055 "-" "Mozilla/5.0 (compatible; DotBot/1.2; +https://opensiteexplorer.org/dotbot; [email protected])"
2a02:4780:41:6421::1 - - [10/Feb/2026:05:33:17 +0000] "POST /wp-cron.php?doing_wp_cron=1770701597.1801979541778564453125 HTTP/1.0" 200 404 "-" "WordPress/6.9; http://hbkconsultancy.com"
216.244.66.245 - - [10/Feb/2026:05:33:16 +0000] "GET /?h=19996212 HTTP/1.0" 200 29055 "-" "Mozilla/5.0 (compatible; DotBot/1.2; +https://opensiteexplorer.org/dotbot; [email protected])"
216.244.66.245 - - [10/Feb/2026:05:33:20 +0000] "GET /?h=20031412 HTTP/1.0" 200 29055 "-" "Mozilla/5.0 (compatible; DotBot/1.2; +https://opensiteexplorer.org/dotbot; [email protected])"
216.244.66.245 - - [10/Feb/2026:05:33:23 +0000] "GET /?h=20096112 HTTP/1.0" 200 29056 "-" "Mozilla/5.0 (compatible; DotBot/1.2; +https://opensiteexplorer.org/dotbot; [email protected])"
216.244.66.245 - - [10/Feb/2026:05:33:26 +0000] "GET /?h=20186312 HTTP/1.0" 200 29056 "-" "Mozilla/5.0 (compatible; DotBot/1.2; +https://opensiteexplorer.org/dotbot; [email protected])"
2a02:4780:41:6421::1 - - [10/Feb/2026:05:33:30 +0000] "POST /wp-cron.php?doing_wp_cron=1770701610.7363419532775878906250 HTTP/1.0" 200 404 "-" "WordPress/6.9; http://hbkconsultancy.com"
216.244.66.245 - - [10/Feb/2026:05:33:30 +0000] "GET /?h=20229612 HTTP/1.0" 200 29055 "-" "Mozilla/5.0 (compatible; DotBot/1.2; +https://opensiteexplorer.org/dotbot; [email protected])"
216.244.66.245 - - [10/Feb/2026:05:33:33 +0000] "GET /?h=20291512 HTTP/1.0" 200 29056 "-" "Mozilla/5.0 (compatible; DotBot/1.2; +https://opensiteexplorer.org/dotbot; [email protected])"
216.244.66.245 - - [10/Feb/2026:05:33:36 +0000] "GET /?h=20321912 HTTP/1.0" 200 29056 "-" "Mozilla/5.0 (compatible; DotBot/1.2; +https://opensiteexplorer.org/dotbot; [email protected])"
216.244.66.245 - - [10/Feb/2026:05:33:39 +0000] "GET /?h=20349112 HTTP/1.0" 200 29055 "-" "Mozilla/5.0 (compatible; DotBot/1.2; +https://opensiteexplorer.org/dotbot; [email protected])"
216.244.66.245 - - [10/Feb/2026:05:33:41 +0000] "GET /?h=20399212 HTTP/1.0" 200 29056 "-" "Mozilla/5.0 (compatible; DotBot/1.2; +https://opensiteexplorer.org/dotbot; [email protected])"
216.244.66.245 - - [10/Feb/2026:05:33:43 +0000] "GET /?h=20445912 HTTP/1.0" 200 29056 "-" "Mozilla/5.0 (compatible; DotBot/1.2; +https://opensiteexplorer.org/dotbot; [email protected])"
216.244.66.245 - - [10/Feb/2026:05:33:46 +0000] "GET /?h=20459712 HTTP/1.0" 200 29056 "-" "Mozilla/5.0 (compatible; DotBot/1.2; +https://opensiteexplorer.org/dotbot; [email protected])"
216.244.66.245 - - [10/Feb/2026:05:33:50 +0000] "GET /?h=20566512 HTTP/1.0" 200 29054 "-" "Mozilla/5.0 (compatible; DotBot/1.2; +https://opensiteexplorer.org/dotbot; [email protected])"
216.244.66.245 - - [10/Feb/2026:05:33:54 +0000] "GET /?h=20621412 HTTP/1.0" 200 29055 "-" "Mozilla/5.0 (compatible; DotBot/1.2; +https://opensiteexplorer.org/dotbot; [email protected])"
216.244.66.245 - - [10/Feb/2026:05:33:57 +0000] "GET /?h=20732312 HTTP/1.0" 200 29055 "-" "Mozilla/5.0 (compatible; DotBot/1.2; +https://opensiteexplorer.org/dotbot; [email protected])"
216.244.66.245 - - [10/Feb/2026:05:34:00 +0000] "GET /?h=20766012 HTTP/1.0" 200 29055 "-" "Mozilla/5.0 (compatible; DotBot/1.2; +https://opensiteexplorer.org/dotbot; [email protected])"
216.244.66.245 - - [10/Feb/2026:05:34:03 +0000] "GET /?h=20876612 HTTP/1.0" 200 29055 "-" "Mozilla/5.0 (compatible; DotBot/1.2; +https://opensiteexplorer.org/dotbot; [email protected])"
216.244.66.245 - - [10/Feb/2026:05:34:05 +0000] "GET /?h=20941212 HTTP/1.0" 200 29055 "-" "Mozilla/5.0 (compatible; DotBot/1.2; +https://opensiteexplorer.org/dotbot; [email protected])"
216.244.66.245 - - [10/Feb/2026:05:34:07 +0000] "GET /?h=21130112 HTTP/1.0" 200 29055 "-" "Mozilla/5.0 (compatible; DotBot/1.2; +https://opensiteexplorer.org/dotbot; [email protected])"
216.244.66.245 - - [10/Feb/2026:05:34:09 +0000] "GET /?h=21147112 HTTP/1.0" 200 29056 "-" "Mozilla/5.0 (compatible; DotBot/1.2; +https://opensiteexplorer.org/dotbot; [email protected])"
216.244.66.245 - - [10/Feb/2026:05:34:12 +0000] "GET /?h=21214212 HTTP/1.0" 200 29054 "-" "Mozilla/5.0 (compatible; DotBot/1.2; +https://opensiteexplorer.org/dotbot; [email protected])"
2a02:4780:41:6421::1 - - [10/Feb/2026:05:34:17 +0000] "POST /wp-cron.php?doing_wp_cron=1770701657.4525859355926513671875 HTTP/1.0" 200 404 "-" "WordPress/6.9; http://hbkconsultancy.com"
216.244.66.245 - - [10/Feb/2026:05:34:16 +0000] "GET /?h=21280812 HTTP/1.0" 200 29055 "-" "Mozilla/5.0 (compatible; DotBot/1.2; +https://opensiteexplorer.org/dotbot; [email protected])"
