20.151.224.91 - - [10/Feb/2026:00:35:02 +0000] "GET / HTTP/1.0" 200 28913 "-" "-"
20.151.224.91 - - [10/Feb/2026:00:35:04 +0000] "GET / HTTP/1.0" 200 28913 "-" "-"
20.151.224.91 - - [10/Feb/2026:00:35:05 +0000] "GET / HTTP/1.0" 200 28912 "-" "-"
20.151.224.91 - - [10/Feb/2026:00:35:05 +0000] "GET / HTTP/1.0" 200 28913 "-" "-"
20.151.224.91 - - [10/Feb/2026:00:35:06 +0000] "GET / HTTP/1.0" 200 28913 "-" "-"
20.151.224.91 - - [10/Feb/2026:00:35:07 +0000] "GET / HTTP/1.0" 200 28913 "-" "-"
20.151.224.91 - - [10/Feb/2026:00:35:08 +0000] "GET / HTTP/1.0" 200 28912 "-" "-"
20.151.224.91 - - [10/Feb/2026:00:35:10 +0000] "GET / HTTP/1.0" 200 28914 "-" "-"
20.151.224.91 - - [10/Feb/2026:00:35:11 +0000] "GET / HTTP/1.0" 200 28914 "-" "-"
20.151.224.91 - - [10/Feb/2026:00:35:12 +0000] "GET / HTTP/1.0" 200 28914 "-" "-"
20.151.224.91 - - [10/Feb/2026:00:35:13 +0000] "GET / HTTP/1.0" 200 28914 "-" "-"
2a02:4780:41:6421::1 - - [10/Feb/2026:00:35:14 +0000] "POST /wp-cron.php?doing_wp_cron=1770683714.7311561107635498046875 HTTP/1.0" 200 412 "-" "WordPress/6.9; https://hbkconsultancy.com"
20.151.224.91 - - [10/Feb/2026:00:35:14 +0000] "GET / HTTP/1.0" 200 28914 "-" "-"
20.151.224.91 - - [10/Feb/2026:00:35:15 +0000] "GET / HTTP/1.0" 200 28914 "-" "-"
20.151.224.91 - - [10/Feb/2026:00:35:16 +0000] "GET / HTTP/1.0" 200 28914 "-" "-"
20.151.224.91 - - [10/Feb/2026:00:35:17 +0000] "GET / HTTP/1.0" 200 28914 "-" "-"
20.151.224.91 - - [10/Feb/2026:00:35:18 +0000] "GET / HTTP/1.0" 200 28913 "-" "-"
20.151.224.91 - - [10/Feb/2026:00:35:19 +0000] "GET / HTTP/1.0" 200 28914 "-" "-"
20.151.224.91 - - [10/Feb/2026:00:35:20 +0000] "GET / HTTP/1.0" 200 28914 "-" "-"
20.151.224.91 - - [10/Feb/2026:00:35:21 +0000] "GET / HTTP/1.0" 200 28914 "-" "-"
20.151.224.91 - - [10/Feb/2026:00:35:22 +0000] "GET / HTTP/1.0" 200 28914 "-" "-"
20.151.224.91 - - [10/Feb/2026:00:35:23 +0000] "GET / HTTP/1.0" 200 28914 "-" "-"
20.151.224.91 - - [10/Feb/2026:00:35:24 +0000] "GET / HTTP/1.0" 200 28913 "-" "-"
20.151.224.91 - - [10/Feb/2026:00:35:25 +0000] "GET / HTTP/1.0" 200 28914 "-" "-"
20.151.224.91 - - [10/Feb/2026:00:35:26 +0000] "GET / HTTP/1.0" 200 28914 "-" "-"
20.151.224.91 - - [10/Feb/2026:00:35:27 +0000] "GET / HTTP/1.0" 200 28914 "-" "-"
20.151.224.91 - - [10/Feb/2026:00:35:28 +0000] "GET / HTTP/1.0" 200 28913 "-" "-"
2a02:4780:41:6421::1 - - [10/Feb/2026:00:35:30 +0000] "POST /wp-cron.php?doing_wp_cron=1770683730.6340610980987548828125 HTTP/1.0" 200 412 "-" "WordPress/6.9; https://hbkconsultancy.com"
20.151.224.91 - - [10/Feb/2026:00:35:29 +0000] "GET / HTTP/1.0" 200 28914 "-" "-"
20.151.224.91 - - [10/Feb/2026:00:35:31 +0000] "GET / HTTP/1.0" 200 28914 "-" "-"
20.151.224.91 - - [10/Feb/2026:00:35:32 +0000] "GET / HTTP/1.0" 200 28914 "-" "-"
20.151.224.91 - - [10/Feb/2026:00:35:33 +0000] "GET / HTTP/1.0" 200 28914 "-" "-"
20.151.224.91 - - [10/Feb/2026:00:35:34 +0000] "GET / HTTP/1.0" 200 28913 "-" "-"
20.151.224.91 - - [10/Feb/2026:00:35:35 +0000] "GET / HTTP/1.0" 200 28914 "-" "-"
20.151.224.91 - - [10/Feb/2026:00:35:36 +0000] "GET / HTTP/1.0" 200 28914 "-" "-"
20.151.224.91 - - [10/Feb/2026:00:35:37 +0000] "GET / HTTP/1.0" 200 28914 "-" "-"
20.151.224.91 - - [10/Feb/2026:00:35:38 +0000] "GET / HTTP/1.0" 200 28912 "-" "-"
20.151.224.91 - - [10/Feb/2026:00:35:39 +0000] "GET / HTTP/1.0" 200 28914 "-" "-"
20.151.224.91 - - [10/Feb/2026:00:35:40 +0000] "GET / HTTP/1.0" 200 28914 "-" "-"
20.151.224.91 - - [10/Feb/2026:00:35:42 +0000] "GET / HTTP/1.0" 200 28914 "-" "-"
20.151.224.91 - - [10/Feb/2026:00:35:43 +0000] "GET / HTTP/1.0" 200 28914 "-" "-"
20.151.224.91 - - [10/Feb/2026:00:35:44 +0000] "GET / HTTP/1.0" 200 28914 "-" "-"
20.151.224.91 - - [10/Feb/2026:00:35:45 +0000] "GET / HTTP/1.0" 200 28913 "-" "-"
20.151.224.91 - - [10/Feb/2026:00:35:46 +0000] "GET / HTTP/1.0" 200 28914 "-" "-"
20.151.224.91 - - [10/Feb/2026:00:35:47 +0000] "GET / HTTP/1.0" 200 28914 "-" "-"
20.151.224.91 - - [10/Feb/2026:00:35:48 +0000] "GET / HTTP/1.0" 200 28914 "-" "-"
20.151.224.91 - - [10/Feb/2026:00:35:49 +0000] "GET / HTTP/1.0" 200 28913 "-" "-"
20.151.224.91 - - [10/Feb/2026:00:35:49 +0000] "GET / HTTP/1.0" 200 28913 "-" "-"
20.151.224.91 - - [10/Feb/2026:00:35:51 +0000] "GET / HTTP/1.0" 200 28913 "-" "-"
20.151.224.91 - - [10/Feb/2026:00:35:52 +0000] "GET / HTTP/1.0" 200 28913 "-" "-"
20.151.224.91 - - [10/Feb/2026:00:35:53 +0000] "GET / HTTP/1.0" 200 28913 "-" "-"
20.151.224.91 - - [10/Feb/2026:00:35:54 +0000] "GET / HTTP/1.0" 200 28913 "-" "-"
20.151.224.91 - - [10/Feb/2026:00:35:55 +0000] "GET / HTTP/1.0" 200 28913 "-" "-"
2a02:4780:41:6421::1 - - [10/Feb/2026:00:37:28 +0000] "POST /wp-cron.php?doing_wp_cron=1770683848.6057419776916503906250 HTTP/1.0" 200 404 "-" "WordPress/6.9; http://hbkconsultancy.com"
165.22.34.189 - - [10/Feb/2026:00:37:27 +0000] "GET / HTTP/1.0" 200 29042 "-" "Mozilla/5.0 (l9scan/2.0.33e27393e2431313e2838313; +https://leakix.net)"
2a02:4780:41:6421::1 - - [10/Feb/2026:00:37:30 +0000] "POST /wp-cron.php?doing_wp_cron=1770683850.1060979366302490234375 HTTP/1.0" 200 404 "-" "WordPress/6.9; http://hbkconsultancy.com"
165.22.34.189 - - [10/Feb/2026:00:37:29 +0000] "GET /server HTTP/1.0" 404 126471 "-" "Mozilla/5.0 (l9scan/2.0.33e27393e2431313e2838313; +https://leakix.net)"
165.22.34.189 - - [10/Feb/2026:00:37:30 +0000] "GET /server-status HTTP/1.0" 404 126471 "-" "Mozilla/5.0 (l9scan/2.0.33e27393e2431313e2838313; +https://leakix.net)"
165.22.34.189 - - [10/Feb/2026:00:37:32 +0000] "GET /about HTTP/1.0" 301 542 "-" "Mozilla/5.0 (l9scan/2.0.33e27393e2431313e2838313; +https://leakix.net)"
165.22.34.189 - - [10/Feb/2026:00:37:33 +0000] "GET /login.action HTTP/1.0" 404 126471 "-" "Mozilla/5.0 (l9scan/2.0.33e27393e2431313e2838313; +https://leakix.net)"
165.22.34.189 - - [10/Feb/2026:00:37:34 +0000] "GET /v2/_catalog HTTP/1.0" 404 126470 "-" "Mozilla/5.0 (l9scan/2.0.33e27393e2431313e2838313; +https://leakix.net)"
165.22.34.189 - - [10/Feb/2026:00:37:35 +0000] "GET /.DS_Store HTTP/1.0" 404 126471 "-" "Mozilla/5.0 (l9scan/2.0.33e27393e2431313e2838313; +https://leakix.net)"
165.22.34.189 - - [10/Feb/2026:00:37:36 +0000] "GET /.env HTTP/1.0" 404 126471 "-" "Mozilla/5.0 (l9scan/2.0.33e27393e2431313e2838313; +https://leakix.net)"
165.22.34.189 - - [10/Feb/2026:00:37:38 +0000] "GET /ecp/Current/exporttool/microsoft.exchange.ediscovery.exporttool.application HTTP/1.0" 404 126470 "-" "Mozilla/5.0 (l9scan/2.0.33e27393e2431313e2838313; +https://leakix.net)"
165.22.34.189 - - [10/Feb/2026:00:37:40 +0000] "GET /.git/config HTTP/1.0" 404 126471 "-" "Mozilla/5.0 (l9scan/2.0.33e27393e2431313e2838313; +https://leakix.net)"
165.22.34.189 - - [10/Feb/2026:00:37:41 +0000] "POST /graphql HTTP/1.0" 404 126395 "-" "Mozilla/5.0 (l9scan/2.0.33e27393e2431313e2838313; +https://leakix.net)"
165.22.34.189 - - [10/Feb/2026:00:37:42 +0000] "POST /api HTTP/1.0" 404 126395 "-" "Mozilla/5.0 (l9scan/2.0.33e27393e2431313e2838313; +https://leakix.net)"
165.22.34.189 - - [10/Feb/2026:00:37:43 +0000] "POST /api/graphql HTTP/1.0" 404 126395 "-" "Mozilla/5.0 (l9scan/2.0.33e27393e2431313e2838313; +https://leakix.net)"
165.22.34.189 - - [10/Feb/2026:00:37:44 +0000] "POST /graphql/api HTTP/1.0" 404 126395 "-" "Mozilla/5.0 (l9scan/2.0.33e27393e2431313e2838313; +https://leakix.net)"
165.22.34.189 - - [10/Feb/2026:00:37:44 +0000] "POST /api/gql HTTP/1.0" 404 126396 "-" "Mozilla/5.0 (l9scan/2.0.33e27393e2431313e2838313; +https://leakix.net)"
165.22.34.189 - - [10/Feb/2026:00:37:45 +0000] "GET /s/33e27393e2431313e2838313/_/;/META-INF/maven/com.atlassian.jira/jira-webapp-dist/pom.properties HTTP/1.0" 404 126471 "-" "Mozilla/5.0 (l9scan/2.0.33e27393e2431313e2838313; +https://leakix.net)"
165.22.34.189 - - [10/Feb/2026:00:37:46 +0000] "GET /config.json HTTP/1.0" 404 126471 "-" "Mozilla/5.0 (l9scan/2.0.33e27393e2431313e2838313; +https://leakix.net)"
165.22.34.189 - - [10/Feb/2026:00:37:48 +0000] "GET /telescope/requests HTTP/1.0" 404 126470 "-" "Mozilla/5.0 (l9scan/2.0.33e27393e2431313e2838313; +https://leakix.net)"
165.22.34.189 - - [10/Feb/2026:00:37:49 +0000] "POST /php-cgi/php-cgi.exe?%ADd+cgi.force_redirect%3D0+%ADd+disable_functions%3D\"\"+%ADd+allow_url_include%3D1+%ADd+auto_prepend_file%3Dphp://input HTTP/1.0" 404 126401 "-" "Mozilla/5.0 (l9scan/2.0.33e27393e2431313e2838313; +https://leakix.net)"
165.22.34.189 - - [10/Feb/2026:00:37:50 +0000] "GET /info.php HTTP/1.0" 404 126470 "-" "Mozilla/5.0 (l9scan/2.0.33e27393e2431313e2838313; +https://leakix.net)"
165.22.34.189 - - [10/Feb/2026:00:37:51 +0000] "GET /.well-known/security.txt HTTP/1.0" 404 126471 "-" "Mozilla/5.0 (l9scan/2.0.33e27393e2431313e2838313; +https://leakix.net)"
165.22.34.189 - - [10/Feb/2026:00:37:52 +0000] "GET /actuator/env HTTP/1.0" 404 126471 "-" "Mozilla/5.0 (l9scan/2.0.33e27393e2431313e2838313; +https://leakix.net)"
165.22.34.189 - - [10/Feb/2026:00:37:54 +0000] "GET /swagger-ui.html HTTP/1.0" 404 126470 "-" "Mozilla/5.0 (l9scan/2.0.33e27393e2431313e2838313; +https://leakix.net)"
165.22.34.189 - - [10/Feb/2026:00:37:55 +0000] "GET /swagger/index.html HTTP/1.0" 404 126471 "-" "Mozilla/5.0 (l9scan/2.0.33e27393e2431313e2838313; +https://leakix.net)"
165.22.34.189 - - [10/Feb/2026:00:37:56 +0000] "GET /swagger/swagger-ui.html HTTP/1.0" 404 126470 "-" "Mozilla/5.0 (l9scan/2.0.33e27393e2431313e2838313; +https://leakix.net)"
165.22.34.189 - - [10/Feb/2026:00:37:57 +0000] "GET /webjars/swagger-ui/index.html HTTP/1.0" 404 126470 "-" "Mozilla/5.0 (l9scan/2.0.33e27393e2431313e2838313; +https://leakix.net)"
165.22.34.189 - - [10/Feb/2026:00:37:58 +0000] "GET /swagger.json HTTP/1.0" 404 126470 "-" "Mozilla/5.0 (l9scan/2.0.33e27393e2431313e2838313; +https://leakix.net)"
165.22.34.189 - - [10/Feb/2026:00:37:59 +0000] "GET /swagger/v1/swagger.json HTTP/1.0" 404 126470 "-" "Mozilla/5.0 (l9scan/2.0.33e27393e2431313e2838313; +https://leakix.net)"
165.22.34.189 - - [10/Feb/2026:00:38:00 +0000] "GET /v2/api-docs HTTP/1.0" 404 126471 "-" "Mozilla/5.0 (l9scan/2.0.33e27393e2431313e2838313; +https://leakix.net)"
165.22.34.189 - - [10/Feb/2026:00:38:01 +0000] "GET /v3/api-docs HTTP/1.0" 404 126471 "-" "Mozilla/5.0 (l9scan/2.0.33e27393e2431313e2838313; +https://leakix.net)"
165.22.34.189 - - [10/Feb/2026:00:38:02 +0000] "GET /api-docs/swagger.json HTTP/1.0" 404 126470 "-" "Mozilla/5.0 (l9scan/2.0.33e27393e2431313e2838313; +https://leakix.net)"
165.22.34.189 - - [10/Feb/2026:00:38:03 +0000] "GET /api/swagger.json HTTP/1.0" 404 126470 "-" "Mozilla/5.0 (l9scan/2.0.33e27393e2431313e2838313; +https://leakix.net)"
165.22.34.189 - - [10/Feb/2026:00:38:04 +0000] "GET /@vite/env HTTP/1.0" 404 126470 "-" "Mozilla/5.0 (l9scan/2.0.33e27393e2431313e2838313; +https://leakix.net)"
165.22.34.189 - - [10/Feb/2026:00:38:05 +0000] "GET /.vscode/sftp.json HTTP/1.0" 404 126471 "-" "Mozilla/5.0 (l9scan/2.0.33e27393e2431313e2838313; +https://leakix.net)"
165.22.34.189 - - [10/Feb/2026:00:38:06 +0000] "OPTIONS / HTTP/1.0" 200 28988 "-" "Mozilla/5.0 (l9scan/2.0.33e27393e2431313e2838313; +https://leakix.net)"
165.22.34.189 - - [10/Feb/2026:00:38:07 +0000] "GET /?rest_route=/wp/v2/users/ HTTP/1.0" 200 4886 "-" "Mozilla/5.0 (l9scan/2.0.33e27393e2431313e2838313; +https://leakix.net)"
165.22.34.189 - - [10/Feb/2026:00:38:08 +0000] "GET /debug/default/view?panel=config HTTP/1.0" 404 126487 "-" "Mozilla/5.0 (l9scan/2.0.33e27393e2431313e2838313; +https://leakix.net)"
2a02:4780:41:6421::1 - - [10/Feb/2026:00:39:15 +0000] "POST /wp-cron.php?doing_wp_cron=1770683955.5310230255126953125000 HTTP/1.0" 200 404 "-" "WordPress/6.9; http://hbkconsultancy.com"
213.152.162.69 - - [10/Feb/2026:00:39:15 +0000] "POST /xmlrpc.php HTTP/1.0" 200 609 "-" "Go-http-client/1.1"
2a02:4780:41:6421::1 - - [10/Feb/2026:00:39:45 +0000] "POST /wp-cron.php?doing_wp_cron=1770683985.7446789741516113281250 HTTP/1.0" 200 412 "-" "WordPress/6.9; https://hbkconsultancy.com"
114.119.151.5 - - [10/Feb/2026:00:39:44 +0000] "GET / HTTP/1.0" 200 29037 "-" "Mozilla/5.0 (Linux; Android 7.0;) AppleWebKit/537.36 (KHTML, like Gecko) Mobile Safari/537.36 (compatible; PetalBot;+https://webmaster.petalsearch.com/site/petalbot)"
2a02:4780:41:6421::1 - - [10/Feb/2026:00:41:15 +0000] "POST /wp-cron.php?doing_wp_cron=1770684075.2169220447540283203125 HTTP/1.0" 200 404 "-" "WordPress/6.9; http://hbkconsultancy.com"
68.235.38.2 - - [10/Feb/2026:00:41:14 +0000] "POST /xmlrpc.php HTTP/1.0" 200 609 "-" "Go-http-client/1.1"
223.165.69.104 - - [10/Feb/2026:00:41:18 +0000] "POST /xmlrpc.php HTTP/1.0" 200 609 "-" "Go-http-client/1.1"
2a02:4780:41:6421::1 - - [10/Feb/2026:00:42:02 +0000] "POST /wp-cron.php?doing_wp_cron=1770684122.1432120800018310546875 HTTP/1.0" 200 404 "-" "WordPress/6.9; http://hbkconsultancy.com"
147.93.58.212 - - [10/Feb/2026:00:42:01 +0000] "GET / HTTP/1.0" 200 29041 "-" "Mozilla/5.0 (X11; Linux x86_64) AppleWebKit/537.36 (KHTML, like Gecko) Chrome/44.0.2403.157 Safari/537.36"
2a02:4780:41:6421::1 - - [10/Feb/2026:00:42:48 +0000] "POST /wp-cron.php?doing_wp_cron=1770684167.9805779457092285156250 HTTP/1.0" 200 404 "-" "WordPress/6.9; http://hbkconsultancy.com"
68.235.38.2 - - [10/Feb/2026:00:42:47 +0000] "POST /xmlrpc.php HTTP/1.0" 200 609 "-" "Go-http-client/1.1"
2a02:4780:41:6421::1 - - [10/Feb/2026:00:46:09 +0000] "POST /wp-cron.php?doing_wp_cron=1770684369.7242410182952880859375 HTTP/1.0" 200 404 "-" "WordPress/6.9; http://hbkconsultancy.com"
223.165.69.104 - - [10/Feb/2026:00:46:09 +0000] "POST /xmlrpc.php HTTP/1.0" 200 609 "-" "Go-http-client/1.1"
2a02:4780:41:6421::1 - - [10/Feb/2026:00:46:43 +0000] "POST /wp-cron.php?doing_wp_cron=1770684403.2511959075927734375000 HTTP/1.0" 200 404 "-" "WordPress/6.9; http://hbkconsultancy.com"
223.165.69.104 - - [10/Feb/2026:00:46:42 +0000] "POST /xmlrpc.php HTTP/1.0" 200 609 "-" "Go-http-client/1.1"
2a02:4780:41:6421::1 - - [10/Feb/2026:00:47:53 +0000] "POST /wp-cron.php?doing_wp_cron=1770684473.1263198852539062500000 HTTP/1.0" 200 404 "-" "WordPress/6.9; http://hbkconsultancy.com"
68.235.38.2 - - [10/Feb/2026:00:47:52 +0000] "POST /xmlrpc.php HTTP/1.0" 200 609 "-" "Go-http-client/1.1"
2a02:4780:41:6421::1 - - [10/Feb/2026:00:48:26 +0000] "POST /wp-cron.php?doing_wp_cron=1770684506.2286980152130126953125 HTTP/1.0" 200 412 "-" "WordPress/6.9; https://hbkconsultancy.com"
181.214.191.73 - - [10/Feb/2026:00:48:25 +0000] "GET / HTTP/1.0" 200 29037 "-" "Mozilla/5.0 (compatible; crawler)"
2a02:4780:41:6421::1 - - [10/Feb/2026:00:49:24 +0000] "POST /wp-cron.php?doing_wp_cron=1770684564.2375900745391845703125 HTTP/1.0" 200 412 "-" "WordPress/6.9; https://hbkconsultancy.com"
104.210.140.130 - - [10/Feb/2026:00:49:23 +0000] "GET / HTTP/1.0" 200 29037 "-" "Mozilla/5.0 (Macintosh; Intel Mac OS X 10_15_7) AppleWebKit/537.36 (KHTML, like Gecko) Chrome/131.0.0.0 Safari/537.36; compatible; OAI-SearchBot/1.0; +https://openai.com/searchbot"
37.140.223.6 - - [10/Feb/2026:00:49:48 +0000] "POST /wp-login.php HTTP/1.0" 200 3979 "-" "Mozilla/5.0"
193.36.225.113 - - [10/Feb/2026:00:49:48 +0000] "POST /wp-login.php HTTP/1.0" 200 3973 "-" "Mozilla/5.0"
2a02:4780:41:6421::1 - - [10/Feb/2026:00:49:48 +0000] "POST /wp-cron.php?doing_wp_cron=1770684588.8089439868927001953125 HTTP/1.0" 200 412 "-" "WordPress/6.9; https://hbkconsultancy.com"
193.36.225.117 - - [10/Feb/2026:00:49:48 +0000] "POST /wp-login.php HTTP/1.0" 200 3978 "-" "Mozilla/5.0"
193.36.225.117 - - [10/Feb/2026:00:49:48 +0000] "POST /wp-login.php HTTP/1.0" 200 3976 "-" "Mozilla/5.0"
193.36.225.239 - - [10/Feb/2026:00:49:48 +0000] "POST /wp-login.php HTTP/1.0" 200 3976 "-" "Mozilla/5.0"
37.140.223.4 - - [10/Feb/2026:00:49:48 +0000] "POST /wp-login.php HTTP/1.0" 200 3975 "-" "Mozilla/5.0"
37.140.223.15 - - [10/Feb/2026:00:49:48 +0000] "POST /wp-login.php HTTP/1.0" 200 3978 "-" "Mozilla/5.0"
2a02:4780:41:6421::1 - - [10/Feb/2026:00:50:14 +0000] "POST /wp-cron.php?doing_wp_cron=1770684614.6902689933776855468750 HTTP/1.0" 200 404 "-" "WordPress/6.9; http://hbkconsultancy.com"
223.165.69.104 - - [10/Feb/2026:00:50:14 +0000] "POST /xmlrpc.php HTTP/1.0" 200 609 "-" "Go-http-client/1.1"
2a02:4780:41:6421::1 - - [10/Feb/2026:00:51:08 +0000] "POST /wp-cron.php?doing_wp_cron=1770684668.1908149719238281250000 HTTP/1.0" 200 404 "-" "WordPress/6.9; http://hbkconsultancy.com"
62.164.177.243 - - [10/Feb/2026:00:51:07 +0000] "POST /xmlrpc.php HTTP/1.0" 200 609 "-" "Mozilla/5.0 (X11; Linux x86_64) AppleWebKit/537.36 (KHTML, like Gecko) Chrome/138.0.0.0 Safari/537.36"
2a02:4780:41:6421::1 - - [10/Feb/2026:00:51:18 +0000] "POST /wp-cron.php?doing_wp_cron=1770684678.1095120906829833984375 HTTP/1.0" 200 404 "-" "WordPress/6.9; http://hbkconsultancy.com"
223.165.69.104 - - [10/Feb/2026:00:51:17 +0000] "POST /xmlrpc.php HTTP/1.0" 200 609 "-" "Go-http-client/1.1"
2a02:4780:41:6421::1 - - [10/Feb/2026:00:52:43 +0000] "POST /wp-cron.php?doing_wp_cron=1770684763.3017070293426513671875 HTTP/1.0" 200 404 "-" "WordPress/6.9; http://hbkconsultancy.com"
68.235.38.2 - - [10/Feb/2026:00:52:42 +0000] "POST /xmlrpc.php HTTP/1.0" 200 609 "-" "Go-http-client/1.1"
2a02:4780:41:6421::1 - - [10/Feb/2026:00:56:02 +0000] "POST /wp-cron.php?doing_wp_cron=1770684962.5808329582214355468750 HTTP/1.0" 200 404 "-" "WordPress/6.9; http://hbkconsultancy.com"
147.93.58.212 - - [10/Feb/2026:00:56:01 +0000] "GET / HTTP/1.0" 200 29041 "-" "Mozilla/5.0 (X11; Linux x86_64) AppleWebKit/537.36 (KHTML, like Gecko) Chrome/44.0.2403.157 Safari/537.36"
2a02:4780:41:6421::1 - - [10/Feb/2026:00:57:02 +0000] "POST /wp-cron.php?doing_wp_cron=1770685022.9569489955902099609375 HTTP/1.0" 200 404 "-" "WordPress/6.9; http://hbkconsultancy.com"
95.211.126.56 - - [10/Feb/2026:00:57:02 +0000] "POST /xmlrpc.php HTTP/1.0" 200 609 "-" "Go-http-client/1.1"
2a02:4780:41:6421::1 - - [10/Feb/2026:00:57:18 +0000] "POST /wp-cron.php?doing_wp_cron=1770685038.3342480659484863281250 HTTP/1.0" 200 404 "-" "WordPress/6.9; http://hbkconsultancy.com"
216.244.66.245 - - [10/Feb/2026:00:57:17 +0000] "GET /?h=15991112 HTTP/1.0" 200 29055 "-" "Mozilla/5.0 (compatible; DotBot/1.2; +https://opensiteexplorer.org/dotbot; [email protected])"
216.244.66.245 - - [10/Feb/2026:00:57:23 +0000] "GET /?h=16031712 HTTP/1.0" 200 29055 "-" "Mozilla/5.0 (compatible; DotBot/1.2; +https://opensiteexplorer.org/dotbot; [email protected])"
216.244.66.245 - - [10/Feb/2026:00:57:29 +0000] "GET /?h=16347912 HTTP/1.0" 200 29055 "-" "Mozilla/5.0 (compatible; DotBot/1.2; +https://opensiteexplorer.org/dotbot; [email protected])"
2a02:4780:41:6421::1 - - [10/Feb/2026:00:57:34 +0000] "POST /wp-cron.php?doing_wp_cron=1770685054.0327599048614501953125 HTTP/1.0" 200 404 "-" "WordPress/6.9; http://hbkconsultancy.com"
216.244.66.245 - - [10/Feb/2026:00:57:33 +0000] "GET /?h=16468412 HTTP/1.0" 200 29055 "-" "Mozilla/5.0 (compatible; DotBot/1.2; +https://opensiteexplorer.org/dotbot; [email protected])"
216.244.66.245 - - [10/Feb/2026:00:57:37 +0000] "GET /?h=16546912 HTTP/1.0" 200 29055 "-" "Mozilla/5.0 (compatible; DotBot/1.2; +https://opensiteexplorer.org/dotbot; [email protected])"
216.244.66.245 - - [10/Feb/2026:00:57:40 +0000] "GET /?h=16675712 HTTP/1.0" 200 29055 "-" "Mozilla/5.0 (compatible; DotBot/1.2; +https://opensiteexplorer.org/dotbot; [email protected])"
216.244.66.245 - - [10/Feb/2026:00:57:43 +0000] "GET /?h=17258312 HTTP/1.0" 200 29055 "-" "Mozilla/5.0 (compatible; DotBot/1.2; +https://opensiteexplorer.org/dotbot; [email protected])"
216.244.66.245 - - [10/Feb/2026:00:57:46 +0000] "GET /?h=17984812 HTTP/1.0" 200 29055 "-" "Mozilla/5.0 (compatible; DotBot/1.2; +https://opensiteexplorer.org/dotbot; [email protected])"
216.244.66.245 - - [10/Feb/2026:00:57:49 +0000] "GET /?h=18334412 HTTP/1.0" 200 29055 "-" "Mozilla/5.0 (compatible; DotBot/1.2; +https://opensiteexplorer.org/dotbot; [email protected])"
216.244.66.245 - - [10/Feb/2026:00:57:52 +0000] "GET /?h=19470612 HTTP/1.0" 200 29054 "-" "Mozilla/5.0 (compatible; DotBot/1.2; +https://opensiteexplorer.org/dotbot; [email protected])"
216.244.66.245 - - [10/Feb/2026:00:57:54 +0000] "GET /?h=19704712 HTTP/1.0" 200 29054 "-" "Mozilla/5.0 (compatible; DotBot/1.2; +https://opensiteexplorer.org/dotbot; [email protected])"
216.244.66.245 - - [10/Feb/2026:00:57:57 +0000] "GET /?h=20137212 HTTP/1.0" 200 29054 "-" "Mozilla/5.0 (compatible; DotBot/1.2; +https://opensiteexplorer.org/dotbot; [email protected])"
216.244.66.245 - - [10/Feb/2026:00:57:59 +0000] "GET /?h=20786812 HTTP/1.0" 200 29054 "-" "Mozilla/5.0 (compatible; DotBot/1.2; +https://opensiteexplorer.org/dotbot; [email protected])"
216.244.66.245 - - [10/Feb/2026:00:58:01 +0000] "GET /?h=21210512 HTTP/1.0" 200 29055 "-" "Mozilla/5.0 (compatible; DotBot/1.2; +https://opensiteexplorer.org/dotbot; [email protected])"
216.244.66.245 - - [10/Feb/2026:00:58:04 +0000] "GET /?h=21222312 HTTP/1.0" 200 29055 "-" "Mozilla/5.0 (compatible; DotBot/1.2; +https://opensiteexplorer.org/dotbot; [email protected])"
216.244.66.245 - - [10/Feb/2026:00:58:06 +0000] "GET /?h=21481912 HTTP/1.0" 200 29055 "-" "Mozilla/5.0 (compatible; DotBot/1.2; +https://opensiteexplorer.org/dotbot; [email protected])"
216.244.66.245 - - [10/Feb/2026:00:58:08 +0000] "GET /?h=22328512 HTTP/1.0" 200 29054 "-" "Mozilla/5.0 (compatible; DotBot/1.2; +https://opensiteexplorer.org/dotbot; [email protected])"
216.244.66.245 - - [10/Feb/2026:00:58:11 +0000] "GET /?h=22341412 HTTP/1.0" 200 29055 "-" "Mozilla/5.0 (compatible; DotBot/1.2; +https://opensiteexplorer.org/dotbot; [email protected])"
2a02:4780:41:6421::1 - - [10/Feb/2026:00:58:14 +0000] "POST /wp-cron.php?doing_wp_cron=1770685094.1926250457763671875000 HTTP/1.0" 200 404 "-" "WordPress/6.9; http://hbkconsultancy.com"
216.244.66.245 - - [10/Feb/2026:00:58:13 +0000] "GET /?h=22474512 HTTP/1.0" 200 29055 "-" "Mozilla/5.0 (compatible; DotBot/1.2; +https://opensiteexplorer.org/dotbot; [email protected])"
216.244.66.245 - - [10/Feb/2026:00:58:17 +0000] "GET /?h=22757412 HTTP/1.0" 200 29055 "-" "Mozilla/5.0 (compatible; DotBot/1.2; +https://opensiteexplorer.org/dotbot; [email protected])"
216.244.66.245 - - [10/Feb/2026:00:58:20 +0000] "GET /?h=22846512 HTTP/1.0" 200 29055 "-" "Mozilla/5.0 (compatible; DotBot/1.2; +https://opensiteexplorer.org/dotbot; [email protected])"
216.244.66.245 - - [10/Feb/2026:00:58:23 +0000] "GET /?h=22882812 HTTP/1.0" 200 29055 "-" "Mozilla/5.0 (compatible; DotBot/1.2; +https://opensiteexplorer.org/dotbot; [email protected])"
216.244.66.245 - - [10/Feb/2026:00:58:26 +0000] "GET /?h=23005612 HTTP/1.0" 200 29055 "-" "Mozilla/5.0 (compatible; DotBot/1.2; +https://opensiteexplorer.org/dotbot; [email protected])"
216.244.66.245 - - [10/Feb/2026:00:58:28 +0000] "GET /?h=23199212 HTTP/1.0" 200 29055 "-" "Mozilla/5.0 (compatible; DotBot/1.2; +https://opensiteexplorer.org/dotbot; [email protected])"
2a02:4780:41:6421::1 - - [10/Feb/2026:00:58:31 +0000] "POST /wp-cron.php?doing_wp_cron=1770685111.1793179512023925781250 HTTP/1.0" 200 404 "-" "WordPress/6.9; http://hbkconsultancy.com"
216.244.66.245 - - [10/Feb/2026:00:58:30 +0000] "GET /?h=23598012 HTTP/1.0" 200 29055 "-" "Mozilla/5.0 (compatible; DotBot/1.2; +https://opensiteexplorer.org/dotbot; [email protected])"
216.244.66.245 - - [10/Feb/2026:00:58:34 +0000] "GET /?h=23937512 HTTP/1.0" 200 29054 "-" "Mozilla/5.0 (compatible; DotBot/1.2; +https://opensiteexplorer.org/dotbot; [email protected])"
216.244.66.245 - - [10/Feb/2026:00:58:37 +0000] "GET /?h=24017112 HTTP/1.0" 200 29055 "-" "Mozilla/5.0 (compatible; DotBot/1.2; +https://opensiteexplorer.org/dotbot; [email protected])"
216.244.66.245 - - [10/Feb/2026:00:58:40 +0000] "GET /?h=24017912 HTTP/1.0" 200 29055 "-" "Mozilla/5.0 (compatible; DotBot/1.2; +https://opensiteexplorer.org/dotbot; [email protected])"
216.244.66.245 - - [10/Feb/2026:00:58:43 +0000] "GET /?h=24018512 HTTP/1.0" 200 29055 "-" "Mozilla/5.0 (compatible; DotBot/1.2; +https://opensiteexplorer.org/dotbot; [email protected])"
216.244.66.245 - - [10/Feb/2026:00:58:45 +0000] "GET /?h=24075412 HTTP/1.0" 200 29055 "-" "Mozilla/5.0 (compatible; DotBot/1.2; +https://opensiteexplorer.org/dotbot; [email protected])"
216.244.66.245 - - [10/Feb/2026:00:58:47 +0000] "GET /?h=24276512 HTTP/1.0" 200 29055 "-" "Mozilla/5.0 (compatible; DotBot/1.2; +https://opensiteexplorer.org/dotbot; [email protected])"
216.244.66.245 - - [10/Feb/2026:00:58:50 +0000] "GET /?h=24471712 HTTP/1.0" 200 29054 "-" "Mozilla/5.0 (compatible; DotBot/1.2; +https://opensiteexplorer.org/dotbot; [email protected])"
216.244.66.245 - - [10/Feb/2026:00:58:52 +0000] "GET /?h=24759512 HTTP/1.0" 200 29054 "-" "Mozilla/5.0 (compatible; DotBot/1.2; +https://opensiteexplorer.org/dotbot; [email protected])"
216.244.66.245 - - [10/Feb/2026:00:58:54 +0000] "GET /?h=24822812 HTTP/1.0" 200 29054 "-" "Mozilla/5.0 (compatible; DotBot/1.2; +https://opensiteexplorer.org/dotbot; [email protected])"
216.244.66.245 - - [10/Feb/2026:00:58:56 +0000] "GET /?h=24906512 HTTP/1.0" 200 29054 "-" "Mozilla/5.0 (compatible; DotBot/1.2; +https://opensiteexplorer.org/dotbot; [email protected])"
216.244.66.245 - - [10/Feb/2026:00:58:58 +0000] "GET /?h=24959712 HTTP/1.0" 200 29054 "-" "Mozilla/5.0 (compatible; DotBot/1.2; +https://opensiteexplorer.org/dotbot; [email protected])"
216.244.66.245 - - [10/Feb/2026:00:59:00 +0000] "GET /?h=25012612 HTTP/1.0" 200 29055 "-" "Mozilla/5.0 (compatible; DotBot/1.2; +https://opensiteexplorer.org/dotbot; [email protected])"
216.244.66.245 - - [10/Feb/2026:00:59:03 +0000] "GET /?h=25059112 HTTP/1.0" 200 29055 "-" "Mozilla/5.0 (compatible; DotBot/1.2; +https://opensiteexplorer.org/dotbot; [email protected])"
216.244.66.245 - - [10/Feb/2026:00:59:06 +0000] "GET /?h=25095512 HTTP/1.0" 200 29055 "-" "Mozilla/5.0 (compatible; DotBot/1.2; +https://opensiteexplorer.org/dotbot; [email protected])"
216.244.66.245 - - [10/Feb/2026:00:59:08 +0000] "GET /?h=25107012 HTTP/1.0" 200 29055 "-" "Mozilla/5.0 (compatible; DotBot/1.2; +https://opensiteexplorer.org/dotbot; [email protected])"
216.244.66.245 - - [10/Feb/2026:00:59:10 +0000] "GET /?h=25679812 HTTP/1.0" 200 29055 "-" "Mozilla/5.0 (compatible; DotBot/1.2; +https://opensiteexplorer.org/dotbot; [email protected])"
216.244.66.245 - - [10/Feb/2026:00:59:12 +0000] "GET /?h=26699412 HTTP/1.0" 200 29055 "-" "Mozilla/5.0 (compatible; DotBot/1.2; +https://opensiteexplorer.org/dotbot; [email protected])"
2a02:4780:41:6421::1 - - [10/Feb/2026:00:59:15 +0000] "POST /wp-cron.php?doing_wp_cron=1770685155.7619800567626953125000 HTTP/1.0" 200 404 "-" "WordPress/6.9; http://hbkconsultancy.com"
216.244.66.245 - - [10/Feb/2026:00:59:15 +0000] "GET /?h=26709012 HTTP/1.0" 200 29054 "-" "Mozilla/5.0 (compatible; DotBot/1.2; +https://opensiteexplorer.org/dotbot; [email protected])"
216.244.66.245 - - [10/Feb/2026:00:59:18 +0000] "GET /?h=26787012 HTTP/1.0" 200 29054 "-" "Mozilla/5.0 (compatible; DotBot/1.2; +https://opensiteexplorer.org/dotbot; [email protected])"
216.244.66.245 - - [10/Feb/2026:00:59:21 +0000] "GET /?h=27187512 HTTP/1.0" 200 29056 "-" "Mozilla/5.0 (compatible; DotBot/1.2; +https://opensiteexplorer.org/dotbot; [email protected])"
216.244.66.245 - - [10/Feb/2026:00:59:24 +0000] "GET /?h=27244012 HTTP/1.0" 200 29055 "-" "Mozilla/5.0 (compatible; DotBot/1.2; +https://opensiteexplorer.org/dotbot; [email protected])"
216.244.66.245 - - [10/Feb/2026:00:59:26 +0000] "GET /?h=27290712 HTTP/1.0" 200 29056 "-" "Mozilla/5.0 (compatible; DotBot/1.2; +https://opensiteexplorer.org/dotbot; [email protected])"
216.244.66.245 - - [10/Feb/2026:00:59:29 +0000] "GET /?h=27356012 HTTP/1.0" 200 29055 "-" "Mozilla/5.0 (compatible; DotBot/1.2; +https://opensiteexplorer.org/dotbot; [email protected])"
2a02:4780:41:6421::1 - - [10/Feb/2026:00:59:32 +0000] "POST /wp-cron.php?doing_wp_cron=1770685172.8868238925933837890625 HTTP/1.0" 200 404 "-" "WordPress/6.9; http://hbkconsultancy.com"
216.244.66.245 - - [10/Feb/2026:00:59:32 +0000] "GET /?h=27415412 HTTP/1.0" 200 29056 "-" "Mozilla/5.0 (compatible; DotBot/1.2; +https://opensiteexplorer.org/dotbot; [email protected])"
216.244.66.245 - - [10/Feb/2026:00:59:35 +0000] "GET /?h=27607112 HTTP/1.0" 200 29056 "-" "Mozilla/5.0 (compatible; DotBot/1.2; +https://opensiteexplorer.org/dotbot; [email protected])"
216.244.66.245 - - [10/Feb/2026:00:59:38 +0000] "GET /?h=27830512 HTTP/1.0" 200 29054 "-" "Mozilla/5.0 (compatible; DotBot/1.2; +https://opensiteexplorer.org/dotbot; [email protected])"
216.244.66.245 - - [10/Feb/2026:00:59:41 +0000] "GET /?h=27908612 HTTP/1.0" 200 29056 "-" "Mozilla/5.0 (compatible; DotBot/1.2; +https://opensiteexplorer.org/dotbot; [email protected])"
216.244.66.245 - - [10/Feb/2026:00:59:43 +0000] "GET /?h=28241812 HTTP/1.0" 200 29056 "-" "Mozilla/5.0 (compatible; DotBot/1.2; +https://opensiteexplorer.org/dotbot; [email protected])"
216.244.66.245 - - [10/Feb/2026:00:59:45 +0000] "GET /?h=28330612 HTTP/1.0" 200 29056 "-" "Mozilla/5.0 (compatible; DotBot/1.2; +https://opensiteexplorer.org/dotbot; [email protected])"
216.244.66.245 - - [10/Feb/2026:00:59:48 +0000] "GET /?h=28445712 HTTP/1.0" 200 29055 "-" "Mozilla/5.0 (compatible; DotBot/1.2; +https://opensiteexplorer.org/dotbot; [email protected])"
216.244.66.245 - - [10/Feb/2026:00:59:50 +0000] "GET /?h=29116512 HTTP/1.0" 200 29054 "-" "Mozilla/5.0 (compatible; DotBot/1.2; +https://opensiteexplorer.org/dotbot; [email protected])"
216.244.66.245 - - [10/Feb/2026:00:59:53 +0000] "GET /?h=29366412 HTTP/1.0" 200 29055 "-" "Mozilla/5.0 (compatible; DotBot/1.2; +https://opensiteexplorer.org/dotbot; [email protected])"
216.244.66.245 - - [10/Feb/2026:00:59:55 +0000] "GET /?h=29505312 HTTP/1.0" 200 29055 "-" "Mozilla/5.0 (compatible; DotBot/1.2; +https://opensiteexplorer.org/dotbot; [email protected])"
216.244.66.245 - - [10/Feb/2026:00:59:57 +0000] "GET /?h=29672612 HTTP/1.0" 200 29055 "-" "Mozilla/5.0 (compatible; DotBot/1.2; +https://opensiteexplorer.org/dotbot; [email protected])"
216.244.66.245 - - [10/Feb/2026:00:59:59 +0000] "GET /?h=29982012 HTTP/1.0" 200 29053 "-" "Mozilla/5.0 (compatible; DotBot/1.2; +https://opensiteexplorer.org/dotbot; [email protected])"
147.93.58.212 - - [10/Feb/2026:01:00:01 +0000] "GET / HTTP/1.0" 200 29041 "-" "Mozilla/5.0 (X11; Linux x86_64) AppleWebKit/537.36 (KHTML, like Gecko) Chrome/44.0.2403.157 Safari/537.36"
216.244.66.245 - - [10/Feb/2026:01:00:02 +0000] "GET /?h=30141912 HTTP/1.0" 200 29054 "-" "Mozilla/5.0 (compatible; DotBot/1.2; +https://opensiteexplorer.org/dotbot; [email protected])"
216.244.66.245 - - [10/Feb/2026:01:00:06 +0000] "GET /?h=30253012 HTTP/1.0" 200 29054 "-" "Mozilla/5.0 (compatible; DotBot/1.2; +https://opensiteexplorer.org/dotbot; [email protected])"
216.244.66.245 - - [10/Feb/2026:01:00:09 +0000] "GET /?h=30505012 HTTP/1.0" 200 29053 "-" "Mozilla/5.0 (compatible; DotBot/1.2; +https://opensiteexplorer.org/dotbot; [email protected])"
216.244.66.245 - - [10/Feb/2026:01:00:11 +0000] "GET /?h=30531312 HTTP/1.0" 200 29054 "-" "Mozilla/5.0 (compatible; DotBot/1.2; +https://opensiteexplorer.org/dotbot; [email protected])"
2a02:4780:41:6421::1 - - [10/Feb/2026:01:00:15 +0000] "POST /wp-cron.php?doing_wp_cron=1770685215.0164909362792968750000 HTTP/1.0" 200 404 "-" "WordPress/6.9; http://hbkconsultancy.com"
216.244.66.245 - - [10/Feb/2026:01:00:14 +0000] "GET /?h=30872412 HTTP/1.0" 200 29054 "-" "Mozilla/5.0 (compatible; DotBot/1.2; +https://opensiteexplorer.org/dotbot; [email protected])"
216.244.66.245 - - [10/Feb/2026:01:00:18 +0000] "GET /?h=31092212 HTTP/1.0" 200 29053 "-" "Mozilla/5.0 (compatible; DotBot/1.2; +https://opensiteexplorer.org/dotbot; [email protected])"
216.244.66.245 - - [10/Feb/2026:01:00:22 +0000] "GET /?h=31142012 HTTP/1.0" 200 29054 "-" "Mozilla/5.0 (compatible; DotBot/1.2; +https://opensiteexplorer.org/dotbot; [email protected])"
216.244.66.245 - - [10/Feb/2026:01:00:25 +0000] "GET /?h=31424412 HTTP/1.0" 200 29054 "-" "Mozilla/5.0 (compatible; DotBot/1.2; +https://opensiteexplorer.org/dotbot; [email protected])"
216.244.66.245 - - [10/Feb/2026:01:00:27 +0000] "GET /?h=31550212 HTTP/1.0" 200 29054 "-" "Mozilla/5.0 (compatible; DotBot/1.2; +https://opensiteexplorer.org/dotbot; [email protected])"
2a02:4780:41:6421::1 - - [10/Feb/2026:01:00:31 +0000] "POST /wp-cron.php?doing_wp_cron=1770685231.0979979038238525390625 HTTP/1.0" 200 404 "-" "WordPress/6.9; http://hbkconsultancy.com"
216.244.66.245 - - [10/Feb/2026:01:00:30 +0000] "GET /?h=31712812 HTTP/1.0" 200 29054 "-" "Mozilla/5.0 (compatible; DotBot/1.2; +https://opensiteexplorer.org/dotbot; [email protected])"
216.244.66.245 - - [10/Feb/2026:01:00:34 +0000] "GET /?h=31722112 HTTP/1.0" 200 29054 "-" "Mozilla/5.0 (compatible; DotBot/1.2; +https://opensiteexplorer.org/dotbot; [email protected])"
216.244.66.245 - - [10/Feb/2026:01:00:38 +0000] "GET /?h=31812712 HTTP/1.0" 200 29054 "-" "Mozilla/5.0 (compatible; DotBot/1.2; +https://opensiteexplorer.org/dotbot; [email protected])"
216.244.66.245 - - [10/Feb/2026:01:00:40 +0000] "GET /?h=31939912 HTTP/1.0" 200 29054 "-" "Mozilla/5.0 (compatible; DotBot/1.2; +https://opensiteexplorer.org/dotbot; [email protected])"
216.244.66.245 - - [10/Feb/2026:01:00:43 +0000] "GET /?h=31977712 HTTP/1.0" 200 29054 "-" "Mozilla/5.0 (compatible; DotBot/1.2; +https://opensiteexplorer.org/dotbot; [email protected])"
216.244.66.245 - - [10/Feb/2026:01:00:46 +0000] "GET /?h=31991312 HTTP/1.0" 200 29054 "-" "Mozilla/5.0 (compatible; DotBot/1.2; +https://opensiteexplorer.org/dotbot; [email protected])"
216.244.66.245 - - [10/Feb/2026:01:00:49 +0000] "GET /?h=32408412 HTTP/1.0" 200 29053 "-" "Mozilla/5.0 (compatible; DotBot/1.2; +https://opensiteexplorer.org/dotbot; [email protected])"
216.244.66.245 - - [10/Feb/2026:01:00:53 +0000] "GET /?h=32419712 HTTP/1.0" 200 29054 "-" "Mozilla/5.0 (compatible; DotBot/1.2; +https://opensiteexplorer.org/dotbot; [email protected])"
216.244.66.245 - - [10/Feb/2026:01:00:56 +0000] "GET /?h=32531112 HTTP/1.0" 200 29054 "-" "Mozilla/5.0 (compatible; DotBot/1.2; +https://opensiteexplorer.org/dotbot; [email protected])"
216.244.66.245 - - [10/Feb/2026:01:00:59 +0000] "GET /?h=32699712 HTTP/1.0" 200 29052 "-" "Mozilla/5.0 (compatible; DotBot/1.2; +https://opensiteexplorer.org/dotbot; [email protected])"
216.244.66.245 - - [10/Feb/2026:01:01:02 +0000] "GET /?h=32999112 HTTP/1.0" 200 29053 "-" "Mozilla/5.0 (compatible; DotBot/1.2; +https://opensiteexplorer.org/dotbot; [email protected])"
216.244.66.245 - - [10/Feb/2026:01:01:05 +0000] "GET /?h=33051912 HTTP/1.0" 200 29053 "-" "Mozilla/5.0 (compatible; DotBot/1.2; +https://opensiteexplorer.org/dotbot; [email protected])"
216.244.66.245 - - [10/Feb/2026:01:01:07 +0000] "GET /?h=33066412 HTTP/1.0" 200 29053 "-" "Mozilla/5.0 (compatible; DotBot/1.2; +https://opensiteexplorer.org/dotbot; [email protected])"
216.244.66.245 - - [10/Feb/2026:01:01:10 +0000] "GET /?h=33300512 HTTP/1.0" 200 29054 "-" "Mozilla/5.0 (compatible; DotBot/1.2; +https://opensiteexplorer.org/dotbot; [email protected])"
2a02:4780:41:6421::1 - - [10/Feb/2026:01:01:15 +0000] "POST /wp-cron.php?doing_wp_cron=1770685275.2290530204772949218750 HTTP/1.0" 200 404 "-" "WordPress/6.9; http://hbkconsultancy.com"
216.244.66.245 - - [10/Feb/2026:01:01:14 +0000] "GET /?h=33414312 HTTP/1.0" 200 29053 "-" "Mozilla/5.0 (compatible; DotBot/1.2; +https://opensiteexplorer.org/dotbot; [email protected])"
216.244.66.245 - - [10/Feb/2026:01:01:22 +0000] "GET /?h=33510212 HTTP/1.0" 200 29053 "-" "Mozilla/5.0 (compatible; DotBot/1.2; +https://opensiteexplorer.org/dotbot; [email protected])"
216.244.66.245 - - [10/Feb/2026:01:01:28 +0000] "GET /?h=33891512 HTTP/1.0" 200 29053 "-" "Mozilla/5.0 (compatible; DotBot/1.2; +https://opensiteexplorer.org/dotbot; [email protected])"
2a02:4780:41:6421::1 - - [10/Feb/2026:01:01:34 +0000] "POST /wp-cron.php?doing_wp_cron=1770685294.0457808971405029296875 HTTP/1.0" 200 404 "-" "WordPress/6.9; http://hbkconsultancy.com"
216.244.66.245 - - [10/Feb/2026:01:01:33 +0000] "GET /?h=33918412 HTTP/1.0" 200 29053 "-" "Mozilla/5.0 (compatible; DotBot/1.2; +https://opensiteexplorer.org/dotbot; [email protected])"
216.244.66.245 - - [10/Feb/2026:01:01:39 +0000] "GET /?h=34399812 HTTP/1.0" 200 29054 "-" "Mozilla/5.0 (compatible; DotBot/1.2; +https://opensiteexplorer.org/dotbot; [email protected])"
216.244.66.245 - - [10/Feb/2026:01:01:45 +0000] "GET /?h=34443812 HTTP/1.0" 200 29053 "-" "Mozilla/5.0 (compatible; DotBot/1.2; +https://opensiteexplorer.org/dotbot; [email protected])"
216.244.66.245 - - [10/Feb/2026:01:01:50 +0000] "GET /?h=34554712 HTTP/1.0" 200 29053 "-" "Mozilla/5.0 (compatible; DotBot/1.2; +https://opensiteexplorer.org/dotbot; [email protected])"
216.244.66.245 - - [10/Feb/2026:01:01:55 +0000] "GET /?h=34591212 HTTP/1.0" 200 29053 "-" "Mozilla/5.0 (compatible; DotBot/1.2; +https://opensiteexplorer.org/dotbot; [email protected])"
216.244.66.245 - - [10/Feb/2026:01:01:59 +0000] "GET /?h=34615912 HTTP/1.0" 200 29054 "-" "Mozilla/5.0 (compatible; DotBot/1.2; +https://opensiteexplorer.org/dotbot; [email protected])"
216.244.66.245 - - [10/Feb/2026:01:02:03 +0000] "GET /?h=34732712 HTTP/1.0" 200 29055 "-" "Mozilla/5.0 (compatible; DotBot/1.2; +https://opensiteexplorer.org/dotbot; [email protected])"
216.244.66.245 - - [10/Feb/2026:01:02:07 +0000] "GET /?h=34831712 HTTP/1.0" 200 29055 "-" "Mozilla/5.0 (compatible; DotBot/1.2; +https://opensiteexplorer.org/dotbot; [email protected])"
216.244.66.245 - - [10/Feb/2026:01:02:12 +0000] "GET /?h=35484512 HTTP/1.0" 200 29055 "-" "Mozilla/5.0 (compatible; DotBot/1.2; +https://opensiteexplorer.org/dotbot; [email protected])"
2a02:4780:41:6421::1 - - [10/Feb/2026:01:02:20 +0000] "POST /wp-cron.php?doing_wp_cron=1770685340.4414310455322265625000 HTTP/1.0" 200 404 "-" "WordPress/6.9; http://hbkconsultancy.com"
216.244.66.245 - - [10/Feb/2026:01:02:19 +0000] "GET /?h=35612512 HTTP/1.0" 200 29055 "-" "Mozilla/5.0 (compatible; DotBot/1.2; +https://opensiteexplorer.org/dotbot; [email protected])"
216.244.66.245 - - [10/Feb/2026:01:02:25 +0000] "GET /?h=35635512 HTTP/1.0" 200 29055 "-" "Mozilla/5.0 (compatible; DotBot/1.2; +https://opensiteexplorer.org/dotbot; [email protected])"
2a02:4780:41:6421::1 - - [10/Feb/2026:01:02:30 +0000] "POST /wp-cron.php?doing_wp_cron=1770685350.6683189868927001953125 HTTP/1.0" 200 404 "-" "WordPress/6.9; http://hbkconsultancy.com"
216.244.66.245 - - [10/Feb/2026:01:02:29 +0000] "GET /?h=35839512 HTTP/1.0" 200 29055 "-" "Mozilla/5.0 (compatible; DotBot/1.2; +https://opensiteexplorer.org/dotbot; [email protected])"
216.244.66.245 - - [10/Feb/2026:01:02:34 +0000] "GET /?h=36055312 HTTP/1.0" 200 29055 "-" "Mozilla/5.0 (compatible; DotBot/1.2; +https://opensiteexplorer.org/dotbot; [email protected])"
216.244.66.245 - - [10/Feb/2026:01:02:38 +0000] "GET /?h=36055712 HTTP/1.0" 200 29055 "-" "Mozilla/5.0 (compatible; DotBot/1.2; +https://opensiteexplorer.org/dotbot; [email protected])"
216.244.66.245 - - [10/Feb/2026:01:02:41 +0000] "GET /?h=36078712 HTTP/1.0" 200 29055 "-" "Mozilla/5.0 (compatible; DotBot/1.2; +https://opensiteexplorer.org/dotbot; [email protected])"
216.244.66.245 - - [10/Feb/2026:01:02:46 +0000] "GET /?h=36165412 HTTP/1.0" 200 29055 "-" "Mozilla/5.0 (compatible; DotBot/1.2; +https://opensiteexplorer.org/dotbot; [email protected])"
216.244.66.245 - - [10/Feb/2026:01:02:50 +0000] "GET /?h=36224812 HTTP/1.0" 200 29055 "-" "Mozilla/5.0 (compatible; DotBot/1.2; +https://opensiteexplorer.org/dotbot; [email protected])"
216.244.66.245 - - [10/Feb/2026:01:02:54 +0000] "GET /?h=36389812 HTTP/1.0" 200 29055 "-" "Mozilla/5.0 (compatible; DotBot/1.2; +https://opensiteexplorer.org/dotbot; [email protected])"
216.244.66.245 - - [10/Feb/2026:01:02:57 +0000] "GET /?h=36474912 HTTP/1.0" 200 29055 "-" "Mozilla/5.0 (compatible; DotBot/1.2; +https://opensiteexplorer.org/dotbot; [email protected])"
216.244.66.245 - - [10/Feb/2026:01:03:00 +0000] "GET /?h=36577512 HTTP/1.0" 200 29054 "-" "Mozilla/5.0 (compatible; DotBot/1.2; +https://opensiteexplorer.org/dotbot; [email protected])"
216.244.66.245 - - [10/Feb/2026:01:03:03 +0000] "GET /?h=37110112 HTTP/1.0" 200 29055 "-" "Mozilla/5.0 (compatible; DotBot/1.2; +https://opensiteexplorer.org/dotbot; [email protected])"
216.244.66.245 - - [10/Feb/2026:01:03:06 +0000] "GET /?h=37222512 HTTP/1.0" 200 29055 "-" "Mozilla/5.0 (compatible; DotBot/1.2; +https://opensiteexplorer.org/dotbot; [email protected])"
216.244.66.245 - - [10/Feb/2026:01:03:08 +0000] "GET /?h=37480712 HTTP/1.0" 200 29054 "-" "Mozilla/5.0 (compatible; DotBot/1.2; +https://opensiteexplorer.org/dotbot; [email protected])"
216.244.66.245 - - [10/Feb/2026:01:03:10 +0000] "GET /?h=37584212 HTTP/1.0" 200 29055 "-" "Mozilla/5.0 (compatible; DotBot/1.2; +https://opensiteexplorer.org/dotbot; [email protected])"
2a02:4780:41:6421::1 - - [10/Feb/2026:01:03:14 +0000] "POST /wp-cron.php?doing_wp_cron=1770685394.4523289203643798828125 HTTP/1.0" 200 404 "-" "WordPress/6.9; http://hbkconsultancy.com"
216.244.66.245 - - [10/Feb/2026:01:03:13 +0000] "GET /?h=37594412 HTTP/1.0" 200 29055 "-" "Mozilla/5.0 (compatible; DotBot/1.2; +https://opensiteexplorer.org/dotbot; [email protected])"
216.244.66.245 - - [10/Feb/2026:01:03:17 +0000] "GET /?h=37690512 HTTP/1.0" 200 29055 "-" "Mozilla/5.0 (compatible; DotBot/1.2; +https://opensiteexplorer.org/dotbot; [email protected])"
216.244.66.245 - - [10/Feb/2026:01:03:20 +0000] "GET /?h=37907712 HTTP/1.0" 200 29055 "-" "Mozilla/5.0 (compatible; DotBot/1.2; +https://opensiteexplorer.org/dotbot; [email protected])"
216.244.66.245 - - [10/Feb/2026:01:03:23 +0000] "GET /?h=38174312 HTTP/1.0" 200 29055 "-" "Mozilla/5.0 (compatible; DotBot/1.2; +https://opensiteexplorer.org/dotbot; [email protected])"
216.244.66.245 - - [10/Feb/2026:01:03:25 +0000] "GET /?h=38217812 HTTP/1.0" 200 29055 "-" "Mozilla/5.0 (compatible; DotBot/1.2; +https://opensiteexplorer.org/dotbot; [email protected])"
216.244.66.245 - - [10/Feb/2026:01:03:28 +0000] "GET /?h=38293612 HTTP/1.0" 200 29055 "-" "Mozilla/5.0 (compatible; DotBot/1.2; +https://opensiteexplorer.org/dotbot; [email protected])"
2a02:4780:41:6421::1 - - [10/Feb/2026:01:03:31 +0000] "POST /wp-cron.php?doing_wp_cron=1770685411.0805308818817138671875 HTTP/1.0" 200 404 "-" "WordPress/6.9; http://hbkconsultancy.com"
216.244.66.245 - - [10/Feb/2026:01:03:30 +0000] "GET /?h=38339912 HTTP/1.0" 200 29056 "-" "Mozilla/5.0 (compatible; DotBot/1.2; +https://opensiteexplorer.org/dotbot; [email protected])"
216.244.66.245 - - [10/Feb/2026:01:03:33 +0000] "GET /?h=39138412 HTTP/1.0" 200 29055 "-" "Mozilla/5.0 (compatible; DotBot/1.2; +https://opensiteexplorer.org/dotbot; [email protected])"
216.244.66.245 - - [10/Feb/2026:01:03:36 +0000] "GET /?h=39649512 HTTP/1.0" 200 29055 "-" "Mozilla/5.0 (compatible; DotBot/1.2; +https://opensiteexplorer.org/dotbot; [email protected])"
216.244.66.245 - - [10/Feb/2026:01:03:39 +0000] "GET /?h=39821912 HTTP/1.0" 200 29055 "-" "Mozilla/5.0 (compatible; DotBot/1.2; +https://opensiteexplorer.org/dotbot; [email protected])"
216.244.66.245 - - [10/Feb/2026:01:03:42 +0000] "GET /?h=40529812 HTTP/1.0" 200 29055 "-" "Mozilla/5.0 (compatible; DotBot/1.2; +https://opensiteexplorer.org/dotbot; [email protected])"
216.244.66.245 - - [10/Feb/2026:01:03:44 +0000] "GET /?h=40750012 HTTP/1.0" 200 29054 "-" "Mozilla/5.0 (compatible; DotBot/1.2; +https://opensiteexplorer.org/dotbot; [email protected])"
216.244.66.245 - - [10/Feb/2026:01:03:47 +0000] "GET /?h=40812812 HTTP/1.0" 200 29054 "-" "Mozilla/5.0 (compatible; DotBot/1.2; +https://opensiteexplorer.org/dotbot; [email protected])"
216.244.66.245 - - [10/Feb/2026:01:03:50 +0000] "GET /?h=41236112 HTTP/1.0" 200 29054 "-" "Mozilla/5.0 (compatible; DotBot/1.2; +https://opensiteexplorer.org/dotbot; [email protected])"
216.244.66.245 - - [10/Feb/2026:01:03:52 +0000] "GET /?h=41377412 HTTP/1.0" 200 29054 "-" "Mozilla/5.0 (compatible; DotBot/1.2; +https://opensiteexplorer.org/dotbot; [email protected])"
216.244.66.245 - - [10/Feb/2026:01:03:55 +0000] "GET /?h=41406812 HTTP/1.0" 200 29053 "-" "Mozilla/5.0 (compatible; DotBot/1.2; +https://opensiteexplorer.org/dotbot; [email protected])"
216.244.66.245 - - [10/Feb/2026:01:03:57 +0000] "GET /?h=41446312 HTTP/1.0" 200 29054 "-" "Mozilla/5.0 (compatible; DotBot/1.2; +https://opensiteexplorer.org/dotbot; [email protected])"
216.244.66.245 - - [10/Feb/2026:01:03:59 +0000] "GET /?h=41516412 HTTP/1.0" 200 29053 "-" "Mozilla/5.0 (compatible; DotBot/1.2; +https://opensiteexplorer.org/dotbot; [email protected])"
216.244.66.245 - - [10/Feb/2026:01:04:01 +0000] "GET /?h=41603012 HTTP/1.0" 200 29054 "-" "Mozilla/5.0 (compatible; DotBot/1.2; +https://opensiteexplorer.org/dotbot; [email protected])"
216.244.66.245 - - [10/Feb/2026:01:04:03 +0000] "GET /?h=41642212 HTTP/1.0" 200 29054 "-" "Mozilla/5.0 (compatible; DotBot/1.2; +https://opensiteexplorer.org/dotbot; [email protected])"
216.244.66.245 - - [10/Feb/2026:01:04:05 +0000] "GET /?h=42054712 HTTP/1.0" 200 29054 "-" "Mozilla/5.0 (compatible; DotBot/1.2; +https://opensiteexplorer.org/dotbot; [email protected])"
216.244.66.245 - - [10/Feb/2026:01:04:09 +0000] "GET /?h=42223412 HTTP/1.0" 200 29054 "-" "Mozilla/5.0 (compatible; DotBot/1.2; +https://opensiteexplorer.org/dotbot; [email protected])"
2a02:4780:41:6421::1 - - [10/Feb/2026:01:04:17 +0000] "POST /wp-cron.php?doing_wp_cron=1770685457.0958979129791259765625 HTTP/1.0" 200 404 "-" "WordPress/6.9; http://hbkconsultancy.com"
216.244.66.245 - - [10/Feb/2026:01:04:16 +0000] "GET /?h=42658512 HTTP/1.0" 200 29054 "-" "Mozilla/5.0 (compatible; DotBot/1.2; +https://opensiteexplorer.org/dotbot; [email protected])"
216.244.66.245 - - [10/Feb/2026:01:04:22 +0000] "GET /?h=42836812 HTTP/1.0" 200 29054 "-" "Mozilla/5.0 (compatible; DotBot/1.2; +https://opensiteexplorer.org/dotbot; [email protected])"
216.244.66.245 - - [10/Feb/2026:01:04:26 +0000] "GET /?h=42879112 HTTP/1.0" 200 29048 "-" "Mozilla/5.0 (compatible; DotBot/1.2; +https://opensiteexplorer.org/dotbot; [email protected])"
2a02:4780:41:6421::1 - - [10/Feb/2026:01:04:32 +0000] "POST /wp-cron.php?doing_wp_cron=1770685472.6411609649658203125000 HTTP/1.0" 200 404 "-" "WordPress/6.9; http://hbkconsultancy.com"
216.244.66.245 - - [10/Feb/2026:01:04:31 +0000] "GET /?h=43000012 HTTP/1.0" 200 29053 "-" "Mozilla/5.0 (compatible; DotBot/1.2; +https://opensiteexplorer.org/dotbot; [email protected])"
2a02:4780:41:6421::1 - - [10/Feb/2026:01:04:33 +0000] "POST /wp-cron.php?doing_wp_cron=1770685473.3326680660247802734375 HTTP/1.0" 200 412 "-" "WordPress/6.9; https://hbkconsultancy.com"
46.4.198.155 - - [10/Feb/2026:01:04:32 +0000] "GET / HTTP/1.0" 200 29037 "-" "Mozilla/5.0 (Macintosh; Intel Mac OS X 10_15_7) AppleWebKit/537.36 (KHTML, like Gecko) Chrome/131.0.0.0 Safari/537.36"
46.4.198.155 - - [10/Feb/2026:01:04:34 +0000] "GET /home/hbkconsultancy/public_html/wp-content/fonts/cairo/SLXVc1nY6HkvangtZmpQdkhzfH5lkSscQyyS4J0.woff2 HTTP/1.0" 404 126512 "https://hbkconsultancy.com/" "Mozilla/5.0 (Macintosh; Intel Mac OS X 10_15_7) AppleWebKit/537.36 (KHTML, like Gecko) Chrome/131.0.0.0 Safari/537.36"
46.4.198.155 - - [10/Feb/2026:01:04:34 +0000] "GET /home/hbkconsultancy/public_html/wp-content/fonts/cairo/SLXVc1nY6HkvangtZmpQdkhzfH5lkSscRiyS.woff2 HTTP/1.0" 404 126511 "https://hbkconsultancy.com/" "Mozilla/5.0 (Macintosh; Intel Mac OS X 10_15_7) AppleWebKit/537.36 (KHTML, like Gecko) Chrome/131.0.0.0 Safari/537.36"
216.244.66.245 - - [10/Feb/2026:01:04:38 +0000] "GET /?h=43396312 HTTP/1.0" 200 29055 "-" "Mozilla/5.0 (compatible; DotBot/1.2; +https://opensiteexplorer.org/dotbot; [email protected])"
216.244.66.245 - - [10/Feb/2026:01:04:43 +0000] "GET /?h=43477912 HTTP/1.0" 200 29055 "-" "Mozilla/5.0 (compatible; DotBot/1.2; +https://opensiteexplorer.org/dotbot; [email protected])"
216.244.66.245 - - [10/Feb/2026:01:04:47 +0000] "GET /?h=43593012 HTTP/1.0" 200 29055 "-" "Mozilla/5.0 (compatible; DotBot/1.2; +https://opensiteexplorer.org/dotbot; [email protected])"
216.244.66.245 - - [10/Feb/2026:01:04:51 +0000] "GET /?h=43628612 HTTP/1.0" 200 29054 "-" "Mozilla/5.0 (compatible; DotBot/1.2; +https://opensiteexplorer.org/dotbot; [email protected])"
216.244.66.245 - - [10/Feb/2026:01:04:55 +0000] "GET /?h=43665912 HTTP/1.0" 200 29054 "-" "Mozilla/5.0 (compatible; DotBot/1.2; +https://opensiteexplorer.org/dotbot; [email protected])"
216.244.66.245 - - [10/Feb/2026:01:04:58 +0000] "GET /?h=43978412 HTTP/1.0" 200 29054 "-" "Mozilla/5.0 (compatible; DotBot/1.2; +https://opensiteexplorer.org/dotbot; [email protected])"
216.244.66.245 - - [10/Feb/2026:01:05:01 +0000] "GET /?h=44076812 HTTP/1.0" 200 29054 "-" "Mozilla/5.0 (compatible; DotBot/1.2; +https://opensiteexplorer.org/dotbot; [email protected])"
216.244.66.245 - - [10/Feb/2026:01:05:04 +0000] "GET /?h=44318812 HTTP/1.0" 200 29054 "-" "Mozilla/5.0 (compatible; DotBot/1.2; +https://opensiteexplorer.org/dotbot; [email protected])"
216.244.66.245 - - [10/Feb/2026:01:05:06 +0000] "GET /?h=44353612 HTTP/1.0" 200 29054 "-" "Mozilla/5.0 (compatible; DotBot/1.2; +https://opensiteexplorer.org/dotbot; [email protected])"
216.244.66.245 - - [10/Feb/2026:01:05:09 +0000] "GET /?h=44508512 HTTP/1.0" 200 29055 "-" "Mozilla/5.0 (compatible; DotBot/1.2; +https://opensiteexplorer.org/dotbot; [email protected])"
216.244.66.245 - - [10/Feb/2026:01:05:11 +0000] "GET /?h=44535312 HTTP/1.0" 200 29055 "-" "Mozilla/5.0 (compatible; DotBot/1.2; +https://opensiteexplorer.org/dotbot; [email protected])"
216.244.66.245 - - [10/Feb/2026:01:05:13 +0000] "GET /?h=44741312 HTTP/1.0" 200 29054 "-" "Mozilla/5.0 (compatible; DotBot/1.2; +https://opensiteexplorer.org/dotbot; [email protected])"
44.249.198.202 - - [10/Feb/2026:01:05:14 +0000] "GET /robots.txt HTTP/1.0" 301 409 "-" "Mozilla/5.0 (compatible; wpbot/1.4; +https://forms.gle/ajBaxygz9jSR8p8G9)"
44.249.198.202 - - [10/Feb/2026:01:05:16 +0000] "GET /robots.txt HTTP/1.0" 200 582 "-" "Mozilla/5.0 (compatible; wpbot/1.4; +https://forms.gle/ajBaxygz9jSR8p8G9)"
216.244.66.245 - - [10/Feb/2026:01:05:17 +0000] "GET /?h=45968412 HTTP/1.0" 200 29055 "-" "Mozilla/5.0 (compatible; DotBot/1.2; +https://opensiteexplorer.org/dotbot; [email protected])"
44.249.198.202 - - [10/Feb/2026:01:05:17 +0000] "GET / HTTP/1.0" 200 28914 "-" "Mozilla/5.0 (compatible; wpbot/1.4; +https://forms.gle/ajBaxygz9jSR8p8G9)"
