216.244.66.245 - - [10/Feb/2026:05:34:22 +0000] "GET /?h=21312912 HTTP/1.0" 200 29056 "-" "Mozilla/5.0 (compatible; DotBot/1.2; +https://opensiteexplorer.org/dotbot; [email protected])"
2a02:4780:41:6421::1 - - [10/Feb/2026:05:34:30 +0000] "POST /wp-cron.php?doing_wp_cron=1770701670.2652120590209960937500 HTTP/1.0" 200 404 "-" "WordPress/6.9; http://hbkconsultancy.com"
216.244.66.245 - - [10/Feb/2026:05:34:29 +0000] "GET /?h=21410112 HTTP/1.0" 200 29055 "-" "Mozilla/5.0 (compatible; DotBot/1.2; +https://opensiteexplorer.org/dotbot; [email protected])"
216.244.66.245 - - [10/Feb/2026:05:34:36 +0000] "GET /?h=21552612 HTTP/1.0" 200 29056 "-" "Mozilla/5.0 (compatible; DotBot/1.2; +https://opensiteexplorer.org/dotbot; [email protected])"
216.244.66.245 - - [10/Feb/2026:05:34:42 +0000] "GET /?h=21687912 HTTP/1.0" 200 29056 "-" "Mozilla/5.0 (compatible; DotBot/1.2; +https://opensiteexplorer.org/dotbot; [email protected])"
216.244.66.245 - - [10/Feb/2026:05:34:47 +0000] "GET /?h=21696312 HTTP/1.0" 200 29056 "-" "Mozilla/5.0 (compatible; DotBot/1.2; +https://opensiteexplorer.org/dotbot; [email protected])"
216.244.66.245 - - [10/Feb/2026:05:34:53 +0000] "GET /?h=21788912 HTTP/1.0" 200 29055 "-" "Mozilla/5.0 (compatible; DotBot/1.2; +https://opensiteexplorer.org/dotbot; [email protected])"
216.244.66.245 - - [10/Feb/2026:05:34:57 +0000] "GET /?h=21864312 HTTP/1.0" 200 29055 "-" "Mozilla/5.0 (compatible; DotBot/1.2; +https://opensiteexplorer.org/dotbot; [email protected])"
216.244.66.245 - - [10/Feb/2026:05:35:00 +0000] "GET /?h=21927012 HTTP/1.0" 200 29054 "-" "Mozilla/5.0 (compatible; DotBot/1.2; +https://opensiteexplorer.org/dotbot; [email protected])"
216.244.66.245 - - [10/Feb/2026:05:35:04 +0000] "GET /?h=21935312 HTTP/1.0" 200 29055 "-" "Mozilla/5.0 (compatible; DotBot/1.2; +https://opensiteexplorer.org/dotbot; [email protected])"
216.244.66.245 - - [10/Feb/2026:05:35:09 +0000] "GET /?h=21964912 HTTP/1.0" 200 29054 "-" "Mozilla/5.0 (compatible; DotBot/1.2; +https://opensiteexplorer.org/dotbot; [email protected])"
2a02:4780:41:6421::1 - - [10/Feb/2026:05:35:14 +0000] "POST /wp-cron.php?doing_wp_cron=1770701714.8805470466613769531250 HTTP/1.0" 200 404 "-" "WordPress/6.9; http://hbkconsultancy.com"
216.244.66.245 - - [10/Feb/2026:05:35:14 +0000] "GET /?h=22001612 HTTP/1.0" 200 29054 "-" "Mozilla/5.0 (compatible; DotBot/1.2; +https://opensiteexplorer.org/dotbot; [email protected])"
216.244.66.245 - - [10/Feb/2026:05:35:20 +0000] "GET /?h=22029312 HTTP/1.0" 200 29054 "-" "Mozilla/5.0 (compatible; DotBot/1.2; +https://opensiteexplorer.org/dotbot; [email protected])"
216.244.66.245 - - [10/Feb/2026:05:35:24 +0000] "GET /?h=22047212 HTTP/1.0" 200 29055 "-" "Mozilla/5.0 (compatible; DotBot/1.2; +https://opensiteexplorer.org/dotbot; [email protected])"
216.244.66.245 - - [10/Feb/2026:05:35:28 +0000] "GET /?h=22063412 HTTP/1.0" 200 29054 "-" "Mozilla/5.0 (compatible; DotBot/1.2; +https://opensiteexplorer.org/dotbot; [email protected])"
2a02:4780:41:6421::1 - - [10/Feb/2026:05:35:33 +0000] "POST /wp-cron.php?doing_wp_cron=1770701733.2428970336914062500000 HTTP/1.0" 200 404 "-" "WordPress/6.9; http://hbkconsultancy.com"
216.244.66.245 - - [10/Feb/2026:05:35:32 +0000] "GET /?h=22106912 HTTP/1.0" 200 29055 "-" "Mozilla/5.0 (compatible; DotBot/1.2; +https://opensiteexplorer.org/dotbot; [email protected])"
216.244.66.245 - - [10/Feb/2026:05:35:36 +0000] "GET /?h=22107012 HTTP/1.0" 200 29055 "-" "Mozilla/5.0 (compatible; DotBot/1.2; +https://opensiteexplorer.org/dotbot; [email protected])"
216.244.66.245 - - [10/Feb/2026:05:35:39 +0000] "GET /?h=22132012 HTTP/1.0" 200 29054 "-" "Mozilla/5.0 (compatible; DotBot/1.2; +https://opensiteexplorer.org/dotbot; [email protected])"
216.244.66.245 - - [10/Feb/2026:05:35:42 +0000] "GET /?h=22178012 HTTP/1.0" 200 29055 "-" "Mozilla/5.0 (compatible; DotBot/1.2; +https://opensiteexplorer.org/dotbot; [email protected])"
216.244.66.245 - - [10/Feb/2026:05:35:44 +0000] "GET /?h=22226412 HTTP/1.0" 200 29055 "-" "Mozilla/5.0 (compatible; DotBot/1.2; +https://opensiteexplorer.org/dotbot; [email protected])"
216.244.66.245 - - [10/Feb/2026:05:35:46 +0000] "GET /?h=22228012 HTTP/1.0" 200 29055 "-" "Mozilla/5.0 (compatible; DotBot/1.2; +https://opensiteexplorer.org/dotbot; [email protected])"
216.244.66.245 - - [10/Feb/2026:05:35:48 +0000] "GET /?h=22319512 HTTP/1.0" 200 29054 "-" "Mozilla/5.0 (compatible; DotBot/1.2; +https://opensiteexplorer.org/dotbot; [email protected])"
216.244.66.245 - - [10/Feb/2026:05:35:50 +0000] "GET /?h=22343512 HTTP/1.0" 200 29054 "-" "Mozilla/5.0 (compatible; DotBot/1.2; +https://opensiteexplorer.org/dotbot; [email protected])"
216.244.66.245 - - [10/Feb/2026:05:35:52 +0000] "GET /?h=22350612 HTTP/1.0" 200 29055 "-" "Mozilla/5.0 (compatible; DotBot/1.2; +https://opensiteexplorer.org/dotbot; [email protected])"
216.244.66.245 - - [10/Feb/2026:05:35:54 +0000] "GET /?h=22360112 HTTP/1.0" 200 29055 "-" "Mozilla/5.0 (compatible; DotBot/1.2; +https://opensiteexplorer.org/dotbot; [email protected])"
216.244.66.245 - - [10/Feb/2026:05:35:56 +0000] "GET /?h=22395812 HTTP/1.0" 200 29055 "-" "Mozilla/5.0 (compatible; DotBot/1.2; +https://opensiteexplorer.org/dotbot; [email protected])"
216.244.66.245 - - [10/Feb/2026:05:35:58 +0000] "GET /?h=22439612 HTTP/1.0" 200 29054 "-" "Mozilla/5.0 (compatible; DotBot/1.2; +https://opensiteexplorer.org/dotbot; [email protected])"
216.244.66.245 - - [10/Feb/2026:05:36:00 +0000] "GET /?h=22466912 HTTP/1.0" 200 29055 "-" "Mozilla/5.0 (compatible; DotBot/1.2; +https://opensiteexplorer.org/dotbot; [email protected])"
216.244.66.245 - - [10/Feb/2026:05:36:03 +0000] "GET /?h=22489912 HTTP/1.0" 200 29055 "-" "Mozilla/5.0 (compatible; DotBot/1.2; +https://opensiteexplorer.org/dotbot; [email protected])"
216.244.66.245 - - [10/Feb/2026:05:36:07 +0000] "GET /?h=22503612 HTTP/1.0" 200 29055 "-" "Mozilla/5.0 (compatible; DotBot/1.2; +https://opensiteexplorer.org/dotbot; [email protected])"
216.244.66.245 - - [10/Feb/2026:05:36:10 +0000] "GET /?h=22509212 HTTP/1.0" 200 29055 "-" "Mozilla/5.0 (compatible; DotBot/1.2; +https://opensiteexplorer.org/dotbot; [email protected])"
2a02:4780:41:6421::1 - - [10/Feb/2026:05:36:14 +0000] "POST /wp-cron.php?doing_wp_cron=1770701774.2653110027313232421875 HTTP/1.0" 200 404 "-" "WordPress/6.9; http://hbkconsultancy.com"
216.244.66.245 - - [10/Feb/2026:05:36:13 +0000] "GET /?h=22516312 HTTP/1.0" 200 29055 "-" "Mozilla/5.0 (compatible; DotBot/1.2; +https://opensiteexplorer.org/dotbot; [email protected])"
216.244.66.245 - - [10/Feb/2026:05:36:17 +0000] "GET /?h=22647312 HTTP/1.0" 200 29055 "-" "Mozilla/5.0 (compatible; DotBot/1.2; +https://opensiteexplorer.org/dotbot; [email protected])"
216.244.66.245 - - [10/Feb/2026:05:36:20 +0000] "GET /?h=22703312 HTTP/1.0" 200 29055 "-" "Mozilla/5.0 (compatible; DotBot/1.2; +https://opensiteexplorer.org/dotbot; [email protected])"
216.244.66.245 - - [10/Feb/2026:05:36:23 +0000] "GET /?h=22704812 HTTP/1.0" 200 29056 "-" "Mozilla/5.0 (compatible; DotBot/1.2; +https://opensiteexplorer.org/dotbot; [email protected])"
216.244.66.245 - - [10/Feb/2026:05:36:25 +0000] "GET /?h=22705912 HTTP/1.0" 200 29056 "-" "Mozilla/5.0 (compatible; DotBot/1.2; +https://opensiteexplorer.org/dotbot; [email protected])"
216.244.66.245 - - [10/Feb/2026:05:36:27 +0000] "GET /?h=22717812 HTTP/1.0" 200 29056 "-" "Mozilla/5.0 (compatible; DotBot/1.2; +https://opensiteexplorer.org/dotbot; [email protected])"
2a02:4780:41:6421::1 - - [10/Feb/2026:05:36:30 +0000] "POST /wp-cron.php?doing_wp_cron=1770701790.3836359977722167968750 HTTP/1.0" 200 404 "-" "WordPress/6.9; http://hbkconsultancy.com"
216.244.66.245 - - [10/Feb/2026:05:36:29 +0000] "GET /?h=22754712 HTTP/1.0" 200 29055 "-" "Mozilla/5.0 (compatible; DotBot/1.2; +https://opensiteexplorer.org/dotbot; [email protected])"
216.244.66.245 - - [10/Feb/2026:05:36:32 +0000] "GET /?h=22797612 HTTP/1.0" 200 29056 "-" "Mozilla/5.0 (compatible; DotBot/1.2; +https://opensiteexplorer.org/dotbot; [email protected])"
216.244.66.245 - - [10/Feb/2026:05:36:36 +0000] "GET /?h=22805812 HTTP/1.0" 200 29056 "-" "Mozilla/5.0 (compatible; DotBot/1.2; +https://opensiteexplorer.org/dotbot; [email protected])"
216.244.66.245 - - [10/Feb/2026:05:36:42 +0000] "GET /?h=22845412 HTTP/1.0" 200 29056 "-" "Mozilla/5.0 (compatible; DotBot/1.2; +https://opensiteexplorer.org/dotbot; [email protected])"
216.244.66.245 - - [10/Feb/2026:05:36:47 +0000] "GET /?h=22891912 HTTP/1.0" 200 29056 "-" "Mozilla/5.0 (compatible; DotBot/1.2; +https://opensiteexplorer.org/dotbot; [email protected])"
216.244.66.245 - - [10/Feb/2026:05:36:52 +0000] "GET /?h=22897812 HTTP/1.0" 200 29055 "-" "Mozilla/5.0 (compatible; DotBot/1.2; +https://opensiteexplorer.org/dotbot; [email protected])"
216.244.66.245 - - [10/Feb/2026:05:36:55 +0000] "GET /?h=22937712 HTTP/1.0" 200 29055 "-" "Mozilla/5.0 (compatible; DotBot/1.2; +https://opensiteexplorer.org/dotbot; [email protected])"
216.244.66.245 - - [10/Feb/2026:05:36:59 +0000] "GET /?h=22971112 HTTP/1.0" 200 29058 "-" "Mozilla/5.0 (compatible; DotBot/1.2; +https://opensiteexplorer.org/dotbot; [email protected])"
216.244.66.245 - - [10/Feb/2026:05:37:02 +0000] "GET /?h=23011212 HTTP/1.0" 200 29049 "-" "Mozilla/5.0 (compatible; DotBot/1.2; +https://opensiteexplorer.org/dotbot; [email protected])"
216.244.66.245 - - [10/Feb/2026:05:37:05 +0000] "GET /?h=23049512 HTTP/1.0" 200 29054 "-" "Mozilla/5.0 (compatible; DotBot/1.2; +https://opensiteexplorer.org/dotbot; [email protected])"
216.244.66.245 - - [10/Feb/2026:05:37:08 +0000] "GET /?h=23090912 HTTP/1.0" 200 29054 "-" "Mozilla/5.0 (compatible; DotBot/1.2; +https://opensiteexplorer.org/dotbot; [email protected])"
216.244.66.245 - - [10/Feb/2026:05:37:11 +0000] "GET /?h=23100412 HTTP/1.0" 200 29055 "-" "Mozilla/5.0 (compatible; DotBot/1.2; +https://opensiteexplorer.org/dotbot; [email protected])"
2a02:4780:41:6421::1 - - [10/Feb/2026:05:37:14 +0000] "POST /wp-cron.php?doing_wp_cron=1770701834.6509549617767333984375 HTTP/1.0" 200 404 "-" "WordPress/6.9; http://hbkconsultancy.com"
216.244.66.245 - - [10/Feb/2026:05:37:13 +0000] "GET /?h=23184812 HTTP/1.0" 200 29055 "-" "Mozilla/5.0 (compatible; DotBot/1.2; +https://opensiteexplorer.org/dotbot; [email protected])"
216.244.66.245 - - [10/Feb/2026:05:37:17 +0000] "GET /?h=23214012 HTTP/1.0" 200 29055 "-" "Mozilla/5.0 (compatible; DotBot/1.2; +https://opensiteexplorer.org/dotbot; [email protected])"
216.244.66.245 - - [10/Feb/2026:05:37:20 +0000] "GET /?h=23236012 HTTP/1.0" 200 29055 "-" "Mozilla/5.0 (compatible; DotBot/1.2; +https://opensiteexplorer.org/dotbot; [email protected])"
216.244.66.245 - - [10/Feb/2026:05:37:24 +0000] "GET /?h=23304112 HTTP/1.0" 200 29056 "-" "Mozilla/5.0 (compatible; DotBot/1.2; +https://opensiteexplorer.org/dotbot; [email protected])"
216.244.66.245 - - [10/Feb/2026:05:37:27 +0000] "GET /?h=23311212 HTTP/1.0" 200 29056 "-" "Mozilla/5.0 (compatible; DotBot/1.2; +https://opensiteexplorer.org/dotbot; [email protected])"
2a02:4780:41:6421::1 - - [10/Feb/2026:05:37:31 +0000] "POST /wp-cron.php?doing_wp_cron=1770701851.8379070758819580078125 HTTP/1.0" 200 404 "-" "WordPress/6.9; http://hbkconsultancy.com"
216.244.66.245 - - [10/Feb/2026:05:37:31 +0000] "GET /?h=23335212 HTTP/1.0" 200 29055 "-" "Mozilla/5.0 (compatible; DotBot/1.2; +https://opensiteexplorer.org/dotbot; [email protected])"
216.244.66.245 - - [10/Feb/2026:05:37:35 +0000] "GET /?h=23346412 HTTP/1.0" 200 29056 "-" "Mozilla/5.0 (compatible; DotBot/1.2; +https://opensiteexplorer.org/dotbot; [email protected])"
216.244.66.245 - - [10/Feb/2026:05:37:40 +0000] "GET /?h=23358312 HTTP/1.0" 200 29055 "-" "Mozilla/5.0 (compatible; DotBot/1.2; +https://opensiteexplorer.org/dotbot; [email protected])"
216.244.66.245 - - [10/Feb/2026:05:37:43 +0000] "GET /?h=23366812 HTTP/1.0" 200 29056 "-" "Mozilla/5.0 (compatible; DotBot/1.2; +https://opensiteexplorer.org/dotbot; [email protected])"
216.244.66.245 - - [10/Feb/2026:05:37:47 +0000] "GET /?h=23367512 HTTP/1.0" 200 29056 "-" "Mozilla/5.0 (compatible; DotBot/1.2; +https://opensiteexplorer.org/dotbot; [email protected])"
216.244.66.245 - - [10/Feb/2026:05:37:50 +0000] "GET /?h=23387712 HTTP/1.0" 200 29054 "-" "Mozilla/5.0 (compatible; DotBot/1.2; +https://opensiteexplorer.org/dotbot; [email protected])"
216.244.66.245 - - [10/Feb/2026:05:37:52 +0000] "GET /?h=23391412 HTTP/1.0" 200 29055 "-" "Mozilla/5.0 (compatible; DotBot/1.2; +https://opensiteexplorer.org/dotbot; [email protected])"
216.244.66.245 - - [10/Feb/2026:05:37:55 +0000] "GET /?h=23404612 HTTP/1.0" 200 29055 "-" "Mozilla/5.0 (compatible; DotBot/1.2; +https://opensiteexplorer.org/dotbot; [email protected])"
216.244.66.245 - - [10/Feb/2026:05:37:58 +0000] "GET /?h=23411212 HTTP/1.0" 200 29054 "-" "Mozilla/5.0 (compatible; DotBot/1.2; +https://opensiteexplorer.org/dotbot; [email protected])"
216.244.66.245 - - [10/Feb/2026:05:38:02 +0000] "GET /?h=23416612 HTTP/1.0" 200 29055 "-" "Mozilla/5.0 (compatible; DotBot/1.2; +https://opensiteexplorer.org/dotbot; [email protected])"
216.244.66.245 - - [10/Feb/2026:05:38:05 +0000] "GET /?h=23422712 HTTP/1.0" 200 29055 "-" "Mozilla/5.0 (compatible; DotBot/1.2; +https://opensiteexplorer.org/dotbot; [email protected])"
216.244.66.245 - - [10/Feb/2026:05:38:09 +0000] "GET /?h=23430212 HTTP/1.0" 200 29054 "-" "Mozilla/5.0 (compatible; DotBot/1.2; +https://opensiteexplorer.org/dotbot; [email protected])"
216.244.66.245 - - [10/Feb/2026:05:38:12 +0000] "GET /?h=23448612 HTTP/1.0" 200 29055 "-" "Mozilla/5.0 (compatible; DotBot/1.2; +https://opensiteexplorer.org/dotbot; [email protected])"
2a02:4780:41:6421::1 - - [10/Feb/2026:05:38:15 +0000] "POST /wp-cron.php?doing_wp_cron=1770701895.4733440876007080078125 HTTP/1.0" 200 404 "-" "WordPress/6.9; http://hbkconsultancy.com"
216.244.66.245 - - [10/Feb/2026:05:38:14 +0000] "GET /?h=23477212 HTTP/1.0" 200 29054 "-" "Mozilla/5.0 (compatible; DotBot/1.2; +https://opensiteexplorer.org/dotbot; [email protected])"
216.244.66.245 - - [10/Feb/2026:05:38:18 +0000] "GET /?h=23500312 HTTP/1.0" 200 29055 "-" "Mozilla/5.0 (compatible; DotBot/1.2; +https://opensiteexplorer.org/dotbot; [email protected])"
216.244.66.245 - - [10/Feb/2026:05:38:21 +0000] "GET /?h=23509512 HTTP/1.0" 200 29055 "-" "Mozilla/5.0 (compatible; DotBot/1.2; +https://opensiteexplorer.org/dotbot; [email protected])"
216.244.66.245 - - [10/Feb/2026:05:38:23 +0000] "GET /?h=23555112 HTTP/1.0" 200 29056 "-" "Mozilla/5.0 (compatible; DotBot/1.2; +https://opensiteexplorer.org/dotbot; [email protected])"
216.244.66.245 - - [10/Feb/2026:05:38:25 +0000] "GET /?h=23580012 HTTP/1.0" 200 29056 "-" "Mozilla/5.0 (compatible; DotBot/1.2; +https://opensiteexplorer.org/dotbot; [email protected])"
216.244.66.245 - - [10/Feb/2026:05:38:27 +0000] "GET /?h=23585112 HTTP/1.0" 200 29056 "-" "Mozilla/5.0 (compatible; DotBot/1.2; +https://opensiteexplorer.org/dotbot; [email protected])"
2a02:4780:41:6421::1 - - [10/Feb/2026:05:38:30 +0000] "POST /wp-cron.php?doing_wp_cron=1770701910.1985130310058593750000 HTTP/1.0" 200 404 "-" "WordPress/6.9; http://hbkconsultancy.com"
216.244.66.245 - - [10/Feb/2026:05:38:29 +0000] "GET /?h=23607512 HTTP/1.0" 200 29055 "-" "Mozilla/5.0 (compatible; DotBot/1.2; +https://opensiteexplorer.org/dotbot; [email protected])"
216.244.66.245 - - [10/Feb/2026:05:38:32 +0000] "GET /?h=23613712 HTTP/1.0" 200 29056 "-" "Mozilla/5.0 (compatible; DotBot/1.2; +https://opensiteexplorer.org/dotbot; [email protected])"
216.244.66.245 - - [10/Feb/2026:05:38:35 +0000] "GET /?h=23648712 HTTP/1.0" 200 29056 "-" "Mozilla/5.0 (compatible; DotBot/1.2; +https://opensiteexplorer.org/dotbot; [email protected])"
216.244.66.245 - - [10/Feb/2026:05:38:37 +0000] "GET /?h=23649312 HTTP/1.0" 200 29056 "-" "Mozilla/5.0 (compatible; DotBot/1.2; +https://opensiteexplorer.org/dotbot; [email protected])"
216.244.66.245 - - [10/Feb/2026:05:38:39 +0000] "GET /?h=23691212 HTTP/1.0" 200 29055 "-" "Mozilla/5.0 (compatible; DotBot/1.2; +https://opensiteexplorer.org/dotbot; [email protected])"
216.244.66.245 - - [10/Feb/2026:05:38:41 +0000] "GET /?h=23695712 HTTP/1.0" 200 29050 "-" "Mozilla/5.0 (compatible; DotBot/1.2; +https://opensiteexplorer.org/dotbot; [email protected])"
216.244.66.245 - - [10/Feb/2026:05:38:45 +0000] "GET /?h=23713912 HTTP/1.0" 200 29056 "-" "Mozilla/5.0 (compatible; DotBot/1.2; +https://opensiteexplorer.org/dotbot; [email protected])"
216.244.66.245 - - [10/Feb/2026:05:38:47 +0000] "GET /?h=23794012 HTTP/1.0" 200 29056 "-" "Mozilla/5.0 (compatible; DotBot/1.2; +https://opensiteexplorer.org/dotbot; [email protected])"
216.244.66.245 - - [10/Feb/2026:05:38:50 +0000] "GET /?h=23827612 HTTP/1.0" 200 29054 "-" "Mozilla/5.0 (compatible; DotBot/1.2; +https://opensiteexplorer.org/dotbot; [email protected])"
216.244.66.245 - - [10/Feb/2026:05:38:52 +0000] "GET /?h=23837612 HTTP/1.0" 200 29055 "-" "Mozilla/5.0 (compatible; DotBot/1.2; +https://opensiteexplorer.org/dotbot; [email protected])"
216.244.66.245 - - [10/Feb/2026:05:38:54 +0000] "GET /?h=23841712 HTTP/1.0" 200 29055 "-" "Mozilla/5.0 (compatible; DotBot/1.2; +https://opensiteexplorer.org/dotbot; [email protected])"
216.244.66.245 - - [10/Feb/2026:05:38:56 +0000] "GET /?h=23854112 HTTP/1.0" 200 29055 "-" "Mozilla/5.0 (compatible; DotBot/1.2; +https://opensiteexplorer.org/dotbot; [email protected])"
216.244.66.245 - - [10/Feb/2026:05:38:58 +0000] "GET /?h=23876612 HTTP/1.0" 200 29054 "-" "Mozilla/5.0 (compatible; DotBot/1.2; +https://opensiteexplorer.org/dotbot; [email protected])"
216.244.66.245 - - [10/Feb/2026:05:39:00 +0000] "GET /?h=23947412 HTTP/1.0" 200 29055 "-" "Mozilla/5.0 (compatible; DotBot/1.2; +https://opensiteexplorer.org/dotbot; [email protected])"
216.244.66.245 - - [10/Feb/2026:05:39:03 +0000] "GET /?h=23962412 HTTP/1.0" 200 29055 "-" "Mozilla/5.0 (compatible; DotBot/1.2; +https://opensiteexplorer.org/dotbot; [email protected])"
216.244.66.245 - - [10/Feb/2026:05:39:05 +0000] "GET /?h=23983312 HTTP/1.0" 200 29054 "-" "Mozilla/5.0 (compatible; DotBot/1.2; +https://opensiteexplorer.org/dotbot; [email protected])"
216.244.66.245 - - [10/Feb/2026:05:39:07 +0000] "GET /?h=24029612 HTTP/1.0" 200 29055 "-" "Mozilla/5.0 (compatible; DotBot/1.2; +https://opensiteexplorer.org/dotbot; [email protected])"
216.244.66.245 - - [10/Feb/2026:05:39:09 +0000] "GET /?h=24037612 HTTP/1.0" 200 29056 "-" "Mozilla/5.0 (compatible; DotBot/1.2; +https://opensiteexplorer.org/dotbot; [email protected])"
216.244.66.245 - - [10/Feb/2026:05:39:11 +0000] "GET /?h=24055712 HTTP/1.0" 200 29055 "-" "Mozilla/5.0 (compatible; DotBot/1.2; +https://opensiteexplorer.org/dotbot; [email protected])"
216.244.66.245 - - [10/Feb/2026:05:39:13 +0000] "GET /?h=24099212 HTTP/1.0" 200 29055 "-" "Mozilla/5.0 (compatible; DotBot/1.2; +https://opensiteexplorer.org/dotbot; [email protected])"
2a02:4780:41:6421::1 - - [10/Feb/2026:05:39:15 +0000] "POST /wp-cron.php?doing_wp_cron=1770701955.6606240272521972656250 HTTP/1.0" 200 404 "-" "WordPress/6.9; http://hbkconsultancy.com"
216.244.66.245 - - [10/Feb/2026:05:39:14 +0000] "GET /?h=24117712 HTTP/1.0" 200 29054 "-" "Mozilla/5.0 (compatible; DotBot/1.2; +https://opensiteexplorer.org/dotbot; [email protected])"
216.244.66.245 - - [10/Feb/2026:05:39:19 +0000] "GET /?h=24136612 HTTP/1.0" 200 29056 "-" "Mozilla/5.0 (compatible; DotBot/1.2; +https://opensiteexplorer.org/dotbot; [email protected])"
216.244.66.245 - - [10/Feb/2026:05:39:23 +0000] "GET /?h=24204912 HTTP/1.0" 200 29056 "-" "Mozilla/5.0 (compatible; DotBot/1.2; +https://opensiteexplorer.org/dotbot; [email protected])"
216.244.66.245 - - [10/Feb/2026:05:39:26 +0000] "GET /?h=24215812 HTTP/1.0" 200 29056 "-" "Mozilla/5.0 (compatible; DotBot/1.2; +https://opensiteexplorer.org/dotbot; [email protected])"
2a02:4780:41:6421::1 - - [10/Feb/2026:05:39:31 +0000] "POST /wp-cron.php?doing_wp_cron=1770701971.2487409114837646484375 HTTP/1.0" 200 404 "-" "WordPress/6.9; http://hbkconsultancy.com"
216.244.66.245 - - [10/Feb/2026:05:39:30 +0000] "GET /?h=24241712 HTTP/1.0" 200 29055 "-" "Mozilla/5.0 (compatible; DotBot/1.2; +https://opensiteexplorer.org/dotbot; [email protected])"
216.244.66.245 - - [10/Feb/2026:05:39:36 +0000] "GET /?h=24273812 HTTP/1.0" 200 29056 "-" "Mozilla/5.0 (compatible; DotBot/1.2; +https://opensiteexplorer.org/dotbot; [email protected])"
216.244.66.245 - - [10/Feb/2026:05:39:41 +0000] "GET /?h=24389912 HTTP/1.0" 200 29056 "-" "Mozilla/5.0 (compatible; DotBot/1.2; +https://opensiteexplorer.org/dotbot; [email protected])"
216.244.66.245 - - [10/Feb/2026:05:39:45 +0000] "GET /?h=24412312 HTTP/1.0" 200 29056 "-" "Mozilla/5.0 (compatible; DotBot/1.2; +https://opensiteexplorer.org/dotbot; [email protected])"
216.244.66.245 - - [10/Feb/2026:05:39:49 +0000] "GET /?h=24420312 HTTP/1.0" 200 29055 "-" "Mozilla/5.0 (compatible; DotBot/1.2; +https://opensiteexplorer.org/dotbot; [email protected])"
216.244.66.245 - - [10/Feb/2026:05:39:52 +0000] "GET /?h=24443812 HTTP/1.0" 200 29055 "-" "Mozilla/5.0 (compatible; DotBot/1.2; +https://opensiteexplorer.org/dotbot; [email protected])"
216.244.66.245 - - [10/Feb/2026:05:39:54 +0000] "GET /?h=24446912 HTTP/1.0" 200 29055 "-" "Mozilla/5.0 (compatible; DotBot/1.2; +https://opensiteexplorer.org/dotbot; [email protected])"
216.244.66.245 - - [10/Feb/2026:05:39:57 +0000] "GET /?h=24473812 HTTP/1.0" 200 29055 "-" "Mozilla/5.0 (compatible; DotBot/1.2; +https://opensiteexplorer.org/dotbot; [email protected])"
38.127.61.169 - - [10/Feb/2026:05:39:59 +0000] "GET /sxallsitemap.xml HTTP/1.0" 404 126639 "-" "Mozilla/5.0 (Windows NT 10.0; Win64; x64) AppleWebKit/537.36 (KHTML, like Gecko) Chrome/58.0.3029.110 Safari/537.3"
216.244.66.245 - - [10/Feb/2026:05:39:59 +0000] "GET /?h=24477312 HTTP/1.0" 200 29054 "-" "Mozilla/5.0 (compatible; DotBot/1.2; +https://opensiteexplorer.org/dotbot; [email protected])"
216.244.66.245 - - [10/Feb/2026:05:40:01 +0000] "GET /?h=24485512 HTTP/1.0" 200 29055 "-" "Mozilla/5.0 (compatible; DotBot/1.2; +https://opensiteexplorer.org/dotbot; [email protected])"
216.244.66.245 - - [10/Feb/2026:05:40:03 +0000] "GET /?h=24492212 HTTP/1.0" 200 29055 "-" "Mozilla/5.0 (compatible; DotBot/1.2; +https://opensiteexplorer.org/dotbot; [email protected])"
216.244.66.245 - - [10/Feb/2026:05:40:05 +0000] "GET /?h=24494612 HTTP/1.0" 200 29055 "-" "Mozilla/5.0 (compatible; DotBot/1.2; +https://opensiteexplorer.org/dotbot; [email protected])"
216.244.66.245 - - [10/Feb/2026:05:40:07 +0000] "GET /?h=24513412 HTTP/1.0" 200 29055 "-" "Mozilla/5.0 (compatible; DotBot/1.2; +https://opensiteexplorer.org/dotbot; [email protected])"
216.244.66.245 - - [10/Feb/2026:05:40:09 +0000] "GET /?h=24573312 HTTP/1.0" 200 29056 "-" "Mozilla/5.0 (compatible; DotBot/1.2; +https://opensiteexplorer.org/dotbot; [email protected])"
216.244.66.245 - - [10/Feb/2026:05:40:11 +0000] "GET /?h=24576112 HTTP/1.0" 200 29055 "-" "Mozilla/5.0 (compatible; DotBot/1.2; +https://opensiteexplorer.org/dotbot; [email protected])"
2a02:4780:41:6421::1 - - [10/Feb/2026:05:40:14 +0000] "POST /wp-cron.php?doing_wp_cron=1770702014.0829648971557617187500 HTTP/1.0" 200 404 "-" "WordPress/6.9; http://hbkconsultancy.com"
216.244.66.245 - - [10/Feb/2026:05:40:13 +0000] "GET /?h=24591412 HTTP/1.0" 200 29055 "-" "Mozilla/5.0 (compatible; DotBot/1.2; +https://opensiteexplorer.org/dotbot; [email protected])"
216.244.66.245 - - [10/Feb/2026:05:40:16 +0000] "GET /?h=24593412 HTTP/1.0" 200 29055 "-" "Mozilla/5.0 (compatible; DotBot/1.2; +https://opensiteexplorer.org/dotbot; [email protected])"
216.244.66.245 - - [10/Feb/2026:05:40:19 +0000] "GET /?h=24595812 HTTP/1.0" 200 29055 "-" "Mozilla/5.0 (compatible; DotBot/1.2; +https://opensiteexplorer.org/dotbot; [email protected])"
216.244.66.245 - - [10/Feb/2026:05:40:21 +0000] "GET /?h=24619712 HTTP/1.0" 200 29055 "-" "Mozilla/5.0 (compatible; DotBot/1.2; +https://opensiteexplorer.org/dotbot; [email protected])"
216.244.66.245 - - [10/Feb/2026:05:40:23 +0000] "GET /?h=24624212 HTTP/1.0" 200 29054 "-" "Mozilla/5.0 (compatible; DotBot/1.2; +https://opensiteexplorer.org/dotbot; [email protected])"
216.244.66.245 - - [10/Feb/2026:05:40:27 +0000] "GET /?h=24635712 HTTP/1.0" 200 29055 "-" "Mozilla/5.0 (compatible; DotBot/1.2; +https://opensiteexplorer.org/dotbot; [email protected])"
2a02:4780:41:6421::1 - - [10/Feb/2026:05:40:31 +0000] "POST /wp-cron.php?doing_wp_cron=1770702031.3199200630187988281250 HTTP/1.0" 200 404 "-" "WordPress/6.9; http://hbkconsultancy.com"
216.244.66.245 - - [10/Feb/2026:05:40:30 +0000] "GET /?h=24654212 HTTP/1.0" 200 29055 "-" "Mozilla/5.0 (compatible; DotBot/1.2; +https://opensiteexplorer.org/dotbot; [email protected])"
216.244.66.245 - - [10/Feb/2026:05:40:34 +0000] "GET /?h=24726312 HTTP/1.0" 200 29054 "-" "Mozilla/5.0 (compatible; DotBot/1.2; +https://opensiteexplorer.org/dotbot; [email protected])"
114.119.130.54 - - [10/Feb/2026:05:40:56 +0000] "GET /category/graduation/ HTTP/1.0" 301 409 "https://hbkconsultancy.com/tag/diploma/" "Mozilla/5.0 (Linux; Android 7.0;) AppleWebKit/537.36 (KHTML, like Gecko) Mobile Safari/537.36 (compatible; PetalBot;+https://webmaster.petalsearch.com/site/petalbot)"
114.119.130.54 - - [10/Feb/2026:05:40:57 +0000] "GET /graduation/ HTTP/1.0" 200 27241 "https://hbkconsultancy.com/tag/diploma/" "Mozilla/5.0 (Linux; Android 7.0;) AppleWebKit/537.36 (KHTML, like Gecko) Mobile Safari/537.36 (compatible; PetalBot;+https://webmaster.petalsearch.com/site/petalbot)"
2a02:4780:41:6421::1 - - [10/Feb/2026:05:42:02 +0000] "POST /wp-cron.php?doing_wp_cron=1770702122.2760550975799560546875 HTTP/1.0" 200 404 "-" "WordPress/6.9; http://hbkconsultancy.com"
147.93.58.212 - - [10/Feb/2026:05:42:01 +0000] "GET / HTTP/1.0" 200 29042 "-" "Mozilla/5.0 (X11; Linux x86_64) AppleWebKit/537.36 (KHTML, like Gecko) Chrome/44.0.2403.157 Safari/537.36"
2a02:4780:41:6421::1 - - [10/Feb/2026:05:42:22 +0000] "POST /wp-cron.php?doing_wp_cron=1770702142.4268920421600341796875 HTTP/1.0" 200 412 "-" "WordPress/6.9; https://hbkconsultancy.com"
114.119.151.1 - - [10/Feb/2026:05:42:21 +0000] "GET /blog-grid/page/5 HTTP/1.0" 301 416 "https://hbkconsultancy.com/blog-grid/page/4" "Mozilla/5.0 (Linux; Android 7.0;) AppleWebKit/537.36 (KHTML, like Gecko) Mobile Safari/537.36 (compatible; PetalBot;+https://webmaster.petalsearch.com/site/petalbot)"
114.119.151.1 - - [10/Feb/2026:05:42:23 +0000] "GET /blog-grid/page/5/ HTTP/1.0" 200 24092 "https://hbkconsultancy.com/blog-grid/page/4" "Mozilla/5.0 (Linux; Android 7.0;) AppleWebKit/537.36 (KHTML, like Gecko) Mobile Safari/537.36 (compatible; PetalBot;+https://webmaster.petalsearch.com/site/petalbot)"
2a02:4780:41:6421::1 - - [10/Feb/2026:05:43:43 +0000] "POST /wp-cron.php?doing_wp_cron=1770702223.9518890380859375000000 HTTP/1.0" 200 404 "-" "WordPress/6.9; http://hbkconsultancy.com"
114.119.132.88 - - [10/Feb/2026:05:43:43 +0000] "GET /how-a-profession-uses-bedoyecta HTTP/1.0" 301 472 "http://hbkconsultancy.com/migliori-siti-casino-reside-2025-lista-casino-dal-vivo-2" "Mozilla/5.0 (Linux; Android 7.0;) AppleWebKit/537.36 (KHTML, like Gecko) Mobile Safari/537.36 (compatible; PetalBot;+https://webmaster.petalsearch.com/site/petalbot)"
114.119.132.88 - - [10/Feb/2026:05:43:44 +0000] "GET /how-a-profession-uses-bedoyecta/ HTTP/1.0" 200 34887 "http://hbkconsultancy.com/migliori-siti-casino-reside-2025-lista-casino-dal-vivo-2" "Mozilla/5.0 (Linux; Android 7.0;) AppleWebKit/537.36 (KHTML, like Gecko) Mobile Safari/537.36 (compatible; PetalBot;+https://webmaster.petalsearch.com/site/petalbot)"
114.119.140.186 - - [10/Feb/2026:05:45:07 +0000] "GET /guia-definitiva-de-durante-linea-casinos-2023 HTTP/1.0" 301 486 "https://hbkconsultancy.com/blog-grid/page/4" "Mozilla/5.0 (Linux; Android 7.0;) AppleWebKit/537.36 (KHTML, like Gecko) Mobile Safari/537.36 (compatible; PetalBot;+https://webmaster.petalsearch.com/site/petalbot)"
114.119.140.186 - - [10/Feb/2026:05:45:09 +0000] "GET /guia-definitiva-de-durante-linea-casinos-2023/ HTTP/1.0" 200 41997 "https://hbkconsultancy.com/blog-grid/page/4" "Mozilla/5.0 (Linux; Android 7.0;) AppleWebKit/537.36 (KHTML, like Gecko) Mobile Safari/537.36 (compatible; PetalBot;+https://webmaster.petalsearch.com/site/petalbot)"
2a02:4780:41:6421::1 - - [10/Feb/2026:05:46:31 +0000] "POST /wp-cron.php?doing_wp_cron=1770702391.8211019039154052734375 HTTP/1.0" 200 412 "-" "WordPress/6.9; https://hbkconsultancy.com"
114.119.136.188 - - [10/Feb/2026:05:46:31 +0000] "GET /best-online-pokies-in-australia-5-star-online-pokies-actual-money HTTP/1.0" 301 516 "https://hbkconsultancy.com/2025/02/page/4" "Mozilla/5.0 (Linux; Android 7.0;) AppleWebKit/537.36 (KHTML, like Gecko) Mobile Safari/537.36 (compatible; PetalBot;+https://webmaster.petalsearch.com/site/petalbot)"
114.119.136.188 - - [10/Feb/2026:05:46:33 +0000] "GET /best-online-pokies-in-australia-5-star-online-pokies-actual-money/ HTTP/1.0" 200 40018 "https://hbkconsultancy.com/2025/02/page/4" "Mozilla/5.0 (Linux; Android 7.0;) AppleWebKit/537.36 (KHTML, like Gecko) Mobile Safari/537.36 (compatible; PetalBot;+https://webmaster.petalsearch.com/site/petalbot)"
2a02:4780:41:6421::1 - - [10/Feb/2026:05:47:55 +0000] "POST /wp-cron.php?doing_wp_cron=1770702475.1212699413299560546875 HTTP/1.0" 200 404 "-" "WordPress/6.9; http://hbkconsultancy.com"
114.119.136.188 - - [10/Feb/2026:05:47:54 +0000] "GET /events/world-education-day-conference HTTP/1.0" 301 428 "http://hbkconsultancy.com/wpem-event-grid" "Mozilla/5.0 (Linux; Android 7.0;) AppleWebKit/537.36 (KHTML, like Gecko) Mobile Safari/537.36 (compatible; PetalBot;+https://webmaster.petalsearch.com/site/petalbot)"
114.119.136.188 - - [10/Feb/2026:05:47:56 +0000] "GET /events/world-education-day-conference/ HTTP/1.0" 200 24563 "http://hbkconsultancy.com/wpem-event-grid" "Mozilla/5.0 (Linux; Android 7.0;) AppleWebKit/537.36 (KHTML, like Gecko) Mobile Safari/537.36 (compatible; PetalBot;+https://webmaster.petalsearch.com/site/petalbot)"
2a02:4780:41:6421::1 - - [10/Feb/2026:05:49:18 +0000] "POST /wp-cron.php?doing_wp_cron=1770702558.5208098888397216796875 HTTP/1.0" 200 404 "-" "WordPress/6.9; http://hbkconsultancy.com"
114.119.136.188 - - [10/Feb/2026:05:49:17 +0000] "GET /gana-dinero-durante-linea-gratis-2/ HTTP/1.0" 200 41781 "http://hbkconsultancy.com/my-courses?cst" "Mozilla/5.0 (Linux; Android 7.0;) AppleWebKit/537.36 (KHTML, like Gecko) Mobile Safari/537.36 (compatible; PetalBot;+https://webmaster.petalsearch.com/site/petalbot)"
2a02:4780:41:6421::1 - - [10/Feb/2026:05:50:43 +0000] "POST /wp-cron.php?doing_wp_cron=1770702643.2433969974517822265625 HTTP/1.0" 200 404 "-" "WordPress/6.9; http://hbkconsultancy.com"
114.119.136.75 - - [10/Feb/2026:05:50:42 +0000] "GET /tag/college HTTP/1.0" 301 402 "https://hbkconsultancy.com/best-adult-cellular-porn-games-download-for-home-windows-android" "Mozilla/5.0 (Linux; Android 7.0;) AppleWebKit/537.36 (KHTML, like Gecko) Mobile Safari/537.36 (compatible; PetalBot;+https://webmaster.petalsearch.com/site/petalbot)"
114.119.136.75 - - [10/Feb/2026:05:50:44 +0000] "GET /tag/college/ HTTP/1.0" 200 27911 "https://hbkconsultancy.com/best-adult-cellular-porn-games-download-for-home-windows-android" "Mozilla/5.0 (Linux; Android 7.0;) AppleWebKit/537.36 (KHTML, like Gecko) Mobile Safari/537.36 (compatible; PetalBot;+https://webmaster.petalsearch.com/site/petalbot)"
2a02:4780:41:6421::1 - - [10/Feb/2026:05:52:05 +0000] "POST /wp-cron.php?doing_wp_cron=1770702725.5539269447326660156250 HTTP/1.0" 200 404 "-" "WordPress/6.9; http://hbkconsultancy.com"
114.119.140.186 - - [10/Feb/2026:05:52:05 +0000] "GET /blog-lists/page/67 HTTP/1.0" 301 409 "http://hbkconsultancy.com/blog-lists/page/68" "Mozilla/5.0 (Linux; Android 7.0;) AppleWebKit/537.36 (KHTML, like Gecko) Mobile Safari/537.36 (compatible; PetalBot;+https://webmaster.petalsearch.com/site/petalbot)"
114.119.140.186 - - [10/Feb/2026:05:52:06 +0000] "GET /blog-lists/page/67/ HTTP/1.0" 200 29248 "http://hbkconsultancy.com/blog-lists/page/68" "Mozilla/5.0 (Linux; Android 7.0;) AppleWebKit/537.36 (KHTML, like Gecko) Mobile Safari/537.36 (compatible; PetalBot;+https://webmaster.petalsearch.com/site/petalbot)"
2a02:4780:41:6421::1 - - [10/Feb/2026:05:55:19 +0000] "POST /wp-cron.php?doing_wp_cron=1770702919.1698510646820068359375 HTTP/1.0" 200 412 "-" "WordPress/6.9; https://hbkconsultancy.com"
52.204.81.148 - - [10/Feb/2026:05:55:18 +0000] "GET /comments/feed/ HTTP/1.0" 200 2068 "-" "Mozilla/5.0 AppleWebKit/537.36 (KHTML, like Gecko; compatible; Amazonbot/0.1; +https://developer.amazon.com/support/amazonbot) Chrome/119.0.6045.214 Safari/537.36"
2a02:4780:41:6421::1 - - [10/Feb/2026:05:56:02 +0000] "POST /wp-cron.php?doing_wp_cron=1770702962.2190821170806884765625 HTTP/1.0" 200 404 "-" "WordPress/6.9; http://hbkconsultancy.com"
147.93.58.212 - - [10/Feb/2026:05:56:01 +0000] "GET / HTTP/1.0" 200 29041 "-" "Mozilla/5.0 (X11; Linux x86_64) AppleWebKit/537.36 (KHTML, like Gecko) Chrome/44.0.2403.157 Safari/537.36"
2a02:4780:41:6421::1 - - [10/Feb/2026:05:59:59 +0000] "POST /wp-cron.php?doing_wp_cron=1770703199.8851480484008789062500 HTTP/1.0" 200 412 "-" "WordPress/6.9; https://hbkconsultancy.com"
114.119.132.88 - - [10/Feb/2026:05:59:59 +0000] "GET /category/university/ HTTP/1.0" 301 409 "https://hbkconsultancy.com/tag/diploma/" "Mozilla/5.0 (Linux; Android 7.0;) AppleWebKit/537.36 (KHTML, like Gecko) Mobile Safari/537.36 (compatible; PetalBot;+https://webmaster.petalsearch.com/site/petalbot)"
114.119.132.88 - - [10/Feb/2026:06:00:00 +0000] "GET /university/ HTTP/1.0" 200 27246 "https://hbkconsultancy.com/tag/diploma/" "Mozilla/5.0 (Linux; Android 7.0;) AppleWebKit/537.36 (KHTML, like Gecko) Mobile Safari/537.36 (compatible; PetalBot;+https://webmaster.petalsearch.com/site/petalbot)"
147.93.58.212 - - [10/Feb/2026:06:00:01 +0000] "GET / HTTP/1.0" 200 29040 "-" "Mozilla/5.0 (X11; Linux x86_64) AppleWebKit/537.36 (KHTML, like Gecko) Chrome/44.0.2403.157 Safari/537.36"
114.119.136.188 - - [10/Feb/2026:06:01:23 +0000] "GET /author/elomda/page/5/ HTTP/1.0" 200 29204 "https://hbkconsultancy.com/author/elomda/page/6" "Mozilla/5.0 (Linux; Android 7.0;) AppleWebKit/537.36 (KHTML, like Gecko) Mobile Safari/537.36 (compatible; PetalBot;+https://webmaster.petalsearch.com/site/petalbot)"
2a02:4780:41:6421::1 - - [10/Feb/2026:06:01:24 +0000] "POST /wp-cron.php?doing_wp_cron=1770703284.8490879535675048828125 HTTP/1.0" 200 412 "-" "WordPress/6.9; https://hbkconsultancy.com"
2a02:4780:41:6421::1 - - [10/Feb/2026:06:02:10 +0000] "POST /wp-cron.php?doing_wp_cron=1770703330.7832520008087158203125 HTTP/1.0" 200 412 "-" "WordPress/6.9; https://hbkconsultancy.com"
91.90.11.44 - - [10/Feb/2026:06:02:10 +0000] "GET /6023931759.htm HTTP/1.0" 404 126638 "https://hbkconsultancy.com/" "Mozilla/5.0 (X11; Linux x86_64) AppleWebKit/537.36 (KHTML, like Gecko) Chrome/114.0.0.0 Safari/537.36"
114.119.151.5 - - [10/Feb/2026:06:02:46 +0000] "GET /top-rated-australian-online-pokies-for-real-money-in-2025-2/ HTTP/1.0" 200 41390 "https://hbkconsultancy.com/author/elomda/page/6" "Mozilla/5.0 (Linux; Android 7.0;) AppleWebKit/537.36 (KHTML, like Gecko) Mobile Safari/537.36 (compatible; PetalBot;+https://webmaster.petalsearch.com/site/petalbot)"
2a02:4780:41:6421::1 - - [10/Feb/2026:06:03:48 +0000] "POST /wp-cron.php?doing_wp_cron=1770703428.7640419006347656250000 HTTP/1.0" 200 412 "-" "WordPress/6.9; https://hbkconsultancy.com"
105.4.4.88 - - [10/Feb/2026:06:03:48 +0000] "GET /2699242447.htm HTTP/1.0" 404 126638 "https://hbkconsultancy.com/" "Mozilla/5.0 (Windows NT 10.0; Win64; x64) AppleWebKit/537.36 (KHTML, like Gecko) Chrome/135.0.0.0 Safari/537.36"
2a02:4780:41:6421::1 - - [10/Feb/2026:06:04:14 +0000] "POST /wp-cron.php?doing_wp_cron=1770703454.2937901020050048828125 HTTP/1.0" 200 412 "-" "WordPress/6.9; https://hbkconsultancy.com"
114.119.140.186 - - [10/Feb/2026:06:04:13 +0000] "GET /1win-turkiye-giris-yap-ve-oyna-added-bonus-24-000-3 HTTP/1.0" 301 502 "https://hbkconsultancy.com/1win-turkiye" "Mozilla/5.0 (Linux; Android 7.0;) AppleWebKit/537.36 (KHTML, like Gecko) Mobile Safari/537.36 (compatible; PetalBot;+https://webmaster.petalsearch.com/site/petalbot)"
114.119.140.186 - - [10/Feb/2026:06:04:16 +0000] "GET /1win-turkiye-giris-yap-ve-oyna-added-bonus-24-000-3/ HTTP/1.0" 200 36519 "https://hbkconsultancy.com/1win-turkiye" "Mozilla/5.0 (Linux; Android 7.0;) AppleWebKit/537.36 (KHTML, like Gecko) Mobile Safari/537.36 (compatible; PetalBot;+https://webmaster.petalsearch.com/site/petalbot)"
2a02:4780:41:6421::1 - - [10/Feb/2026:06:05:33 +0000] "POST /wp-cron.php?doing_wp_cron=1770703533.3660070896148681640625 HTTP/1.0" 200 404 "-" "WordPress/6.9; http://hbkconsultancy.com"
114.119.130.54 - - [10/Feb/2026:06:05:32 +0000] "GET /usasexguide-60-escort-sites-like-usasexguide-nl/ HTTP/1.0" 200 36199 "http://hbkconsultancy.com/keeping-it-horny-and-safe-essential-ideas-for-watching-porn-online-safely-blog/" "Mozilla/5.0 (Linux; Android 7.0;) AppleWebKit/537.36 (KHTML, like Gecko) Mobile Safari/537.36 (compatible; PetalBot;+https://webmaster.petalsearch.com/site/petalbot)"
2a02:4780:41:6421::1 - - [10/Feb/2026:06:08:17 +0000] "POST /wp-cron.php?doing_wp_cron=1770703697.3040380477905273437500 HTTP/1.0" 200 412 "-" "WordPress/6.9; https://hbkconsultancy.com"
85.208.96.203 - - [10/Feb/2026:06:08:16 +0000] "GET /robots.txt HTTP/1.0" 200 582 "-" "Mozilla/5.0 (compatible; SemrushBot/7~bl; +http://www.semrush.com/bot.html)"
185.191.171.6 - - [10/Feb/2026:06:08:18 +0000] "GET /free-free-pokies-download-play-ideal-free-pokie-video-games-online-upon-mobile-2/ HTTP/1.0" 200 41605 "-" "Mozilla/5.0 (compatible; SemrushBot/7~bl; +http://www.semrush.com/bot.html)"
2a02:4780:41:6421::1 - - [10/Feb/2026:06:10:15 +0000] "POST /wp-cron.php?doing_wp_cron=1770703815.5918428897857666015625 HTTP/1.0" 200 412 "-" "WordPress/6.9; https://hbkconsultancy.com"
148.222.194.227 - - [10/Feb/2026:06:10:14 +0000] "GET /506065912.htm HTTP/1.0" 404 126639 "https://hbkconsultancy.com/" "Mozilla/5.0 (Windows NT 10.0; Win64; x64) AppleWebKit/537.36 (KHTML, like Gecko) Chrome/135.0.0.0 Safari/537.36"
2a02:4780:41:6421::1 - - [10/Feb/2026:06:14:02 +0000] "POST /wp-cron.php?doing_wp_cron=1770704042.3859219551086425781250 HTTP/1.0" 200 404 "-" "WordPress/6.9; http://hbkconsultancy.com"
147.93.58.212 - - [10/Feb/2026:06:14:01 +0000] "GET / HTTP/1.0" 200 29042 "-" "Mozilla/5.0 (X11; Linux x86_64) AppleWebKit/537.36 (KHTML, like Gecko) Chrome/44.0.2403.157 Safari/537.36"
2a02:4780:41:6421::1 - - [10/Feb/2026:06:15:17 +0000] "POST /wp-cron.php?doing_wp_cron=1770704117.4653990268707275390625 HTTP/1.0" 200 412 "-" "WordPress/6.9; https://hbkconsultancy.com"
157.55.39.54 - - [10/Feb/2026:06:15:16 +0000] "GET /sitemap_index.xml HTTP/1.0" 200 1032 "-" "Mozilla/5.0 AppleWebKit/537.36 (KHTML, like Gecko; compatible; bingbot/2.0; +http://www.bing.com/bingbot.htm) Chrome/116.0.1938.76 Safari/537.36"
2a02:4780:41:6421::1 - - [10/Feb/2026:06:21:10 +0000] "POST /wp-cron.php?doing_wp_cron=1770704470.2362918853759765625000 HTTP/1.0" 200 412 "-" "WordPress/6.9; https://hbkconsultancy.com"
189.217.101.196 - - [10/Feb/2026:06:21:09 +0000] "GET /1443579654.htm HTTP/1.0" 404 126638 "https://hbkconsultancy.com/" "Mozilla/5.0 (Windows NT 10.0; Win64; x64) AppleWebKit/537.36 (KHTML, like Gecko) Chrome/135.0.0.0 Safari/537.36"
2a02:4780:41:6421::1 - - [10/Feb/2026:06:21:58 +0000] "POST /wp-cron.php?doing_wp_cron=1770704518.5490520000457763671875 HTTP/1.0" 200 412 "-" "WordPress/6.9; https://hbkconsultancy.com"
17.22.245.246 - - [10/Feb/2026:06:21:57 +0000] "GET /2025/02/21/page/3/ HTTP/1.0" 200 28394 "-" "Mozilla/5.0 (Macintosh; Intel Mac OS X 10_15_7) AppleWebKit/605.1.15 (KHTML, like Gecko) Version/17.4 Safari/605.1.15 (Applebot/0.1; +http://www.apple.com/go/applebot)"
114.119.136.188 - - [10/Feb/2026:06:22:58 +0000] "GET /top-australian-online-casinos-for-real-cash-play/ HTTP/1.0" 200 40714 "https://hbkconsultancy.com/blog-grid/page/3" "Mozilla/5.0 (Linux; Android 7.0;) AppleWebKit/537.36 (KHTML, like Gecko) Mobile Safari/537.36 (compatible; PetalBot;+https://webmaster.petalsearch.com/site/petalbot)"
3.218.103.254 - - [10/Feb/2026:06:23:00 +0000] "GET /non-profit-sector/ HTTP/1.0" 200 30373 "-" "Mozilla/5.0 AppleWebKit/537.36 (KHTML, like Gecko; compatible; Amazonbot/0.1; +https://developer.amazon.com/support/amazonbot) Chrome/119.0.6045.214 Safari/537.36"
18.233.24.238 - - [10/Feb/2026:06:23:06 +0000] "GET /how-to-start-a-business-with-education/ HTTP/1.0" 200 33422 "-" "Mozilla/5.0 AppleWebKit/537.36 (KHTML, like Gecko; compatible; Amazonbot/0.1; +https://developer.amazon.com/support/amazonbot) Chrome/119.0.6045.214 Safari/537.36"
2a02:4780:41:6421::1 - - [10/Feb/2026:06:24:10 +0000] "POST /wp-cron.php?doing_wp_cron=1770704650.4194250106811523437500 HTTP/1.0" 200 412 "-" "WordPress/6.9; https://hbkconsultancy.com"
17.22.253.9 - - [10/Feb/2026:06:24:09 +0000] "GET /home/hbkconsultancy/public_html/wp-content/fonts/cairo/SLXVc1nY6HkvangtZmpQdkhzfH5lkSscQyyS4J0.woff2 HTTP/1.0" 404 126512 "https://hbkconsultancy.com/2025/02/21/page/3/" "Mozilla/5.0 (Macintosh; Intel Mac OS X 10_15_7) AppleWebKit/605.1.15 (KHTML, like Gecko) Version/17.4 Safari/605.1.15 (Applebot/0.1; +http://www.apple.com/go/applebot)"
17.22.237.192 - - [10/Feb/2026:06:24:11 +0000] "GET /home/hbkconsultancy/public_html/wp-content/fonts/cairo/SLXVc1nY6HkvangtZmpQdkhzfH5lkSscRiyS.woff2 HTTP/1.0" 404 126512 "https://hbkconsultancy.com/2025/02/21/page/3/" "Mozilla/5.0 (Macintosh; Intel Mac OS X 10_15_7) AppleWebKit/605.1.15 (KHTML, like Gecko) Version/17.4 Safari/605.1.15 (Applebot/0.1; +http://www.apple.com/go/applebot)"
17.22.253.116 - - [10/Feb/2026:06:24:12 +0000] "GET /home/hbkconsultancy/public_html/wp-content/fonts/cairo/SLXVc1nY6HkvangtZmpQdkhzfH5lkSscSCyS4J0.woff2 HTTP/1.0" 404 126512 "https://hbkconsultancy.com/2025/02/21/page/3/" "Mozilla/5.0 (Macintosh; Intel Mac OS X 10_15_7) AppleWebKit/605.1.15 (KHTML, like Gecko) Version/17.4 Safari/605.1.15 (Applebot/0.1; +http://www.apple.com/go/applebot)"
2a02:4780:41:6421::1 - - [10/Feb/2026:06:24:22 +0000] "POST /wp-cron.php?doing_wp_cron=1770704662.9491419792175292968750 HTTP/1.0" 200 412 "-" "WordPress/6.9; https://hbkconsultancy.com"
114.119.136.188 - - [10/Feb/2026:06:24:22 +0000] "GET /casino-live-gioca-within-diretta-live-con-il-casino-di-eurobet-2 HTTP/1.0" 301 515 "https://hbkconsultancy.com/2025/02/page/31" "Mozilla/5.0 (Linux; Android 7.0;) AppleWebKit/537.36 (KHTML, like Gecko) Mobile Safari/537.36 (compatible; PetalBot;+https://webmaster.petalsearch.com/site/petalbot)"
114.119.136.188 - - [10/Feb/2026:06:24:24 +0000] "GET /casino-live-gioca-within-diretta-live-con-il-casino-di-eurobet-2/ HTTP/1.0" 200 35144 "https://hbkconsultancy.com/2025/02/page/31" "Mozilla/5.0 (Linux; Android 7.0;) AppleWebKit/537.36 (KHTML, like Gecko) Mobile Safari/537.36 (compatible; PetalBot;+https://webmaster.petalsearch.com/site/petalbot)"
2a02:4780:41:6421::1 - - [10/Feb/2026:06:25:45 +0000] "POST /wp-cron.php?doing_wp_cron=1770704745.9054839611053466796875 HTTP/1.0" 200 412 "-" "WordPress/6.9; https://hbkconsultancy.com"
114.119.137.91 - - [10/Feb/2026:06:25:45 +0000] "GET /test HTTP/1.0" 301 404 "https://hbkconsultancy.com/best-adult-cellular-porn-games-download-for-home-windows-android" "Mozilla/5.0 (Linux; Android 7.0;) AppleWebKit/537.36 (KHTML, like Gecko) Mobile Safari/537.36 (compatible; PetalBot;+https://webmaster.petalsearch.com/site/petalbot)"
114.119.137.91 - - [10/Feb/2026:06:25:47 +0000] "GET /test/ HTTP/1.0" 200 27185 "https://hbkconsultancy.com/best-adult-cellular-porn-games-download-for-home-windows-android" "Mozilla/5.0 (Linux; Android 7.0;) AppleWebKit/537.36 (KHTML, like Gecko) Mobile Safari/537.36 (compatible; PetalBot;+https://webmaster.petalsearch.com/site/petalbot)"
66.249.82.13 - - [10/Feb/2026:06:26:51 +0000] "GET /.well-known/traffic-advice HTTP/1.0" 404 126639 "-" "Chrome Privacy Preserving Prefetch Proxy"
2a02:4780:41:6421::1 - - [10/Feb/2026:06:26:52 +0000] "POST /wp-cron.php?doing_wp_cron=1770704812.1306359767913818359375 HTTP/1.0" 200 412 "-" "WordPress/6.9; https://hbkconsultancy.com"
2001:4860:7:804::fc - - [10/Feb/2026:06:26:51 +0000] "GET /pinup/ HTTP/1.0" 200 27744 "https://www.google.co.jp/" "Mozilla/5.0 (Windows NT 10.0; Win64; x64) AppleWebKit/537.36 (KHTML, like Gecko) Chrome/144.0.0.0 Safari/537.36"
114.119.132.88 - - [10/Feb/2026:06:27:08 +0000] "GET /2025/page/7 HTTP/1.0" 301 411 "https://hbkconsultancy.com/2025/page/8" "Mozilla/5.0 (Linux; Android 7.0;) AppleWebKit/537.36 (KHTML, like Gecko) Mobile Safari/537.36 (compatible; PetalBot;+https://webmaster.petalsearch.com/site/petalbot)"
114.119.132.88 - - [10/Feb/2026:06:27:09 +0000] "GET /2025/page/7/ HTTP/1.0" 200 29123 "https://hbkconsultancy.com/2025/page/8" "Mozilla/5.0 (Linux; Android 7.0;) AppleWebKit/537.36 (KHTML, like Gecko) Mobile Safari/537.36 (compatible; PetalBot;+https://webmaster.petalsearch.com/site/petalbot)"
2a02:4780:41:6421::1 - - [10/Feb/2026:06:28:02 +0000] "POST /wp-cron.php?doing_wp_cron=1770704882.3577311038970947265625 HTTP/1.0" 200 404 "-" "WordPress/6.9; http://hbkconsultancy.com"
147.93.58.212 - - [10/Feb/2026:06:28:01 +0000] "GET / HTTP/1.0" 200 29041 "-" "Mozilla/5.0 (X11; Linux x86_64) AppleWebKit/537.36 (KHTML, like Gecko) Chrome/44.0.2403.157 Safari/537.36"
114.119.140.186 - - [10/Feb/2026:06:28:34 +0000] "GET /steroide-eine-umfassende-ubersicht/ HTTP/1.0" 200 32134 "http://hbkconsultancy.com/steroide-eine-umfassende-ubersicht/" "Mozilla/5.0 (Linux; Android 7.0;) AppleWebKit/537.36 (KHTML, like Gecko) Mobile Safari/537.36 (compatible; PetalBot;+https://webmaster.petalsearch.com/site/petalbot)"
154.205.11.80 - - [10/Feb/2026:06:28:45 +0000] "GET / HTTP/1.0" 200 29037 "-" "Mozilla/5.0 (Windows NT 10.0; Win64; x64) AppleWebKit/537.36 (KHTML, like Gecko) Chrome/144.0.0.0 Safari/537.36"
154.205.11.80 - - [10/Feb/2026:06:29:08 +0000] "GET /home/hbkconsultancy/public_html/wp-content/fonts/cairo/SLXVc1nY6HkvangtZmpQdkhzfH5lkSscRiyS.woff2 HTTP/1.0" 404 126511 "https://hbkconsultancy.com/" "Mozilla/5.0 (Windows NT 10.0; Win64; x64) AppleWebKit/537.36 (KHTML, like Gecko) Chrome/144.0.0.0 Safari/537.36"
2a02:4780:41:6421::1 - - [10/Feb/2026:06:29:56 +0000] "POST /wp-cron.php?doing_wp_cron=1770704996.4210410118103027343750 HTTP/1.0" 200 404 "-" "WordPress/6.9; http://hbkconsultancy.com"
114.119.137.91 - - [10/Feb/2026:06:29:55 +0000] "GET /eb_footer/elementor-footer-04/ HTTP/1.0" 200 18539 "http://hbkconsultancy.com/eb_footer/elementor-footer-04" "Mozilla/5.0 (Linux; Android 7.0;) AppleWebKit/537.36 (KHTML, like Gecko) Mobile Safari/537.36 (compatible; PetalBot;+https://webmaster.petalsearch.com/site/petalbot)"
2a02:4780:41:6421::1 - - [10/Feb/2026:06:30:25 +0000] "POST /wp-cron.php?doing_wp_cron=1770705025.0807089805603027343750 HTTP/1.0" 200 412 "-" "WordPress/6.9; https://hbkconsultancy.com"
201.218.171.1 - - [10/Feb/2026:06:30:24 +0000] "GET /64959185555.htm HTTP/1.0" 404 126639 "https://hbkconsultancy.com/" "Mozilla/5.0 (Windows NT 10.0; Win64; x64; rv:137.0) Gecko/20100101 Firefox/137.0"
2a02:4780:41:6421::1 - - [10/Feb/2026:06:31:46 +0000] "POST /wp-cron.php?doing_wp_cron=1770705106.7279100418090820312500 HTTP/1.0" 200 412 "-" "WordPress/6.9; https://hbkconsultancy.com"
105.97.83.46 - - [10/Feb/2026:06:31:45 +0000] "GET /74840143986.htm HTTP/1.0" 404 126638 "https://hbkconsultancy.com/" "Mozilla/5.0 (Windows NT 10.0; Win64; x64) AppleWebKit/537.36 (KHTML, like Gecko) Chrome/135.0.0.0 Safari/537.36 Edg/135.0.0.0"
114.119.151.1 - - [10/Feb/2026:06:39:37 +0000] "GET /premier-casino-bitcoin-sur-internet-sous-licence HTTP/1.0" 301 499 "https://hbkconsultancy.com/regulated-about-casinos" "Mozilla/5.0 (Linux; Android 7.0;) AppleWebKit/537.36 (KHTML, like Gecko) Mobile Safari/537.36 (compatible; PetalBot;+https://webmaster.petalsearch.com/site/petalbot)"
114.119.151.1 - - [10/Feb/2026:06:39:40 +0000] "GET /premier-casino-bitcoin-sur-internet-sous-licence/ HTTP/1.0" 200 42386 "https://hbkconsultancy.com/regulated-about-casinos" "Mozilla/5.0 (Linux; Android 7.0;) AppleWebKit/537.36 (KHTML, like Gecko) Mobile Safari/537.36 (compatible; PetalBot;+https://webmaster.petalsearch.com/site/petalbot)"
2a02:4780:41:6421::1 - - [10/Feb/2026:06:41:00 +0000] "POST /wp-cron.php?doing_wp_cron=1770705660.1485059261322021484375 HTTP/1.0" 200 404 "-" "WordPress/6.9; http://hbkconsultancy.com"
114.119.151.5 - - [10/Feb/2026:06:40:59 +0000] "GET /is-usasexguide-info-down-or-not-working-correct-now-troubleshoot-and-get-assist-weekly-journal HTTP/1.0" 301 535 "http://hbkconsultancy.com/2024/page/3" "Mozilla/5.0 (Linux; Android 7.0;) AppleWebKit/537.36 (KHTML, like Gecko) Mobile Safari/537.36 (compatible; PetalBot;+https://webmaster.petalsearch.com/site/petalbot)"
114.119.151.5 - - [10/Feb/2026:06:41:01 +0000] "GET /is-usasexguide-info-down-or-not-working-correct-now-troubleshoot-and-get-assist-weekly-journal/ HTTP/1.0" 200 35872 "http://hbkconsultancy.com/2024/page/3" "Mozilla/5.0 (Linux; Android 7.0;) AppleWebKit/537.36 (KHTML, like Gecko) Mobile Safari/537.36 (compatible; PetalBot;+https://webmaster.petalsearch.com/site/petalbot)"
2a02:4780:41:6421::1 - - [10/Feb/2026:06:41:32 +0000] "POST /wp-cron.php?doing_wp_cron=1770705692.9398000240325927734375 HTTP/1.0" 200 412 "-" "WordPress/6.9; https://hbkconsultancy.com"
47.128.60.244 - - [10/Feb/2026:06:41:32 +0000] "GET /robots.txt HTTP/1.0" 200 582 "-" "Mozilla/5.0 (Linux; Android 5.0) AppleWebKit/537.36 (KHTML, like Gecko) Mobile Safari/537.36 (compatible; Bytespider; [email protected])"
47.128.29.191 - - [10/Feb/2026:06:41:40 +0000] "GET / HTTP/1.0" 200 29037 "-" "Mozilla/5.0 (Linux; Android 5.0) AppleWebKit/537.36 (KHTML, like Gecko) Mobile Safari/537.36 (compatible; Bytespider; [email protected])"
147.93.58.212 - - [10/Feb/2026:06:42:01 +0000] "GET / HTTP/1.0" 200 29041 "-" "Mozilla/5.0 (X11; Linux x86_64) AppleWebKit/537.36 (KHTML, like Gecko) Chrome/44.0.2403.157 Safari/537.36"
2a02:4780:41:6421::1 - - [10/Feb/2026:06:44:11 +0000] "POST /wp-cron.php?doing_wp_cron=1770705851.6341280937194824218750 HTTP/1.0" 200 412 "-" "WordPress/6.9; https://hbkconsultancy.com"
