216.244.66.245 - - [10/Feb/2026:01:05:21 +0000] "GET /?h=46055112 HTTP/1.0" 200 29054 "-" "Mozilla/5.0 (compatible; DotBot/1.2; +https://opensiteexplorer.org/dotbot; [email protected])"
216.244.66.245 - - [10/Feb/2026:01:05:24 +0000] "GET /?h=46068512 HTTP/1.0" 200 29053 "-" "Mozilla/5.0 (compatible; DotBot/1.2; +https://opensiteexplorer.org/dotbot; [email protected])"
216.244.66.245 - - [10/Feb/2026:01:05:28 +0000] "GET /?h=46127912 HTTP/1.0" 200 29055 "-" "Mozilla/5.0 (compatible; DotBot/1.2; +https://opensiteexplorer.org/dotbot; [email protected])"
216.244.66.245 - - [10/Feb/2026:01:05:30 +0000] "GET /?h=46256112 HTTP/1.0" 200 29054 "-" "Mozilla/5.0 (compatible; DotBot/1.2; +https://opensiteexplorer.org/dotbot; [email protected])"
2a02:4780:41:6421::1 - - [10/Feb/2026:01:05:34 +0000] "POST /wp-cron.php?doing_wp_cron=1770685534.0071818828582763671875 HTTP/1.0" 200 404 "-" "WordPress/6.9; http://hbkconsultancy.com"
216.244.66.245 - - [10/Feb/2026:01:05:33 +0000] "GET /?h=46445212 HTTP/1.0" 200 29055 "-" "Mozilla/5.0 (compatible; DotBot/1.2; +https://opensiteexplorer.org/dotbot; [email protected])"
216.244.66.245 - - [10/Feb/2026:01:05:37 +0000] "GET /?h=46590912 HTTP/1.0" 200 29055 "-" "Mozilla/5.0 (compatible; DotBot/1.2; +https://opensiteexplorer.org/dotbot; [email protected])"
216.244.66.245 - - [10/Feb/2026:01:05:42 +0000] "GET /?h=46673812 HTTP/1.0" 200 29054 "-" "Mozilla/5.0 (compatible; DotBot/1.2; +https://opensiteexplorer.org/dotbot; [email protected])"
216.244.66.245 - - [10/Feb/2026:01:05:45 +0000] "GET /?h=46986412 HTTP/1.0" 200 29055 "-" "Mozilla/5.0 (compatible; DotBot/1.2; +https://opensiteexplorer.org/dotbot; [email protected])"
216.244.66.245 - - [10/Feb/2026:01:05:48 +0000] "GET /?h=47017312 HTTP/1.0" 200 29053 "-" "Mozilla/5.0 (compatible; DotBot/1.2; +https://opensiteexplorer.org/dotbot; [email protected])"
216.244.66.245 - - [10/Feb/2026:01:05:51 +0000] "GET /?h=47204112 HTTP/1.0" 200 29053 "-" "Mozilla/5.0 (compatible; DotBot/1.2; +https://opensiteexplorer.org/dotbot; [email protected])"
216.244.66.245 - - [10/Feb/2026:01:05:54 +0000] "GET /?h=47391312 HTTP/1.0" 200 29054 "-" "Mozilla/5.0 (compatible; DotBot/1.2; +https://opensiteexplorer.org/dotbot; [email protected])"
216.244.66.245 - - [10/Feb/2026:01:05:56 +0000] "GET /?h=47529912 HTTP/1.0" 200 29054 "-" "Mozilla/5.0 (compatible; DotBot/1.2; +https://opensiteexplorer.org/dotbot; [email protected])"
216.244.66.245 - - [10/Feb/2026:01:05:59 +0000] "GET /?h=47571812 HTTP/1.0" 200 29052 "-" "Mozilla/5.0 (compatible; DotBot/1.2; +https://opensiteexplorer.org/dotbot; [email protected])"
172.245.102.6 - - [10/Feb/2026:01:05:59 +0000] "POST /wp-login.php HTTP/1.0" 200 3978 "-" "Mozilla/5.0"
37.140.223.3 - - [10/Feb/2026:01:05:59 +0000] "POST /wp-login.php HTTP/1.0" 200 3979 "-" "Mozilla/5.0"
172.245.102.7 - - [10/Feb/2026:01:05:59 +0000] "POST /wp-login.php HTTP/1.0" 200 3976 "-" "Mozilla/5.0"
37.140.223.8 - - [10/Feb/2026:01:05:59 +0000] "POST /wp-login.php HTTP/1.0" 200 3973 "-" "Mozilla/5.0"
37.140.223.15 - - [10/Feb/2026:01:05:59 +0000] "POST /wp-login.php HTTP/1.0" 200 3975 "-" "Mozilla/5.0"
37.140.223.26 - - [10/Feb/2026:01:05:59 +0000] "POST /wp-login.php HTTP/1.0" 200 3976 "-" "Mozilla/5.0"
172.245.102.9 - - [10/Feb/2026:01:05:59 +0000] "POST /wp-login.php HTTP/1.0" 200 3978 "-" "Mozilla/5.0"
216.244.66.245 - - [10/Feb/2026:01:06:01 +0000] "GET /?h=47853012 HTTP/1.0" 200 29054 "-" "Mozilla/5.0 (compatible; DotBot/1.2; +https://opensiteexplorer.org/dotbot; [email protected])"
216.244.66.245 - - [10/Feb/2026:01:06:06 +0000] "GET /?h=47870012 HTTP/1.0" 200 29054 "-" "Mozilla/5.0 (compatible; DotBot/1.2; +https://opensiteexplorer.org/dotbot; [email protected])"
216.244.66.245 - - [10/Feb/2026:01:06:10 +0000] "GET /?h=47917012 HTTP/1.0" 200 29055 "-" "Mozilla/5.0 (compatible; DotBot/1.2; +https://opensiteexplorer.org/dotbot; [email protected])"
2a02:4780:41:6421::1 - - [10/Feb/2026:01:06:14 +0000] "POST /wp-cron.php?doing_wp_cron=1770685574.5712990760803222656250 HTTP/1.0" 200 404 "-" "WordPress/6.9; http://hbkconsultancy.com"
216.244.66.245 - - [10/Feb/2026:01:06:13 +0000] "GET /?h=48150112 HTTP/1.0" 200 29054 "-" "Mozilla/5.0 (compatible; DotBot/1.2; +https://opensiteexplorer.org/dotbot; [email protected])"
216.244.66.245 - - [10/Feb/2026:01:06:17 +0000] "GET /?h=48186812 HTTP/1.0" 200 29054 "-" "Mozilla/5.0 (compatible; DotBot/1.2; +https://opensiteexplorer.org/dotbot; [email protected])"
216.244.66.245 - - [10/Feb/2026:01:06:20 +0000] "GET /?h=48216912 HTTP/1.0" 200 29055 "-" "Mozilla/5.0 (compatible; DotBot/1.2; +https://opensiteexplorer.org/dotbot; [email protected])"
216.244.66.245 - - [10/Feb/2026:01:06:23 +0000] "GET /?h=48222012 HTTP/1.0" 200 29054 "-" "Mozilla/5.0 (compatible; DotBot/1.2; +https://opensiteexplorer.org/dotbot; [email protected])"
216.244.66.245 - - [10/Feb/2026:01:06:25 +0000] "GET /?h=48277112 HTTP/1.0" 200 29054 "-" "Mozilla/5.0 (compatible; DotBot/1.2; +https://opensiteexplorer.org/dotbot; [email protected])"
216.244.66.245 - - [10/Feb/2026:01:06:27 +0000] "GET /?h=48502512 HTTP/1.0" 200 29054 "-" "Mozilla/5.0 (compatible; DotBot/1.2; +https://opensiteexplorer.org/dotbot; [email protected])"
2a02:4780:41:6421::1 - - [10/Feb/2026:01:06:30 +0000] "POST /wp-cron.php?doing_wp_cron=1770685590.6108078956604003906250 HTTP/1.0" 200 404 "-" "WordPress/6.9; http://hbkconsultancy.com"
216.244.66.245 - - [10/Feb/2026:01:06:29 +0000] "GET /?h=48663712 HTTP/1.0" 200 29054 "-" "Mozilla/5.0 (compatible; DotBot/1.2; +https://opensiteexplorer.org/dotbot; [email protected])"
216.244.66.245 - - [10/Feb/2026:01:06:33 +0000] "GET /?h=48735712 HTTP/1.0" 200 29054 "-" "Mozilla/5.0 (compatible; DotBot/1.2; +https://opensiteexplorer.org/dotbot; [email protected])"
216.244.66.245 - - [10/Feb/2026:01:06:36 +0000] "GET /?h=48840412 HTTP/1.0" 200 29054 "-" "Mozilla/5.0 (compatible; DotBot/1.2; +https://opensiteexplorer.org/dotbot; [email protected])"
216.244.66.245 - - [10/Feb/2026:01:06:38 +0000] "GET /?h=48964412 HTTP/1.0" 200 29053 "-" "Mozilla/5.0 (compatible; DotBot/1.2; +https://opensiteexplorer.org/dotbot; [email protected])"
216.244.66.245 - - [10/Feb/2026:01:06:40 +0000] "GET /?h=49193412 HTTP/1.0" 200 29055 "-" "Mozilla/5.0 (compatible; DotBot/1.2; +https://opensiteexplorer.org/dotbot; [email protected])"
216.244.66.245 - - [10/Feb/2026:01:06:43 +0000] "GET /?h=49215312 HTTP/1.0" 200 29055 "-" "Mozilla/5.0 (compatible; DotBot/1.2; +https://opensiteexplorer.org/dotbot; [email protected])"
216.244.66.245 - - [10/Feb/2026:01:06:47 +0000] "GET /?h=49391812 HTTP/1.0" 200 29055 "-" "Mozilla/5.0 (compatible; DotBot/1.2; +https://opensiteexplorer.org/dotbot; [email protected])"
216.244.66.245 - - [10/Feb/2026:01:06:51 +0000] "GET /?h=49476012 HTTP/1.0" 200 29055 "-" "Mozilla/5.0 (compatible; DotBot/1.2; +https://opensiteexplorer.org/dotbot; [email protected])"
216.244.66.245 - - [10/Feb/2026:01:06:55 +0000] "GET /?h=49613512 HTTP/1.0" 200 29055 "-" "Mozilla/5.0 (compatible; DotBot/1.2; +https://opensiteexplorer.org/dotbot; [email protected])"
216.244.66.245 - - [10/Feb/2026:01:06:58 +0000] "GET /?h=49877312 HTTP/1.0" 200 29055 "-" "Mozilla/5.0 (compatible; DotBot/1.2; +https://opensiteexplorer.org/dotbot; [email protected])"
216.244.66.245 - - [10/Feb/2026:01:07:00 +0000] "GET /?h=50127412 HTTP/1.0" 200 29054 "-" "Mozilla/5.0 (compatible; DotBot/1.2; +https://opensiteexplorer.org/dotbot; [email protected])"
216.244.66.245 - - [10/Feb/2026:01:07:03 +0000] "GET /?h=50301412 HTTP/1.0" 200 29055 "-" "Mozilla/5.0 (compatible; DotBot/1.2; +https://opensiteexplorer.org/dotbot; [email protected])"
216.244.66.245 - - [10/Feb/2026:01:07:05 +0000] "GET /?h=50677012 HTTP/1.0" 200 29055 "-" "Mozilla/5.0 (compatible; DotBot/1.2; +https://opensiteexplorer.org/dotbot; [email protected])"
216.244.66.245 - - [10/Feb/2026:01:07:08 +0000] "GET /?h=50696712 HTTP/1.0" 200 29055 "-" "Mozilla/5.0 (compatible; DotBot/1.2; +https://opensiteexplorer.org/dotbot; [email protected])"
216.244.66.245 - - [10/Feb/2026:01:07:12 +0000] "GET /?h=50800512 HTTP/1.0" 200 29055 "-" "Mozilla/5.0 (compatible; DotBot/1.2; +https://opensiteexplorer.org/dotbot; [email protected])"
2a02:4780:41:6421::1 - - [10/Feb/2026:01:07:17 +0000] "POST /wp-cron.php?doing_wp_cron=1770685637.7496581077575683593750 HTTP/1.0" 200 404 "-" "WordPress/6.9; http://hbkconsultancy.com"
216.244.66.245 - - [10/Feb/2026:01:07:17 +0000] "GET /?h=50841212 HTTP/1.0" 200 29055 "-" "Mozilla/5.0 (compatible; DotBot/1.2; +https://opensiteexplorer.org/dotbot; [email protected])"
216.244.66.245 - - [10/Feb/2026:01:07:23 +0000] "GET /?h=51263612 HTTP/1.0" 200 29055 "-" "Mozilla/5.0 (compatible; DotBot/1.2; +https://opensiteexplorer.org/dotbot; [email protected])"
216.244.66.245 - - [10/Feb/2026:01:07:29 +0000] "GET /?h=51495012 HTTP/1.0" 200 29054 "-" "Mozilla/5.0 (compatible; DotBot/1.2; +https://opensiteexplorer.org/dotbot; [email protected])"
2a02:4780:41:6421::1 - - [10/Feb/2026:01:07:34 +0000] "POST /wp-cron.php?doing_wp_cron=1770685654.4728560447692871093750 HTTP/1.0" 200 404 "-" "WordPress/6.9; http://hbkconsultancy.com"
216.244.66.245 - - [10/Feb/2026:01:07:33 +0000] "GET /?h=51557012 HTTP/1.0" 200 29055 "-" "Mozilla/5.0 (compatible; DotBot/1.2; +https://opensiteexplorer.org/dotbot; [email protected])"
216.244.66.245 - - [10/Feb/2026:01:07:39 +0000] "GET /?h=51732712 HTTP/1.0" 200 29053 "-" "Mozilla/5.0 (compatible; DotBot/1.2; +https://opensiteexplorer.org/dotbot; [email protected])"
216.244.66.245 - - [10/Feb/2026:01:07:42 +0000] "GET /?h=51826512 HTTP/1.0" 200 29055 "-" "Mozilla/5.0 (compatible; DotBot/1.2; +https://opensiteexplorer.org/dotbot; [email protected])"
216.244.66.245 - - [10/Feb/2026:01:07:46 +0000] "GET /?h=51964712 HTTP/1.0" 200 29055 "-" "Mozilla/5.0 (compatible; DotBot/1.2; +https://opensiteexplorer.org/dotbot; [email protected])"
216.244.66.245 - - [10/Feb/2026:01:07:49 +0000] "GET /?h=52094012 HTTP/1.0" 200 29055 "-" "Mozilla/5.0 (compatible; DotBot/1.2; +https://opensiteexplorer.org/dotbot; [email protected])"
216.244.66.245 - - [10/Feb/2026:01:07:51 +0000] "GET /?h=52171612 HTTP/1.0" 200 29055 "-" "Mozilla/5.0 (compatible; DotBot/1.2; +https://opensiteexplorer.org/dotbot; [email protected])"
216.244.66.245 - - [10/Feb/2026:01:07:54 +0000] "GET /?h=52283012 HTTP/1.0" 200 29055 "-" "Mozilla/5.0 (compatible; DotBot/1.2; +https://opensiteexplorer.org/dotbot; [email protected])"
216.244.66.245 - - [10/Feb/2026:01:07:56 +0000] "GET /?h=52382312 HTTP/1.0" 200 29055 "-" "Mozilla/5.0 (compatible; DotBot/1.2; +https://opensiteexplorer.org/dotbot; [email protected])"
216.244.66.245 - - [10/Feb/2026:01:07:58 +0000] "GET /?h=52383212 HTTP/1.0" 200 29054 "-" "Mozilla/5.0 (compatible; DotBot/1.2; +https://opensiteexplorer.org/dotbot; [email protected])"
216.244.66.245 - - [10/Feb/2026:01:08:02 +0000] "GET /?h=52599112 HTTP/1.0" 200 29055 "-" "Mozilla/5.0 (compatible; DotBot/1.2; +https://opensiteexplorer.org/dotbot; [email protected])"
216.244.66.245 - - [10/Feb/2026:01:08:05 +0000] "GET /?h=53130712 HTTP/1.0" 200 29055 "-" "Mozilla/5.0 (compatible; DotBot/1.2; +https://opensiteexplorer.org/dotbot; [email protected])"
216.244.66.245 - - [10/Feb/2026:01:08:09 +0000] "GET /?h=53807412 HTTP/1.0" 200 29055 "-" "Mozilla/5.0 (compatible; DotBot/1.2; +https://opensiteexplorer.org/dotbot; [email protected])"
2a02:4780:41:6421::1 - - [10/Feb/2026:01:08:14 +0000] "POST /wp-cron.php?doing_wp_cron=1770685694.1586670875549316406250 HTTP/1.0" 200 404 "-" "WordPress/6.9; http://hbkconsultancy.com"
216.244.66.245 - - [10/Feb/2026:01:08:13 +0000] "GET /?h=53932212 HTTP/1.0" 200 29055 "-" "Mozilla/5.0 (compatible; DotBot/1.2; +https://opensiteexplorer.org/dotbot; [email protected])"
216.244.66.245 - - [10/Feb/2026:01:08:18 +0000] "GET /?h=54116912 HTTP/1.0" 200 29054 "-" "Mozilla/5.0 (compatible; DotBot/1.2; +https://opensiteexplorer.org/dotbot; [email protected])"
216.244.66.245 - - [10/Feb/2026:01:08:22 +0000] "GET /?h=54198312 HTTP/1.0" 200 29055 "-" "Mozilla/5.0 (compatible; DotBot/1.2; +https://opensiteexplorer.org/dotbot; [email protected])"
216.244.66.245 - - [10/Feb/2026:01:08:25 +0000] "GET /?h=54383312 HTTP/1.0" 200 29055 "-" "Mozilla/5.0 (compatible; DotBot/1.2; +https://opensiteexplorer.org/dotbot; [email protected])"
216.244.66.245 - - [10/Feb/2026:01:08:28 +0000] "GET /?h=54934112 HTTP/1.0" 200 29055 "-" "Mozilla/5.0 (compatible; DotBot/1.2; +https://opensiteexplorer.org/dotbot; [email protected])"
2a02:4780:41:6421::1 - - [10/Feb/2026:01:08:31 +0000] "POST /wp-cron.php?doing_wp_cron=1770685711.3313601016998291015625 HTTP/1.0" 200 404 "-" "WordPress/6.9; http://hbkconsultancy.com"
216.244.66.245 - - [10/Feb/2026:01:08:30 +0000] "GET /?h=55003312 HTTP/1.0" 200 29055 "-" "Mozilla/5.0 (compatible; DotBot/1.2; +https://opensiteexplorer.org/dotbot; [email protected])"
216.244.66.245 - - [10/Feb/2026:01:08:34 +0000] "GET /?h=55030912 HTTP/1.0" 200 29055 "-" "Mozilla/5.0 (compatible; DotBot/1.2; +https://opensiteexplorer.org/dotbot; [email protected])"
216.244.66.245 - - [10/Feb/2026:01:08:36 +0000] "GET /?h=56553812 HTTP/1.0" 200 29055 "-" "Mozilla/5.0 (compatible; DotBot/1.2; +https://opensiteexplorer.org/dotbot; [email protected])"
216.244.66.245 - - [10/Feb/2026:01:08:39 +0000] "GET /?h=57097512 HTTP/1.0" 200 29053 "-" "Mozilla/5.0 (compatible; DotBot/1.2; +https://opensiteexplorer.org/dotbot; [email protected])"
216.244.66.245 - - [10/Feb/2026:01:08:41 +0000] "GET /?h=57680112 HTTP/1.0" 200 29055 "-" "Mozilla/5.0 (compatible; DotBot/1.2; +https://opensiteexplorer.org/dotbot; [email protected])"
216.244.66.245 - - [10/Feb/2026:01:08:44 +0000] "GET /?h=58087712 HTTP/1.0" 200 29055 "-" "Mozilla/5.0 (compatible; DotBot/1.2; +https://opensiteexplorer.org/dotbot; [email protected])"
216.244.66.245 - - [10/Feb/2026:01:08:49 +0000] "GET /?h=58400712 HTTP/1.0" 200 29049 "-" "Mozilla/5.0 (compatible; DotBot/1.2; +https://opensiteexplorer.org/dotbot; [email protected])"
216.244.66.245 - - [10/Feb/2026:01:08:53 +0000] "GET /?h=58495112 HTTP/1.0" 200 29055 "-" "Mozilla/5.0 (compatible; DotBot/1.2; +https://opensiteexplorer.org/dotbot; [email protected])"
216.244.66.245 - - [10/Feb/2026:01:08:57 +0000] "GET /?h=58642012 HTTP/1.0" 200 29055 "-" "Mozilla/5.0 (compatible; DotBot/1.2; +https://opensiteexplorer.org/dotbot; [email protected])"
216.244.66.245 - - [10/Feb/2026:01:09:01 +0000] "GET /?h=58831712 HTTP/1.0" 200 29055 "-" "Mozilla/5.0 (compatible; DotBot/1.2; +https://opensiteexplorer.org/dotbot; [email protected])"
216.244.66.245 - - [10/Feb/2026:01:09:04 +0000] "GET /?h=58869412 HTTP/1.0" 200 29055 "-" "Mozilla/5.0 (compatible; DotBot/1.2; +https://opensiteexplorer.org/dotbot; [email protected])"
216.244.66.245 - - [10/Feb/2026:01:09:06 +0000] "GET /?h=59167812 HTTP/1.0" 200 29055 "-" "Mozilla/5.0 (compatible; DotBot/1.2; +https://opensiteexplorer.org/dotbot; [email protected])"
216.244.66.245 - - [10/Feb/2026:01:09:09 +0000] "GET /?h=59699312 HTTP/1.0" 200 29054 "-" "Mozilla/5.0 (compatible; DotBot/1.2; +https://opensiteexplorer.org/dotbot; [email protected])"
216.244.66.245 - - [10/Feb/2026:01:09:11 +0000] "GET /?h=60043512 HTTP/1.0" 200 29054 "-" "Mozilla/5.0 (compatible; DotBot/1.2; +https://opensiteexplorer.org/dotbot; [email protected])"
216.244.66.245 - - [10/Feb/2026:01:09:13 +0000] "GET /?h=60049712 HTTP/1.0" 200 29054 "-" "Mozilla/5.0 (compatible; DotBot/1.2; +https://opensiteexplorer.org/dotbot; [email protected])"
2a02:4780:41:6421::1 - - [10/Feb/2026:01:09:15 +0000] "POST /wp-cron.php?doing_wp_cron=1770685755.8408670425415039062500 HTTP/1.0" 200 404 "-" "WordPress/6.9; http://hbkconsultancy.com"
216.244.66.245 - - [10/Feb/2026:01:09:15 +0000] "GET /?h=60123412 HTTP/1.0" 200 29055 "-" "Mozilla/5.0 (compatible; DotBot/1.2; +https://opensiteexplorer.org/dotbot; [email protected])"
216.244.66.245 - - [10/Feb/2026:01:09:18 +0000] "GET /?h=60312312 HTTP/1.0" 200 29053 "-" "Mozilla/5.0 (compatible; DotBot/1.2; +https://opensiteexplorer.org/dotbot; [email protected])"
216.244.66.245 - - [10/Feb/2026:01:09:21 +0000] "GET /?h=60469012 HTTP/1.0" 200 29055 "-" "Mozilla/5.0 (compatible; DotBot/1.2; +https://opensiteexplorer.org/dotbot; [email protected])"
216.244.66.245 - - [10/Feb/2026:01:09:23 +0000] "GET /?h=60901812 HTTP/1.0" 200 29055 "-" "Mozilla/5.0 (compatible; DotBot/1.2; +https://opensiteexplorer.org/dotbot; [email protected])"
216.244.66.245 - - [10/Feb/2026:01:09:25 +0000] "GET /?h=61122712 HTTP/1.0" 200 29055 "-" "Mozilla/5.0 (compatible; DotBot/1.2; +https://opensiteexplorer.org/dotbot; [email protected])"
2a02:4780:41:6421::1 - - [10/Feb/2026:01:09:31 +0000] "POST /wp-cron.php?doing_wp_cron=1770685771.0111689567565917968750 HTTP/1.0" 200 404 "-" "WordPress/6.9; http://hbkconsultancy.com"
216.244.66.245 - - [10/Feb/2026:01:09:30 +0000] "GET /?h=61242112 HTTP/1.0" 200 29055 "-" "Mozilla/5.0 (compatible; DotBot/1.2; +https://opensiteexplorer.org/dotbot; [email protected])"
216.244.66.245 - - [10/Feb/2026:01:09:33 +0000] "GET /?h=61580012 HTTP/1.0" 200 29055 "-" "Mozilla/5.0 (compatible; DotBot/1.2; +https://opensiteexplorer.org/dotbot; [email protected])"
216.244.66.245 - - [10/Feb/2026:01:09:36 +0000] "GET /?h=61592512 HTTP/1.0" 200 29055 "-" "Mozilla/5.0 (compatible; DotBot/1.2; +https://opensiteexplorer.org/dotbot; [email protected])"
216.244.66.245 - - [10/Feb/2026:01:09:39 +0000] "GET /?h=61743112 HTTP/1.0" 200 29055 "-" "Mozilla/5.0 (compatible; DotBot/1.2; +https://opensiteexplorer.org/dotbot; [email protected])"
216.244.66.245 - - [10/Feb/2026:01:09:41 +0000] "GET /?h=61774412 HTTP/1.0" 200 29055 "-" "Mozilla/5.0 (compatible; DotBot/1.2; +https://opensiteexplorer.org/dotbot; [email protected])"
216.244.66.245 - - [10/Feb/2026:01:09:44 +0000] "GET /?h=61774612 HTTP/1.0" 200 29055 "-" "Mozilla/5.0 (compatible; DotBot/1.2; +https://opensiteexplorer.org/dotbot; [email protected])"
216.244.66.245 - - [10/Feb/2026:01:09:46 +0000] "GET /?h=62938112 HTTP/1.0" 200 29055 "-" "Mozilla/5.0 (compatible; DotBot/1.2; +https://opensiteexplorer.org/dotbot; [email protected])"
216.244.66.245 - - [10/Feb/2026:01:09:48 +0000] "GET /?h=62975812 HTTP/1.0" 200 29054 "-" "Mozilla/5.0 (compatible; DotBot/1.2; +https://opensiteexplorer.org/dotbot; [email protected])"
216.244.66.245 - - [10/Feb/2026:01:09:51 +0000] "GET /?h=63009312 HTTP/1.0" 200 29055 "-" "Mozilla/5.0 (compatible; DotBot/1.2; +https://opensiteexplorer.org/dotbot; [email protected])"
216.244.66.245 - - [10/Feb/2026:01:09:53 +0000] "GET /?h=63373112 HTTP/1.0" 200 29055 "-" "Mozilla/5.0 (compatible; DotBot/1.2; +https://opensiteexplorer.org/dotbot; [email protected])"
216.244.66.245 - - [10/Feb/2026:01:09:55 +0000] "GET /?h=64008912 HTTP/1.0" 200 29054 "-" "Mozilla/5.0 (compatible; DotBot/1.2; +https://opensiteexplorer.org/dotbot; [email protected])"
216.244.66.245 - - [10/Feb/2026:01:09:57 +0000] "GET /?h=64038512 HTTP/1.0" 200 29055 "-" "Mozilla/5.0 (compatible; DotBot/1.2; +https://opensiteexplorer.org/dotbot; [email protected])"
216.244.66.245 - - [10/Feb/2026:01:10:01 +0000] "GET /?h=64145612 HTTP/1.0" 200 29054 "-" "Mozilla/5.0 (compatible; DotBot/1.2; +https://opensiteexplorer.org/dotbot; [email protected])"
216.244.66.245 - - [10/Feb/2026:01:10:04 +0000] "GET /?h=64635012 HTTP/1.0" 200 29055 "-" "Mozilla/5.0 (compatible; DotBot/1.2; +https://opensiteexplorer.org/dotbot; [email protected])"
216.244.66.245 - - [10/Feb/2026:01:10:07 +0000] "GET /?h=64960612 HTTP/1.0" 200 29054 "-" "Mozilla/5.0 (compatible; DotBot/1.2; +https://opensiteexplorer.org/dotbot; [email protected])"
216.244.66.245 - - [10/Feb/2026:01:10:09 +0000] "GET /?h=64974312 HTTP/1.0" 200 29055 "-" "Mozilla/5.0 (compatible; DotBot/1.2; +https://opensiteexplorer.org/dotbot; [email protected])"
216.244.66.245 - - [10/Feb/2026:01:10:11 +0000] "GET /?h=64990812 HTTP/1.0" 200 29056 "-" "Mozilla/5.0 (compatible; DotBot/1.2; +https://opensiteexplorer.org/dotbot; [email protected])"
2a02:4780:41:6421::1 - - [10/Feb/2026:01:10:14 +0000] "POST /wp-cron.php?doing_wp_cron=1770685814.8698968887329101562500 HTTP/1.0" 200 404 "-" "WordPress/6.9; http://hbkconsultancy.com"
216.244.66.245 - - [10/Feb/2026:01:10:14 +0000] "GET /?h=65049112 HTTP/1.0" 200 29055 "-" "Mozilla/5.0 (compatible; DotBot/1.2; +https://opensiteexplorer.org/dotbot; [email protected])"
216.244.66.245 - - [10/Feb/2026:01:10:17 +0000] "GET /?h=65145212 HTTP/1.0" 200 29055 "-" "Mozilla/5.0 (compatible; DotBot/1.2; +https://opensiteexplorer.org/dotbot; [email protected])"
216.244.66.245 - - [10/Feb/2026:01:10:20 +0000] "GET /?h=65247012 HTTP/1.0" 200 29055 "-" "Mozilla/5.0 (compatible; DotBot/1.2; +https://opensiteexplorer.org/dotbot; [email protected])"
216.244.66.245 - - [10/Feb/2026:01:10:23 +0000] "GET /?h=65603412 HTTP/1.0" 200 29055 "-" "Mozilla/5.0 (compatible; DotBot/1.2; +https://opensiteexplorer.org/dotbot; [email protected])"
216.244.66.245 - - [10/Feb/2026:01:10:25 +0000] "GET /?h=65876812 HTTP/1.0" 200 29055 "-" "Mozilla/5.0 (compatible; DotBot/1.2; +https://opensiteexplorer.org/dotbot; [email protected])"
216.244.66.245 - - [10/Feb/2026:01:10:27 +0000] "GET /?h=65964412 HTTP/1.0" 200 29055 "-" "Mozilla/5.0 (compatible; DotBot/1.2; +https://opensiteexplorer.org/dotbot; [email protected])"
2a02:4780:41:6421::1 - - [10/Feb/2026:01:10:30 +0000] "POST /wp-cron.php?doing_wp_cron=1770685830.5826621055603027343750 HTTP/1.0" 200 404 "-" "WordPress/6.9; http://hbkconsultancy.com"
216.244.66.245 - - [10/Feb/2026:01:10:29 +0000] "GET /?h=66038412 HTTP/1.0" 200 29055 "-" "Mozilla/5.0 (compatible; DotBot/1.2; +https://opensiteexplorer.org/dotbot; [email protected])"
216.244.66.245 - - [10/Feb/2026:01:10:33 +0000] "GET /?h=66459212 HTTP/1.0" 200 29055 "-" "Mozilla/5.0 (compatible; DotBot/1.2; +https://opensiteexplorer.org/dotbot; [email protected])"
216.244.66.245 - - [10/Feb/2026:01:10:35 +0000] "GET /?h=66704112 HTTP/1.0" 200 29055 "-" "Mozilla/5.0 (compatible; DotBot/1.2; +https://opensiteexplorer.org/dotbot; [email protected])"
216.244.66.245 - - [10/Feb/2026:01:10:37 +0000] "GET /?h=66754412 HTTP/1.0" 200 29055 "-" "Mozilla/5.0 (compatible; DotBot/1.2; +https://opensiteexplorer.org/dotbot; [email protected])"
216.244.66.245 - - [10/Feb/2026:01:10:40 +0000] "GET /?h=66838112 HTTP/1.0" 200 29055 "-" "Mozilla/5.0 (compatible; DotBot/1.2; +https://opensiteexplorer.org/dotbot; [email protected])"
216.244.66.245 - - [10/Feb/2026:01:10:44 +0000] "GET /?h=66859712 HTTP/1.0" 200 29055 "-" "Mozilla/5.0 (compatible; DotBot/1.2; +https://opensiteexplorer.org/dotbot; [email protected])"
216.244.66.245 - - [10/Feb/2026:01:10:48 +0000] "GET /?h=66863612 HTTP/1.0" 200 29055 "-" "Mozilla/5.0 (compatible; DotBot/1.2; +https://opensiteexplorer.org/dotbot; [email protected])"
216.244.66.245 - - [10/Feb/2026:01:10:51 +0000] "GET /?h=67118212 HTTP/1.0" 200 29055 "-" "Mozilla/5.0 (compatible; DotBot/1.2; +https://opensiteexplorer.org/dotbot; [email protected])"
216.244.66.245 - - [10/Feb/2026:01:10:54 +0000] "GET /?h=67299112 HTTP/1.0" 200 29054 "-" "Mozilla/5.0 (compatible; DotBot/1.2; +https://opensiteexplorer.org/dotbot; [email protected])"
216.244.66.245 - - [10/Feb/2026:01:10:57 +0000] "GET /?h=68092212 HTTP/1.0" 200 29055 "-" "Mozilla/5.0 (compatible; DotBot/1.2; +https://opensiteexplorer.org/dotbot; [email protected])"
216.244.66.245 - - [10/Feb/2026:01:11:00 +0000] "GET /?h=68133012 HTTP/1.0" 200 29054 "-" "Mozilla/5.0 (compatible; DotBot/1.2; +https://opensiteexplorer.org/dotbot; [email protected])"
216.244.66.245 - - [10/Feb/2026:01:11:02 +0000] "GET /?h=68160712 HTTP/1.0" 200 29054 "-" "Mozilla/5.0 (compatible; DotBot/1.2; +https://opensiteexplorer.org/dotbot; [email protected])"
216.244.66.245 - - [10/Feb/2026:01:11:04 +0000] "GET /?h=68658612 HTTP/1.0" 200 29055 "-" "Mozilla/5.0 (compatible; DotBot/1.2; +https://opensiteexplorer.org/dotbot; [email protected])"
216.244.66.245 - - [10/Feb/2026:01:11:06 +0000] "GET /?h=68768812 HTTP/1.0" 200 29054 "-" "Mozilla/5.0 (compatible; DotBot/1.2; +https://opensiteexplorer.org/dotbot; [email protected])"
216.244.66.245 - - [10/Feb/2026:01:11:08 +0000] "GET /?h=68843912 HTTP/1.0" 200 29054 "-" "Mozilla/5.0 (compatible; DotBot/1.2; +https://opensiteexplorer.org/dotbot; [email protected])"
216.244.66.245 - - [10/Feb/2026:01:11:10 +0000] "GET /?h=69202312 HTTP/1.0" 200 29055 "-" "Mozilla/5.0 (compatible; DotBot/1.2; +https://opensiteexplorer.org/dotbot; [email protected])"
216.244.66.245 - - [10/Feb/2026:01:11:12 +0000] "GET /?h=69481012 HTTP/1.0" 200 29055 "-" "Mozilla/5.0 (compatible; DotBot/1.2; +https://opensiteexplorer.org/dotbot; [email protected])"
2a02:4780:41:6421::1 - - [10/Feb/2026:01:11:15 +0000] "POST /wp-cron.php?doing_wp_cron=1770685875.2521390914916992187500 HTTP/1.0" 200 404 "-" "WordPress/6.9; http://hbkconsultancy.com"
216.244.66.245 - - [10/Feb/2026:01:11:14 +0000] "GET /?h=69500912 HTTP/1.0" 200 29055 "-" "Mozilla/5.0 (compatible; DotBot/1.2; +https://opensiteexplorer.org/dotbot; [email protected])"
216.244.66.245 - - [10/Feb/2026:01:11:18 +0000] "GET /?h=69591412 HTTP/1.0" 200 29055 "-" "Mozilla/5.0 (compatible; DotBot/1.2; +https://opensiteexplorer.org/dotbot; [email protected])"
216.244.66.245 - - [10/Feb/2026:01:11:20 +0000] "GET /?h=69695812 HTTP/1.0" 200 29056 "-" "Mozilla/5.0 (compatible; DotBot/1.2; +https://opensiteexplorer.org/dotbot; [email protected])"
216.244.66.245 - - [10/Feb/2026:01:11:23 +0000] "GET /?h=70208612 HTTP/1.0" 200 29055 "-" "Mozilla/5.0 (compatible; DotBot/1.2; +https://opensiteexplorer.org/dotbot; [email protected])"
216.244.66.245 - - [10/Feb/2026:01:11:25 +0000] "GET /?h=70214312 HTTP/1.0" 200 29055 "-" "Mozilla/5.0 (compatible; DotBot/1.2; +https://opensiteexplorer.org/dotbot; [email protected])"
216.244.66.245 - - [10/Feb/2026:01:11:27 +0000] "GET /?h=70351412 HTTP/1.0" 200 29055 "-" "Mozilla/5.0 (compatible; DotBot/1.2; +https://opensiteexplorer.org/dotbot; [email protected])"
2a02:4780:41:6421::1 - - [10/Feb/2026:01:11:30 +0000] "POST /wp-cron.php?doing_wp_cron=1770685890.1794929504394531250000 HTTP/1.0" 200 404 "-" "WordPress/6.9; http://hbkconsultancy.com"
216.244.66.245 - - [10/Feb/2026:01:11:29 +0000] "GET /?h=70387712 HTTP/1.0" 200 29055 "-" "Mozilla/5.0 (compatible; DotBot/1.2; +https://opensiteexplorer.org/dotbot; [email protected])"
216.244.66.245 - - [10/Feb/2026:01:11:32 +0000] "GET /?h=70919512 HTTP/1.0" 200 29055 "-" "Mozilla/5.0 (compatible; DotBot/1.2; +https://opensiteexplorer.org/dotbot; [email protected])"
216.244.66.245 - - [10/Feb/2026:01:11:35 +0000] "GET /?h=71113812 HTTP/1.0" 200 29055 "-" "Mozilla/5.0 (compatible; DotBot/1.2; +https://opensiteexplorer.org/dotbot; [email protected])"
216.244.66.245 - - [10/Feb/2026:01:11:37 +0000] "GET /?h=71185612 HTTP/1.0" 200 29055 "-" "Mozilla/5.0 (compatible; DotBot/1.2; +https://opensiteexplorer.org/dotbot; [email protected])"
216.244.66.245 - - [10/Feb/2026:01:11:39 +0000] "GET /?h=71202512 HTTP/1.0" 200 29055 "-" "Mozilla/5.0 (compatible; DotBot/1.2; +https://opensiteexplorer.org/dotbot; [email protected])"
216.244.66.245 - - [10/Feb/2026:01:11:43 +0000] "GET /?h=71435612 HTTP/1.0" 200 29055 "-" "Mozilla/5.0 (compatible; DotBot/1.2; +https://opensiteexplorer.org/dotbot; [email protected])"
216.244.66.245 - - [10/Feb/2026:01:11:47 +0000] "GET /?h=71437912 HTTP/1.0" 200 29055 "-" "Mozilla/5.0 (compatible; DotBot/1.2; +https://opensiteexplorer.org/dotbot; [email protected])"
216.244.66.245 - - [10/Feb/2026:01:11:51 +0000] "GET /?h=71602312 HTTP/1.0" 200 29055 "-" "Mozilla/5.0 (compatible; DotBot/1.2; +https://opensiteexplorer.org/dotbot; [email protected])"
216.244.66.245 - - [10/Feb/2026:01:11:54 +0000] "GET /?h=71644012 HTTP/1.0" 200 29054 "-" "Mozilla/5.0 (compatible; DotBot/1.2; +https://opensiteexplorer.org/dotbot; [email protected])"
216.244.66.245 - - [10/Feb/2026:01:11:57 +0000] "GET /?h=72051812 HTTP/1.0" 200 29055 "-" "Mozilla/5.0 (compatible; DotBot/1.2; +https://opensiteexplorer.org/dotbot; [email protected])"
216.244.66.245 - - [10/Feb/2026:01:11:59 +0000] "GET /?h=72133212 HTTP/1.0" 200 29054 "-" "Mozilla/5.0 (compatible; DotBot/1.2; +https://opensiteexplorer.org/dotbot; [email protected])"
216.244.66.245 - - [10/Feb/2026:01:12:02 +0000] "GET /?h=72221712 HTTP/1.0" 200 29054 "-" "Mozilla/5.0 (compatible; DotBot/1.2; +https://opensiteexplorer.org/dotbot; [email protected])"
216.244.66.245 - - [10/Feb/2026:01:12:05 +0000] "GET /?h=72255412 HTTP/1.0" 200 29055 "-" "Mozilla/5.0 (compatible; DotBot/1.2; +https://opensiteexplorer.org/dotbot; [email protected])"
216.244.66.245 - - [10/Feb/2026:01:12:07 +0000] "GET /?h=72361412 HTTP/1.0" 200 29055 "-" "Mozilla/5.0 (compatible; DotBot/1.2; +https://opensiteexplorer.org/dotbot; [email protected])"
216.244.66.245 - - [10/Feb/2026:01:12:10 +0000] "GET /?h=72517612 HTTP/1.0" 200 29055 "-" "Mozilla/5.0 (compatible; DotBot/1.2; +https://opensiteexplorer.org/dotbot; [email protected])"
216.244.66.245 - - [10/Feb/2026:01:12:12 +0000] "GET /?h=72607712 HTTP/1.0" 200 29055 "-" "Mozilla/5.0 (compatible; DotBot/1.2; +https://opensiteexplorer.org/dotbot; [email protected])"
2a02:4780:41:6421::1 - - [10/Feb/2026:01:12:15 +0000] "POST /wp-cron.php?doing_wp_cron=1770685935.3885378837585449218750 HTTP/1.0" 200 404 "-" "WordPress/6.9; http://hbkconsultancy.com"
216.244.66.245 - - [10/Feb/2026:01:12:14 +0000] "GET /?h=72701912 HTTP/1.0" 200 29055 "-" "Mozilla/5.0 (compatible; DotBot/1.2; +https://opensiteexplorer.org/dotbot; [email protected])"
216.244.66.245 - - [10/Feb/2026:01:12:18 +0000] "GET /?h=73022912 HTTP/1.0" 200 29055 "-" "Mozilla/5.0 (compatible; DotBot/1.2; +https://opensiteexplorer.org/dotbot; [email protected])"
216.244.66.245 - - [10/Feb/2026:01:12:20 +0000] "GET /?h=73229312 HTTP/1.0" 200 29055 "-" "Mozilla/5.0 (compatible; DotBot/1.2; +https://opensiteexplorer.org/dotbot; [email protected])"
216.244.66.245 - - [10/Feb/2026:01:12:23 +0000] "GET /?h=73303312 HTTP/1.0" 200 29055 "-" "Mozilla/5.0 (compatible; DotBot/1.2; +https://opensiteexplorer.org/dotbot; [email protected])"
216.244.66.245 - - [10/Feb/2026:01:12:25 +0000] "GET /?h=73803412 HTTP/1.0" 200 29055 "-" "Mozilla/5.0 (compatible; DotBot/1.2; +https://opensiteexplorer.org/dotbot; [email protected])"
216.244.66.245 - - [10/Feb/2026:01:12:27 +0000] "GET /?h=74096412 HTTP/1.0" 200 29055 "-" "Mozilla/5.0 (compatible; DotBot/1.2; +https://opensiteexplorer.org/dotbot; [email protected])"
2a02:4780:41:6421::1 - - [10/Feb/2026:01:12:30 +0000] "POST /wp-cron.php?doing_wp_cron=1770685950.1784000396728515625000 HTTP/1.0" 200 404 "-" "WordPress/6.9; http://hbkconsultancy.com"
216.244.66.245 - - [10/Feb/2026:01:12:29 +0000] "GET /?h=74207812 HTTP/1.0" 200 29055 "-" "Mozilla/5.0 (compatible; DotBot/1.2; +https://opensiteexplorer.org/dotbot; [email protected])"
216.244.66.245 - - [10/Feb/2026:01:12:33 +0000] "GET /?h=74362012 HTTP/1.0" 200 29055 "-" "Mozilla/5.0 (compatible; DotBot/1.2; +https://opensiteexplorer.org/dotbot; [email protected])"
216.244.66.245 - - [10/Feb/2026:01:12:37 +0000] "GET /?h=74613412 HTTP/1.0" 200 29055 "-" "Mozilla/5.0 (compatible; DotBot/1.2; +https://opensiteexplorer.org/dotbot; [email protected])"
216.244.66.245 - - [10/Feb/2026:01:12:41 +0000] "GET /?h=74718412 HTTP/1.0" 200 29055 "-" "Mozilla/5.0 (compatible; DotBot/1.2; +https://opensiteexplorer.org/dotbot; [email protected])"
216.244.66.245 - - [10/Feb/2026:01:12:45 +0000] "GET /?h=74731712 HTTP/1.0" 200 29055 "-" "Mozilla/5.0 (compatible; DotBot/1.2; +https://opensiteexplorer.org/dotbot; [email protected])"
216.244.66.245 - - [10/Feb/2026:01:12:49 +0000] "GET /?h=74999112 HTTP/1.0" 200 29055 "-" "Mozilla/5.0 (compatible; DotBot/1.2; +https://opensiteexplorer.org/dotbot; [email protected])"
216.244.66.245 - - [10/Feb/2026:01:12:53 +0000] "GET /?h=75015712 HTTP/1.0" 200 29055 "-" "Mozilla/5.0 (compatible; DotBot/1.2; +https://opensiteexplorer.org/dotbot; [email protected])"
2a02:4780:41:6421::1 - - [10/Feb/2026:01:13:15 +0000] "POST /wp-cron.php?doing_wp_cron=1770685995.1308441162109375000000 HTTP/1.0" 200 404 "-" "WordPress/6.9; http://hbkconsultancy.com"
95.211.126.56 - - [10/Feb/2026:01:13:14 +0000] "POST /xmlrpc.php HTTP/1.0" 200 609 "-" "Go-http-client/1.1"
147.93.58.212 - - [10/Feb/2026:01:14:01 +0000] "GET / HTTP/1.0" 200 29041 "-" "Mozilla/5.0 (X11; Linux x86_64) AppleWebKit/537.36 (KHTML, like Gecko) Chrome/44.0.2403.157 Safari/537.36"
2a02:4780:41:6421::1 - - [10/Feb/2026:01:16:45 +0000] "POST /wp-cron.php?doing_wp_cron=1770686205.6639909744262695312500 HTTP/1.0" 200 404 "-" "WordPress/6.9; http://hbkconsultancy.com"
216.244.66.245 - - [10/Feb/2026:01:16:45 +0000] "GET /robots.txt HTTP/1.0" 200 566 "-" "Mozilla/5.0 (compatible; DotBot/1.2; +https://opensiteexplorer.org/dotbot; [email protected])"
2a02:4780:41:6421::1 - - [10/Feb/2026:01:20:41 +0000] "POST /wp-cron.php?doing_wp_cron=1770686441.0210509300231933593750 HTTP/1.0" 200 412 "-" "WordPress/6.9; https://hbkconsultancy.com"
181.23.34.123 - - [10/Feb/2026:01:20:40 +0000] "GET /52019101714.htm HTTP/1.0" 404 126639 "https://hbkconsultancy.com/" "Mozilla/5.0 (X11; CrOS x86_64 14541.0.0) AppleWebKit/537.36 (KHTML, like Gecko) Chrome/134.0.0.0 Safari/537.36"
37.140.223.3 - - [10/Feb/2026:01:21:39 +0000] "POST /wp-login.php HTTP/1.0" 200 3973 "-" "Mozilla/5.0"
193.36.225.112 - - [10/Feb/2026:01:21:39 +0000] "POST /wp-login.php HTTP/1.0" 200 3978 "-" "Mozilla/5.0"
37.140.223.13 - - [10/Feb/2026:01:21:39 +0000] "POST /wp-login.php HTTP/1.0" 200 3975 "-" "Mozilla/5.0"
136.144.33.235 - - [10/Feb/2026:01:21:39 +0000] "POST /wp-login.php HTTP/1.0" 200 3978 "-" "Mozilla/5.0"
193.36.225.134 - - [10/Feb/2026:01:21:39 +0000] "POST /wp-login.php HTTP/1.0" 200 3979 "-" "Mozilla/5.0"
2a02:4780:41:6421::1 - - [10/Feb/2026:01:21:40 +0000] "POST /wp-cron.php?doing_wp_cron=1770686500.1634569168090820312500 HTTP/1.0" 200 412 "-" "WordPress/6.9; https://hbkconsultancy.com"
193.36.225.136 - - [10/Feb/2026:01:21:39 +0000] "POST /wp-login.php HTTP/1.0" 200 3976 "-" "Mozilla/5.0"
193.36.225.113 - - [10/Feb/2026:01:21:39 +0000] "POST /wp-login.php HTTP/1.0" 200 3976 "-" "Mozilla/5.0"
2a02:4780:41:6421::1 - - [10/Feb/2026:01:22:44 +0000] "POST /wp-cron.php?doing_wp_cron=1770686564.2304630279541015625000 HTTP/1.0" 200 404 "-" "WordPress/6.9; http://hbkconsultancy.com"
95.211.126.56 - - [10/Feb/2026:01:22:43 +0000] "POST /xmlrpc.php HTTP/1.0" 200 609 "-" "Go-http-client/1.1"
2a02:4780:41:6421::1 - - [10/Feb/2026:01:23:46 +0000] "POST /wp-cron.php?doing_wp_cron=1770686626.5059258937835693359375 HTTP/1.0" 200 404 "-" "WordPress/6.9; http://hbkconsultancy.com"
95.211.126.56 - - [10/Feb/2026:01:23:46 +0000] "POST /xmlrpc.php HTTP/1.0" 200 609 "-" "Go-http-client/1.1"
147.93.58.212 - - [10/Feb/2026:01:28:02 +0000] "GET / HTTP/1.0" 200 29042 "-" "Mozilla/5.0 (X11; Linux x86_64) AppleWebKit/537.36 (KHTML, like Gecko) Chrome/44.0.2403.157 Safari/537.36"
2a03:2880:3ff:4:: - - [10/Feb/2026:01:28:18 +0000] "GET /robots.txt HTTP/1.0" 200 566 "-" "facebookexternalhit/1.1 (+http://www.facebook.com/externalhit_uatext.php)"
2a02:4780:41:6421::1 - - [10/Feb/2026:01:30:17 +0000] "POST /wp-cron.php?doing_wp_cron=1770687017.0177960395812988281250 HTTP/1.0" 200 412 "-" "WordPress/6.9; https://hbkconsultancy.com"
181.208.157.251 - - [10/Feb/2026:01:30:16 +0000] "GET /3081243547.htm HTTP/1.0" 404 126639 "https://hbkconsultancy.com/" "Mozilla/5.0 (X11; Linux x86_64) AppleWebKit/537.36 (KHTML, like Gecko) Chrome/114.0.0.0 Safari/537.36"
192.36.109.214 - - [10/Feb/2026:01:30:26 +0000] "GET / HTTP/1.0" 200 29039 "-" "Mozilla/5.0 (iPhone; CPU iPhone OS 17_1_2 like Mac OS X) AppleWebKit/605.1.15 (KHTML, like Gecko) Version/17.1.2 Mobile/15E148 Safari/604"
2a02:4780:41:6421::1 - - [10/Feb/2026:01:30:30 +0000] "POST /wp-cron.php?doing_wp_cron=1770687030.1643950939178466796875 HTTP/1.0" 200 404 "-" "WordPress/6.9; http://hbkconsultancy.com"
192.36.217.48 - - [10/Feb/2026:01:30:28 +0000] "GET /what-you-should-have-asked-your-teachers/ HTTP/1.0" 200 33319 "-" "Mozilla/5.0 (iPhone; CPU iPhone OS 17_1_2 like Mac OS X) AppleWebKit/605.1.15 (KHTML, like Gecko) Version/17.1.2 Mobile/15E148 Safari/604"
192.36.207.10 - - [10/Feb/2026:01:30:30 +0000] "GET /10-best-actual-money-online-internet-casinos-in-australia-intended-for-2025-2/ HTTP/1.0" 200 42029 "-" "Mozilla/5.0 (iPhone; CPU iPhone OS 17_1_2 like Mac OS X) AppleWebKit/605.1.15 (KHTML, like Gecko) Version/17.1.2 Mobile/15E148 Safari/604"
192.36.109.214 - - [10/Feb/2026:01:30:32 +0000] "GET /new-aussie-no-deposit-online-casino-bonus-codes-cost-free-spins-2025-2/ HTTP/1.0" 200 41333 "-" "Mozilla/5.0 (iPhone; CPU iPhone OS 17_1_2 like Mac OS X) AppleWebKit/605.1.15 (KHTML, like Gecko) Version/17.1.2 Mobile/15E148 Safari/604"
45.186.208.95 - - [10/Feb/2026:01:30:45 +0000] "GET /84419271490.htm HTTP/1.0" 404 126639 "https://hbkconsultancy.com/" "Mozilla/5.0 (Macintosh; Intel Mac OS X 10_15_7) AppleWebKit/537.36 (KHTML, like Gecko) Chrome/135.0.0.0 Safari/537.36"
2a02:4780:41:6421::1 - - [10/Feb/2026:01:32:57 +0000] "POST /wp-cron.php?doing_wp_cron=1770687177.8983480930328369140625 HTTP/1.0" 200 412 "-" "WordPress/6.9; https://hbkconsultancy.com"
43.130.14.245 - - [10/Feb/2026:01:32:57 +0000] "GET / HTTP/1.0" 200 29037 "http://hpk-mec.com" "Mozilla/5.0 (iPhone; CPU iPhone OS 13_2_3 like Mac OS X) AppleWebKit/605.1.15 (KHTML, like Gecko) Version/13.0.3 Mobile/15E148 Safari/604.1"
2a02:4780:41:6421::1 - - [10/Feb/2026:01:34:34 +0000] "POST /wp-cron.php?doing_wp_cron=1770687274.5269730091094970703125 HTTP/1.0" 200 412 "-" "WordPress/6.9; https://hbkconsultancy.com"
16.144.17.106 - - [10/Feb/2026:01:34:33 +0000] "GET / HTTP/1.0" 200 29037 "-" "Mozilla/5.0 (X11; Linux x86_64) AppleWebKit/537.36 (KHTML, like Gecko) Chrome/76.0.3809.100 Safari/537.36"
16.144.17.106 - - [10/Feb/2026:01:34:44 +0000] "GET //hbkconsultancy.com/wp-content/plugins/woocommerce/assets/js/frontend/woocommerce.min.js HTTP/1.0" 301 629 "-" "Mozilla/5.0 (iPhone; U; CPU like Mac OS X; en) AppleWebKit/420 (KHTML, like Gecko) Version/3.0 Mobile/1A543a Safari/419.3"
16.144.17.106 - - [10/Feb/2026:01:34:44 +0000] "GET //hbkconsultancy.com/wp-content/plugins/woocommerce/assets/js/frontend/add-to-cart.min.js HTTP/1.0" 301 629 "-" "Mozilla/5.0 (Macintosh; Intel Mac OS X 10_14_3) AppleWebKit/537.36 (KHTML, like Gecko) Chrome/75.0.3770.142 Safari/537.36"
16.144.17.106 - - [10/Feb/2026:01:34:45 +0000] "GET //hbkconsultancy.com/wp-content/plugins/elementor-pro/assets/js/frontend.min.js HTTP/1.0" 301 619 "-" "Mozilla/5.0 (X11; U; Linux x86_64; us; rv:1.9.1.19) Gecko/20110430 shadowfox/7.0 (like Firefox/7.0"
16.144.17.106 - - [10/Feb/2026:01:34:45 +0000] "GET //hbkconsultancy.com/wp-includes/js/imagesloaded.min.js HTTP/1.0" 301 595 "-" "Mozilla/5.0 (Windows NT 10.0; WOW64) AppleWebKit/537.36 (KHTML, like Gecko) Chrome/75.0.3730.0 Safari/537.36"
16.144.17.106 - - [10/Feb/2026:01:34:45 +0000] "GET //hbkconsultancy.com/wp-content/plugins/elementor-pro/assets/js/preloaded-elements-handlers.min.js HTTP/1.0" 301 638 "-" "Mozilla/5.0 (X11; U; OpenBSD arm; en-us) AppleWebKit/531.2 (KHTML, like Gecko) Safari/531.2 Epiphany/2.30.0"
16.144.17.106 - - [10/Feb/2026:01:34:45 +0000] "GET //hbkconsultancy.com/wp-content/plugins/wpforms/assets/js/integrations/elementor/frontend.min.js HTTP/1.0" 301 636 "-" "Mozilla/5.0 (Windows NT 10.0; Win64; x64) AppleWebKit/537.36 (KHTML, like Gecko) Chrome/60.0.3112.113 Safari/537.36"
16.144.17.106 - - [10/Feb/2026:01:34:46 +0000] "GET //hbkconsultancy.com/wp-includes/js/jquery/jquery.min.js HTTP/1.0" 301 596 "-" "Mozilla/5.0 (Windows NT 10.0; WOW64) AppleWebKit/537.36 (KHTML, like Gecko) Chrome/74.0.3729.108 Safari/537.36"
16.144.17.106 - - [10/Feb/2026:01:34:46 +0000] "GET //hbkconsultancy.com/wp-content/plugins/edubin-core/assets/js/edubin-wishlist.js HTTP/1.0" 301 620 "-" "Opera/9.60 (J2ME/MIDP; Opera Mini/4.2.14320/554; U; cs) Presto/2.2.0"
16.144.17.106 - - [10/Feb/2026:01:34:47 +0000] "GET //hbkconsultancy.com/wp-content/plugins/elementor/assets/js/webpack.runtime.min.js HTTP/1.0" 301 622 "-" "Mozilla/5.0 (Linux; U; Android 1.0; en-us; dream) AppleWebKit/525.10 (KHTML, like Gecko) Version/3.0.4 Mobile Safari/523.12.2"
16.144.17.106 - - [10/Feb/2026:01:34:47 +0000] "GET //hbkconsultancy.com/wp-content/plugins/elementor/assets/js/frontend-modules.min.js HTTP/1.0" 301 623 "-" "w3m/0.5.1"
16.144.17.106 - - [10/Feb/2026:01:34:48 +0000] "GET //hbkconsultancy.com/wp-includes/js/underscore.min.js HTTP/1.0" 301 593 "-" "ELinks (0.4pre5; Linux 2.6.10-ac7 i686; 80x33)"
16.144.17.106 - - [10/Feb/2026:01:34:47 +0000] "GET //hbkconsultancy.com/wp-includes/js/jquery/ui/core.min.js HTTP/1.0" 301 597 "-" "Mozilla/5.0 (Windows NT 10.0; Win64; x64) AppleWebKit/537.36 (KHTML, like Gecko) Chrome/55.0.2869.0 Safari/537.36"
16.144.17.106 - - [10/Feb/2026:01:34:49 +0000] "GET //hbkconsultancy.com/wp-content/plugins/elementor/assets/js/frontend.min.js HTTP/1.0" 301 615 "-" "Googlebot-Video/1.0"
16.144.17.106 - - [10/Feb/2026:01:34:45 +0000] "GET //hbkconsultancy.com/wp-includes/js/dist/hooks.min.js HTTP/1.0" 301 593 "-" "Mozilla/4.0 (compatible; MSIE 5.0; Series80/2.0 Nokia9500/4.51 Profile/MIDP-2.0 Configuration/CLDC-1.1)"
16.144.17.106 - - [10/Feb/2026:01:34:45 +0000] "GET //hbkconsultancy.com/wp-includes/js/dist/i18n.min.js HTTP/1.0" 301 592 "-" "Mozilla/5.0 (iPhone; CPU iPhone OS 11_4_1 like Mac OS X) AppleWebKit/605.1.15 (KHTML, like Gecko) Mobile/15G77 MicroMessenger/7.0.3(0x17000321) NetType/WIFI Language/zh_CN"
16.144.17.106 - - [10/Feb/2026:01:34:51 +0000] "GET //hbkconsultancy.com/wp-content/themes/edubin/assets/js/nice-select.min.js HTTP/1.0" 301 614 "-" "Opera/7.50 (Windows XP; U)"
16.144.17.106 - - [10/Feb/2026:01:34:52 +0000] "GET //hbkconsultancy.com/wp-content/plugins/sitepress-multilingual-cms/res/js/cookies/language-cookie.js HTTP/1.0" 301 631 "-" "Mozilla/5.0 (X11; U; Linux i686; en-US; rv:1.9.1.16) Gecko/20120421 Gecko Firefox/11.0"
16.144.17.106 - - [10/Feb/2026:01:34:51 +0000] "GET //hbkconsultancy.com/wp-content/plugins/woocommerce/assets/js/frontend/order-attribution.min.js HTTP/1.0" 301 626 "-" "Mozilla/5.0 (X11; U; Linux x86_64; en-US; rv:1.9.1.3) Gecko/20091020 Linux Mint/8 (Helena) Firefox/3.5.3"
16.144.17.106 - - [10/Feb/2026:01:34:52 +0000] "GET //hbkconsultancy.com/wp-content/themes/edubin/assets/js/swiper-bundle.min.js HTTP/1.0" 301 607 "-" "Mozilla/5.0 (Windows NT 10.0; WOW64) AppleWebKit/537.36 (KHTML, like Gecko) Chrome/53.0.2785.90 Safari/537.36 Vivaldi/1.4.589.11"
16.144.17.106 - - [10/Feb/2026:01:34:52 +0000] "GET //hbkconsultancy.com/wp-content/plugins/wp-events-manager/inc/libraries//magnific-popup/js/jquery.magnific-popup.min.js HTTP/1.0" 301 649 "-" "Mozilla/5.0 (Windows NT 6.1; Win64; x64) AppleWebKit/537.36 (KHTML, like Gecko) Chrome/76.0.3804.0 Safari/537.36"
16.144.17.106 - - [10/Feb/2026:01:34:53 +0000] "GET //hbkconsultancy.com/wp-content/plugins/contact-form-7/includes/js/index.js HTTP/1.0" 301 606 "-" "Mozilla/5.0 (X11; Linux x86_64) AppleWebKit/537.36 (KHTML, like Gecko) Chrome/33.0.1750.166 Safari/537.36 OPR/20.0.1396.73172"
16.144.17.106 - - [10/Feb/2026:01:34:50 +0000] "GET //hbkconsultancy.com/wp-content/themes/edubin/assets/js/isotope.min.js HTTP/1.0" 301 610 "-" "Mozilla/5.0 (Windows NT 10.0; WOW64) AppleWebKit/537.36 (KHTML, like Gecko) Chrome/67.0.3396.87 Safari/537.36"
16.144.17.106 - - [10/Feb/2026:01:34:44 +0000] "GET //hbkconsultancy.com/wp-content/plugins/wp-events-manager/inc/libraries//magnific-popup/js/jquery.magnific-popup.min.js HTTP/1.0" 301 658 "-" "Mozilla/5.0 (Macintosh; Intel Mac OS X 10_14) AppleWebKit/605.1.15 (KHTML, like Gecko) Version/12.0 Safari/605.1.15"
16.144.17.106 - - [10/Feb/2026:01:34:44 +0000] "GET //hbkconsultancy.com/wp-content/plugins/woocommerce/assets/js/sourcebuster/sourcebuster.min.js HTTP/1.0" 301 634 "-" "Mozilla/5.0 (iPad; CPU OS 12_2 like Mac OS X) AppleWebKit/605.1.15 (KHTML, like Gecko) Version/12.1 Mobile/15E148 Safari/604.1"
16.144.17.106 - - [10/Feb/2026:01:34:44 +0000] "GET //hbkconsultancy.com/wp-content/plugins/woocommerce/assets/js/jquery-blockui/jquery.blockUI.min.js HTTP/1.0" 301 638 "-" "Mozilla/5.0 (Linux; Android 9; MI 8 Build/PKQ1.180729.001; wv) AppleWebKit/537.36 (KHTML, like Gecko) Version/4.0 Chrome/67.0.3396.87 XWEB/882 MMWEBSDK/190506 Mobile Safari/537.36 MMWEBID/409 MicroMessenger/7.0.6.1460(0x27000634) Process/tools NetType/WIFI Language/zh_CN"
16.144.17.106 - - [10/Feb/2026:01:34:44 +0000] "GET //hbkconsultancy.com/wp-content/plugins/woocommerce/assets/js/frontend/order-attribution.min.js HTTP/1.0" 301 635 "-" "Mozilla/5.0 (Macintosh; Intel Mac OS X 10_14_6) AppleWebKit/537.36 (KHTML, like Gecko) Chrome/75.0.3770.142 Safari/537.36"
16.144.17.106 - - [10/Feb/2026:01:34:44 +0000] "GET //hbkconsultancy.com/wp-content/plugins/woocommerce/assets/js/js-cookie/js.cookie.min.js HTTP/1.0" 301 628 "-" "Mozilla/5.0 (Windows NT 6.1) AppleWebKit/537.71 (KHTML like Gecko) WebVideo/1.0.1.10 Version/7.0 Safari/537.71"
16.144.17.106 - - [10/Feb/2026:01:34:56 +0000] "GET //hbkconsultancy.com/wp-includes/js/dist/i18n.min.js HTTP/1.0" 301 583 "-" "Mozilla/5.0 (X11; Linux x86_64) AppleWebKit/537.36 (KHTML, like Gecko) Chrome/74.0.3729.157 Safari/537.36"
16.144.17.106 - - [10/Feb/2026:01:34:52 +0000] "GET //static.cloudflareinsights.com/beacon.min.js HTTP/1.0" 301 576 "-" "Mozilla/5.0 (Macintosh; U; PPC Mac OS X; en-US) AppleWebKit/125.4 (KHTML, like Gecko, Safari) OmniWeb/v563.15"
16.144.17.106 - - [10/Feb/2026:01:34:44 +0000] "GET //hbkconsultancy.com/wp-content/themes/edubin/assets/js/youtube-popup.js HTTP/1.0" 301 612 "-" "Mozilla/5.0 (Linux; Android 8.0.0; SM-G955F) AppleWebKit/537.36 (KHTML, like Gecko) Chrome/76.0.3809.111 Mobile Safari/537.36"
16.144.17.106 - - [10/Feb/2026:01:34:44 +0000] "GET //hbkconsultancy.com/wp-content/plugins/wp-events-manager/assets//js/frontend/events.min.js HTTP/1.0" 301 630 "-" "Opera/9.0 (Macintosh; PPC Mac OS X; U; en)"
16.144.17.106 - - [10/Feb/2026:01:34:44 +0000] "GET //hbkconsultancy.com/wp-content/themes/edubin/assets/js/skip-link-focus-fix.js HTTP/1.0" 301 618 "-" "Mozilla/5.0 (Windows NT 10.0; WOW64) AppleWebKit/537.36 (KHTML, like Gecko) Chrome/70.0.3538.25 Safari/537.36 Core/1.70.3704.400 QQBrowser/10.4.3587.400"
16.144.17.106 - - [10/Feb/2026:01:34:57 +0000] "GET //hbkconsultancy.com/wp-content/plugins/elementor-pro/assets/js/webpack-pro.runtime.min.js HTTP/1.0" 301 621 "-" "Mozilla/5.0 (Linux; Android 6.0.1; SM-N910S) AppleWebKit/537.36 (KHTML, like Gecko) Chrome/75.0.3770.143 Mobile Safari/537.36"
16.144.17.106 - - [10/Feb/2026:01:34:52 +0000] "GET //hbkconsultancy.com/wp-content/plugins/woocommerce/assets/js/js-cookie/js.cookie.min.js HTTP/1.0" 301 619 "-" "Mozilla/5.0 (Linux; Android 7.0; Vivo 8) AppleWebKit/537.36 (KHTML, like Gecko) Chrome/76.0.3809.111 Mobile Safari/537.36"
16.144.17.106 - - [10/Feb/2026:01:34:44 +0000] "GET //hbkconsultancy.com/wp-content/plugins/wp-events-manager/inc/libraries//countdown/js/jquery.plugin.min.js HTTP/1.0" 301 645 "-" "iTunes/9.0.2 (Windows; N)"
16.144.17.106 - - [10/Feb/2026:01:34:56 +0000] "GET //hbkconsultancy.com/wp-content/plugins/edubin-core/assets/js/edubin-active.js HTTP/1.0" 301 609 "-" "Mozilla/5.0 (X11; U; Linux x86_64; en-US; rv:1.9.1.17) Gecko/20110123 SeaMonkey/2.0.12"
16.144.17.106 - - [10/Feb/2026:01:34:53 +0000] "GET //hbkconsultancy.com/wp-content/plugins/contact-form-7/includes/swv/js/index.js HTTP/1.0" 301 610 "-" "Mozilla/5.0 (Windows NT 6.1) AppleWebKit/537.36 (KHTML, like Gecko) Chrome/41.0.2228.0 Safari/537.36"
16.144.17.106 - - [10/Feb/2026:01:34:58 +0000] "GET //hbkconsultancy.com/wp-content/plugins/elementor/assets/js/frontend.min.js HTTP/1.0" 301 606 "-" "Opera/9.60 (J2ME/MIDP; Opera Mini/4.1.11320/608; U; en) Presto/2.2.0"
16.144.17.106 - - [10/Feb/2026:01:34:55 +0000] "GET //hbkconsultancy.com/wp-includes/js/backbone.min.js HTTP/1.0" 301 582 "-" "BlackBerry9700/5.0.0.351 Profile/MIDP-2.1 Configuration/CLDC-1.1 VendorID/123"
16.144.17.106 - - [10/Feb/2026:01:34:44 +0000] "GET //hbkconsultancy.com/wp-includes/js/wp-util.min.js HTTP/1.0" 301 590 "-" "Mozilla/5.0 (Macintosh; Intel Mac OS X 10_14_1) AppleWebKit/537.36 (KHTML, like Gecko) Chrome/75.0.3770.100 Safari/537.36"
16.144.17.106 - - [10/Feb/2026:01:34:57 +0000] "GET //hbkconsultancy.com/wp-content/themes/edubin/assets/js/back-to-top.js HTTP/1.0" 301 601 "-" "Mozilla/5.0 (Linux; Android 8.1.0; LM-Q710.FG) AppleWebKit/537.36 (KHTML, like Gecko) Chrome/75.0.3770.101 Mobile Safari/537.36"
16.144.17.106 - - [10/Feb/2026:01:34:44 +0000] "GET //hbkconsultancy.com/wp-content/themes/edubin/assets/js/swiper-bundle.min.js HTTP/1.0" 301 616 "-" "Mozilla/5.0 (Linux; Android 9; MI 8 Lite Build/PKQ1.181007.001; wv) AppleWebKit/537.36 (KHTML, like Gecko) Version/4.0 Chrome/66.0.3359.126 MQQBrowser/6.2 TBS/044807 Mobile Safari/537.36 MMWEBID/1409 MicroMessenger/7.0.6.1460(0x27000634) Process/tools NetType/4G Language/zh_CN"
16.144.17.106 - - [10/Feb/2026:01:34:44 +0000] "GET //hbkconsultancy.com/wp-content/themes/edubin/assets/js/tipped.min.js HTTP/1.0" 301 609 "-" "Mozilla/5.0 (Linux; Android 9; Moto Z3 Play) AppleWebKit/537.36 (KHTML, like Gecko) Chrome/76.0.3809.111 Mobile Safari/537.36"
16.144.17.106 - - [10/Feb/2026:01:34:51 +0000] "GET //hbkconsultancy.com/wp-content/plugins/wp-events-manager/inc/libraries//countdown/js/jquery.countdown.min.js HTTP/1.0" 301 648 "-" "Mozilla/5.0 (Linux; Android 9; SM-N950U) AppleWebKit/537.36 (KHTML, like Gecko) Chrome/76.0.3809.89 Mobile Safari/537.36"
16.144.17.106 - - [10/Feb/2026:01:34:52 +0000] "GET //hbkconsultancy.com/wp-content/plugins/wp-events-manager/inc/libraries//countdown/js/jquery.plugin.min.js HTTP/1.0" 301 636 "-" "Opera/9.80 (Macintosh; Intel Mac OS X; U; en) Presto/2.6.30 Version/10.61"
16.144.17.106 - - [10/Feb/2026:01:34:55 +0000] "GET //hbkconsultancy.com/wp-includes/js/dist/hooks.min.js HTTP/1.0" 301 584 "-" "Mozilla/5.0 (X11; Ubuntu; Linux x86_64) AppleWebKit/605.1.15 (KHTML, like Gecko) Version/11.0 Safari/605.1.15 Epiphany/605.1.15"
