74.7.244.51 - - [10/Feb/2026:04:45:43 +0000] "GET /robots.txt HTTP/1.0" 200 566 "-" "Mozilla/5.0 (Macintosh; Intel Mac OS X 10_15_7) AppleWebKit/537.36 (KHTML, like Gecko) Chrome/131.0.0.0 Safari/537.36; compatible; OAI-SearchBot/1.3; robots.txt; +https://openai.com/searchbot"
74.7.241.33 - - [10/Feb/2026:04:45:43 +0000] "GET /sitemap_index.xml HTTP/1.0" 200 1024 "-" "Mozilla/5.0 AppleWebKit/537.36 (KHTML, like Gecko; compatible; GPTBot/1.3; +https://openai.com/gptbot)"
216.244.66.245 - - [10/Feb/2026:04:45:45 +0000] "GET /?h=96397112 HTTP/1.0" 200 29056 "-" "Mozilla/5.0 (compatible; DotBot/1.2; +https://opensiteexplorer.org/dotbot; [email protected])"
216.244.66.245 - - [10/Feb/2026:04:45:48 +0000] "GET /?h=96751312 HTTP/1.0" 200 29055 "-" "Mozilla/5.0 (compatible; DotBot/1.2; +https://opensiteexplorer.org/dotbot; [email protected])"
216.244.66.245 - - [10/Feb/2026:04:45:51 +0000] "GET /?h=97403212 HTTP/1.0" 200 29055 "-" "Mozilla/5.0 (compatible; DotBot/1.2; +https://opensiteexplorer.org/dotbot; [email protected])"
216.244.66.245 - - [10/Feb/2026:04:45:54 +0000] "GET /?h=97829712 HTTP/1.0" 200 29055 "-" "Mozilla/5.0 (compatible; DotBot/1.2; +https://opensiteexplorer.org/dotbot; [email protected])"
216.244.66.245 - - [10/Feb/2026:04:45:57 +0000] "GET /?h=98012512 HTTP/1.0" 200 29055 "-" "Mozilla/5.0 (compatible; DotBot/1.2; +https://opensiteexplorer.org/dotbot; [email protected])"
216.244.66.245 - - [10/Feb/2026:04:46:00 +0000] "GET /?h=98409912 HTTP/1.0" 200 29055 "-" "Mozilla/5.0 (compatible; DotBot/1.2; +https://opensiteexplorer.org/dotbot; [email protected])"
216.244.66.245 - - [10/Feb/2026:04:46:06 +0000] "GET /?h=99031612 HTTP/1.0" 200 29055 "-" "Mozilla/5.0 (compatible; DotBot/1.2; +https://opensiteexplorer.org/dotbot; [email protected])"
216.244.66.245 - - [10/Feb/2026:04:46:11 +0000] "GET /?h=99190912 HTTP/1.0" 200 29055 "-" "Mozilla/5.0 (compatible; DotBot/1.2; +https://opensiteexplorer.org/dotbot; [email protected])"
2a02:4780:41:6421::1 - - [10/Feb/2026:04:46:17 +0000] "POST /wp-cron.php?doing_wp_cron=1770698776.9877789020538330078125 HTTP/1.0" 200 404 "-" "WordPress/6.9; http://hbkconsultancy.com"
216.244.66.245 - - [10/Feb/2026:04:46:16 +0000] "GET /?h=10023712 HTTP/1.0" 200 29055 "-" "Mozilla/5.0 (compatible; DotBot/1.2; +https://opensiteexplorer.org/dotbot; [email protected])"
216.244.66.245 - - [10/Feb/2026:04:46:21 +0000] "GET /?h=10035712 HTTP/1.0" 200 29055 "-" "Mozilla/5.0 (compatible; DotBot/1.2; +https://opensiteexplorer.org/dotbot; [email protected])"
216.244.66.245 - - [10/Feb/2026:04:46:24 +0000] "GET /?h=10063712 HTTP/1.0" 200 29056 "-" "Mozilla/5.0 (compatible; DotBot/1.2; +https://opensiteexplorer.org/dotbot; [email protected])"
216.244.66.245 - - [10/Feb/2026:04:46:27 +0000] "GET /?h=10067812 HTTP/1.0" 200 29055 "-" "Mozilla/5.0 (compatible; DotBot/1.2; +https://opensiteexplorer.org/dotbot; [email protected])"
114.119.132.88 - - [10/Feb/2026:04:46:28 +0000] "GET /the-most-overlooked-solution-for-sweden-women HTTP/1.0" 301 496 "https://hbkconsultancy.com/2025/02/page/4" "Mozilla/5.0 (Linux; Android 7.0;) AppleWebKit/537.36 (KHTML, like Gecko) Mobile Safari/537.36 (compatible; PetalBot;+https://webmaster.petalsearch.com/site/petalbot)"
216.244.66.245 - - [10/Feb/2026:04:46:30 +0000] "GET /?h=10079912 HTTP/1.0" 200 29055 "-" "Mozilla/5.0 (compatible; DotBot/1.2; +https://opensiteexplorer.org/dotbot; [email protected])"
2a02:4780:41:6421::1 - - [10/Feb/2026:04:46:30 +0000] "POST /wp-cron.php?doing_wp_cron=1770698790.7145419120788574218750 HTTP/1.0" 200 412 "-" "WordPress/6.9; https://hbkconsultancy.com"
114.119.132.88 - - [10/Feb/2026:04:46:30 +0000] "GET /the-most-overlooked-solution-for-sweden-women/ HTTP/1.0" 200 34219 "https://hbkconsultancy.com/2025/02/page/4" "Mozilla/5.0 (Linux; Android 7.0;) AppleWebKit/537.36 (KHTML, like Gecko) Mobile Safari/537.36 (compatible; PetalBot;+https://webmaster.petalsearch.com/site/petalbot)"
216.244.66.245 - - [10/Feb/2026:04:46:32 +0000] "GET /?h=10084412 HTTP/1.0" 200 29055 "-" "Mozilla/5.0 (compatible; DotBot/1.2; +https://opensiteexplorer.org/dotbot; [email protected])"
216.244.66.245 - - [10/Feb/2026:04:46:34 +0000] "GET /?h=10087612 HTTP/1.0" 200 29056 "-" "Mozilla/5.0 (compatible; DotBot/1.2; +https://opensiteexplorer.org/dotbot; [email protected])"
216.244.66.245 - - [10/Feb/2026:04:46:37 +0000] "GET /?h=10160812 HTTP/1.0" 200 29055 "-" "Mozilla/5.0 (compatible; DotBot/1.2; +https://opensiteexplorer.org/dotbot; [email protected])"
216.244.66.245 - - [10/Feb/2026:04:46:39 +0000] "GET /?h=10172312 HTTP/1.0" 200 29055 "-" "Mozilla/5.0 (compatible; DotBot/1.2; +https://opensiteexplorer.org/dotbot; [email protected])"
216.244.66.245 - - [10/Feb/2026:04:46:41 +0000] "GET /?h=10179912 HTTP/1.0" 200 29055 "-" "Mozilla/5.0 (compatible; DotBot/1.2; +https://opensiteexplorer.org/dotbot; [email protected])"
216.244.66.245 - - [10/Feb/2026:04:46:44 +0000] "GET /?h=10225112 HTTP/1.0" 200 29056 "-" "Mozilla/5.0 (compatible; DotBot/1.2; +https://opensiteexplorer.org/dotbot; [email protected])"
216.244.66.245 - - [10/Feb/2026:04:46:46 +0000] "GET /?h=10316712 HTTP/1.0" 200 29055 "-" "Mozilla/5.0 (compatible; DotBot/1.2; +https://opensiteexplorer.org/dotbot; [email protected])"
216.244.66.245 - - [10/Feb/2026:04:46:50 +0000] "GET /?h=10329812 HTTP/1.0" 200 29055 "-" "Mozilla/5.0 (compatible; DotBot/1.2; +https://opensiteexplorer.org/dotbot; [email protected])"
216.244.66.245 - - [10/Feb/2026:04:46:55 +0000] "GET /?h=10435712 HTTP/1.0" 200 29056 "-" "Mozilla/5.0 (compatible; DotBot/1.2; +https://opensiteexplorer.org/dotbot; [email protected])"
216.244.66.245 - - [10/Feb/2026:04:46:59 +0000] "GET /?h=10447912 HTTP/1.0" 200 29055 "-" "Mozilla/5.0 (compatible; DotBot/1.2; +https://opensiteexplorer.org/dotbot; [email protected])"
216.244.66.245 - - [10/Feb/2026:04:47:02 +0000] "GET /?h=10512912 HTTP/1.0" 200 29055 "-" "Mozilla/5.0 (compatible; DotBot/1.2; +https://opensiteexplorer.org/dotbot; [email protected])"
216.244.66.245 - - [10/Feb/2026:04:47:05 +0000] "GET /?h=10531712 HTTP/1.0" 200 29055 "-" "Mozilla/5.0 (compatible; DotBot/1.2; +https://opensiteexplorer.org/dotbot; [email protected])"
216.244.66.245 - - [10/Feb/2026:04:47:08 +0000] "GET /?h=10542012 HTTP/1.0" 200 29055 "-" "Mozilla/5.0 (compatible; DotBot/1.2; +https://opensiteexplorer.org/dotbot; [email protected])"
216.244.66.245 - - [10/Feb/2026:04:47:10 +0000] "GET /?h=10563312 HTTP/1.0" 200 29055 "-" "Mozilla/5.0 (compatible; DotBot/1.2; +https://opensiteexplorer.org/dotbot; [email protected])"
216.244.66.245 - - [10/Feb/2026:04:47:13 +0000] "GET /?h=10565112 HTTP/1.0" 200 29055 "-" "Mozilla/5.0 (compatible; DotBot/1.2; +https://opensiteexplorer.org/dotbot; [email protected])"
2a02:4780:41:6421::1 - - [10/Feb/2026:04:47:15 +0000] "POST /wp-cron.php?doing_wp_cron=1770698835.8322889804840087890625 HTTP/1.0" 200 404 "-" "WordPress/6.9; http://hbkconsultancy.com"
216.244.66.245 - - [10/Feb/2026:04:47:15 +0000] "GET /?h=10578812 HTTP/1.0" 200 29055 "-" "Mozilla/5.0 (compatible; DotBot/1.2; +https://opensiteexplorer.org/dotbot; [email protected])"
216.244.66.245 - - [10/Feb/2026:04:47:19 +0000] "GET /?h=10654012 HTTP/1.0" 200 29055 "-" "Mozilla/5.0 (compatible; DotBot/1.2; +https://opensiteexplorer.org/dotbot; [email protected])"
216.244.66.245 - - [10/Feb/2026:04:47:22 +0000] "GET /?h=10669812 HTTP/1.0" 200 29055 "-" "Mozilla/5.0 (compatible; DotBot/1.2; +https://opensiteexplorer.org/dotbot; [email protected])"
216.244.66.245 - - [10/Feb/2026:04:47:25 +0000] "GET /?h=10757912 HTTP/1.0" 200 29055 "-" "Mozilla/5.0 (compatible; DotBot/1.2; +https://opensiteexplorer.org/dotbot; [email protected])"
216.244.66.245 - - [10/Feb/2026:04:47:28 +0000] "GET /?h=10788112 HTTP/1.0" 200 29055 "-" "Mozilla/5.0 (compatible; DotBot/1.2; +https://opensiteexplorer.org/dotbot; [email protected])"
2a02:4780:41:6421::1 - - [10/Feb/2026:04:47:31 +0000] "POST /wp-cron.php?doing_wp_cron=1770698851.1136519908905029296875 HTTP/1.0" 200 404 "-" "WordPress/6.9; http://hbkconsultancy.com"
216.244.66.245 - - [10/Feb/2026:04:47:30 +0000] "GET /?h=10788712 HTTP/1.0" 200 29055 "-" "Mozilla/5.0 (compatible; DotBot/1.2; +https://opensiteexplorer.org/dotbot; [email protected])"
216.244.66.245 - - [10/Feb/2026:04:47:33 +0000] "GET /?h=10838712 HTTP/1.0" 200 29055 "-" "Mozilla/5.0 (compatible; DotBot/1.2; +https://opensiteexplorer.org/dotbot; [email protected])"
95.211.126.56 - - [10/Feb/2026:04:47:34 +0000] "POST /xmlrpc.php HTTP/1.0" 200 609 "-" "Go-http-client/1.1"
216.244.66.245 - - [10/Feb/2026:04:47:36 +0000] "GET /?h=10840212 HTTP/1.0" 200 29055 "-" "Mozilla/5.0 (compatible; DotBot/1.2; +https://opensiteexplorer.org/dotbot; [email protected])"
216.244.66.245 - - [10/Feb/2026:04:47:38 +0000] "GET /?h=10871512 HTTP/1.0" 200 29054 "-" "Mozilla/5.0 (compatible; DotBot/1.2; +https://opensiteexplorer.org/dotbot; [email protected])"
216.244.66.245 - - [10/Feb/2026:04:47:40 +0000] "GET /?h=10902212 HTTP/1.0" 200 29055 "-" "Mozilla/5.0 (compatible; DotBot/1.2; +https://opensiteexplorer.org/dotbot; [email protected])"
216.244.66.245 - - [10/Feb/2026:04:47:43 +0000] "GET /?h=10916912 HTTP/1.0" 200 29050 "-" "Mozilla/5.0 (compatible; DotBot/1.2; +https://opensiteexplorer.org/dotbot; [email protected])"
216.244.66.245 - - [10/Feb/2026:04:47:45 +0000] "GET /?h=10925312 HTTP/1.0" 200 29055 "-" "Mozilla/5.0 (compatible; DotBot/1.2; +https://opensiteexplorer.org/dotbot; [email protected])"
216.244.66.245 - - [10/Feb/2026:04:47:47 +0000] "GET /?h=10940312 HTTP/1.0" 200 29055 "-" "Mozilla/5.0 (compatible; DotBot/1.2; +https://opensiteexplorer.org/dotbot; [email protected])"
114.119.136.75 - - [10/Feb/2026:04:47:48 +0000] "GET /2025/02/page/12/ HTTP/1.0" 200 29357 "https://hbkconsultancy.com/2025/02/page/10/" "Mozilla/5.0 (Linux; Android 7.0;) AppleWebKit/537.36 (KHTML, like Gecko) Mobile Safari/537.36 (compatible; PetalBot;+https://webmaster.petalsearch.com/site/petalbot)"
216.244.66.245 - - [10/Feb/2026:04:47:49 +0000] "GET /?h=10943112 HTTP/1.0" 200 29027 "-" "Mozilla/5.0 (compatible; DotBot/1.2; +https://opensiteexplorer.org/dotbot; [email protected])"
216.244.66.245 - - [10/Feb/2026:04:47:51 +0000] "GET /?h=10991912 HTTP/1.0" 200 29055 "-" "Mozilla/5.0 (compatible; DotBot/1.2; +https://opensiteexplorer.org/dotbot; [email protected])"
216.244.66.245 - - [10/Feb/2026:04:47:53 +0000] "GET /?h=11046712 HTTP/1.0" 200 29056 "-" "Mozilla/5.0 (compatible; DotBot/1.2; +https://opensiteexplorer.org/dotbot; [email protected])"
216.244.66.245 - - [10/Feb/2026:04:47:55 +0000] "GET /?h=11053212 HTTP/1.0" 200 29056 "-" "Mozilla/5.0 (compatible; DotBot/1.2; +https://opensiteexplorer.org/dotbot; [email protected])"
216.244.66.245 - - [10/Feb/2026:04:47:57 +0000] "GET /?h=11057812 HTTP/1.0" 200 29056 "-" "Mozilla/5.0 (compatible; DotBot/1.2; +https://opensiteexplorer.org/dotbot; [email protected])"
216.244.66.245 - - [10/Feb/2026:04:47:59 +0000] "GET /?h=11060912 HTTP/1.0" 200 29054 "-" "Mozilla/5.0 (compatible; DotBot/1.2; +https://opensiteexplorer.org/dotbot; [email protected])"
216.244.66.245 - - [10/Feb/2026:04:48:01 +0000] "GET /?h=11081712 HTTP/1.0" 200 29055 "-" "Mozilla/5.0 (compatible; DotBot/1.2; +https://opensiteexplorer.org/dotbot; [email protected])"
216.244.66.245 - - [10/Feb/2026:04:48:04 +0000] "GET /?h=11113312 HTTP/1.0" 200 29054 "-" "Mozilla/5.0 (compatible; DotBot/1.2; +https://opensiteexplorer.org/dotbot; [email protected])"
216.244.66.245 - - [10/Feb/2026:04:48:05 +0000] "GET /?h=11133112 HTTP/1.0" 200 29054 "-" "Mozilla/5.0 (compatible; DotBot/1.2; +https://opensiteexplorer.org/dotbot; [email protected])"
216.244.66.245 - - [10/Feb/2026:04:48:08 +0000] "GET /?h=11171612 HTTP/1.0" 200 29055 "-" "Mozilla/5.0 (compatible; DotBot/1.2; +https://opensiteexplorer.org/dotbot; [email protected])"
216.244.66.245 - - [10/Feb/2026:04:48:10 +0000] "GET /?h=11171812 HTTP/1.0" 200 29055 "-" "Mozilla/5.0 (compatible; DotBot/1.2; +https://opensiteexplorer.org/dotbot; [email protected])"
216.244.66.245 - - [10/Feb/2026:04:48:12 +0000] "GET /?h=11181112 HTTP/1.0" 200 29055 "-" "Mozilla/5.0 (compatible; DotBot/1.2; +https://opensiteexplorer.org/dotbot; [email protected])"
2a02:4780:41:6421::1 - - [10/Feb/2026:04:48:15 +0000] "POST /wp-cron.php?doing_wp_cron=1770698895.5142209529876708984375 HTTP/1.0" 200 404 "-" "WordPress/6.9; http://hbkconsultancy.com"
216.244.66.245 - - [10/Feb/2026:04:48:14 +0000] "GET /?h=11287812 HTTP/1.0" 200 29055 "-" "Mozilla/5.0 (compatible; DotBot/1.2; +https://opensiteexplorer.org/dotbot; [email protected])"
216.244.66.245 - - [10/Feb/2026:04:48:18 +0000] "GET /?h=11315112 HTTP/1.0" 200 29054 "-" "Mozilla/5.0 (compatible; DotBot/1.2; +https://opensiteexplorer.org/dotbot; [email protected])"
216.244.66.245 - - [10/Feb/2026:04:48:22 +0000] "GET /?h=11328212 HTTP/1.0" 200 29055 "-" "Mozilla/5.0 (compatible; DotBot/1.2; +https://opensiteexplorer.org/dotbot; [email protected])"
216.244.66.245 - - [10/Feb/2026:04:48:24 +0000] "GET /?h=11345312 HTTP/1.0" 200 29056 "-" "Mozilla/5.0 (compatible; DotBot/1.2; +https://opensiteexplorer.org/dotbot; [email protected])"
216.244.66.245 - - [10/Feb/2026:04:48:27 +0000] "GET /?h=11371812 HTTP/1.0" 200 29055 "-" "Mozilla/5.0 (compatible; DotBot/1.2; +https://opensiteexplorer.org/dotbot; [email protected])"
2a02:4780:41:6421::1 - - [10/Feb/2026:04:48:30 +0000] "POST /wp-cron.php?doing_wp_cron=1770698910.2681889533996582031250 HTTP/1.0" 200 404 "-" "WordPress/6.9; http://hbkconsultancy.com"
216.244.66.245 - - [10/Feb/2026:04:48:29 +0000] "GET /?h=11420512 HTTP/1.0" 200 29055 "-" "Mozilla/5.0 (compatible; DotBot/1.2; +https://opensiteexplorer.org/dotbot; [email protected])"
216.244.66.245 - - [10/Feb/2026:04:48:33 +0000] "GET /?h=11440512 HTTP/1.0" 200 29055 "-" "Mozilla/5.0 (compatible; DotBot/1.2; +https://opensiteexplorer.org/dotbot; [email protected])"
216.244.66.245 - - [10/Feb/2026:04:48:35 +0000] "GET /?h=11445712 HTTP/1.0" 200 29055 "-" "Mozilla/5.0 (compatible; DotBot/1.2; +https://opensiteexplorer.org/dotbot; [email protected])"
216.244.66.245 - - [10/Feb/2026:04:48:38 +0000] "GET /?h=11508312 HTTP/1.0" 200 29054 "-" "Mozilla/5.0 (compatible; DotBot/1.2; +https://opensiteexplorer.org/dotbot; [email protected])"
216.244.66.245 - - [10/Feb/2026:04:48:40 +0000] "GET /?h=11520412 HTTP/1.0" 200 29055 "-" "Mozilla/5.0 (compatible; DotBot/1.2; +https://opensiteexplorer.org/dotbot; [email protected])"
216.244.66.245 - - [10/Feb/2026:04:48:42 +0000] "GET /?h=11546712 HTTP/1.0" 200 29055 "-" "Mozilla/5.0 (compatible; DotBot/1.2; +https://opensiteexplorer.org/dotbot; [email protected])"
216.244.66.245 - - [10/Feb/2026:04:48:44 +0000] "GET /?h=11558912 HTTP/1.0" 200 29056 "-" "Mozilla/5.0 (compatible; DotBot/1.2; +https://opensiteexplorer.org/dotbot; [email protected])"
216.244.66.245 - - [10/Feb/2026:04:48:46 +0000] "GET /?h=11587512 HTTP/1.0" 200 29055 "-" "Mozilla/5.0 (compatible; DotBot/1.2; +https://opensiteexplorer.org/dotbot; [email protected])"
216.244.66.245 - - [10/Feb/2026:04:48:48 +0000] "GET /?h=11611212 HTTP/1.0" 200 29055 "-" "Mozilla/5.0 (compatible; DotBot/1.2; +https://opensiteexplorer.org/dotbot; [email protected])"
216.244.66.245 - - [10/Feb/2026:04:48:50 +0000] "GET /?h=11635512 HTTP/1.0" 200 29055 "-" "Mozilla/5.0 (compatible; DotBot/1.2; +https://opensiteexplorer.org/dotbot; [email protected])"
216.244.66.245 - - [10/Feb/2026:04:48:52 +0000] "GET /?h=11669512 HTTP/1.0" 200 29056 "-" "Mozilla/5.0 (compatible; DotBot/1.2; +https://opensiteexplorer.org/dotbot; [email protected])"
95.211.126.56 - - [10/Feb/2026:04:48:55 +0000] "POST /xmlrpc.php HTTP/1.0" 200 609 "-" "Go-http-client/1.1"
216.244.66.245 - - [10/Feb/2026:04:48:55 +0000] "GET /?h=11673712 HTTP/1.0" 200 29056 "-" "Mozilla/5.0 (compatible; DotBot/1.2; +https://opensiteexplorer.org/dotbot; [email protected])"
216.244.66.245 - - [10/Feb/2026:04:48:58 +0000] "GET /?h=11686412 HTTP/1.0" 200 29055 "-" "Mozilla/5.0 (compatible; DotBot/1.2; +https://opensiteexplorer.org/dotbot; [email protected])"
216.244.66.245 - - [10/Feb/2026:04:49:00 +0000] "GET /?h=11696512 HTTP/1.0" 200 29055 "-" "Mozilla/5.0 (compatible; DotBot/1.2; +https://opensiteexplorer.org/dotbot; [email protected])"
216.244.66.245 - - [10/Feb/2026:04:49:03 +0000] "GET /?h=11709112 HTTP/1.0" 200 29055 "-" "Mozilla/5.0 (compatible; DotBot/1.2; +https://opensiteexplorer.org/dotbot; [email protected])"
216.244.66.245 - - [10/Feb/2026:04:49:05 +0000] "GET /?h=11715612 HTTP/1.0" 200 29055 "-" "Mozilla/5.0 (compatible; DotBot/1.2; +https://opensiteexplorer.org/dotbot; [email protected])"
216.244.66.245 - - [10/Feb/2026:04:49:06 +0000] "GET /?h=11735312 HTTP/1.0" 200 29055 "-" "Mozilla/5.0 (compatible; DotBot/1.2; +https://opensiteexplorer.org/dotbot; [email protected])"
216.244.66.245 - - [10/Feb/2026:04:49:08 +0000] "GET /?h=11757912 HTTP/1.0" 200 29054 "-" "Mozilla/5.0 (compatible; DotBot/1.2; +https://opensiteexplorer.org/dotbot; [email protected])"
216.244.66.245 - - [10/Feb/2026:04:49:10 +0000] "GET /?h=11777012 HTTP/1.0" 200 29055 "-" "Mozilla/5.0 (compatible; DotBot/1.2; +https://opensiteexplorer.org/dotbot; [email protected])"
114.119.137.91 - - [10/Feb/2026:04:49:12 +0000] "GET /team-single/ HTTP/1.0" 200 25324 "http://hbkconsultancy.com/team-single/" "Mozilla/5.0 (Linux; Android 7.0;) AppleWebKit/537.36 (KHTML, like Gecko) Mobile Safari/537.36 (compatible; PetalBot;+https://webmaster.petalsearch.com/site/petalbot)"
216.244.66.245 - - [10/Feb/2026:04:49:13 +0000] "GET /?h=11803112 HTTP/1.0" 200 29055 "-" "Mozilla/5.0 (compatible; DotBot/1.2; +https://opensiteexplorer.org/dotbot; [email protected])"
2a02:4780:41:6421::1 - - [10/Feb/2026:04:49:15 +0000] "POST /wp-cron.php?doing_wp_cron=1770698955.7047948837280273437500 HTTP/1.0" 200 404 "-" "WordPress/6.9; http://hbkconsultancy.com"
216.244.66.245 - - [10/Feb/2026:04:49:15 +0000] "GET /?h=11806112 HTTP/1.0" 200 29055 "-" "Mozilla/5.0 (compatible; DotBot/1.2; +https://opensiteexplorer.org/dotbot; [email protected])"
216.244.66.245 - - [10/Feb/2026:04:49:18 +0000] "GET /?h=118183612 HTTP/1.0" 200 29055 "-" "Mozilla/5.0 (compatible; DotBot/1.2; +https://opensiteexplorer.org/dotbot; [email protected])"
216.244.66.245 - - [10/Feb/2026:04:49:21 +0000] "GET /?h=118285912 HTTP/1.0" 200 29057 "-" "Mozilla/5.0 (compatible; DotBot/1.2; +https://opensiteexplorer.org/dotbot; [email protected])"
216.244.66.245 - - [10/Feb/2026:04:49:24 +0000] "GET /?h=118585212 HTTP/1.0" 200 29057 "-" "Mozilla/5.0 (compatible; DotBot/1.2; +https://opensiteexplorer.org/dotbot; [email protected])"
216.244.66.245 - - [10/Feb/2026:04:49:26 +0000] "GET /?h=11880612 HTTP/1.0" 200 29056 "-" "Mozilla/5.0 (compatible; DotBot/1.2; +https://opensiteexplorer.org/dotbot; [email protected])"
216.244.66.245 - - [10/Feb/2026:04:49:28 +0000] "GET /?h=118922712 HTTP/1.0" 200 29056 "-" "Mozilla/5.0 (compatible; DotBot/1.2; +https://opensiteexplorer.org/dotbot; [email protected])"
2a02:4780:41:6421::1 - - [10/Feb/2026:04:49:31 +0000] "POST /wp-cron.php?doing_wp_cron=1770698971.7720389366149902343750 HTTP/1.0" 200 404 "-" "WordPress/6.9; http://hbkconsultancy.com"
216.244.66.245 - - [10/Feb/2026:04:49:30 +0000] "GET /?h=118998712 HTTP/1.0" 200 29056 "-" "Mozilla/5.0 (compatible; DotBot/1.2; +https://opensiteexplorer.org/dotbot; [email protected])"
216.244.66.245 - - [10/Feb/2026:04:49:34 +0000] "GET /?h=11919012 HTTP/1.0" 200 29056 "-" "Mozilla/5.0 (compatible; DotBot/1.2; +https://opensiteexplorer.org/dotbot; [email protected])"
216.244.66.245 - - [10/Feb/2026:04:49:38 +0000] "GET /?h=11985412 HTTP/1.0" 200 29056 "-" "Mozilla/5.0 (compatible; DotBot/1.2; +https://opensiteexplorer.org/dotbot; [email protected])"
216.244.66.245 - - [10/Feb/2026:04:49:41 +0000] "GET /?h=119917512 HTTP/1.0" 200 29056 "-" "Mozilla/5.0 (compatible; DotBot/1.2; +https://opensiteexplorer.org/dotbot; [email protected])"
216.244.66.245 - - [10/Feb/2026:04:49:43 +0000] "GET /?h=12002512 HTTP/1.0" 200 29056 "-" "Mozilla/5.0 (compatible; DotBot/1.2; +https://opensiteexplorer.org/dotbot; [email protected])"
216.244.66.245 - - [10/Feb/2026:04:49:45 +0000] "GET /?h=120109412 HTTP/1.0" 200 29057 "-" "Mozilla/5.0 (compatible; DotBot/1.2; +https://opensiteexplorer.org/dotbot; [email protected])"
216.244.66.245 - - [10/Feb/2026:04:49:47 +0000] "GET /?h=120136112 HTTP/1.0" 200 29057 "-" "Mozilla/5.0 (compatible; DotBot/1.2; +https://opensiteexplorer.org/dotbot; [email protected])"
216.244.66.245 - - [10/Feb/2026:04:49:49 +0000] "GET /?h=120191212 HTTP/1.0" 200 29057 "-" "Mozilla/5.0 (compatible; DotBot/1.2; +https://opensiteexplorer.org/dotbot; [email protected])"
216.244.66.245 - - [10/Feb/2026:04:49:52 +0000] "GET /?h=12023412 HTTP/1.0" 200 29056 "-" "Mozilla/5.0 (compatible; DotBot/1.2; +https://opensiteexplorer.org/dotbot; [email protected])"
216.244.66.245 - - [10/Feb/2026:04:49:58 +0000] "GET /?h=120496112 HTTP/1.0" 200 29056 "-" "Mozilla/5.0 (compatible; DotBot/1.2; +https://opensiteexplorer.org/dotbot; [email protected])"
216.244.66.245 - - [10/Feb/2026:04:50:03 +0000] "GET /?h=12055812 HTTP/1.0" 200 29055 "-" "Mozilla/5.0 (compatible; DotBot/1.2; +https://opensiteexplorer.org/dotbot; [email protected])"
216.244.66.245 - - [10/Feb/2026:04:50:07 +0000] "GET /?h=120639112 HTTP/1.0" 200 29056 "-" "Mozilla/5.0 (compatible; DotBot/1.2; +https://opensiteexplorer.org/dotbot; [email protected])"
216.244.66.245 - - [10/Feb/2026:04:50:11 +0000] "GET /?h=120735912 HTTP/1.0" 200 29056 "-" "Mozilla/5.0 (compatible; DotBot/1.2; +https://opensiteexplorer.org/dotbot; [email protected])"
2a02:4780:41:6421::1 - - [10/Feb/2026:04:50:15 +0000] "POST /wp-cron.php?doing_wp_cron=1770699015.5818569660186767578125 HTTP/1.0" 200 404 "-" "WordPress/6.9; http://hbkconsultancy.com"
216.244.66.245 - - [10/Feb/2026:04:50:14 +0000] "GET /?h=12098612 HTTP/1.0" 200 29054 "-" "Mozilla/5.0 (compatible; DotBot/1.2; +https://opensiteexplorer.org/dotbot; [email protected])"
216.244.66.245 - - [10/Feb/2026:04:50:19 +0000] "GET /?h=121052212 HTTP/1.0" 200 29055 "-" "Mozilla/5.0 (compatible; DotBot/1.2; +https://opensiteexplorer.org/dotbot; [email protected])"
216.244.66.245 - - [10/Feb/2026:04:50:22 +0000] "GET /?h=121098012 HTTP/1.0" 200 29056 "-" "Mozilla/5.0 (compatible; DotBot/1.2; +https://opensiteexplorer.org/dotbot; [email protected])"
113.108.84.19 - - [10/Feb/2026:04:50:23 +0000] "GET /wp-json/wp/v2/posts HTTP/1.0" 200 275240 "-" "Mozilla/5.0 (Windows NT 10.0; Win64; x64) AppleWebKit/537.36 (KHTML, like Gecko) Chrome/120.0.0.0 Safari/537.36"
216.244.66.245 - - [10/Feb/2026:04:50:27 +0000] "GET /?h=12114812 HTTP/1.0" 200 29055 "-" "Mozilla/5.0 (compatible; DotBot/1.2; +https://opensiteexplorer.org/dotbot; [email protected])"
113.108.84.19 - - [10/Feb/2026:04:50:26 +0000] "POST /wp-comments-post.php HTTP/1.0" 302 1109 "-" "Mozilla/5.0 (Windows NT 10.0; Win64; x64) AppleWebKit/537.36 (KHTML, like Gecko) Chrome/120.0.0.0 Safari/537.36"
2a02:4780:41:6421::1 - - [10/Feb/2026:04:50:30 +0000] "POST /wp-cron.php?doing_wp_cron=1770699030.8363499641418457031250 HTTP/1.0" 200 404 "-" "WordPress/6.9; http://hbkconsultancy.com"
113.108.84.19 - - [10/Feb/2026:04:50:30 +0000] "POST /wp-comments-post.php HTTP/1.0" 429 3103 "-" "Mozilla/5.0 (Windows NT 10.0; Win64; x64) AppleWebKit/537.36 (KHTML, like Gecko) Chrome/120.0.0.0 Safari/537.36"
216.244.66.245 - - [10/Feb/2026:04:50:31 +0000] "GET /?h=12168412 HTTP/1.0" 200 29055 "-" "Mozilla/5.0 (compatible; DotBot/1.2; +https://opensiteexplorer.org/dotbot; [email protected])"
113.108.84.19 - - [10/Feb/2026:04:50:33 +0000] "POST /wp-comments-post.php HTTP/1.0" 429 3103 "-" "Mozilla/5.0 (Windows NT 10.0; Win64; x64) AppleWebKit/537.36 (KHTML, like Gecko) Chrome/120.0.0.0 Safari/537.36"
216.244.66.245 - - [10/Feb/2026:04:50:34 +0000] "GET /?h=121895212 HTTP/1.0" 200 29055 "-" "Mozilla/5.0 (compatible; DotBot/1.2; +https://opensiteexplorer.org/dotbot; [email protected])"
113.108.84.19 - - [10/Feb/2026:04:50:36 +0000] "POST /wp-comments-post.php HTTP/1.0" 429 3103 "-" "Mozilla/5.0 (Windows NT 10.0; Win64; x64) AppleWebKit/537.36 (KHTML, like Gecko) Chrome/120.0.0.0 Safari/537.36"
113.108.84.19 - - [10/Feb/2026:04:50:38 +0000] "POST /wp-comments-post.php HTTP/1.0" 429 3103 "-" "Mozilla/5.0 (Windows NT 10.0; Win64; x64) AppleWebKit/537.36 (KHTML, like Gecko) Chrome/120.0.0.0 Safari/537.36"
216.244.66.245 - - [10/Feb/2026:04:50:38 +0000] "GET /?h=121913712 HTTP/1.0" 200 29054 "-" "Mozilla/5.0 (compatible; DotBot/1.2; +https://opensiteexplorer.org/dotbot; [email protected])"
114.119.137.91 - - [10/Feb/2026:04:50:38 +0000] "GET /ruleta-aleatoria-personaliza-sumado-a-gira/ HTTP/1.0" 200 40055 "http://hbkconsultancy.com/3-columns/page/12/" "Mozilla/5.0 (Linux; Android 7.0;) AppleWebKit/537.36 (KHTML, like Gecko) Mobile Safari/537.36 (compatible; PetalBot;+https://webmaster.petalsearch.com/site/petalbot)"
113.108.84.19 - - [10/Feb/2026:04:50:41 +0000] "POST /wp-comments-post.php HTTP/1.0" 302 1096 "-" "Mozilla/5.0 (Windows NT 10.0; Win64; x64) AppleWebKit/537.36 (KHTML, like Gecko) Chrome/120.0.0.0 Safari/537.36"
113.108.84.19 - - [10/Feb/2026:04:50:43 +0000] "POST /wp-comments-post.php HTTP/1.0" 429 3103 "-" "Mozilla/5.0 (Windows NT 10.0; Win64; x64) AppleWebKit/537.36 (KHTML, like Gecko) Chrome/120.0.0.0 Safari/537.36"
113.108.84.19 - - [10/Feb/2026:04:50:44 +0000] "POST /wp-comments-post.php HTTP/1.0" 429 3103 "-" "Mozilla/5.0 (Windows NT 10.0; Win64; x64) AppleWebKit/537.36 (KHTML, like Gecko) Chrome/120.0.0.0 Safari/537.36"
216.244.66.245 - - [10/Feb/2026:04:50:45 +0000] "GET /?h=12210712 HTTP/1.0" 200 29054 "-" "Mozilla/5.0 (compatible; DotBot/1.2; +https://opensiteexplorer.org/dotbot; [email protected])"
113.108.84.19 - - [10/Feb/2026:04:50:46 +0000] "POST /wp-comments-post.php HTTP/1.0" 429 3103 "-" "Mozilla/5.0 (Windows NT 10.0; Win64; x64) AppleWebKit/537.36 (KHTML, like Gecko) Chrome/120.0.0.0 Safari/537.36"
216.244.66.245 - - [10/Feb/2026:04:50:49 +0000] "GET /?h=122538112 HTTP/1.0" 200 29055 "-" "Mozilla/5.0 (compatible; DotBot/1.2; +https://opensiteexplorer.org/dotbot; [email protected])"
216.244.66.245 - - [10/Feb/2026:04:50:54 +0000] "GET /?h=122689812 HTTP/1.0" 200 29055 "-" "Mozilla/5.0 (compatible; DotBot/1.2; +https://opensiteexplorer.org/dotbot; [email protected])"
216.244.66.245 - - [10/Feb/2026:04:50:59 +0000] "GET /?h=122862112 HTTP/1.0" 200 29058 "-" "Mozilla/5.0 (compatible; DotBot/1.2; +https://opensiteexplorer.org/dotbot; [email protected])"
216.244.66.245 - - [10/Feb/2026:04:51:03 +0000] "GET /?h=122952812 HTTP/1.0" 200 29056 "-" "Mozilla/5.0 (compatible; DotBot/1.2; +https://opensiteexplorer.org/dotbot; [email protected])"
216.244.66.245 - - [10/Feb/2026:04:51:07 +0000] "GET /?h=123044512 HTTP/1.0" 200 29056 "-" "Mozilla/5.0 (compatible; DotBot/1.2; +https://opensiteexplorer.org/dotbot; [email protected])"
216.244.66.245 - - [10/Feb/2026:04:51:11 +0000] "GET /?h=123132112 HTTP/1.0" 200 29056 "-" "Mozilla/5.0 (compatible; DotBot/1.2; +https://opensiteexplorer.org/dotbot; [email protected])"
2a02:4780:41:6421::1 - - [10/Feb/2026:04:51:15 +0000] "POST /wp-cron.php?doing_wp_cron=1770699075.7576251029968261718750 HTTP/1.0" 200 404 "-" "WordPress/6.9; http://hbkconsultancy.com"
216.244.66.245 - - [10/Feb/2026:04:51:15 +0000] "GET /?h=123505012 HTTP/1.0" 200 29055 "-" "Mozilla/5.0 (compatible; DotBot/1.2; +https://opensiteexplorer.org/dotbot; [email protected])"
216.244.66.245 - - [10/Feb/2026:04:51:19 +0000] "GET /?h=123738212 HTTP/1.0" 200 29054 "-" "Mozilla/5.0 (compatible; DotBot/1.2; +https://opensiteexplorer.org/dotbot; [email protected])"
216.244.66.245 - - [10/Feb/2026:04:51:22 +0000] "GET /?h=123862512 HTTP/1.0" 200 29056 "-" "Mozilla/5.0 (compatible; DotBot/1.2; +https://opensiteexplorer.org/dotbot; [email protected])"
216.244.66.245 - - [10/Feb/2026:04:51:24 +0000] "GET /?h=123996112 HTTP/1.0" 200 29055 "-" "Mozilla/5.0 (compatible; DotBot/1.2; +https://opensiteexplorer.org/dotbot; [email protected])"
216.244.66.245 - - [10/Feb/2026:04:51:27 +0000] "GET /?h=124200812 HTTP/1.0" 200 29056 "-" "Mozilla/5.0 (compatible; DotBot/1.2; +https://opensiteexplorer.org/dotbot; [email protected])"
2a02:4780:41:6421::1 - - [10/Feb/2026:04:51:30 +0000] "POST /wp-cron.php?doing_wp_cron=1770699090.4568560123443603515625 HTTP/1.0" 200 404 "-" "WordPress/6.9; http://hbkconsultancy.com"
216.244.66.245 - - [10/Feb/2026:04:51:29 +0000] "GET /?h=124266712 HTTP/1.0" 200 29056 "-" "Mozilla/5.0 (compatible; DotBot/1.2; +https://opensiteexplorer.org/dotbot; [email protected])"
216.244.66.245 - - [10/Feb/2026:04:51:33 +0000] "GET /?h=124284312 HTTP/1.0" 200 29056 "-" "Mozilla/5.0 (compatible; DotBot/1.2; +https://opensiteexplorer.org/dotbot; [email protected])"
216.244.66.245 - - [10/Feb/2026:04:51:36 +0000] "GET /?h=12527912 HTTP/1.0" 200 29055 "-" "Mozilla/5.0 (compatible; DotBot/1.2; +https://opensiteexplorer.org/dotbot; [email protected])"
216.244.66.245 - - [10/Feb/2026:04:51:38 +0000] "GET /?h=126020112 HTTP/1.0" 200 29053 "-" "Mozilla/5.0 (compatible; DotBot/1.2; +https://opensiteexplorer.org/dotbot; [email protected])"
216.244.66.245 - - [10/Feb/2026:04:51:41 +0000] "GET /?h=126387412 HTTP/1.0" 200 29056 "-" "Mozilla/5.0 (compatible; DotBot/1.2; +https://opensiteexplorer.org/dotbot; [email protected])"
216.244.66.245 - - [10/Feb/2026:04:51:44 +0000] "GET /?h=126430112 HTTP/1.0" 200 29055 "-" "Mozilla/5.0 (compatible; DotBot/1.2; +https://opensiteexplorer.org/dotbot; [email protected])"
216.244.66.245 - - [10/Feb/2026:04:51:49 +0000] "GET /?h=126542312 HTTP/1.0" 200 29055 "-" "Mozilla/5.0 (compatible; DotBot/1.2; +https://opensiteexplorer.org/dotbot; [email protected])"
216.244.66.245 - - [10/Feb/2026:04:51:53 +0000] "GET /?h=126545312 HTTP/1.0" 200 29055 "-" "Mozilla/5.0 (compatible; DotBot/1.2; +https://opensiteexplorer.org/dotbot; [email protected])"
216.244.66.245 - - [10/Feb/2026:04:51:57 +0000] "GET /?h=127245312 HTTP/1.0" 200 29055 "-" "Mozilla/5.0 (compatible; DotBot/1.2; +https://opensiteexplorer.org/dotbot; [email protected])"
114.119.137.91 - - [10/Feb/2026:04:51:58 +0000] "GET /2025/02 HTTP/1.0" 301 398 "https://hbkconsultancy.com/best-adult-cellular-porn-games-download-for-home-windows-android" "Mozilla/5.0 (Linux; Android 7.0;) AppleWebKit/537.36 (KHTML, like Gecko) Mobile Safari/537.36 (compatible; PetalBot;+https://webmaster.petalsearch.com/site/petalbot)"
114.119.137.91 - - [10/Feb/2026:04:51:59 +0000] "GET /2025/02/ HTTP/1.0" 200 28762 "https://hbkconsultancy.com/best-adult-cellular-porn-games-download-for-home-windows-android" "Mozilla/5.0 (Linux; Android 7.0;) AppleWebKit/537.36 (KHTML, like Gecko) Mobile Safari/537.36 (compatible; PetalBot;+https://webmaster.petalsearch.com/site/petalbot)"
216.244.66.245 - - [10/Feb/2026:04:52:01 +0000] "GET /?h=127293312 HTTP/1.0" 200 29056 "-" "Mozilla/5.0 (compatible; DotBot/1.2; +https://opensiteexplorer.org/dotbot; [email protected])"
216.244.66.245 - - [10/Feb/2026:04:52:05 +0000] "GET /?h=127487712 HTTP/1.0" 200 29056 "-" "Mozilla/5.0 (compatible; DotBot/1.2; +https://opensiteexplorer.org/dotbot; [email protected])"
216.244.66.245 - - [10/Feb/2026:04:52:09 +0000] "GET /?h=127631412 HTTP/1.0" 200 29057 "-" "Mozilla/5.0 (compatible; DotBot/1.2; +https://opensiteexplorer.org/dotbot; [email protected])"
2a02:4780:41:6421::1 - - [10/Feb/2026:04:52:14 +0000] "POST /wp-cron.php?doing_wp_cron=1770699134.0319209098815917968750 HTTP/1.0" 200 404 "-" "WordPress/6.9; http://hbkconsultancy.com"
216.244.66.245 - - [10/Feb/2026:04:52:13 +0000] "GET /?h=127952612 HTTP/1.0" 200 29056 "-" "Mozilla/5.0 (compatible; DotBot/1.2; +https://opensiteexplorer.org/dotbot; [email protected])"
216.244.66.245 - - [10/Feb/2026:04:52:17 +0000] "GET /?h=128104312 HTTP/1.0" 200 29056 "-" "Mozilla/5.0 (compatible; DotBot/1.2; +https://opensiteexplorer.org/dotbot; [email protected])"
216.244.66.245 - - [10/Feb/2026:04:52:19 +0000] "GET /?h=12821312 HTTP/1.0" 200 29055 "-" "Mozilla/5.0 (compatible; DotBot/1.2; +https://opensiteexplorer.org/dotbot; [email protected])"
216.244.66.245 - - [10/Feb/2026:04:52:22 +0000] "GET /?h=128363012 HTTP/1.0" 200 29057 "-" "Mozilla/5.0 (compatible; DotBot/1.2; +https://opensiteexplorer.org/dotbot; [email protected])"
216.244.66.245 - - [10/Feb/2026:04:52:24 +0000] "GET /?h=128672112 HTTP/1.0" 200 29056 "-" "Mozilla/5.0 (compatible; DotBot/1.2; +https://opensiteexplorer.org/dotbot; [email protected])"
216.244.66.245 - - [10/Feb/2026:04:52:27 +0000] "GET /?h=128755612 HTTP/1.0" 200 29057 "-" "Mozilla/5.0 (compatible; DotBot/1.2; +https://opensiteexplorer.org/dotbot; [email protected])"
216.244.66.245 - - [10/Feb/2026:04:52:29 +0000] "GET /?h=129071412 HTTP/1.0" 200 29055 "-" "Mozilla/5.0 (compatible; DotBot/1.2; +https://opensiteexplorer.org/dotbot; [email protected])"
2a02:4780:41:6421::1 - - [10/Feb/2026:04:52:31 +0000] "POST /wp-cron.php?doing_wp_cron=1770699151.8393490314483642578125 HTTP/1.0" 200 404 "-" "WordPress/6.9; http://hbkconsultancy.com"
216.244.66.245 - - [10/Feb/2026:04:52:31 +0000] "GET /?h=129592612 HTTP/1.0" 200 29056 "-" "Mozilla/5.0 (compatible; DotBot/1.2; +https://opensiteexplorer.org/dotbot; [email protected])"
216.244.66.245 - - [10/Feb/2026:04:52:34 +0000] "GET /?h=129813812 HTTP/1.0" 200 29056 "-" "Mozilla/5.0 (compatible; DotBot/1.2; +https://opensiteexplorer.org/dotbot; [email protected])"
216.244.66.245 - - [10/Feb/2026:04:52:37 +0000] "GET /?h=129937612 HTTP/1.0" 200 29057 "-" "Mozilla/5.0 (compatible; DotBot/1.2; +https://opensiteexplorer.org/dotbot; [email protected])"
216.244.66.245 - - [10/Feb/2026:04:52:39 +0000] "GET /?h=130006212 HTTP/1.0" 200 29056 "-" "Mozilla/5.0 (compatible; DotBot/1.2; +https://opensiteexplorer.org/dotbot; [email protected])"
216.244.66.245 - - [10/Feb/2026:04:52:41 +0000] "GET /?h=130217312 HTTP/1.0" 200 29057 "-" "Mozilla/5.0 (compatible; DotBot/1.2; +https://opensiteexplorer.org/dotbot; [email protected])"
216.244.66.245 - - [10/Feb/2026:04:52:44 +0000] "GET /?h=130278512 HTTP/1.0" 200 29057 "-" "Mozilla/5.0 (compatible; DotBot/1.2; +https://opensiteexplorer.org/dotbot; [email protected])"
216.244.66.245 - - [10/Feb/2026:04:52:46 +0000] "GET /?h=130604212 HTTP/1.0" 200 29057 "-" "Mozilla/5.0 (compatible; DotBot/1.2; +https://opensiteexplorer.org/dotbot; [email protected])"
216.244.66.245 - - [10/Feb/2026:04:52:48 +0000] "GET /?h=131004812 HTTP/1.0" 200 29056 "-" "Mozilla/5.0 (compatible; DotBot/1.2; +https://opensiteexplorer.org/dotbot; [email protected])"
216.244.66.245 - - [10/Feb/2026:04:52:50 +0000] "GET /?h=131008112 HTTP/1.0" 200 29055 "-" "Mozilla/5.0 (compatible; DotBot/1.2; +https://opensiteexplorer.org/dotbot; [email protected])"
216.244.66.245 - - [10/Feb/2026:04:52:52 +0000] "GET /?h=131163312 HTTP/1.0" 200 29056 "-" "Mozilla/5.0 (compatible; DotBot/1.2; +https://opensiteexplorer.org/dotbot; [email protected])"
216.244.66.245 - - [10/Feb/2026:04:52:54 +0000] "GET /?h=131193612 HTTP/1.0" 200 29056 "-" "Mozilla/5.0 (compatible; DotBot/1.2; +https://opensiteexplorer.org/dotbot; [email protected])"
216.244.66.245 - - [10/Feb/2026:04:52:57 +0000] "GET /?h=131441112 HTTP/1.0" 200 29056 "-" "Mozilla/5.0 (compatible; DotBot/1.2; +https://opensiteexplorer.org/dotbot; [email protected])"
216.244.66.245 - - [10/Feb/2026:04:52:59 +0000] "GET /?h=131576112 HTTP/1.0" 200 29055 "-" "Mozilla/5.0 (compatible; DotBot/1.2; +https://opensiteexplorer.org/dotbot; [email protected])"
216.244.66.245 - - [10/Feb/2026:04:53:01 +0000] "GET /?h=131591212 HTTP/1.0" 200 29056 "-" "Mozilla/5.0 (compatible; DotBot/1.2; +https://opensiteexplorer.org/dotbot; [email protected])"
216.244.66.245 - - [10/Feb/2026:04:53:03 +0000] "GET /?h=13159412 HTTP/1.0" 200 29055 "-" "Mozilla/5.0 (compatible; DotBot/1.2; +https://opensiteexplorer.org/dotbot; [email protected])"
216.244.66.245 - - [10/Feb/2026:04:53:05 +0000] "GET /?h=131686612 HTTP/1.0" 200 29056 "-" "Mozilla/5.0 (compatible; DotBot/1.2; +https://opensiteexplorer.org/dotbot; [email protected])"
216.244.66.245 - - [10/Feb/2026:04:53:08 +0000] "GET /?h=131780312 HTTP/1.0" 200 29056 "-" "Mozilla/5.0 (compatible; DotBot/1.2; +https://opensiteexplorer.org/dotbot; [email protected])"
216.244.66.245 - - [10/Feb/2026:04:53:10 +0000] "GET /?h=132081212 HTTP/1.0" 200 29056 "-" "Mozilla/5.0 (compatible; DotBot/1.2; +https://opensiteexplorer.org/dotbot; [email protected])"
216.244.66.245 - - [10/Feb/2026:04:53:12 +0000] "GET /?h=132142212 HTTP/1.0" 200 29055 "-" "Mozilla/5.0 (compatible; DotBot/1.2; +https://opensiteexplorer.org/dotbot; [email protected])"
2a02:4780:41:6421::1 - - [10/Feb/2026:04:53:20 +0000] "POST /wp-cron.php?doing_wp_cron=1770699200.0349938869476318359375 HTTP/1.0" 200 404 "-" "WordPress/6.9; http://hbkconsultancy.com"
216.244.66.245 - - [10/Feb/2026:04:53:19 +0000] "GET /?h=132943412 HTTP/1.0" 200 29056 "-" "Mozilla/5.0 (compatible; DotBot/1.2; +https://opensiteexplorer.org/dotbot; [email protected])"
114.119.137.91 - - [10/Feb/2026:04:53:22 +0000] "GET /casino-simulator-indir-ucretsiz-oyun-indir-ve-oyna/ HTTP/1.0" 200 39665 "http://hbkconsultancy.com/3-columns/page/12/" "Mozilla/5.0 (Linux; Android 7.0;) AppleWebKit/537.36 (KHTML, like Gecko) Mobile Safari/537.36 (compatible; PetalBot;+https://webmaster.petalsearch.com/site/petalbot)"
216.244.66.245 - - [10/Feb/2026:04:53:25 +0000] "GET /?h=133192512 HTTP/1.0" 200 29057 "-" "Mozilla/5.0 (compatible; DotBot/1.2; +https://opensiteexplorer.org/dotbot; [email protected])"
2a02:4780:41:6421::1 - - [10/Feb/2026:04:53:31 +0000] "POST /wp-cron.php?doing_wp_cron=1770699211.5994369983673095703125 HTTP/1.0" 200 404 "-" "WordPress/6.9; http://hbkconsultancy.com"
216.244.66.245 - - [10/Feb/2026:04:53:30 +0000] "GET /?h=133388312 HTTP/1.0" 200 29056 "-" "Mozilla/5.0 (compatible; DotBot/1.2; +https://opensiteexplorer.org/dotbot; [email protected])"
216.244.66.245 - - [10/Feb/2026:04:53:35 +0000] "GET /?h=133429412 HTTP/1.0" 200 29055 "-" "Mozilla/5.0 (compatible; DotBot/1.2; +https://opensiteexplorer.org/dotbot; [email protected])"
216.244.66.245 - - [10/Feb/2026:04:53:39 +0000] "GET /?h=133766312 HTTP/1.0" 200 29056 "-" "Mozilla/5.0 (compatible; DotBot/1.2; +https://opensiteexplorer.org/dotbot; [email protected])"
216.244.66.245 - - [10/Feb/2026:04:53:43 +0000] "GET /?h=133825912 HTTP/1.0" 200 29056 "-" "Mozilla/5.0 (compatible; DotBot/1.2; +https://opensiteexplorer.org/dotbot; [email protected])"
216.244.66.245 - - [10/Feb/2026:04:53:46 +0000] "GET /?h=133970112 HTTP/1.0" 200 29057 "-" "Mozilla/5.0 (compatible; DotBot/1.2; +https://opensiteexplorer.org/dotbot; [email protected])"
216.244.66.245 - - [10/Feb/2026:04:53:48 +0000] "GET /?h=134119712 HTTP/1.0" 200 29056 "-" "Mozilla/5.0 (compatible; DotBot/1.2; +https://opensiteexplorer.org/dotbot; [email protected])"
216.244.66.245 - - [10/Feb/2026:04:53:52 +0000] "GET /?h=134559912 HTTP/1.0" 200 29056 "-" "Mozilla/5.0 (compatible; DotBot/1.2; +https://opensiteexplorer.org/dotbot; [email protected])"
216.244.66.245 - - [10/Feb/2026:04:53:55 +0000] "GET /?h=134572112 HTTP/1.0" 200 29056 "-" "Mozilla/5.0 (compatible; DotBot/1.2; +https://opensiteexplorer.org/dotbot; [email protected])"
216.244.66.245 - - [10/Feb/2026:04:53:57 +0000] "GET /?h=134591612 HTTP/1.0" 200 29056 "-" "Mozilla/5.0 (compatible; DotBot/1.2; +https://opensiteexplorer.org/dotbot; [email protected])"
216.244.66.245 - - [10/Feb/2026:04:53:59 +0000] "GET /?h=134816912 HTTP/1.0" 200 29055 "-" "Mozilla/5.0 (compatible; DotBot/1.2; +https://opensiteexplorer.org/dotbot; [email protected])"
216.244.66.245 - - [10/Feb/2026:04:54:02 +0000] "GET /?h=134851912 HTTP/1.0" 200 29056 "-" "Mozilla/5.0 (compatible; DotBot/1.2; +https://opensiteexplorer.org/dotbot; [email protected])"
216.244.66.245 - - [10/Feb/2026:04:54:04 +0000] "GET /?h=135037812 HTTP/1.0" 200 29055 "-" "Mozilla/5.0 (compatible; DotBot/1.2; +https://opensiteexplorer.org/dotbot; [email protected])"
216.244.66.245 - - [10/Feb/2026:04:54:07 +0000] "GET /?h=135117212 HTTP/1.0" 200 29056 "-" "Mozilla/5.0 (compatible; DotBot/1.2; +https://opensiteexplorer.org/dotbot; [email protected])"
216.244.66.245 - - [10/Feb/2026:04:54:10 +0000] "GET /?h=13515112 HTTP/1.0" 200 29055 "-" "Mozilla/5.0 (compatible; DotBot/1.2; +https://opensiteexplorer.org/dotbot; [email protected])"
2a02:4780:41:6421::1 - - [10/Feb/2026:04:54:15 +0000] "POST /wp-cron.php?doing_wp_cron=1770699255.4050090312957763671875 HTTP/1.0" 200 404 "-" "WordPress/6.9; http://hbkconsultancy.com"
216.244.66.245 - - [10/Feb/2026:04:54:14 +0000] "GET /?h=135305412 HTTP/1.0" 200 29055 "-" "Mozilla/5.0 (compatible; DotBot/1.2; +https://opensiteexplorer.org/dotbot; [email protected])"
216.244.66.245 - - [10/Feb/2026:04:54:18 +0000] "GET /?h=135515312 HTTP/1.0" 200 29055 "-" "Mozilla/5.0 (compatible; DotBot/1.2; +https://opensiteexplorer.org/dotbot; [email protected])"
216.244.66.245 - - [10/Feb/2026:04:54:21 +0000] "GET /?h=135918412 HTTP/1.0" 200 29057 "-" "Mozilla/5.0 (compatible; DotBot/1.2; +https://opensiteexplorer.org/dotbot; [email protected])"
216.244.66.245 - - [10/Feb/2026:04:54:24 +0000] "GET /?h=135933912 HTTP/1.0" 200 29056 "-" "Mozilla/5.0 (compatible; DotBot/1.2; +https://opensiteexplorer.org/dotbot; [email protected])"
216.244.66.245 - - [10/Feb/2026:04:54:26 +0000] "GET /?h=136467612 HTTP/1.0" 200 29057 "-" "Mozilla/5.0 (compatible; DotBot/1.2; +https://opensiteexplorer.org/dotbot; [email protected])"
216.244.66.245 - - [10/Feb/2026:04:54:29 +0000] "GET /?h=136566412 HTTP/1.0" 200 29056 "-" "Mozilla/5.0 (compatible; DotBot/1.2; +https://opensiteexplorer.org/dotbot; [email protected])"
2a02:4780:41:6421::1 - - [10/Feb/2026:04:54:31 +0000] "POST /wp-cron.php?doing_wp_cron=1770699271.9274449348449707031250 HTTP/1.0" 200 404 "-" "WordPress/6.9; http://hbkconsultancy.com"
216.244.66.245 - - [10/Feb/2026:04:54:31 +0000] "GET /?h=136575312 HTTP/1.0" 200 29056 "-" "Mozilla/5.0 (compatible; DotBot/1.2; +https://opensiteexplorer.org/dotbot; [email protected])"
216.244.66.245 - - [10/Feb/2026:04:54:34 +0000] "GET /?h=136775712 HTTP/1.0" 200 29056 "-" "Mozilla/5.0 (compatible; DotBot/1.2; +https://opensiteexplorer.org/dotbot; [email protected])"
216.244.66.245 - - [10/Feb/2026:04:54:37 +0000] "GET /?h=13720312 HTTP/1.0" 200 29056 "-" "Mozilla/5.0 (compatible; DotBot/1.2; +https://opensiteexplorer.org/dotbot; [email protected])"
216.244.66.245 - - [10/Feb/2026:04:54:39 +0000] "GET /?h=137399812 HTTP/1.0" 200 29056 "-" "Mozilla/5.0 (compatible; DotBot/1.2; +https://opensiteexplorer.org/dotbot; [email protected])"
216.244.66.245 - - [10/Feb/2026:04:54:43 +0000] "GET /?h=137404912 HTTP/1.0" 200 29057 "-" "Mozilla/5.0 (compatible; DotBot/1.2; +https://opensiteexplorer.org/dotbot; [email protected])"
216.244.66.245 - - [10/Feb/2026:04:54:45 +0000] "GET /?h=137565912 HTTP/1.0" 200 29057 "-" "Mozilla/5.0 (compatible; DotBot/1.2; +https://opensiteexplorer.org/dotbot; [email protected])"
114.119.140.186 - - [10/Feb/2026:04:54:47 +0000] "GET /2-columns/ HTTP/1.0" 200 23999 "http://hbkconsultancy.com/home-gym-coaching-learnpress/" "Mozilla/5.0 (Linux; Android 7.0;) AppleWebKit/537.36 (KHTML, like Gecko) Mobile Safari/537.36 (compatible; PetalBot;+https://webmaster.petalsearch.com/site/petalbot)"
216.244.66.245 - - [10/Feb/2026:04:54:48 +0000] "GET /?h=137692012 HTTP/1.0" 200 29057 "-" "Mozilla/5.0 (compatible; DotBot/1.2; +https://opensiteexplorer.org/dotbot; [email protected])"
216.244.66.245 - - [10/Feb/2026:04:54:50 +0000] "GET /?h=137957512 HTTP/1.0" 200 29055 "-" "Mozilla/5.0 (compatible; DotBot/1.2; +https://opensiteexplorer.org/dotbot; [email protected])"
216.244.66.245 - - [10/Feb/2026:04:54:52 +0000] "GET /?h=13798612 HTTP/1.0" 200 29055 "-" "Mozilla/5.0 (compatible; DotBot/1.2; +https://opensiteexplorer.org/dotbot; [email protected])"
216.244.66.245 - - [10/Feb/2026:04:54:54 +0000] "GET /?h=138253912 HTTP/1.0" 200 29056 "-" "Mozilla/5.0 (compatible; DotBot/1.2; +https://opensiteexplorer.org/dotbot; [email protected])"
198.44.157.34 - - [10/Feb/2026:04:54:55 +0000] "POST /xmlrpc.php HTTP/1.0" 200 609 "-" "Go-http-client/1.1"
216.244.66.245 - - [10/Feb/2026:04:54:55 +0000] "GET /?h=138376212 HTTP/1.0" 200 29056 "-" "Mozilla/5.0 (compatible; DotBot/1.2; +https://opensiteexplorer.org/dotbot; [email protected])"
198.44.157.34 - - [10/Feb/2026:04:54:56 +0000] "POST /xmlrpc.php HTTP/1.0" 200 609 "-" "Go-http-client/1.1"
216.244.66.245 - - [10/Feb/2026:04:54:58 +0000] "GET /?h=138669112 HTTP/1.0" 200 29055 "-" "Mozilla/5.0 (compatible; DotBot/1.2; +https://opensiteexplorer.org/dotbot; [email protected])"
216.244.66.245 - - [10/Feb/2026:04:55:00 +0000] "GET /?h=13890412 HTTP/1.0" 200 29054 "-" "Mozilla/5.0 (compatible; DotBot/1.2; +https://opensiteexplorer.org/dotbot; [email protected])"
216.244.66.245 - - [10/Feb/2026:04:55:02 +0000] "GET /?h=140037812 HTTP/1.0" 200 29055 "-" "Mozilla/5.0 (compatible; DotBot/1.2; +https://opensiteexplorer.org/dotbot; [email protected])"
216.244.66.245 - - [10/Feb/2026:04:55:04 +0000] "GET /?h=140186112 HTTP/1.0" 200 29055 "-" "Mozilla/5.0 (compatible; DotBot/1.2; +https://opensiteexplorer.org/dotbot; [email protected])"
216.244.66.245 - - [10/Feb/2026:04:55:06 +0000] "GET /?h=141473512 HTTP/1.0" 200 29055 "-" "Mozilla/5.0 (compatible; DotBot/1.2; +https://opensiteexplorer.org/dotbot; [email protected])"
216.244.66.245 - - [10/Feb/2026:04:55:08 +0000] "GET /?h=141480412 HTTP/1.0" 200 29054 "-" "Mozilla/5.0 (compatible; DotBot/1.2; +https://opensiteexplorer.org/dotbot; [email protected])"
216.244.66.245 - - [10/Feb/2026:04:55:11 +0000] "GET /?h=141554812 HTTP/1.0" 200 29055 "-" "Mozilla/5.0 (compatible; DotBot/1.2; +https://opensiteexplorer.org/dotbot; [email protected])"
2a02:4780:41:6421::1 - - [10/Feb/2026:04:55:14 +0000] "POST /wp-cron.php?doing_wp_cron=1770699314.0318090915679931640625 HTTP/1.0" 200 404 "-" "WordPress/6.9; http://hbkconsultancy.com"
216.244.66.245 - - [10/Feb/2026:04:55:13 +0000] "GET /?h=142017912 HTTP/1.0" 200 29055 "-" "Mozilla/5.0 (compatible; DotBot/1.2; +https://opensiteexplorer.org/dotbot; [email protected])"
216.244.66.245 - - [10/Feb/2026:04:55:16 +0000] "GET /?h=142963112 HTTP/1.0" 200 29055 "-" "Mozilla/5.0 (compatible; DotBot/1.2; +https://opensiteexplorer.org/dotbot; [email protected])"
216.244.66.245 - - [10/Feb/2026:04:55:19 +0000] "GET /?h=143003312 HTTP/1.0" 200 29054 "-" "Mozilla/5.0 (compatible; DotBot/1.2; +https://opensiteexplorer.org/dotbot; [email protected])"
216.244.66.245 - - [10/Feb/2026:04:55:21 +0000] "GET /?h=143249912 HTTP/1.0" 200 29055 "-" "Mozilla/5.0 (compatible; DotBot/1.2; +https://opensiteexplorer.org/dotbot; [email protected])"
216.244.66.245 - - [10/Feb/2026:04:55:23 +0000] "GET /?h=15478712 HTTP/1.0" 200 29055 "-" "Mozilla/5.0 (compatible; DotBot/1.2; +https://opensiteexplorer.org/dotbot; [email protected])"
216.244.66.245 - - [10/Feb/2026:04:55:26 +0000] "GET /?h=16795512 HTTP/1.0" 200 29055 "-" "Mozilla/5.0 (compatible; DotBot/1.2; +https://opensiteexplorer.org/dotbot; [email protected])"
216.244.66.245 - - [10/Feb/2026:04:55:28 +0000] "GET /?h=19434612 HTTP/1.0" 200 29054 "-" "Mozilla/5.0 (compatible; DotBot/1.2; +https://opensiteexplorer.org/dotbot; [email protected])"
2a02:4780:41:6421::1 - - [10/Feb/2026:04:55:31 +0000] "POST /wp-cron.php?doing_wp_cron=1770699331.4645199775695800781250 HTTP/1.0" 200 404 "-" "WordPress/6.9; http://hbkconsultancy.com"
216.244.66.245 - - [10/Feb/2026:04:55:30 +0000] "GET /?h=19488112 HTTP/1.0" 200 29054 "-" "Mozilla/5.0 (compatible; DotBot/1.2; +https://opensiteexplorer.org/dotbot; [email protected])"
216.244.66.245 - - [10/Feb/2026:04:55:34 +0000] "GET /?h=19501512 HTTP/1.0" 200 29055 "-" "Mozilla/5.0 (compatible; DotBot/1.2; +https://opensiteexplorer.org/dotbot; [email protected])"
216.244.66.245 - - [10/Feb/2026:04:55:37 +0000] "GET /?h=19509412 HTTP/1.0" 200 29055 "-" "Mozilla/5.0 (compatible; DotBot/1.2; +https://opensiteexplorer.org/dotbot; [email protected])"
216.244.66.245 - - [10/Feb/2026:04:55:40 +0000] "GET /?h=19512912 HTTP/1.0" 200 29054 "-" "Mozilla/5.0 (compatible; DotBot/1.2; +https://opensiteexplorer.org/dotbot; [email protected])"
147.93.58.212 - - [10/Feb/2026:04:56:02 +0000] "GET / HTTP/1.0" 200 29042 "-" "Mozilla/5.0 (X11; Linux x86_64) AppleWebKit/537.36 (KHTML, like Gecko) Chrome/44.0.2403.157 Safari/537.36"
114.119.140.186 - - [10/Feb/2026:04:56:10 +0000] "GET /2-columns-sidebar/page/42/ HTTP/1.0" 200 29286 "http://hbkconsultancy.com/2-columns-sidebar/page/43/" "Mozilla/5.0 (Linux; Android 7.0;) AppleWebKit/537.36 (KHTML, like Gecko) Mobile Safari/537.36 (compatible; PetalBot;+https://webmaster.petalsearch.com/site/petalbot)"
37.140.223.10 - - [10/Feb/2026:04:58:36 +0000] "POST /wp-login.php HTTP/1.0" 200 3976 "-" "Mozilla/5.0"
193.36.225.115 - - [10/Feb/2026:04:58:36 +0000] "POST /wp-login.php HTTP/1.0" 200 3978 "-" "Mozilla/5.0"
193.36.225.112 - - [10/Feb/2026:04:58:36 +0000] "POST /wp-login.php HTTP/1.0" 200 3973 "-" "Mozilla/5.0"
37.140.223.23 - - [10/Feb/2026:04:58:37 +0000] "POST /wp-login.php HTTP/1.0" 200 3975 "-" "Mozilla/5.0"
37.140.223.15 - - [10/Feb/2026:04:58:36 +0000] "POST /wp-login.php HTTP/1.0" 200 3976 "-" "Mozilla/5.0"
172.245.102.9 - - [10/Feb/2026:04:58:36 +0000] "POST /wp-login.php HTTP/1.0" 200 3978 "-" "Mozilla/5.0"
37.140.223.22 - - [10/Feb/2026:04:58:36 +0000] "POST /wp-login.php HTTP/1.0" 200 3979 "-" "Mozilla/5.0"
2a02:4780:41:6421::1 - - [10/Feb/2026:04:58:37 +0000] "POST /wp-cron.php?doing_wp_cron=1770699517.0259089469909667968750 HTTP/1.0" 200 412 "-" "WordPress/6.9; https://hbkconsultancy.com"
2a02:4780:41:6421::1 - - [10/Feb/2026:05:00:01 +0000] "POST /wp-cron.php?doing_wp_cron=1770699601.7671630382537841796875 HTTP/1.0" 200 404 "-" "WordPress/6.9; http://hbkconsultancy.com"
216.244.66.245 - - [10/Feb/2026:05:00:01 +0000] "GET /robots.txt HTTP/1.0" 200 566 "-" "Mozilla/5.0 (compatible; DotBot/1.2; +https://opensiteexplorer.org/dotbot; [email protected])"
2a02:4780:41:6421::1 - - [10/Feb/2026:05:00:02 +0000] "POST /wp-cron.php?doing_wp_cron=1770699602.6454200744628906250000 HTTP/1.0" 200 404 "-" "WordPress/6.9; http://hbkconsultancy.com"
