181.215.21.183 - - [10/Feb/2026:06:44:10 +0000] "GET / HTTP/1.0" 200 29037 "-" "Mozilla/5.0 (compatible; crawler)"
2a02:4780:41:6421::1 - - [10/Feb/2026:06:45:30 +0000] "POST /wp-cron.php?doing_wp_cron=1770705930.7687098979949951171875 HTTP/1.0" 200 412 "-" "WordPress/6.9; https://hbkconsultancy.com"
47.128.43.127 - - [10/Feb/2026:06:45:29 +0000] "GET / HTTP/1.0" 200 29037 "-" "Mozilla/5.0 (Linux; Android 5.0) AppleWebKit/537.36 (KHTML, like Gecko) Mobile Safari/537.36 (compatible; Bytespider; [email protected])"
149.154.161.201 - - [10/Feb/2026:06:48:02 +0000] "GET /motu.php HTTP/1.0" 200 5975 "-" "TelegramBot (like TwitterBot)"
2a02:4780:41:6421::1 - - [10/Feb/2026:06:49:34 +0000] "POST /wp-cron.php?doing_wp_cron=1770706174.4881579875946044921875 HTTP/1.0" 200 404 "-" "WordPress/6.9; http://hbkconsultancy.com"
47.128.58.6 - - [10/Feb/2026:06:49:33 +0000] "GET /robots.txt HTTP/1.0" 200 566 "-" "Mozilla/5.0 (Linux; Android 5.0) AppleWebKit/537.36 (KHTML, like Gecko) Mobile Safari/537.36 (compatible; Bytespider; [email protected])"
103.199.111.237 - - [10/Feb/2026:06:49:41 +0000] "GET /motu.php HTTP/1.0" 200 5975 "-" "Mozilla/5.0 (Linux; Android 15; K) AppleWebKit/537.36 (KHTML, like Gecko) Chrome/144.0.7559.109 Mobile Safari/537.36"
103.199.111.237 - - [10/Feb/2026:06:49:42 +0000] "GET /gecko1.png HTTP/1.0" 404 126470 "http://hbkconsultancy.com/motu.php" "Mozilla/5.0 (Linux; Android 15; K) AppleWebKit/537.36 (KHTML, like Gecko) Chrome/144.0.7559.109 Mobile Safari/537.36"
2a02:4780:41:6421::1 - - [10/Feb/2026:06:55:14 +0000] "POST /wp-cron.php?doing_wp_cron=1770706514.2190179824829101562500 HTTP/1.0" 200 404 "-" "WordPress/6.9; http://hbkconsultancy.com"
114.119.137.91 - - [10/Feb/2026:06:55:13 +0000] "GET /blog/ HTTP/1.0" 200 27565 "http://hbkconsultancy.com/top-10-casinos-on-the-internet-por-dinero-genuine-seguros-en-argentina-2/" "Mozilla/5.0 (Linux; Android 7.0;) AppleWebKit/537.36 (KHTML, like Gecko) Mobile Safari/537.36 (compatible; PetalBot;+https://webmaster.petalsearch.com/site/petalbot)"
2a02:4780:41:6421::1 - - [10/Feb/2026:06:56:03 +0000] "POST /wp-cron.php?doing_wp_cron=1770706563.3813800811767578125000 HTTP/1.0" 200 404 "-" "WordPress/6.9; http://hbkconsultancy.com"
147.93.58.212 - - [10/Feb/2026:06:56:01 +0000] "GET / HTTP/1.0" 200 29042 "-" "Mozilla/5.0 (X11; Linux x86_64) AppleWebKit/537.36 (KHTML, like Gecko) Chrome/44.0.2403.157 Safari/537.36"
147.93.58.212 - - [10/Feb/2026:07:00:01 +0000] "GET / HTTP/1.0" 200 29040 "-" "Mozilla/5.0 (X11; Linux x86_64) AppleWebKit/537.36 (KHTML, like Gecko) Chrome/44.0.2403.157 Safari/537.36"
154.205.11.80 - - [10/Feb/2026:07:01:36 +0000] "GET /motu.php HTTP/1.0" 200 5973 "-" "Mozilla/5.0 (Windows NT 10.0; Win64; x64) AppleWebKit/537.36 (KHTML, like Gecko) Chrome/144.0.0.0 Safari/537.36"
2a02:4780:41:6421::1 - - [10/Feb/2026:07:01:38 +0000] "POST /wp-cron.php?doing_wp_cron=1770706898.1604120731353759765625 HTTP/1.0" 200 412 "-" "WordPress/6.9; https://hbkconsultancy.com"
154.205.11.80 - - [10/Feb/2026:07:01:37 +0000] "GET /gecko1.png HTTP/1.0" 404 126511 "https://hbkconsultancy.com/motu.php" "Mozilla/5.0 (Windows NT 10.0; Win64; x64) AppleWebKit/537.36 (KHTML, like Gecko) Chrome/144.0.0.0 Safari/537.36"
154.205.11.80 - - [10/Feb/2026:07:01:49 +0000] "GET /favicon.ico HTTP/1.0" 302 368 "https://hbkconsultancy.com/motu.php" "Mozilla/5.0 (Windows NT 10.0; Win64; x64) AppleWebKit/537.36 (KHTML, like Gecko) Chrome/144.0.0.0 Safari/537.36"
154.205.11.80 - - [10/Feb/2026:07:02:07 +0000] "POST /motu.php HTTP/1.0" 200 5956 "https://hbkconsultancy.com/motu.php" "Mozilla/5.0 (Windows NT 10.0; Win64; x64) AppleWebKit/537.36 (KHTML, like Gecko) Chrome/144.0.0.0 Safari/537.36"
154.205.11.80 - - [10/Feb/2026:07:02:07 +0000] "GET /gecko1.png HTTP/1.0" 404 126512 "https://hbkconsultancy.com/motu.php" "Mozilla/5.0 (Windows NT 10.0; Win64; x64) AppleWebKit/537.36 (KHTML, like Gecko) Chrome/144.0.0.0 Safari/537.36"
154.205.11.80 - - [10/Feb/2026:07:02:09 +0000] "GET /motu.php?d=2f7661722f7777772f68626b636f6e73756c74616e5f7573722f646174612f7777772f68626b636f6e73756c74616e63792e636f6d&response=success HTTP/1.0" 200 6034 "https://hbkconsultancy.com/motu.php" "Mozilla/5.0 (Windows NT 10.0; Win64; x64) AppleWebKit/537.36 (KHTML, like Gecko) Chrome/144.0.0.0 Safari/537.36"
154.205.11.80 - - [10/Feb/2026:07:02:09 +0000] "GET /gecko1.png HTTP/1.0" 404 126511 "https://hbkconsultancy.com/motu.php?d=2f7661722f7777772f68626b636f6e73756c74616e5f7573722f646174612f7777772f68626b636f6e73756c74616e63792e636f6d&response=success" "Mozilla/5.0 (Windows NT 10.0; Win64; x64) AppleWebKit/537.36 (KHTML, like Gecko) Chrome/144.0.0.0 Safari/537.36"
2a02:4780:41:6421::1 - - [10/Feb/2026:07:03:30 +0000] "POST /wp-cron.php?doing_wp_cron=1770707010.2651569843292236328125 HTTP/1.0" 200 412 "-" "WordPress/6.9; https://hbkconsultancy.com"
2a02:4780:41:6421::1 - - [10/Feb/2026:07:03:29 +0000] "GET /index.php/jk/ HTTP/1.0" 301 545 "https://www.google.com" "Mozilla/5.0+(compatible;+Googlebot/2.1;++https://www.google.com/bot.html)"
2a02:4780:41:6421::1 - - [10/Feb/2026:07:03:30 +0000] "GET /index.php/jk/ HTTP/1.0" 301 545 "-" "-"
2a02:4780:41:6421::1 - - [10/Feb/2026:07:03:31 +0000] "GET /jk/ HTTP/1.0" 404 126639 "-" "-"
2a02:4780:41:6421::1 - - [10/Feb/2026:07:03:32 +0000] "GET / HTTP/1.0" 200 29037 "https://www.google.com" "Mozilla/5.0+(compatible;+Googlebot/2.1;++https://www.google.com/bot.html)"
2a02:4780:41:6421::1 - - [10/Feb/2026:07:03:32 +0000] "GET /index.php/jk/ HTTP/1.0" 301 545 "https://www.google.com" "Mozilla/5.0+(compatible;+Googlebot/2.1;++https://www.google.com/bot.html)"
2a02:4780:41:6421::1 - - [10/Feb/2026:07:03:34 +0000] "GET /index.php/jk/ HTTP/1.0" 301 545 "-" "-"
2a02:4780:41:6421::1 - - [10/Feb/2026:07:03:34 +0000] "GET /jk/ HTTP/1.0" 404 126638 "-" "-"
2a02:4780:41:6421::1 - - [10/Feb/2026:07:03:35 +0000] "GET / HTTP/1.0" 200 24098 "https://www.google.com" "Mozilla/5.0+(compatible;+Googlebot/2.1;++https://www.google.com/bot.html)"
2a02:4780:41:6421::1 - - [10/Feb/2026:07:03:34 +0000] "GET /robots.txt HTTP/1.0" 200 24725 "https://www.google.com" "Mozilla/5.0+(compatible;+Googlebot/2.1;++https://www.google.com/bot.html)"
2a02:4780:41:6421::1 - - [10/Feb/2026:07:03:36 +0000] "GET /sitemap.xml HTTP/1.0" 200 443 "https://www.google.com" "Mozilla/5.0+(compatible;+Googlebot/2.1;++https://www.google.com/bot.html)"
2a02:4780:41:6421::1 - - [10/Feb/2026:07:03:36 +0000] "GET /sitemap.xml HTTP/1.0" 200 443 "https://www.google.com" "Mozilla/5.0+(compatible;+Googlebot/2.1;++https://www.google.com/bot.html)"
2a02:4780:41:6421::1 - - [10/Feb/2026:07:03:36 +0000] "GET /sitemap.xml HTTP/1.0" 200 443 "https://www.google.com" "Mozilla/5.0+(compatible;+Googlebot/2.1;++https://www.google.com/bot.html)"
2a02:4780:41:6421::1 - - [10/Feb/2026:07:03:36 +0000] "GET /sitemap.xml HTTP/1.0" 200 443 "https://www.google.com" "Mozilla/5.0+(compatible;+Googlebot/2.1;++https://www.google.com/bot.html)"
2a02:4780:41:6421::1 - - [10/Feb/2026:07:03:37 +0000] "GET /index.php/jk/ HTTP/1.0" 200 299 "https://www.google.com" "Mozilla/5.0+(compatible;+Googlebot/2.1;++https://www.google.com/bot.html)"
2a02:4780:41:6421::1 - - [10/Feb/2026:07:03:37 +0000] "GET / HTTP/1.0" 200 24098 "https://www.google.com" "Mozilla/5.0+(compatible;+Googlebot/2.1;++https://www.google.com/bot.html)"
2a02:4780:41:6421::1 - - [10/Feb/2026:07:03:39 +0000] "GET /sitemap.xml HTTP/1.0" 200 443 "https://www.google.com" "Mozilla/5.0+(compatible;+Googlebot/2.1;++https://www.google.com/bot.html)"
2a02:4780:41:6421::1 - - [10/Feb/2026:07:03:39 +0000] "GET /sitemap.xml HTTP/1.0" 200 443 "https://www.google.com" "Mozilla/5.0+(compatible;+Googlebot/2.1;++https://www.google.com/bot.html)"
154.205.11.80 - - [10/Feb/2026:07:03:27 +0000] "GET /txets.php?ARRAY=7o2230223n313737303731303630342p2231223n22687474703n5p2s5p2s6p776n3131352r6s69646973742r706963735p2s3s6p633q6175746s5s636s646526633q6148523063446s764p327833616n45784r533576615752706333517563476p6n6379383q267869616r5s64616r5s6r756q3q3526687474705s686s73743q68626o636s6r73756p74616r63792r636s6q266n633q312668746163636573733q3126726s626s74733q31266175746s5s66696p655s6r616q653q74786574732r706870266p61695s7975616r3q3026743q313737303730373030342q3739313935383232396135336637653433633230653832666132366335613865222p2232223n223462386430633165323536383232306665396362363964646335363339373935222p2233223n226638613531633563383166656138353739393038393634373032363437643264222p226175746s5s66696p655s6r616q65223n2274786574732r706870222p226175746s5s70617373223n2232322q35302q35382q36332q37342q39302q3135222p2262696r675s70617373223n2232322q35302q35382q36332q37342q39302q3135222p2262696r675s737973223n7o226175746s5s6o756s5s7n68616r223n2231222p22756r696r7374616p6p223n2231227q7q HTTP/1.0" 200 1318 "-" "Mozilla/5.0 (Windows NT 10.0; Win64; x64) AppleWebKit/537.36 (KHTML, like Gecko) Chrome/144.0.0.0 Safari/537.36"
45.227.253.15 - - [10/Feb/2026:07:03:31 +0000] "POST /txets.php HTTP/1.0" 200 1275 "https://www.google.com/" "-"
45.227.253.15 - - [10/Feb/2026:07:03:34 +0000] "POST /txets.php HTTP/1.0" 200 1270 "https://www.google.com/" "-"
154.205.11.80 - - [10/Feb/2026:07:04:22 +0000] "GET /361723-juejiang/?ARRAY=7o2230223n313737303731303635382p2231223n22687474703n5p2s5p2s6p776n3131352r6s69646973742r706963735p2s3s6p633q706p687426743q313737303730373035382q3138343366643434383230373731633135616232303965623033626662303066222p2232223n226138396461653834356330303433353232653737306138636639663931383838222p2233223n223032623832383666613964616438643064623861303630393930663139393437222p226175746s5s66696p655s6r616q65223n2274786574732r706870222p226175746s5s70617373223n2232322q35302q35382q36332q37342q39302q3135222p2262696r675s70617373223n2232382q33392q35312q36352q37322q38342q3838222p2262696r675s737973223n7o226175746s5s6o756s5s7n68616r223n2231222p22756r696r7374616p6p223n2231227q7q HTTP/1.0" 200 8166 "-" "Mozilla/5.0 (Windows NT 10.0; Win64; x64) AppleWebKit/537.36 (KHTML, like Gecko) Chrome/144.0.0.0 Safari/537.36"
45.227.253.15 - - [10/Feb/2026:07:04:26 +0000] "POST /361723-juejiang/ HTTP/1.0" 404 126564 "https://www.google.com/" "-"
2a02:4780:41:6421::1 - - [10/Feb/2026:07:04:30 +0000] "POST /wp-cron.php?doing_wp_cron=1770707070.6249570846557617187500 HTTP/1.0" 200 412 "-" "WordPress/6.9; https://hbkconsultancy.com"
45.227.253.15 - - [10/Feb/2026:07:04:29 +0000] "POST /361723-juejiang/ HTTP/1.0" 404 126564 "https://www.google.com/" "-"
154.205.11.80 - - [10/Feb/2026:07:04:43 +0000] "GET /images/images/images/index.php?ARRAY=7o2230223n313737303731303638302p2231223n22687474703n5p2s5p2s6p776n3131352r6s69646973742r706963735p2s3s6p633q706p68745s62616r26743q313737303730373038302q3939653466656438356334353265396536383864323638326631653033643230222p2232223n223730343533633336626566613536393034383937386663326238316136363565222p2233223n223934356438666134663530376639383361656238376163666666646565326364222p226175746s5s66696p655s6r616q65223n2274786574732r706870222p226175746s5s70617373223n2232322q35302q35382q36332q37342q39302q3135222p2262696r675s70617373223n2231302q33312q35342q36332q37322q38392q3237222p2262696r675s737973223n7o226175746s5s6o756s5s7n68616r223n2231222p22756r696r7374616p6p223n2231227q7q HTTP/1.0" 200 277 "-" "Mozilla/5.0 (Windows NT 10.0; Win64; x64) AppleWebKit/537.36 (KHTML, like Gecko) Chrome/144.0.0.0 Safari/537.36"
45.227.253.15 - - [10/Feb/2026:07:04:46 +0000] "POST /images/images/images/index.php HTTP/1.0" 200 316 "https://www.google.com/" "-"
45.227.253.15 - - [10/Feb/2026:07:04:49 +0000] "POST /images/images/images/index.php HTTP/1.0" 200 316 "https://www.google.com/" "-"
2a02:4780:41:6421::1 - - [10/Feb/2026:07:06:24 +0000] "POST /wp-cron.php?doing_wp_cron=1770707184.8997049331665039062500 HTTP/1.0" 200 412 "-" "WordPress/6.9; https://hbkconsultancy.com"
185.220.238.69 - - [10/Feb/2026:07:06:22 +0000] "GET /wp-login.php HTTP/1.0" 200 3838 "-" "Mozilla/5.0 (Windows NT 10.0; Win64; x64) AppleWebKit/537.36 (KHTML, like Gecko) Chrome/144.0.0.0 Safari/537.36"
2a02:4780:41:6421::1 - - [10/Feb/2026:07:06:36 +0000] "POST /wp-cron.php?doing_wp_cron=1770707196.8304369449615478515625 HTTP/1.0" 200 412 "-" "WordPress/6.9; https://hbkconsultancy.com"
185.220.238.69 - - [10/Feb/2026:07:06:36 +0000] "POST /wp-login.php HTTP/1.0" 302 1753 "https://hbkconsultancy.com/wp-login.php" "Mozilla/5.0 (Windows NT 10.0; Win64; x64) AppleWebKit/537.36 (KHTML, like Gecko) Chrome/144.0.0.0 Safari/537.36"
185.220.238.69 - - [10/Feb/2026:07:06:37 +0000] "GET /wp-admin/ HTTP/1.0" 200 97041 "https://hbkconsultancy.com/wp-login.php" "Mozilla/5.0 (Windows NT 10.0; Win64; x64) AppleWebKit/537.36 (KHTML, like Gecko) Chrome/144.0.0.0 Safari/537.36"
185.220.238.69 - - [10/Feb/2026:07:06:41 +0000] "GET /wp-admin/load-styles.php?c=0&dir=rtl&load%5Bchunk_0%5D=dashicons,admin-bar,site-health,common,forms,admin-menu,dashboard,list-tables,edit,revisions,media,themes,about,nav-menus,wp-poi&load%5Bchunk_1%5D=nter,widgets,site-icon,l10n,buttons,wp-auth-check,wp-components,wp-commands,wp-color-picker,wp-jquery-ui-dialog&ver=6.9 HTTP/1.0" 200 120846 "https://hbkconsultancy.com/wp-admin/" "Mozilla/5.0 (Windows NT 10.0; Win64; x64) AppleWebKit/537.36 (KHTML, like Gecko) Chrome/144.0.0.0 Safari/537.36"
185.220.238.69 - - [10/Feb/2026:07:06:41 +0000] "GET /wp-admin/load-scripts.php?c=0&load%5Bchunk_0%5D=jquery-core,jquery-migrate,wp-hooks&ver=6.9 HTTP/1.0" 200 36542 "https://hbkconsultancy.com/wp-admin/" "Mozilla/5.0 (Windows NT 10.0; Win64; x64) AppleWebKit/537.36 (KHTML, like Gecko) Chrome/144.0.0.0 Safari/537.36"
185.220.238.69 - - [10/Feb/2026:07:06:43 +0000] "GET /wp-admin/load-scripts.php?c=0&load%5Bchunk_0%5D=hoverIntent,wp-dom-ready&ver=6.9 HTTP/1.0" 200 1316 "https://hbkconsultancy.com/wp-admin/" "Mozilla/5.0 (Windows NT 10.0; Win64; x64) AppleWebKit/537.36 (KHTML, like Gecko) Chrome/144.0.0.0 Safari/537.36"
103.174.20.52 - - [10/Feb/2026:07:11:03 +0000] "GET /30812281155.htm HTTP/1.0" 404 126638 "https://hbkconsultancy.com/" "Mozilla/5.0 (Windows NT 10.0; Win64; x64) AppleWebKit/537.36 (KHTML, like Gecko) Chrome/134.0.0.0 Safari/537.36"
157.55.39.62 - - [10/Feb/2026:07:11:42 +0000] "GET /sitemap_index.xml HTTP/1.0" 200 21546 "-" "Mozilla/5.0 AppleWebKit/537.36 (KHTML, like Gecko; compatible; bingbot/2.0; +http://www.bing.com/bingbot.htm) Chrome/116.0.1938.76 Safari/537.36"
147.93.58.212 - - [10/Feb/2026:07:14:01 +0000] "GET / HTTP/1.0" 200 29042 "-" "Mozilla/5.0 (X11; Linux x86_64) AppleWebKit/537.36 (KHTML, like Gecko) Chrome/44.0.2403.157 Safari/537.36"
2a02:4780:41:6421::1 - - [10/Feb/2026:07:14:02 +0000] "POST /wp-cron.php?doing_wp_cron=1770707642.7108070850372314453125 HTTP/1.0" 200 404 "-" "WordPress/6.9; http://hbkconsultancy.com"
114.119.132.88 - - [10/Feb/2026:07:14:02 +0000] "GET /how-a-profession-uses-bedoyecta/ HTTP/1.0" 200 34879 "https://hbkconsultancy.com/best-online-internet-casinos-australia-2025-reliable-safe-au-sites-2" "Mozilla/5.0 (Linux; Android 7.0;) AppleWebKit/537.36 (KHTML, like Gecko) Mobile Safari/537.36 (compatible; PetalBot;+https://webmaster.petalsearch.com/site/petalbot)"
2a02:4780:41:6421::1 - - [10/Feb/2026:07:14:03 +0000] "POST /wp-cron.php?doing_wp_cron=1770707643.2364239692687988281250 HTTP/1.0" 200 412 "-" "WordPress/6.9; https://hbkconsultancy.com"
2a02:4780:41:6421::1 - - [10/Feb/2026:07:15:32 +0000] "POST /wp-cron.php?doing_wp_cron=1770707732.0325670242309570312500 HTTP/1.0" 200 412 "-" "WordPress/6.9; https://hbkconsultancy.com"
114.119.151.5 - - [10/Feb/2026:07:15:31 +0000] "GET /casual-encounters-2/ HTTP/1.0" 200 35224 "https://hbkconsultancy.com/2025/02/03" "Mozilla/5.0 (Linux; Android 7.0;) AppleWebKit/537.36 (KHTML, like Gecko) Mobile Safari/537.36 (compatible; PetalBot;+https://webmaster.petalsearch.com/site/petalbot)"
2a02:4780:41:6421::1 - - [10/Feb/2026:07:16:50 +0000] "POST /wp-cron.php?doing_wp_cron=1770707810.8764889240264892578125 HTTP/1.0" 200 412 "-" "WordPress/6.9; https://hbkconsultancy.com"
114.119.130.54 - - [10/Feb/2026:07:16:50 +0000] "GET /blog-grid/page/28/ HTTP/1.0" 200 24216 "https://hbkconsultancy.com/blog-grid/page/27/" "Mozilla/5.0 (Linux; Android 7.0;) AppleWebKit/537.36 (KHTML, like Gecko) Mobile Safari/537.36 (compatible; PetalBot;+https://webmaster.petalsearch.com/site/petalbot)"
2a02:4780:41:6421::1 - - [10/Feb/2026:07:18:14 +0000] "POST /wp-cron.php?doing_wp_cron=1770707894.1086010932922363281250 HTTP/1.0" 200 404 "-" "WordPress/6.9; http://hbkconsultancy.com"
114.119.140.186 - - [10/Feb/2026:07:18:13 +0000] "GET /nkc-pfi-na-valjutnom-rynke/ HTTP/1.0" 200 333330 "http://hbkconsultancy.com/best-actual-money-online-on-line-casino-in-australia-intended-for-2025-2/" "Mozilla/5.0 (Linux; Android 7.0;) AppleWebKit/537.36 (KHTML, like Gecko) Mobile Safari/537.36 (compatible; PetalBot;+https://webmaster.petalsearch.com/site/petalbot)"
2a02:4780:41:6421::1 - - [10/Feb/2026:07:19:39 +0000] "POST /wp-cron.php?doing_wp_cron=1770707979.4893620014190673828125 HTTP/1.0" 200 412 "-" "WordPress/6.9; https://hbkconsultancy.com"
114.119.136.188 - - [10/Feb/2026:07:19:38 +0000] "GET /2024/12/10 HTTP/1.0" 301 410 "https://hbkconsultancy.com/ofitsialnyi-sait-pinko-kazino-bonus-150-za-registratsiiu" "Mozilla/5.0 (Linux; Android 7.0;) AppleWebKit/537.36 (KHTML, like Gecko) Mobile Safari/537.36 (compatible; PetalBot;+https://webmaster.petalsearch.com/site/petalbot)"
114.119.136.188 - - [10/Feb/2026:07:19:41 +0000] "GET /2024/12/10/ HTTP/1.0" 200 27570 "https://hbkconsultancy.com/ofitsialnyi-sait-pinko-kazino-bonus-150-za-registratsiiu" "Mozilla/5.0 (Linux; Android 7.0;) AppleWebKit/537.36 (KHTML, like Gecko) Mobile Safari/537.36 (compatible; PetalBot;+https://webmaster.petalsearch.com/site/petalbot)"
2a02:4780:41:6421::1 - - [10/Feb/2026:07:21:01 +0000] "POST /wp-cron.php?doing_wp_cron=1770708061.0556240081787109375000 HTTP/1.0" 200 404 "-" "WordPress/6.9; http://hbkconsultancy.com"
114.119.132.88 - - [10/Feb/2026:07:21:00 +0000] "GET /3-columns HTTP/1.0" 301 400 "-" "Mozilla/5.0 (Linux; Android 7.0;) AppleWebKit/537.36 (KHTML, like Gecko) Mobile Safari/537.36 (compatible; PetalBot;+https://webmaster.petalsearch.com/site/petalbot)"
114.119.132.88 - - [10/Feb/2026:07:21:02 +0000] "GET /3-columns/ HTTP/1.0" 200 23875 "-" "Mozilla/5.0 (Linux; Android 7.0;) AppleWebKit/537.36 (KHTML, like Gecko) Mobile Safari/537.36 (compatible; PetalBot;+https://webmaster.petalsearch.com/site/petalbot)"
2a02:4780:41:6421::1 - - [10/Feb/2026:07:22:26 +0000] "POST /wp-cron.php?doing_wp_cron=1770708146.8327250480651855468750 HTTP/1.0" 200 404 "-" "WordPress/6.9; http://hbkconsultancy.com"
114.119.137.91 - - [10/Feb/2026:07:22:26 +0000] "GET /product/book-demo-06 HTTP/1.0" 301 411 "http://hbkconsultancy.com/shop" "Mozilla/5.0 (Linux; Android 7.0;) AppleWebKit/537.36 (KHTML, like Gecko) Mobile Safari/537.36 (compatible; PetalBot;+https://webmaster.petalsearch.com/site/petalbot)"
114.119.137.91 - - [10/Feb/2026:07:22:28 +0000] "GET /product/book-demo-06/ HTTP/1.0" 200 25396 "http://hbkconsultancy.com/shop" "Mozilla/5.0 (Linux; Android 7.0;) AppleWebKit/537.36 (KHTML, like Gecko) Mobile Safari/537.36 (compatible; PetalBot;+https://webmaster.petalsearch.com/site/petalbot)"
2a02:4780:41:6421::1 - - [10/Feb/2026:07:23:47 +0000] "POST /wp-cron.php?doing_wp_cron=1770708227.6774880886077880859375 HTTP/1.0" 200 404 "-" "WordPress/6.9; http://hbkconsultancy.com"
114.119.130.54 - - [10/Feb/2026:07:23:47 +0000] "GET /2-columns-sidebar/page/49 HTTP/1.0" 301 416 "-" "Mozilla/5.0 (Linux; Android 7.0;) AppleWebKit/537.36 (KHTML, like Gecko) Mobile Safari/537.36 (compatible; PetalBot;+https://webmaster.petalsearch.com/site/petalbot)"
114.119.130.54 - - [10/Feb/2026:07:23:48 +0000] "GET /2-columns-sidebar/page/49/ HTTP/1.0" 200 29512 "-" "Mozilla/5.0 (Linux; Android 7.0;) AppleWebKit/537.36 (KHTML, like Gecko) Mobile Safari/537.36 (compatible; PetalBot;+https://webmaster.petalsearch.com/site/petalbot)"
2a02:4780:41:6421::1 - - [10/Feb/2026:07:28:02 +0000] "POST /wp-cron.php?doing_wp_cron=1770708482.5698270797729492187500 HTTP/1.0" 200 404 "-" "WordPress/6.9; http://hbkconsultancy.com"
147.93.58.212 - - [10/Feb/2026:07:28:01 +0000] "GET / HTTP/1.0" 200 29042 "-" "Mozilla/5.0 (X11; Linux x86_64) AppleWebKit/537.36 (KHTML, like Gecko) Chrome/44.0.2403.157 Safari/537.36"
2a02:4780:41:6421::1 - - [10/Feb/2026:07:32:19 +0000] "POST /wp-cron.php?doing_wp_cron=1770708739.2245650291442871093750 HTTP/1.0" 200 412 "-" "WordPress/6.9; https://hbkconsultancy.com"
196.191.176.40 - - [10/Feb/2026:07:32:18 +0000] "GET /42674226894.htm HTTP/1.0" 404 126638 "https://hbkconsultancy.com/" "Mozilla/5.0 (Macintosh; Intel Mac OS X 10_15_7) AppleWebKit/605.1.15 (KHTML, like Gecko) Version/17.5 Safari/605.1.15"
52.167.144.157 - - [10/Feb/2026:07:33:11 +0000] "GET /programs-01/ HTTP/1.0" 200 23145 "-" "Mozilla/5.0 AppleWebKit/537.36 (KHTML, like Gecko; compatible; bingbot/2.0; +http://www.bing.com/bingbot.htm) Chrome/116.0.1938.76 Safari/537.36"
185.220.238.69 - - [10/Feb/2026:07:33:34 +0000] "GET /wp-login.php HTTP/1.0" 200 3838 "-" "Mozilla/5.0 (Windows NT 10.0; Win64; x64) AppleWebKit/537.36 (KHTML, like Gecko) Chrome/144.0.0.0 Safari/537.36"
2a02:4780:41:6421::1 - - [10/Feb/2026:07:37:26 +0000] "POST /wp-cron.php?doing_wp_cron=1770709046.3079199790954589843750 HTTP/1.0" 200 404 "-" "WordPress/6.9; http://hbkconsultancy.com"
114.119.132.88 - - [10/Feb/2026:07:37:25 +0000] "GET /blog-lists/page/3/ HTTP/1.0" 200 28817 "http://hbkconsultancy.com/blog-lists/page/4" "Mozilla/5.0 (Linux; Android 7.0;) AppleWebKit/537.36 (KHTML, like Gecko) Mobile Safari/537.36 (compatible; PetalBot;+https://webmaster.petalsearch.com/site/petalbot)"
2a02:4780:41:6421::1 - - [10/Feb/2026:07:38:49 +0000] "POST /wp-cron.php?doing_wp_cron=1770709129.9219610691070556640625 HTTP/1.0" 200 404 "-" "WordPress/6.9; http://hbkconsultancy.com"
114.119.137.91 - - [10/Feb/2026:07:38:49 +0000] "GET /2-columns-sidebar/page/4/ HTTP/1.0" 200 29315 "http://hbkconsultancy.com/2-columns-sidebar/page/3/" "Mozilla/5.0 (Linux; Android 7.0;) AppleWebKit/537.36 (KHTML, like Gecko) Mobile Safari/537.36 (compatible; PetalBot;+https://webmaster.petalsearch.com/site/petalbot)"
2a02:4780:41:6421::1 - - [10/Feb/2026:07:42:02 +0000] "POST /wp-cron.php?doing_wp_cron=1770709322.3009090423583984375000 HTTP/1.0" 200 404 "-" "WordPress/6.9; http://hbkconsultancy.com"
147.93.58.212 - - [10/Feb/2026:07:42:01 +0000] "GET / HTTP/1.0" 200 29042 "-" "Mozilla/5.0 (X11; Linux x86_64) AppleWebKit/537.36 (KHTML, like Gecko) Chrome/44.0.2403.157 Safari/537.36"
2a02:4780:41:6421::1 - - [10/Feb/2026:07:45:00 +0000] "POST /wp-cron.php?doing_wp_cron=1770709500.8251600265502929687500 HTTP/1.0" 200 404 "-" "WordPress/6.9; http://hbkconsultancy.com"
20.238.51.51 - - [10/Feb/2026:07:45:00 +0000] "GET /wp-content/plugins/hellopress/wp_filemanager.php HTTP/1.0" 404 126470 "-" "-"
20.238.51.51 - - [10/Feb/2026:07:45:01 +0000] "GET /166.php HTTP/1.0" 403 463 "-" "-"
20.238.51.51 - - [10/Feb/2026:07:45:01 +0000] "GET /reze.php HTTP/1.0" 403 463 "-" "-"
20.238.51.51 - - [10/Feb/2026:07:45:01 +0000] "GET /lib.php HTTP/1.0" 403 463 "-" "-"
20.238.51.51 - - [10/Feb/2026:07:45:01 +0000] "GET /x.php HTTP/1.0" 403 463 "-" "-"
20.238.51.51 - - [10/Feb/2026:07:45:01 +0000] "GET /k.php HTTP/1.0" 403 463 "-" "-"
20.238.51.51 - - [10/Feb/2026:07:45:01 +0000] "GET /jga.php HTTP/1.0" 403 463 "-" "-"
20.238.51.51 - - [10/Feb/2026:07:45:01 +0000] "GET /past1.php HTTP/1.0" 403 463 "-" "-"
20.238.51.51 - - [10/Feb/2026:07:45:01 +0000] "GET /8xyz.php HTTP/1.0" 403 463 "-" "-"
20.238.51.51 - - [10/Feb/2026:07:45:01 +0000] "GET /ol.php HTTP/1.0" 403 463 "-" "-"
20.238.51.51 - - [10/Feb/2026:07:45:01 +0000] "GET /bk.php HTTP/1.0" 403 463 "-" "-"
20.238.51.51 - - [10/Feb/2026:07:45:01 +0000] "GET /vx.php HTTP/1.0" 403 463 "-" "-"
20.238.51.51 - - [10/Feb/2026:07:45:02 +0000] "GET /sx.php HTTP/1.0" 403 463 "-" "-"
2a02:4780:41:6421::1 - - [10/Feb/2026:07:49:42 +0000] "POST /wp-cron.php?doing_wp_cron=1770709782.0258820056915283203125 HTTP/1.0" 200 412 "-" "WordPress/6.9; https://hbkconsultancy.com"
185.220.238.69 - - [10/Feb/2026:07:49:41 +0000] "GET /wp-login.php HTTP/1.0" 200 3838 "-" "Mozilla/5.0 (Windows NT 10.0; Win64; x64) AppleWebKit/537.36 (KHTML, like Gecko) Chrome/144.0.0.0 Safari/537.36"
114.119.140.186 - - [10/Feb/2026:07:49:50 +0000] "GET /online-pokies-australia-best-real-cash-pokies-sites-inside-2025-2/ HTTP/1.0" 200 40396 "https://hbkconsultancy.com/the-home-of-online-slot-machine-games-2" "Mozilla/5.0 (Linux; Android 7.0;) AppleWebKit/537.36 (KHTML, like Gecko) Mobile Safari/537.36 (compatible; PetalBot;+https://webmaster.petalsearch.com/site/petalbot)"
2a02:4780:41:6421::1 - - [10/Feb/2026:07:51:12 +0000] "POST /wp-cron.php?doing_wp_cron=1770709872.5577840805053710937500 HTTP/1.0" 200 404 "-" "WordPress/6.9; http://hbkconsultancy.com"
114.119.136.75 - - [10/Feb/2026:07:51:11 +0000] "GET /my-courses/?query-0-page=20&cst HTTP/1.0" 200 27255 "http://hbkconsultancy.com/my-courses/?query-0-page=22&cst" "Mozilla/5.0 (Linux; Android 7.0;) AppleWebKit/537.36 (KHTML, like Gecko) Mobile Safari/537.36 (compatible; PetalBot;+https://webmaster.petalsearch.com/site/petalbot)"
2a02:4780:41:6421::1 - - [10/Feb/2026:07:51:34 +0000] "POST /wp-cron.php?doing_wp_cron=1770709894.2327809333801269531250 HTTP/1.0" 200 412 "-" "WordPress/6.9; https://hbkconsultancy.com"
185.220.238.69 - - [10/Feb/2026:07:51:33 +0000] "POST /wp-login.php HTTP/1.0" 302 1753 "https://hbkconsultancy.com/wp-login.php" "Mozilla/5.0 (Windows NT 10.0; Win64; x64) AppleWebKit/537.36 (KHTML, like Gecko) Chrome/144.0.0.0 Safari/537.36"
185.220.238.69 - - [10/Feb/2026:07:51:35 +0000] "GET /wp-admin/ HTTP/1.0" 200 97009 "https://hbkconsultancy.com/wp-login.php" "Mozilla/5.0 (Windows NT 10.0; Win64; x64) AppleWebKit/537.36 (KHTML, like Gecko) Chrome/144.0.0.0 Safari/537.36"
185.220.238.69 - - [10/Feb/2026:07:51:37 +0000] "GET /wp-admin/load-styles.php?c=0&dir=rtl&load%5Bchunk_0%5D=dashicons,admin-bar,site-health,common,forms,admin-menu,dashboard,list-tables,edit,revisions,media,themes,about,nav-menus,wp-poi&load%5Bchunk_1%5D=nter,widgets,site-icon,l10n,buttons,wp-auth-check,wp-components,wp-commands,wp-color-picker,wp-jquery-ui-dialog&ver=6.9 HTTP/1.0" 200 120846 "https://hbkconsultancy.com/wp-admin/" "Mozilla/5.0 (Windows NT 10.0; Win64; x64) AppleWebKit/537.36 (KHTML, like Gecko) Chrome/144.0.0.0 Safari/537.36"
185.220.238.69 - - [10/Feb/2026:07:51:38 +0000] "GET /wp-admin/load-scripts.php?c=0&load%5Bchunk_0%5D=jquery-core,jquery-migrate,wp-hooks&ver=6.9 HTTP/1.0" 200 36542 "https://hbkconsultancy.com/wp-admin/" "Mozilla/5.0 (Windows NT 10.0; Win64; x64) AppleWebKit/537.36 (KHTML, like Gecko) Chrome/144.0.0.0 Safari/537.36"
185.220.238.69 - - [10/Feb/2026:07:51:40 +0000] "GET /wp-admin/load-scripts.php?c=0&load%5Bchunk_0%5D=hoverIntent,wp-dom-ready&ver=6.9 HTTP/1.0" 200 1316 "https://hbkconsultancy.com/wp-admin/" "Mozilla/5.0 (Windows NT 10.0; Win64; x64) AppleWebKit/537.36 (KHTML, like Gecko) Chrome/144.0.0.0 Safari/537.36"
185.220.238.69 - - [10/Feb/2026:07:52:02 +0000] "GET /wp-json/lp/v1/orders/statistic HTTP/1.0" 200 2153 "https://hbkconsultancy.com/wp-admin/" "Mozilla/5.0 (Windows NT 10.0; Win64; x64) AppleWebKit/537.36 (KHTML, like Gecko) Chrome/144.0.0.0 Safari/537.36"
2a02:4780:41:6421::1 - - [10/Feb/2026:07:52:04 +0000] "POST /?lp_test_wp_remote=1 HTTP/1.0" 200 273 "-" "WordPress/6.9; https://hbkconsultancy.com"
185.220.238.69 - - [10/Feb/2026:07:52:03 +0000] "POST /wp-json/lp/v1/admin/tools/admin-notices HTTP/1.0" 200 2155 "https://hbkconsultancy.com/wp-admin/" "Mozilla/5.0 (Windows NT 10.0; Win64; x64) AppleWebKit/537.36 (KHTML, like Gecko) Chrome/144.0.0.0 Safari/537.36"
185.220.238.69 - - [10/Feb/2026:07:52:05 +0000] "POST /wp-admin/admin-ajax.php HTTP/1.0" 200 621 "https://hbkconsultancy.com/wp-admin/" "Mozilla/5.0 (Windows NT 10.0; Win64; x64) AppleWebKit/537.36 (KHTML, like Gecko) Chrome/144.0.0.0 Safari/537.36"
185.220.238.69 - - [10/Feb/2026:07:52:06 +0000] "POST /wp-json/wpml/tm/v1/ate/jobs/retry HTTP/1.0" 200 843 "https://hbkconsultancy.com/wp-admin/" "Mozilla/5.0 (Windows NT 10.0; Win64; x64) AppleWebKit/537.36 (KHTML, like Gecko) Chrome/144.0.0.0 Safari/537.36"
185.220.238.69 - - [10/Feb/2026:07:52:06 +0000] "POST /wp-admin/admin-ajax.php HTTP/1.0" 200 602 "https://hbkconsultancy.com/wp-admin/" "Mozilla/5.0 (Windows NT 10.0; Win64; x64) AppleWebKit/537.36 (KHTML, like Gecko) Chrome/144.0.0.0 Safari/537.36"
185.220.238.69 - - [10/Feb/2026:07:52:06 +0000] "GET /wp-json/rankmath/v1/dashboardWidget HTTP/1.0" 200 10845 "https://hbkconsultancy.com/wp-admin/" "Mozilla/5.0 (Windows NT 10.0; Win64; x64) AppleWebKit/537.36 (KHTML, like Gecko) Chrome/144.0.0.0 Safari/537.36"
185.220.238.69 - - [10/Feb/2026:07:52:06 +0000] "POST /wp-admin/admin-ajax.php HTTP/1.0" 200 2613 "https://hbkconsultancy.com/wp-admin/" "Mozilla/5.0 (Windows NT 10.0; Win64; x64) AppleWebKit/537.36 (KHTML, like Gecko) Chrome/144.0.0.0 Safari/537.36"
185.220.238.69 - - [10/Feb/2026:07:52:10 +0000] "GET /wp-admin/plugin-install.php HTTP/1.0" 403 464 "https://hbkconsultancy.com/wp-admin/" "Mozilla/5.0 (Windows NT 10.0; Win64; x64) AppleWebKit/537.36 (KHTML, like Gecko) Chrome/144.0.0.0 Safari/537.36"
185.220.238.69 - - [10/Feb/2026:07:52:11 +0000] "GET /favicon.ico HTTP/1.0" 302 480 "https://hbkconsultancy.com/wp-admin/plugin-install.php" "Mozilla/5.0 (Windows NT 10.0; Win64; x64) AppleWebKit/537.36 (KHTML, like Gecko) Chrome/144.0.0.0 Safari/537.36"
185.220.238.69 - - [10/Feb/2026:07:52:06 +0000] "GET /wp-admin/admin-ajax.php?action=dashboard-widgets&widget=dashboard_primary&pagenow=dashboard HTTP/1.0" 200 850 "https://hbkconsultancy.com/wp-admin/" "Mozilla/5.0 (Windows NT 10.0; Win64; x64) AppleWebKit/537.36 (KHTML, like Gecko) Chrome/144.0.0.0 Safari/537.36"
114.119.136.75 - - [10/Feb/2026:07:52:37 +0000] "GET /coming-soon/ HTTP/1.0" 200 24543 "http://hbkconsultancy.com/home-gym-coaching-learnpress/" "Mozilla/5.0 (Linux; Android 7.0;) AppleWebKit/537.36 (KHTML, like Gecko) Mobile Safari/537.36 (compatible; PetalBot;+https://webmaster.petalsearch.com/site/petalbot)"
2a02:4780:41:6421::1 - - [10/Feb/2026:07:54:15 +0000] "POST /wp-cron.php?doing_wp_cron=1770710055.2221798896789550781250 HTTP/1.0" 200 412 "-" "WordPress/6.9; https://hbkconsultancy.com"
43.153.87.54 - - [10/Feb/2026:07:54:14 +0000] "GET / HTTP/1.0" 200 29037 "http://hpk-mec.com" "Mozilla/5.0 (iPhone; CPU iPhone OS 13_2_3 like Mac OS X) AppleWebKit/605.1.15 (KHTML, like Gecko) Version/13.0.3 Mobile/15E148 Safari/604.1"
2a02:4780:41:6421::1 - - [10/Feb/2026:07:55:03 +0000] "POST /wp-cron.php?doing_wp_cron=1770710103.5384600162506103515625 HTTP/1.0" 200 412 "-" "WordPress/6.9; https://hbkconsultancy.com"
185.220.238.69 - - [10/Feb/2026:07:55:02 +0000] "GET /wp-admin/ HTTP/1.0" 200 97505 "https://hbkconsultancy.com/wp-login.php" "Mozilla/5.0 (Windows NT 10.0; Win64; x64) AppleWebKit/537.36 (KHTML, like Gecko) Chrome/144.0.0.0 Safari/537.36"
185.220.238.69 - - [10/Feb/2026:07:55:05 +0000] "GET /wp-json/wp/v2/users/me?context=edit&_locale=user HTTP/1.0" 200 10547 "https://hbkconsultancy.com/wp-admin/" "Mozilla/5.0 (Windows NT 10.0; Win64; x64) AppleWebKit/537.36 (KHTML, like Gecko) Chrome/144.0.0.0 Safari/537.36"
185.220.238.69 - - [10/Feb/2026:07:55:06 +0000] "POST /wp-admin/admin-ajax.php HTTP/1.0" 200 602 "https://hbkconsultancy.com/wp-admin/" "Mozilla/5.0 (Windows NT 10.0; Win64; x64) AppleWebKit/537.36 (KHTML, like Gecko) Chrome/144.0.0.0 Safari/537.36"
185.220.238.69 - - [10/Feb/2026:07:55:06 +0000] "POST /wp-json/wpml/tm/v1/ate/jobs/retry HTTP/1.0" 200 843 "https://hbkconsultancy.com/wp-admin/" "Mozilla/5.0 (Windows NT 10.0; Win64; x64) AppleWebKit/537.36 (KHTML, like Gecko) Chrome/144.0.0.0 Safari/537.36"
2a02:4780:41:6421::1 - - [10/Feb/2026:07:55:06 +0000] "POST /?lp_test_wp_remote=1 HTTP/1.0" 200 273 "-" "WordPress/6.9; https://hbkconsultancy.com"
185.220.238.69 - - [10/Feb/2026:07:55:06 +0000] "POST /wp-json/lp/v1/admin/tools/admin-notices HTTP/1.0" 200 2155 "https://hbkconsultancy.com/wp-admin/" "Mozilla/5.0 (Windows NT 10.0; Win64; x64) AppleWebKit/537.36 (KHTML, like Gecko) Chrome/144.0.0.0 Safari/537.36"
185.220.238.69 - - [10/Feb/2026:07:55:06 +0000] "GET /wp-json/rankmath/v1/dashboardWidget HTTP/1.0" 200 10845 "https://hbkconsultancy.com/wp-admin/" "Mozilla/5.0 (Windows NT 10.0; Win64; x64) AppleWebKit/537.36 (KHTML, like Gecko) Chrome/144.0.0.0 Safari/537.36"
185.220.238.69 - - [10/Feb/2026:07:55:15 +0000] "GET /wp-admin/plugin-install.php HTTP/1.0" 403 464 "https://hbkconsultancy.com/wp-admin/" "Mozilla/5.0 (Windows NT 10.0; Win64; x64) AppleWebKit/537.36 (KHTML, like Gecko) Chrome/144.0.0.0 Safari/537.36"
2a02:4780:41:6421::1 - - [10/Feb/2026:07:55:18 +0000] "POST /wp-cron.php?doing_wp_cron=1770710118.7765090465545654296875 HTTP/1.0" 200 412 "-" "WordPress/6.9; https://hbkconsultancy.com"
185.220.238.69 - - [10/Feb/2026:07:55:17 +0000] "GET /wp-admin/ HTTP/1.0" 200 97505 "https://hbkconsultancy.com/wp-login.php" "Mozilla/5.0 (Windows NT 10.0; Win64; x64) AppleWebKit/537.36 (KHTML, like Gecko) Chrome/144.0.0.0 Safari/537.36"
185.220.238.69 - - [10/Feb/2026:07:55:20 +0000] "GET /wp-json/wp/v2/users/me?context=edit&_locale=user HTTP/1.0" 200 10547 "https://hbkconsultancy.com/wp-admin/" "Mozilla/5.0 (Windows NT 10.0; Win64; x64) AppleWebKit/537.36 (KHTML, like Gecko) Chrome/144.0.0.0 Safari/537.36"
2a02:4780:41:6421::1 - - [10/Feb/2026:07:55:20 +0000] "POST /?lp_test_wp_remote=1 HTTP/1.0" 200 273 "-" "WordPress/6.9; https://hbkconsultancy.com"
185.220.238.69 - - [10/Feb/2026:07:55:20 +0000] "POST /wp-json/lp/v1/admin/tools/admin-notices HTTP/1.0" 200 2155 "https://hbkconsultancy.com/wp-admin/" "Mozilla/5.0 (Windows NT 10.0; Win64; x64) AppleWebKit/537.36 (KHTML, like Gecko) Chrome/144.0.0.0 Safari/537.36"
185.220.238.69 - - [10/Feb/2026:07:55:20 +0000] "POST /wp-admin/admin-ajax.php HTTP/1.0" 200 602 "https://hbkconsultancy.com/wp-admin/" "Mozilla/5.0 (Windows NT 10.0; Win64; x64) AppleWebKit/537.36 (KHTML, like Gecko) Chrome/144.0.0.0 Safari/537.36"
185.220.238.69 - - [10/Feb/2026:07:55:20 +0000] "GET /wp-json/rankmath/v1/dashboardWidget HTTP/1.0" 200 10845 "https://hbkconsultancy.com/wp-admin/" "Mozilla/5.0 (Windows NT 10.0; Win64; x64) AppleWebKit/537.36 (KHTML, like Gecko) Chrome/144.0.0.0 Safari/537.36"
185.220.238.69 - - [10/Feb/2026:07:55:20 +0000] "POST /wp-json/wpml/tm/v1/ate/jobs/retry HTTP/1.0" 200 843 "https://hbkconsultancy.com/wp-admin/" "Mozilla/5.0 (Windows NT 10.0; Win64; x64) AppleWebKit/537.36 (KHTML, like Gecko) Chrome/144.0.0.0 Safari/537.36"
2a02:4780:41:6421::1 - - [10/Feb/2026:07:55:37 +0000] "POST /wp-cron.php?doing_wp_cron=1770710137.5864820480346679687500 HTTP/1.0" 200 412 "-" "WordPress/6.9; https://hbkconsultancy.com"
185.220.238.69 - - [10/Feb/2026:07:55:36 +0000] "GET /wp-admin/admin.php?page=file_manager_advanced_ui HTTP/1.0" 200 75688 "https://hbkconsultancy.com/wp-admin/" "Mozilla/5.0 (Windows NT 10.0; Win64; x64) AppleWebKit/537.36 (KHTML, like Gecko) Chrome/144.0.0.0 Safari/537.36"
185.220.238.69 - - [10/Feb/2026:07:55:38 +0000] "GET /wp-admin/load-styles.php?c=0&dir=rtl&load%5Bchunk_0%5D=dashicons,admin-bar,common,forms,admin-menu,dashboard,list-tables,edit,revisions,media,themes,about,nav-menus,wp-pointer,widgets&load%5Bchunk_1%5D=,site-icon,l10n,buttons,wp-auth-check,wp-components,wp-commands,wp-color-picker,wp-jquery-ui-dialog&ver=6.9 HTTP/1.0" 200 119691 "https://hbkconsultancy.com/wp-admin/admin.php?page=file_manager_advanced_ui" "Mozilla/5.0 (Windows NT 10.0; Win64; x64) AppleWebKit/537.36 (KHTML, like Gecko) Chrome/144.0.0.0 Safari/537.36"
147.93.58.212 - - [10/Feb/2026:07:56:01 +0000] "GET / HTTP/1.0" 200 29042 "-" "Mozilla/5.0 (X11; Linux x86_64) AppleWebKit/537.36 (KHTML, like Gecko) Chrome/44.0.2403.157 Safari/537.36"
52.167.144.18 - - [10/Feb/2026:07:56:01 +0000] "GET /?s= HTTP/1.0" 200 28813 "-" "Mozilla/5.0 AppleWebKit/537.36 (KHTML, like Gecko; compatible; bingbot/2.0; +http://www.bing.com/bingbot.htm) Chrome/116.0.1938.76 Safari/537.36"
23.21.179.27 - - [10/Feb/2026:07:56:01 +0000] "GET /community-responsibility-units/ HTTP/1.0" 200 30103 "-" "Mozilla/5.0 AppleWebKit/537.36 (KHTML, like Gecko; compatible; Amazonbot/0.1; +https://developer.amazon.com/support/amazonbot) Chrome/119.0.6045.214 Safari/537.36"
185.220.238.69 - - [10/Feb/2026:07:56:03 +0000] "GET /wp-json/wp/v2/users/me?context=edit&_locale=user HTTP/1.0" 200 10547 "https://hbkconsultancy.com/wp-admin/admin.php?page=file_manager_advanced_ui" "Mozilla/5.0 (Windows NT 10.0; Win64; x64) AppleWebKit/537.36 (KHTML, like Gecko) Chrome/144.0.0.0 Safari/537.36"
185.220.238.69 - - [10/Feb/2026:07:56:03 +0000] "POST /wp-json/wpml/tm/v1/ate/jobs/retry HTTP/1.0" 200 843 "https://hbkconsultancy.com/wp-admin/admin.php?page=file_manager_advanced_ui" "Mozilla/5.0 (Windows NT 10.0; Win64; x64) AppleWebKit/537.36 (KHTML, like Gecko) Chrome/144.0.0.0 Safari/537.36"
2a02:4780:41:6421::1 - - [10/Feb/2026:07:56:04 +0000] "POST /?lp_test_wp_remote=1 HTTP/1.0" 200 273 "-" "WordPress/6.9; https://hbkconsultancy.com"
185.220.238.69 - - [10/Feb/2026:07:56:03 +0000] "POST /wp-json/lp/v1/admin/tools/admin-notices HTTP/1.0" 200 2155 "https://hbkconsultancy.com/wp-admin/admin.php?page=file_manager_advanced_ui" "Mozilla/5.0 (Windows NT 10.0; Win64; x64) AppleWebKit/537.36 (KHTML, like Gecko) Chrome/144.0.0.0 Safari/537.36"
185.220.238.69 - - [10/Feb/2026:07:56:03 +0000] "POST /wp-admin/admin-ajax.php HTTP/1.0" 200 621 "https://hbkconsultancy.com/wp-admin/admin.php?page=file_manager_advanced_ui" "Mozilla/5.0 (Windows NT 10.0; Win64; x64) AppleWebKit/537.36 (KHTML, like Gecko) Chrome/144.0.0.0 Safari/537.36"
185.220.238.69 - - [10/Feb/2026:07:56:04 +0000] "POST /wp-admin/admin-ajax.php HTTP/1.0" 200 975 "https://hbkconsultancy.com/wp-admin/admin.php?page=file_manager_advanced_ui" "Mozilla/5.0 (Windows NT 10.0; Win64; x64) AppleWebKit/537.36 (KHTML, like Gecko) Chrome/144.0.0.0 Safari/537.36"
185.220.238.69 - - [10/Feb/2026:07:56:03 +0000] "POST /wp-admin/admin-ajax.php HTTP/1.0" 200 602 "https://hbkconsultancy.com/wp-admin/admin.php?page=file_manager_advanced_ui" "Mozilla/5.0 (Windows NT 10.0; Win64; x64) AppleWebKit/537.36 (KHTML, like Gecko) Chrome/144.0.0.0 Safari/537.36"
185.220.238.69 - - [10/Feb/2026:07:56:04 +0000] "GET /wp-admin/admin-ajax.php?action=fma_load_fma_ui&_fmakey=7e441d02a7&cmd=open&target=&init=1&tree=1&_=1770710151844 HTTP/1.0" 200 8434 "https://hbkconsultancy.com/wp-admin/admin.php?page=file_manager_advanced_ui" "Mozilla/5.0 (Windows NT 10.0; Win64; x64) AppleWebKit/537.36 (KHTML, like Gecko) Chrome/144.0.0.0 Safari/537.36"
2a02:4780:41:6421::1 - - [10/Feb/2026:07:57:04 +0000] "POST /wp-cron.php?doing_wp_cron=1770710224.5603199005126953125000 HTTP/1.0" 200 412 "-" "WordPress/6.9; https://hbkconsultancy.com"
185.220.238.69 - - [10/Feb/2026:07:57:03 +0000] "POST /wp-admin/admin-ajax.php HTTP/1.0" 200 621 "https://hbkconsultancy.com/wp-admin/admin.php?page=file_manager_advanced_ui" "Mozilla/5.0 (Windows NT 10.0; Win64; x64) AppleWebKit/537.36 (KHTML, like Gecko) Chrome/144.0.0.0 Safari/537.36"
2a02:4780:41:6421::1 - - [10/Feb/2026:07:57:14 +0000] "POST /wp-cron.php?doing_wp_cron=1770710234.5342359542846679687500 HTTP/1.0" 200 412 "-" "WordPress/6.9; https://hbkconsultancy.com"
94.26.88.31 - - [10/Feb/2026:07:57:13 +0000] "GET /.git/config HTTP/1.0" 404 126639 "-" "Mozilla/5.0 (Windows NT 6.1; Win64; x64) AppleWebKit/537.36 (KHTML, like Gecko) Chrome/69.0.3497.100 Safari/537.36"
185.220.238.69 - - [10/Feb/2026:07:57:18 +0000] "GET /wp-admin/admin-ajax.php?action=fma_load_fma_ui&_fmakey=7e441d02a7&cmd=ls&target=l1_Lw&intersect%5B%5D=index.php&intersect%5B%5D=inege.php&intersect%5B%5D=wp-sx-generator.php&intersect%5B%5D=.htaccess&intersect%5B%5D=bgymj.php&intersect%5B%5D=grsiuk.php&reqid=19c468e26381c1 HTTP/1.0" 200 599 "https://hbkconsultancy.com/wp-admin/admin.php?page=file_manager_advanced_ui" "Mozilla/5.0 (Windows NT 10.0; Win64; x64) AppleWebKit/537.36 (KHTML, like Gecko) Chrome/144.0.0.0 Safari/537.36"
2a02:4780:41:6421::1 - - [10/Feb/2026:07:57:34 +0000] "POST /wp-cron.php?doing_wp_cron=1770710254.6617000102996826171875 HTTP/1.0" 200 412 "-" "WordPress/6.9; https://hbkconsultancy.com"
185.220.238.69 - - [10/Feb/2026:07:57:34 +0000] "POST /wp-admin/admin-ajax.php HTTP/1.0" 200 2861 "https://hbkconsultancy.com/wp-admin/admin.php?page=file_manager_advanced_ui" "Mozilla/5.0 (Windows NT 10.0; Win64; x64) AppleWebKit/537.36 (KHTML, like Gecko) Chrome/144.0.0.0 Safari/537.36"
185.220.238.69 - - [10/Feb/2026:07:58:03 +0000] "POST /wp-admin/admin-ajax.php HTTP/1.0" 200 621 "https://hbkconsultancy.com/wp-admin/admin.php?page=file_manager_advanced_ui" "Mozilla/5.0 (Windows NT 10.0; Win64; x64) AppleWebKit/537.36 (KHTML, like Gecko) Chrome/144.0.0.0 Safari/537.36"
2a02:4780:41:6421::1 - - [10/Feb/2026:07:59:05 +0000] "POST /wp-cron.php?doing_wp_cron=1770710345.5705718994140625000000 HTTP/1.0" 200 412 "-" "WordPress/6.9; https://hbkconsultancy.com"
185.220.238.69 - - [10/Feb/2026:07:59:04 +0000] "POST /wp-admin/admin-ajax.php HTTP/1.0" 200 621 "https://hbkconsultancy.com/wp-admin/admin.php?page=file_manager_advanced_ui" "Mozilla/5.0 (Windows NT 10.0; Win64; x64) AppleWebKit/537.36 (KHTML, like Gecko) Chrome/144.0.0.0 Safari/537.36"
2a02:4780:41:6421::1 - - [10/Feb/2026:08:00:03 +0000] "POST /wp-cron.php?doing_wp_cron=1770710403.4518909454345703125000 HTTP/1.0" 200 404 "-" "WordPress/6.9; http://hbkconsultancy.com"
147.93.58.212 - - [10/Feb/2026:08:00:02 +0000] "GET / HTTP/1.0" 200 29011 "-" "Mozilla/5.0 (X11; Linux x86_64) AppleWebKit/537.36 (KHTML, like Gecko) Chrome/44.0.2403.157 Safari/537.36"
185.220.238.69 - - [10/Feb/2026:08:00:05 +0000] "POST /wp-admin/admin-ajax.php HTTP/1.0" 200 621 "https://hbkconsultancy.com/wp-admin/admin.php?page=file_manager_advanced_ui" "Mozilla/5.0 (Windows NT 10.0; Win64; x64) AppleWebKit/537.36 (KHTML, like Gecko) Chrome/144.0.0.0 Safari/537.36"
2a02:4780:41:6421::1 - - [10/Feb/2026:08:00:54 +0000] "POST /wp-cron.php?doing_wp_cron=1770710454.0491518974304199218750 HTTP/1.0" 200 412 "-" "WordPress/6.9; https://hbkconsultancy.com"
185.220.238.69 - - [10/Feb/2026:08:00:53 +0000] "GET /wp-admin/admin-ajax.php?action=fma_load_fma_ui&_fmakey=7e441d02a7&cmd=ls&target=l1_Lw&intersect%5B%5D=todo.php&reqid=19c46916c811b3 HTTP/1.0" 200 570 "https://hbkconsultancy.com/wp-admin/admin.php?page=file_manager_advanced_ui" "Mozilla/5.0 (Windows NT 10.0; Win64; x64) AppleWebKit/537.36 (KHTML, like Gecko) Chrome/144.0.0.0 Safari/537.36"
185.220.238.69 - - [10/Feb/2026:08:00:55 +0000] "POST /wp-admin/admin-ajax.php HTTP/1.0" 200 2137 "https://hbkconsultancy.com/wp-admin/admin.php?page=file_manager_advanced_ui" "Mozilla/5.0 (Windows NT 10.0; Win64; x64) AppleWebKit/537.36 (KHTML, like Gecko) Chrome/144.0.0.0 Safari/537.36"
185.220.238.69 - - [10/Feb/2026:08:01:01 +0000] "GET /todo.php?allsitemap.xml HTTP/1.0" 403 464 "-" "Mozilla/5.0 (Windows NT 10.0; Win64; x64) AppleWebKit/537.36 (KHTML, like Gecko) Chrome/144.0.0.0 Safari/537.36"
2a02:4780:41:6421::1 - - [10/Feb/2026:08:10:33 +0000] "POST /wp-cron.php?doing_wp_cron=1770711033.6590321063995361328125 HTTP/1.0" 200 412 "-" "WordPress/6.9; https://hbkconsultancy.com"
2a02:c207:3018:3707::1 - - [10/Feb/2026:08:10:32 +0000] "GET /%D8%A7%D8%B3%D8%AA%D9%84%D8%A7%D9%85-%D8%A7%D9%84%D8%A7%D8%B1%D8%AF%D9%88%D8%B1/ HTTP/1.0" 404 126638 "-" "Mozilla/5.0 (compatible; MJ12bot/v1.4.8; http://mj12bot.com/)"
2a02:c207:3018:3707::1 - - [10/Feb/2026:08:10:35 +0000] "GET /%D8%A7%D8%B9%D9%85%D8%A7%D9%84%D9%86%D8%A7/ HTTP/1.0" 404 126638 "-" "Mozilla/5.0 (compatible; MJ12bot/v1.4.8; http://mj12bot.com/)"
2a02:c207:3018:3707::1 - - [10/Feb/2026:08:10:38 +0000] "GET /%D8%A7%D9%84%D8%AA%D8%A7%D9%87%D9%8A%D9%84-%D9%88%D8%A7%D9%84%D8%AA%D8%AF%D8%B1%D9%8A%D8%A8/ HTTP/1.0" 404 126639 "-" "Mozilla/5.0 (compatible; MJ12bot/v1.4.8; http://mj12bot.com/)"
2a02:c207:3018:3707::1 - - [10/Feb/2026:08:10:40 +0000] "GET /%D8%A7%D9%84%D8%AA%D8%AE%D8%B7%D9%8A%D8%B7-%D8%A7%D9%84%D8%A7%D8%B3%D8%AA%D8%B1%D8%A7%D8%AA%D9%8A%D8%AC%D9%8A%D9%8A/ HTTP/1.0" 404 126638 "-" "Mozilla/5.0 (compatible; MJ12bot/v1.4.8; http://mj12bot.com/)"
2a02:c207:3018:3707::1 - - [10/Feb/2026:08:10:42 +0000] "GET /%D8%A7%D9%84%D8%AA%D8%B3%D9%88%D9%8A%D9%82-%D8%A7%D9%84%D8%A7%D9%84%D9%83%D8%AA%D8%B1%D9%88%D9%86%D9%8A/ HTTP/1.0" 404 126638 "-" "Mozilla/5.0 (compatible; MJ12bot/v1.4.8; http://mj12bot.com/)"
2a02:c207:3018:3707::1 - - [10/Feb/2026:08:10:44 +0000] "GET /%D8%A7%D9%84%D8%AF%D8%B1%D9%88%D8%B3/ HTTP/1.0" 404 126638 "-" "Mozilla/5.0 (compatible; MJ12bot/v1.4.8; http://mj12bot.com/)"
2a02:c207:3018:3707::1 - - [10/Feb/2026:08:10:46 +0000] "GET /%D8%A7%D9%84%D8%AF%D9%81%D8%B9/ HTTP/1.0" 404 126639 "-" "Mozilla/5.0 (compatible; MJ12bot/v1.4.8; http://mj12bot.com/)"
2a02:c207:3018:3707::1 - - [10/Feb/2026:08:10:49 +0000] "GET /%D8%A7%D9%84%D9%83%D9%88%D8%B1%D8%B3%D8%A7%D8%AA/ HTTP/1.0" 404 126639 "-" "Mozilla/5.0 (compatible; MJ12bot/v1.4.8; http://mj12bot.com/)"
2a02:c207:3018:3707::1 - - [10/Feb/2026:08:10:51 +0000] "GET /%D8%A7%D9%84%D9%85%D8%AA%D8%AC%D8%B1/ HTTP/1.0" 404 126639 "-" "Mozilla/5.0 (compatible; MJ12bot/v1.4.8; http://mj12bot.com/)"
2a02:c207:3018:3707::1 - - [10/Feb/2026:08:10:53 +0000] "GET /%D8%A7%D9%84%D9%85%D8%AF%D9%88%D9%86%D8%A9/ HTTP/1.0" 404 126638 "-" "Mozilla/5.0 (compatible; MJ12bot/v1.4.8; http://mj12bot.com/)"
2a02:c207:3018:3707::1 - - [10/Feb/2026:08:10:55 +0000] "GET /%D8%A7%D9%86%D8%B6%D9%85-%D8%A7%D9%84%D9%8A%D9%86%D8%A7/ HTTP/1.0" 404 126639 "-" "Mozilla/5.0 (compatible; MJ12bot/v1.4.8; http://mj12bot.com/)"
2a02:c207:3018:3707::1 - - [10/Feb/2026:08:10:57 +0000] "GET /%D8%A7%D9%87%D9%84%D8%A7-%D8%A8%D9%83%D9%85-%D9%81%D9%8A-%D9%85%D9%88%D9%82%D8%B9-%D8%AD%D8%A8%D9%83/ HTTP/1.0" 404 126639 "-" "Mozilla/5.0 (compatible; MJ12bot/v1.4.8; http://mj12bot.com/)"
2a02:c207:3018:3707::1 - - [10/Feb/2026:08:10:59 +0000] "GET /%D8%A7%D9%87%D9%84%D8%A7-%D8%A8%D9%83%D9%85-%D9%81%D9%8A-%D9%85%D9%88%D9%82%D8%B9-%D8%AD%D8%A8%D9%83/feed/ HTTP/1.0" 200 1003 "-" "Mozilla/5.0 (compatible; MJ12bot/v1.4.8; http://mj12bot.com/)"
2a02:c207:3018:3707::1 - - [10/Feb/2026:08:11:02 +0000] "GET /%D8%A8%D9%86%D8%A7%D8%A1-%D8%A3%D9%86%D8%B8%D9%85%D8%A9-%D8%A7%D9%84%D8%A2%D9%8A%D8%B2%D9%88-%D8%A7%D9%84%D8%A5%D8%AF%D8%A7%D8%B1%D9%8A%D8%A9/ HTTP/1.0" 404 126638 "-" "Mozilla/5.0 (compatible; MJ12bot/v1.4.8; http://mj12bot.com/)"
2a02:c207:3018:3707::1 - - [10/Feb/2026:08:11:04 +0000] "GET /%D8%A8%D9%86%D8%A7%D8%A1-%D9%88%D8%AD%D8%AF%D8%A7%D8%AA-%D8%A7%D9%84%D9%85%D8%B3%D9%88%D9%88%D9%84%D9%8A%D9%87-%D8%A7%D9%84%D9%85%D8%AC%D8%AA%D9%85%D8%B9%D9%8A%D8%A9/ HTTP/1.0" 404 126639 "-" "Mozilla/5.0 (compatible; MJ12bot/v1.4.8; http://mj12bot.com/)"
2a02:c207:3018:3707::1 - - [10/Feb/2026:08:11:06 +0000] "GET /%D8%AA%D8%A3%D9%87%D9%8A%D9%84-%D8%A7%D9%84%D9%85%D8%B5%D8%A7%D9%86%D8%B9-%D9%84%D9%85%D8%AA%D8%B7%D9%84%D8%A8%D8%A7%D8%AA-%D8%A7%D9%84%D8%B3%D8%A7%D8%B3%D9%88/ HTTP/1.0" 404 126638 "-" "Mozilla/5.0 (compatible; MJ12bot/v1.4.8; http://mj12bot.com/)"
2a02:c207:3018:3707::1 - - [10/Feb/2026:08:11:09 +0000] "GET /%D8%AA%D8%B3%D8%AC%D9%8A%D9%84-%D8%A7%D9%84%D8%B7%D8%A7%D9%84%D8%A8/ HTTP/1.0" 404 126639 "-" "Mozilla/5.0 (compatible; MJ12bot/v1.4.8; http://mj12bot.com/)"
2a02:c207:3018:3707::1 - - [10/Feb/2026:08:11:11 +0000] "GET /%D8%AA%D9%88%D8%A7%D8%B5%D9%84-%D9%85%D8%B9%D9%86%D8%A7/ HTTP/1.0" 404 126638 "-" "Mozilla/5.0 (compatible; MJ12bot/v1.4.8; http://mj12bot.com/)"
2a02:4780:41:6421::1 - - [10/Feb/2026:08:11:14 +0000] "POST /wp-cron.php?doing_wp_cron=1770711074.9234619140625000000000 HTTP/1.0" 200 412 "-" "WordPress/6.9; https://hbkconsultancy.com"
2a02:c207:3018:3707::1 - - [10/Feb/2026:08:11:14 +0000] "GET /%D8%AD%D8%B3%D8%A7%D8%A8%D9%8A/ HTTP/1.0" 404 126639 "-" "Mozilla/5.0 (compatible; MJ12bot/v1.4.8; http://mj12bot.com/)"
2a02:c207:3018:3707::1 - - [10/Feb/2026:08:11:17 +0000] "GET /%D8%AE%D8%AF%D9%85%D8%A7%D8%AA%D9%86%D8%A7/ HTTP/1.0" 404 126638 "-" "Mozilla/5.0 (compatible; MJ12bot/v1.4.8; http://mj12bot.com/)"
2a02:c207:3018:3707::1 - - [10/Feb/2026:08:11:19 +0000] "GET /%D8%AE%D8%B7%D9%88%D8%A7%D8%AA-%D8%AE%D8%B7%D8%A9-%D8%A7%D9%84%D8%B9%D9%85%D9%84-%D8%A7%D9%84%D9%81%D8%B9%D8%A7%D9%84%D8%A9-%D8%A7%D9%84%D9%86%D8%A7%D8%AC%D8%AD%D8%A9-%D9%81%D9%8A-%D8%A7%D9%84%D8%B9/ HTTP/1.0" 404 126638 "-" "Mozilla/5.0 (compatible; MJ12bot/v1.4.8; http://mj12bot.com/)"
2a02:c207:3018:3707::1 - - [10/Feb/2026:08:11:21 +0000] "GET /%D8%AE%D8%B7%D9%88%D8%A7%D8%AA-%D8%AE%D8%B7%D8%A9-%D8%A7%D9%84%D8%B9%D9%85%D9%84-%D8%A7%D9%84%D9%81%D8%B9%D8%A7%D9%84%D8%A9-%D8%A7%D9%84%D9%86%D8%A7%D8%AC%D8%AD%D8%A9-%D9%81%D9%8A-%D8%A7%D9%84%D8%B9/feed/ HTTP/1.0" 200 1024 "-" "Mozilla/5.0 (compatible; MJ12bot/v1.4.8; http://mj12bot.com/)"
2a02:c207:3018:3707::1 - - [10/Feb/2026:08:11:23 +0000] "GET /%D8%B1%D8%AC%D9%88%D8%B9/ HTTP/1.0" 404 126639 "-" "Mozilla/5.0 (compatible; MJ12bot/v1.4.8; http://mj12bot.com/)"
2a02:c207:3018:3707::1 - - [10/Feb/2026:08:11:25 +0000] "GET /%D8%B3%D8%A7%D8%A8%D9%82%D8%A9-%D8%A7%D9%84%D8%A7%D8%B9%D9%85%D8%A7%D9%84/ HTTP/1.0" 404 126639 "-" "Mozilla/5.0 (compatible; MJ12bot/v1.4.8; http://mj12bot.com/)"
2a02:c207:3018:3707::1 - - [10/Feb/2026:08:11:27 +0000] "GET /%D8%B4%D8%B1%D9%83%D8%A7%D8%A1-%D8%A7%D9%84%D9%86%D8%AC%D8%A7%D8%AD/ HTTP/1.0" 404 126638 "-" "Mozilla/5.0 (compatible; MJ12bot/v1.4.8; http://mj12bot.com/)"
2a02:4780:41:6421::1 - - [10/Feb/2026:08:11:30 +0000] "POST /wp-cron.php?doing_wp_cron=1770711090.5798809528350830078125 HTTP/1.0" 200 412 "-" "WordPress/6.9; https://hbkconsultancy.com"
2a02:c207:3018:3707::1 - - [10/Feb/2026:08:11:29 +0000] "GET /%D9%85%D8%A8%D8%A7%D8%AF%D8%B1%D8%A7%D8%AA%D9%86%D8%A7/ HTTP/1.0" 404 126639 "-" "Mozilla/5.0 (compatible; MJ12bot/v1.4.8; http://mj12bot.com/)"
2a02:c207:3018:3707::1 - - [10/Feb/2026:08:11:53 +0000] "GET /%D9%85%D9%86-%D9%86%D8%AD%D9%86/ HTTP/1.0" 404 126638 "-" "Mozilla/5.0 (compatible; MJ12bot/v1.4.8; http://mj12bot.com/)"
