2a02:c207:3018:3707::1 - - [10/Feb/2026:08:11:55 +0000] "GET /courses/%D8%A8%D9%86%D8%A7%D8%A1-%D9%88%D8%AB%D8%A7%D8%A6%D9%82-%D9%86%D8%B8%D8%A7%D9%85-%D8%A5%D8%AF%D8%A7%D8%B1%D8%A9-%D8%A7%D9%84%D8%AC%D9%88%D8%AF%D8%A9-%D8%A7%D9%84%D8%A3%D9%8A%D8%B2%D9%88-9001/ HTTP/1.0" 301 594 "-" "Mozilla/5.0 (compatible; MJ12bot/v1.4.8; http://mj12bot.com/)"
2a02:c207:3018:3707::1 - - [10/Feb/2026:08:11:58 +0000] "GET /courses/building-iso-9001-quality-management-system/ HTTP/1.0" 200 28933 "-" "Mozilla/5.0 (compatible; MJ12bot/v1.4.8; http://mj12bot.com/)"
2a02:c207:3018:3707::1 - - [10/Feb/2026:08:12:00 +0000] "GET /courses/%D9%83%D9%88%D8%B1%D8%B3-%D8%A7%D9%84%D8%AA%D8%B3%D9%88%D9%8A%D9%82-%D8%A7%D9%84%D8%A7%D9%84%D9%83%D8%AA%D8%B1%D9%88%D9%86%D9%8A/ HTTP/1.0" 404 126638 "-" "Mozilla/5.0 (compatible; MJ12bot/v1.4.8; http://mj12bot.com/)"
2a02:c207:3018:3707::1 - - [10/Feb/2026:08:12:02 +0000] "GET /courses/%D9%83%D9%88%D8%B1%D8%B3-%D9%84%D8%AA%D8%A7%D9%87%D9%8A%D9%84-%D8%B4%D9%87%D8%A7%D8%AF%D9%87-%D8%A7%D9%84%D8%A7%D9%8A%D8%B2%D9%88/ HTTP/1.0" 404 126638 "-" "Mozilla/5.0 (compatible; MJ12bot/v1.4.8; http://mj12bot.com/)"
2a02:c207:3018:3707::1 - - [10/Feb/2026:08:12:05 +0000] "GET /product-tag/%D8%AF%D9%8A%D8%B2%D8%A7%D9%8A%D9%86%D8%A7%D8%AA/ HTTP/1.0" 404 126639 "-" "Mozilla/5.0 (compatible; MJ12bot/v1.4.8; http://mj12bot.com/)"
2a02:c207:3018:3707::1 - - [10/Feb/2026:08:12:07 +0000] "GET /product-tag/%D8%AF%D9%8A%D8%B2%D8%A7%D9%8A%D9%86%D8%A7%D8%AA/feed/ HTTP/1.0" 200 1078 "-" "Mozilla/5.0 (compatible; MJ12bot/v1.4.8; http://mj12bot.com/)"
2a02:c207:3018:3707::1 - - [10/Feb/2026:08:12:09 +0000] "GET /product/%D8%AA%D9%86%D8%B2%D9%8A%D9%84-%D8%AD%D8%B2%D9%85%D9%87-%D8%A7%D9%84%D8%A7%D9%88%D9%81%D9%8A%D8%B3/ HTTP/1.0" 404 126638 "-" "Mozilla/5.0 (compatible; MJ12bot/v1.4.8; http://mj12bot.com/)"
2a02:c207:3018:3707::1 - - [10/Feb/2026:08:12:11 +0000] "GET /product/%D8%AA%D9%86%D8%B2%D9%8A%D9%84-%D8%AD%D8%B2%D9%85%D9%87-%D8%A7%D9%84%D8%A7%D9%88%D9%81%D9%8A%D8%B3/feed/ HTTP/1.0" 200 1006 "-" "Mozilla/5.0 (compatible; MJ12bot/v1.4.8; http://mj12bot.com/)"
2a02:4780:41:6421::1 - - [10/Feb/2026:08:12:14 +0000] "POST /wp-cron.php?doing_wp_cron=1770711134.0911579132080078125000 HTTP/1.0" 200 412 "-" "WordPress/6.9; https://hbkconsultancy.com"
2a02:c207:3018:3707::1 - - [10/Feb/2026:08:12:13 +0000] "GET /product/%D8%AD%D8%B2%D9%85%D9%87-%D8%AF%D9%8A%D8%B2%D8%A7%D9%8A%D9%86%D8%A7%D8%AA-%D8%B1%D9%85%D8%B6%D8%A7%D9%86/ HTTP/1.0" 404 126639 "-" "Mozilla/5.0 (compatible; MJ12bot/v1.4.8; http://mj12bot.com/)"
2a02:c207:3018:3707::1 - - [10/Feb/2026:08:12:16 +0000] "GET /product/%D8%AD%D8%B2%D9%85%D9%87-%D8%AF%D9%8A%D8%B2%D8%A7%D9%8A%D9%86%D8%A7%D8%AA-%D8%B1%D9%85%D8%B6%D8%A7%D9%86/feed/ HTTP/1.0" 200 1010 "-" "Mozilla/5.0 (compatible; MJ12bot/v1.4.8; http://mj12bot.com/)"
2a02:c207:3018:3707::1 - - [10/Feb/2026:08:12:18 +0000] "GET /product/%D8%AD%D8%B2%D9%85%D9%87-%D8%B1%D9%85%D8%B6%D8%A7%D9%86/ HTTP/1.0" 404 126638 "-" "Mozilla/5.0 (compatible; MJ12bot/v1.4.8; http://mj12bot.com/)"
2a02:c207:3018:3707::1 - - [10/Feb/2026:08:12:20 +0000] "GET /product/%D8%AD%D8%B2%D9%85%D9%87-%D8%B1%D9%85%D8%B6%D8%A7%D9%86/feed/ HTTP/1.0" 200 993 "-" "Mozilla/5.0 (compatible; MJ12bot/v1.4.8; http://mj12bot.com/)"
2a02:c207:3018:3707::1 - - [10/Feb/2026:08:12:22 +0000] "GET /%D8%A7%D9%84%D9%85%D8%AA%D8%AC%D8%B1/uncategorized/%D8%AA%D9%86%D8%B2%D9%8A%D9%84-%D8%AD%D8%B2%D9%85%D9%87-%D8%A7%D9%84%D8%A7%D9%88%D9%81%D9%8A%D8%B3/feed/ HTTP/1.0" 404 126638 "-" "Mozilla/5.0 (compatible; MJ12bot/v1.4.8; http://mj12bot.com/)"
2a02:c207:3018:3707::1 - - [10/Feb/2026:08:12:24 +0000] "GET /%D8%A7%D9%84%D9%85%D8%AA%D8%AC%D8%B1/uncategorized/%D8%AD%D8%B2%D9%85%D9%87-%D8%AF%D9%8A%D8%B2%D8%A7%D9%8A%D9%86%D8%A7%D8%AA-%D8%B1%D9%85%D8%B6%D8%A7%D9%86/feed/ HTTP/1.0" 404 126639 "-" "Mozilla/5.0 (compatible; MJ12bot/v1.4.8; http://mj12bot.com/)"
2a02:c207:3018:3707::1 - - [10/Feb/2026:08:12:26 +0000] "GET /%D8%A7%D9%84%D9%85%D8%AA%D8%AC%D8%B1/uncategorized/%D8%AD%D8%B2%D9%85%D9%87-%D8%B1%D9%85%D8%B6%D8%A7%D9%86/ HTTP/1.0" 404 126638 "-" "Mozilla/5.0 (compatible; MJ12bot/v1.4.8; http://mj12bot.com/)"
2a02:c207:3018:3707::1 - - [10/Feb/2026:08:12:28 +0000] "GET /%D8%A7%D9%84%D9%85%D8%AA%D8%AC%D8%B1/uncategorized/%D8%AD%D8%B2%D9%85%D9%87-%D8%B1%D9%85%D8%B6%D8%A7%D9%86/feed/ HTTP/1.0" 404 126638 "-" "Mozilla/5.0 (compatible; MJ12bot/v1.4.8; http://mj12bot.com/)"
2a02:4780:41:6421::1 - - [10/Feb/2026:08:12:31 +0000] "POST /wp-cron.php?doing_wp_cron=1770711151.6979260444641113281250 HTTP/1.0" 200 412 "-" "WordPress/6.9; https://hbkconsultancy.com"
2a02:c207:3018:3707::1 - - [10/Feb/2026:08:12:31 +0000] "GET /%D8%A7%D9%84%D9%85%D8%AA%D8%AC%D8%B1/uncategorized/%D9%85%D9%86%D8%AA%D8%AC-%D8%B1%D9%82%D9%85%D9%8A/ HTTP/1.0" 404 126638 "-" "Mozilla/5.0 (compatible; MJ12bot/v1.4.8; http://mj12bot.com/)"
2a02:c207:3018:3707::1 - - [10/Feb/2026:08:12:33 +0000] "GET /%D8%A7%D9%84%D9%85%D8%AA%D8%AC%D8%B1/uncategorized/%D9%85%D9%86%D8%AA%D8%AC-%D8%B1%D9%82%D9%85%D9%8A/feed/ HTTP/1.0" 404 126639 "-" "Mozilla/5.0 (compatible; MJ12bot/v1.4.8; http://mj12bot.com/)"
2a02:c207:3018:3707::1 - - [10/Feb/2026:08:12:35 +0000] "GET /%D8%A7%D9%84%D9%85%D8%AA%D8%AC%D8%B1/uncategorized/%D8%AA%D9%86%D8%B2%D9%8A%D9%84-%D8%AD%D8%B2%D9%85%D9%87-%D8%A7%D9%84%D8%A7%D9%88%D9%81%D9%8A%D8%B3/ HTTP/1.0" 404 126639 "-" "Mozilla/5.0 (compatible; MJ12bot/v1.4.8; http://mj12bot.com/)"
2a02:c207:3018:3707::1 - - [10/Feb/2026:08:12:37 +0000] "GET /%D8%A7%D9%84%D9%85%D8%AA%D8%AC%D8%B1/uncategorized/%D8%AD%D8%B2%D9%85%D9%87-%D8%AF%D9%8A%D8%B2%D8%A7%D9%8A%D9%86%D8%A7%D8%AA-%D8%B1%D9%85%D8%B6%D8%A7%D9%86/ HTTP/1.0" 404 126639 "-" "Mozilla/5.0 (compatible; MJ12bot/v1.4.8; http://mj12bot.com/)"
2a02:c207:3018:3707::1 - - [10/Feb/2026:08:12:40 +0000] "GET /%D8%AE%D8%AF%D9%85%D8%A7%D8%AA%D9%86%D8%A7/feed/ HTTP/1.0" 200 982 "-" "Mozilla/5.0 (compatible; MJ12bot/v1.4.8; http://mj12bot.com/)"
2a02:4780:41:6421::1 - - [10/Feb/2026:08:13:42 +0000] "POST /wp-cron.php?doing_wp_cron=1770711222.8954570293426513671875 HTTP/1.0" 200 412 "-" "WordPress/6.9; https://hbkconsultancy.com"
114.119.140.186 - - [10/Feb/2026:08:13:41 +0000] "GET /new-no-deposit-bonus-deals-february-6-2025-2 HTTP/1.0" 301 495 "https://hbkconsultancy.com/author/elomda/page/2" "Mozilla/5.0 (Linux; Android 7.0;) AppleWebKit/537.36 (KHTML, like Gecko) Mobile Safari/537.36 (compatible; PetalBot;+https://webmaster.petalsearch.com/site/petalbot)"
114.119.140.186 - - [10/Feb/2026:08:13:44 +0000] "GET /new-no-deposit-bonus-deals-february-6-2025-2/ HTTP/1.0" 200 41911 "https://hbkconsultancy.com/author/elomda/page/2" "Mozilla/5.0 (Linux; Android 7.0;) AppleWebKit/537.36 (KHTML, like Gecko) Mobile Safari/537.36 (compatible; PetalBot;+https://webmaster.petalsearch.com/site/petalbot)"
147.93.58.212 - - [10/Feb/2026:08:14:01 +0000] "GET / HTTP/1.0" 200 29042 "-" "Mozilla/5.0 (X11; Linux x86_64) AppleWebKit/537.36 (KHTML, like Gecko) Chrome/44.0.2403.157 Safari/537.36"
2a02:4780:41:6421::1 - - [10/Feb/2026:08:15:07 +0000] "POST /wp-cron.php?doing_wp_cron=1770711307.1011550426483154296875 HTTP/1.0" 200 412 "-" "WordPress/6.9; https://hbkconsultancy.com"
114.119.140.186 - - [10/Feb/2026:08:15:06 +0000] "GET /best-online-casino-sites-updated-for-oct-2024 HTTP/1.0" 301 496 "https://hbkconsultancy.com/author/hbk/page/15" "Mozilla/5.0 (Linux; Android 7.0;) AppleWebKit/537.36 (KHTML, like Gecko) Mobile Safari/537.36 (compatible; PetalBot;+https://webmaster.petalsearch.com/site/petalbot)"
114.119.140.186 - - [10/Feb/2026:08:15:08 +0000] "GET /best-online-casino-sites-updated-for-oct-2024/ HTTP/1.0" 200 40591 "https://hbkconsultancy.com/author/hbk/page/15" "Mozilla/5.0 (Linux; Android 7.0;) AppleWebKit/537.36 (KHTML, like Gecko) Mobile Safari/537.36 (compatible; PetalBot;+https://webmaster.petalsearch.com/site/petalbot)"
2a02:4780:41:6421::1 - - [10/Feb/2026:08:16:30 +0000] "POST /wp-cron.php?doing_wp_cron=1770711390.1630558967590332031250 HTTP/1.0" 200 404 "-" "WordPress/6.9; http://hbkconsultancy.com"
114.119.132.88 - - [10/Feb/2026:08:16:29 +0000] "GET /2-columns/page/32/ HTTP/1.0" 200 24011 "http://hbkconsultancy.com/2-columns/page/33/" "Mozilla/5.0 (Linux; Android 7.0;) AppleWebKit/537.36 (KHTML, like Gecko) Mobile Safari/537.36 (compatible; PetalBot;+https://webmaster.petalsearch.com/site/petalbot)"
2a02:4780:41:6421::1 - - [10/Feb/2026:08:28:02 +0000] "POST /wp-cron.php?doing_wp_cron=1770712082.3008170127868652343750 HTTP/1.0" 200 404 "-" "WordPress/6.9; http://hbkconsultancy.com"
147.93.58.212 - - [10/Feb/2026:08:28:01 +0000] "GET / HTTP/1.0" 200 29042 "-" "Mozilla/5.0 (X11; Linux x86_64) AppleWebKit/537.36 (KHTML, like Gecko) Chrome/44.0.2403.157 Safari/537.36"
2a02:4780:41:6421::1 - - [10/Feb/2026:08:31:49 +0000] "POST /wp-cron.php?doing_wp_cron=1770712309.8046219348907470703125 HTTP/1.0" 200 404 "-" "WordPress/6.9; http://hbkconsultancy.com"
114.119.151.5 - - [10/Feb/2026:08:31:49 +0000] "GET /lp-course-grid-04/page/2/ HTTP/1.0" 200 25301 "http://hbkconsultancy.com/lp-course-grid-04/" "Mozilla/5.0 (Linux; Android 7.0;) AppleWebKit/537.36 (KHTML, like Gecko) Mobile Safari/537.36 (compatible; PetalBot;+https://webmaster.petalsearch.com/site/petalbot)"
2a02:4780:41:6421::1 - - [10/Feb/2026:08:40:46 +0000] "POST /wp-cron.php?doing_wp_cron=1770712846.1392350196838378906250 HTTP/1.0" 200 404 "-" "WordPress/6.9; http://hbkconsultancy.com"
17.246.19.94 - - [10/Feb/2026:08:40:45 +0000] "GET /top-10-casinos-on-the-internet-por-dinero-genuine-seguros-en-argentina/ HTTP/1.0" 200 41584 "-" "Mozilla/5.0 (Macintosh; Intel Mac OS X 10_15_7) AppleWebKit/605.1.15 (KHTML, like Gecko) Version/17.4 Safari/605.1.15 (Applebot/0.1; +http://www.apple.com/go/applebot)"
2a02:4780:41:6421::1 - - [10/Feb/2026:08:42:02 +0000] "POST /wp-cron.php?doing_wp_cron=1770712922.4720129966735839843750 HTTP/1.0" 200 404 "-" "WordPress/6.9; http://hbkconsultancy.com"
147.93.58.212 - - [10/Feb/2026:08:42:01 +0000] "GET / HTTP/1.0" 200 29042 "-" "Mozilla/5.0 (X11; Linux x86_64) AppleWebKit/537.36 (KHTML, like Gecko) Chrome/44.0.2403.157 Safari/537.36"
2a02:4780:41:6421::1 - - [10/Feb/2026:08:42:29 +0000] "POST /wp-cron.php?doing_wp_cron=1770712949.3664801120758056640625 HTTP/1.0" 200 412 "-" "WordPress/6.9; https://hbkconsultancy.com"
45.186.209.158 - - [10/Feb/2026:08:42:28 +0000] "GET /69646139137.htm HTTP/1.0" 404 126639 "https://hbkconsultancy.com/" "Mozilla/5.0 (Windows NT 10.0; Win64; x64) AppleWebKit/537.36 (KHTML, like Gecko) Chrome/134.0.0.0 Safari/537.36"
2a02:4780:41:6421::1 - - [10/Feb/2026:08:42:35 +0000] "POST /wp-cron.php?doing_wp_cron=1770712955.4802570343017578125000 HTTP/1.0" 200 412 "-" "WordPress/6.9; https://hbkconsultancy.com"
168.167.26.249 - - [10/Feb/2026:08:42:34 +0000] "GET /61621207493.htm HTTP/1.0" 404 126638 "https://hbkconsultancy.com/" "Mozilla/5.0 (Windows NT 10.0; Win64; x64) AppleWebKit/537.36 (KHTML, like Gecko) Chrome/132.0.0.0 Safari/537.36"
2a02:4780:41:6421::1 - - [10/Feb/2026:08:44:51 +0000] "POST /wp-cron.php?doing_wp_cron=1770713091.3015370368957519531250 HTTP/1.0" 200 412 "-" "WordPress/6.9; https://hbkconsultancy.com"
31.148.207.228 - - [10/Feb/2026:08:44:50 +0000] "GET /4388338651.htm HTTP/1.0" 404 126639 "https://hbkconsultancy.com/" "Mozilla/5.0 (Windows NT 10.0; Win64; x64) AppleWebKit/537.36 (KHTML, like Gecko) Chrome/134.0.0.0 Safari/537.36"
2a02:4780:41:6421::1 - - [10/Feb/2026:08:56:02 +0000] "POST /wp-cron.php?doing_wp_cron=1770713762.6240019798278808593750 HTTP/1.0" 200 404 "-" "WordPress/6.9; http://hbkconsultancy.com"
147.93.58.212 - - [10/Feb/2026:08:56:01 +0000] "GET / HTTP/1.0" 200 29042 "-" "Mozilla/5.0 (X11; Linux x86_64) AppleWebKit/537.36 (KHTML, like Gecko) Chrome/44.0.2403.157 Safari/537.36"
34.73.116.68 - - [10/Feb/2026:08:59:22 +0000] "GET / HTTP/1.0" 200 29043 "-" "Mozilla/5.0 (Windows NT 10.0; Win64; x64) AppleWebKit/537.36 (KHTML, like Gecko) Chrome/88.0.4240.193 Safari/537.36"
34.73.116.68 - - [10/Feb/2026:08:59:24 +0000] "GET /?author=1 HTTP/1.0" 301 285 "-" "Mozilla/5.0 (Windows NT 10.0; Win64; x64) AppleWebKit/537.36 (KHTML, like Gecko) Chrome/88.0.4240.193 Safari/537.36"
34.73.116.68 - - [10/Feb/2026:08:59:24 +0000] "GET /?author=2 HTTP/1.0" 301 282 "-" "Mozilla/5.0 (Windows NT 10.0; Win64; x64) AppleWebKit/537.36 (KHTML, like Gecko) Chrome/88.0.4240.193 Safari/537.36"
34.73.116.68 - - [10/Feb/2026:08:59:25 +0000] "GET /?author=3 HTTP/1.0" 301 286 "-" "Mozilla/5.0 (Windows NT 10.0; Win64; x64) AppleWebKit/537.36 (KHTML, like Gecko) Chrome/88.0.4240.193 Safari/537.36"
34.73.116.68 - - [10/Feb/2026:08:59:27 +0000] "GET /wp-json/wp/v2/users/ HTTP/1.0" 200 6130 "-" "Mozilla/5.0 (Windows NT 10.0; Win64; x64) AppleWebKit/537.36 (KHTML, like Gecko) Chrome/88.0.4240.193 Safari/537.36"
34.73.116.68 - - [10/Feb/2026:08:59:27 +0000] "POST /xmlrpc.php HTTP/1.0" 200 628 "-" "Mozilla/5.0 (Windows NT 10.0; Win64; x64) AppleWebKit/537.36 (KHTML, like Gecko) Chrome/88.0.4240.193 Safari/537.36"
34.73.116.68 - - [10/Feb/2026:08:59:28 +0000] "POST /xmlrpc.php HTTP/1.0" 200 628 "-" "Mozilla/5.0 (Windows NT 10.0; Win64; x64) AppleWebKit/537.36 (KHTML, like Gecko) Chrome/88.0.4240.193 Safari/537.36"
34.73.116.68 - - [10/Feb/2026:08:59:29 +0000] "POST /xmlrpc.php HTTP/1.0" 200 628 "-" "Mozilla/5.0 (Windows NT 10.0; Win64; x64) AppleWebKit/537.36 (KHTML, like Gecko) Chrome/88.0.4240.193 Safari/537.36"
34.73.116.68 - - [10/Feb/2026:08:59:30 +0000] "POST /xmlrpc.php HTTP/1.0" 200 628 "-" "Mozilla/5.0 (Windows NT 10.0; Win64; x64) AppleWebKit/537.36 (KHTML, like Gecko) Chrome/88.0.4240.193 Safari/537.36"
34.73.116.68 - - [10/Feb/2026:08:59:31 +0000] "POST /xmlrpc.php HTTP/1.0" 200 628 "-" "Mozilla/5.0 (Windows NT 10.0; Win64; x64) AppleWebKit/537.36 (KHTML, like Gecko) Chrome/88.0.4240.193 Safari/537.36"
34.73.116.68 - - [10/Feb/2026:08:59:32 +0000] "POST /xmlrpc.php HTTP/1.0" 200 628 "-" "Mozilla/5.0 (Windows NT 10.0; Win64; x64) AppleWebKit/537.36 (KHTML, like Gecko) Chrome/88.0.4240.193 Safari/537.36"
34.73.116.68 - - [10/Feb/2026:08:59:32 +0000] "POST /xmlrpc.php HTTP/1.0" 200 628 "-" "Mozilla/5.0 (Windows NT 10.0; Win64; x64) AppleWebKit/537.36 (KHTML, like Gecko) Chrome/88.0.4240.193 Safari/537.36"
34.73.116.68 - - [10/Feb/2026:08:59:33 +0000] "POST /xmlrpc.php HTTP/1.0" 200 628 "-" "Mozilla/5.0 (Windows NT 10.0; Win64; x64) AppleWebKit/537.36 (KHTML, like Gecko) Chrome/88.0.4240.193 Safari/537.36"
34.73.116.68 - - [10/Feb/2026:08:59:34 +0000] "POST /xmlrpc.php HTTP/1.0" 200 628 "-" "Mozilla/5.0 (Windows NT 10.0; Win64; x64) AppleWebKit/537.36 (KHTML, like Gecko) Chrome/88.0.4240.193 Safari/537.36"
34.73.116.68 - - [10/Feb/2026:08:59:34 +0000] "POST /xmlrpc.php HTTP/1.0" 200 628 "-" "Mozilla/5.0 (Windows NT 10.0; Win64; x64) AppleWebKit/537.36 (KHTML, like Gecko) Chrome/88.0.4240.193 Safari/537.36"
34.73.116.68 - - [10/Feb/2026:08:59:35 +0000] "POST /xmlrpc.php HTTP/1.0" 200 628 "-" "Mozilla/5.0 (Windows NT 10.0; Win64; x64) AppleWebKit/537.36 (KHTML, like Gecko) Chrome/88.0.4240.193 Safari/537.36"
34.73.116.68 - - [10/Feb/2026:08:59:36 +0000] "POST /xmlrpc.php HTTP/1.0" 200 628 "-" "Mozilla/5.0 (Windows NT 10.0; Win64; x64) AppleWebKit/537.36 (KHTML, like Gecko) Chrome/88.0.4240.193 Safari/537.36"
34.73.116.68 - - [10/Feb/2026:08:59:36 +0000] "POST /xmlrpc.php HTTP/1.0" 200 628 "-" "Mozilla/5.0 (Windows NT 10.0; Win64; x64) AppleWebKit/537.36 (KHTML, like Gecko) Chrome/88.0.4240.193 Safari/537.36"
34.73.116.68 - - [10/Feb/2026:08:59:37 +0000] "POST /xmlrpc.php HTTP/1.0" 200 628 "-" "Mozilla/5.0 (Windows NT 10.0; Win64; x64) AppleWebKit/537.36 (KHTML, like Gecko) Chrome/88.0.4240.193 Safari/537.36"
34.73.116.68 - - [10/Feb/2026:08:59:38 +0000] "POST /xmlrpc.php HTTP/1.0" 200 628 "-" "Mozilla/5.0 (Windows NT 10.0; Win64; x64) AppleWebKit/537.36 (KHTML, like Gecko) Chrome/88.0.4240.193 Safari/537.36"
34.73.116.68 - - [10/Feb/2026:08:59:38 +0000] "POST /xmlrpc.php HTTP/1.0" 200 628 "-" "Mozilla/5.0 (Windows NT 10.0; Win64; x64) AppleWebKit/537.36 (KHTML, like Gecko) Chrome/88.0.4240.193 Safari/537.36"
34.73.116.68 - - [10/Feb/2026:08:59:39 +0000] "POST /xmlrpc.php HTTP/1.0" 200 628 "-" "Mozilla/5.0 (Windows NT 10.0; Win64; x64) AppleWebKit/537.36 (KHTML, like Gecko) Chrome/88.0.4240.193 Safari/537.36"
34.73.116.68 - - [10/Feb/2026:08:59:40 +0000] "POST /xmlrpc.php HTTP/1.0" 200 628 "-" "Mozilla/5.0 (Windows NT 10.0; Win64; x64) AppleWebKit/537.36 (KHTML, like Gecko) Chrome/88.0.4240.193 Safari/537.36"
34.73.116.68 - - [10/Feb/2026:08:59:41 +0000] "POST /xmlrpc.php HTTP/1.0" 200 628 "-" "Mozilla/5.0 (Windows NT 10.0; Win64; x64) AppleWebKit/537.36 (KHTML, like Gecko) Chrome/88.0.4240.193 Safari/537.36"
34.73.116.68 - - [10/Feb/2026:08:59:42 +0000] "POST /xmlrpc.php HTTP/1.0" 200 628 "-" "Mozilla/5.0 (Windows NT 10.0; Win64; x64) AppleWebKit/537.36 (KHTML, like Gecko) Chrome/88.0.4240.193 Safari/537.36"
34.73.116.68 - - [10/Feb/2026:08:59:42 +0000] "POST /xmlrpc.php HTTP/1.0" 200 628 "-" "Mozilla/5.0 (Windows NT 10.0; Win64; x64) AppleWebKit/537.36 (KHTML, like Gecko) Chrome/88.0.4240.193 Safari/537.36"
34.73.116.68 - - [10/Feb/2026:08:59:43 +0000] "POST /xmlrpc.php HTTP/1.0" 200 628 "-" "Mozilla/5.0 (Windows NT 10.0; Win64; x64) AppleWebKit/537.36 (KHTML, like Gecko) Chrome/88.0.4240.193 Safari/537.36"
34.73.116.68 - - [10/Feb/2026:08:59:44 +0000] "POST /xmlrpc.php HTTP/1.0" 200 628 "-" "Mozilla/5.0 (Windows NT 10.0; Win64; x64) AppleWebKit/537.36 (KHTML, like Gecko) Chrome/88.0.4240.193 Safari/537.36"
34.73.116.68 - - [10/Feb/2026:08:59:44 +0000] "POST /xmlrpc.php HTTP/1.0" 200 628 "-" "Mozilla/5.0 (Windows NT 10.0; Win64; x64) AppleWebKit/537.36 (KHTML, like Gecko) Chrome/88.0.4240.193 Safari/537.36"
34.73.116.68 - - [10/Feb/2026:08:59:45 +0000] "POST /xmlrpc.php HTTP/1.0" 200 628 "-" "Mozilla/5.0 (Windows NT 10.0; Win64; x64) AppleWebKit/537.36 (KHTML, like Gecko) Chrome/88.0.4240.193 Safari/537.36"
34.73.116.68 - - [10/Feb/2026:08:59:46 +0000] "POST /xmlrpc.php HTTP/1.0" 200 628 "-" "Mozilla/5.0 (Windows NT 10.0; Win64; x64) AppleWebKit/537.36 (KHTML, like Gecko) Chrome/88.0.4240.193 Safari/537.36"
34.73.116.68 - - [10/Feb/2026:08:59:47 +0000] "POST /xmlrpc.php HTTP/1.0" 200 628 "-" "Mozilla/5.0 (Windows NT 10.0; Win64; x64) AppleWebKit/537.36 (KHTML, like Gecko) Chrome/88.0.4240.193 Safari/537.36"
34.73.116.68 - - [10/Feb/2026:08:59:47 +0000] "POST /xmlrpc.php HTTP/1.0" 200 628 "-" "Mozilla/5.0 (Windows NT 10.0; Win64; x64) AppleWebKit/537.36 (KHTML, like Gecko) Chrome/88.0.4240.193 Safari/537.36"
34.73.116.68 - - [10/Feb/2026:08:59:48 +0000] "POST /xmlrpc.php HTTP/1.0" 200 628 "-" "Mozilla/5.0 (Windows NT 10.0; Win64; x64) AppleWebKit/537.36 (KHTML, like Gecko) Chrome/88.0.4240.193 Safari/537.36"
34.73.116.68 - - [10/Feb/2026:08:59:49 +0000] "POST /xmlrpc.php HTTP/1.0" 200 628 "-" "Mozilla/5.0 (Windows NT 10.0; Win64; x64) AppleWebKit/537.36 (KHTML, like Gecko) Chrome/88.0.4240.193 Safari/537.36"
34.73.116.68 - - [10/Feb/2026:08:59:49 +0000] "POST /xmlrpc.php HTTP/1.0" 200 628 "-" "Mozilla/5.0 (Windows NT 10.0; Win64; x64) AppleWebKit/537.36 (KHTML, like Gecko) Chrome/88.0.4240.193 Safari/537.36"
34.73.116.68 - - [10/Feb/2026:08:59:50 +0000] "POST /xmlrpc.php HTTP/1.0" 200 628 "-" "Mozilla/5.0 (Windows NT 10.0; Win64; x64) AppleWebKit/537.36 (KHTML, like Gecko) Chrome/88.0.4240.193 Safari/537.36"
34.73.116.68 - - [10/Feb/2026:08:59:51 +0000] "POST /xmlrpc.php HTTP/1.0" 200 628 "-" "Mozilla/5.0 (Windows NT 10.0; Win64; x64) AppleWebKit/537.36 (KHTML, like Gecko) Chrome/88.0.4240.193 Safari/537.36"
34.73.116.68 - - [10/Feb/2026:08:59:52 +0000] "POST /xmlrpc.php HTTP/1.0" 200 628 "-" "Mozilla/5.0 (Windows NT 10.0; Win64; x64) AppleWebKit/537.36 (KHTML, like Gecko) Chrome/88.0.4240.193 Safari/537.36"
34.73.116.68 - - [10/Feb/2026:08:59:53 +0000] "POST /xmlrpc.php HTTP/1.0" 200 628 "-" "Mozilla/5.0 (Windows NT 10.0; Win64; x64) AppleWebKit/537.36 (KHTML, like Gecko) Chrome/88.0.4240.193 Safari/537.36"
34.73.116.68 - - [10/Feb/2026:08:59:53 +0000] "POST /xmlrpc.php HTTP/1.0" 200 628 "-" "Mozilla/5.0 (Windows NT 10.0; Win64; x64) AppleWebKit/537.36 (KHTML, like Gecko) Chrome/88.0.4240.193 Safari/537.36"
34.73.116.68 - - [10/Feb/2026:08:59:54 +0000] "POST /xmlrpc.php HTTP/1.0" 200 628 "-" "Mozilla/5.0 (Windows NT 10.0; Win64; x64) AppleWebKit/537.36 (KHTML, like Gecko) Chrome/88.0.4240.193 Safari/537.36"
34.73.116.68 - - [10/Feb/2026:08:59:55 +0000] "POST /xmlrpc.php HTTP/1.0" 200 628 "-" "Mozilla/5.0 (Windows NT 10.0; Win64; x64) AppleWebKit/537.36 (KHTML, like Gecko) Chrome/88.0.4240.193 Safari/537.36"
34.73.116.68 - - [10/Feb/2026:08:59:56 +0000] "POST /xmlrpc.php HTTP/1.0" 200 628 "-" "Mozilla/5.0 (Windows NT 10.0; Win64; x64) AppleWebKit/537.36 (KHTML, like Gecko) Chrome/88.0.4240.193 Safari/537.36"
34.73.116.68 - - [10/Feb/2026:08:59:56 +0000] "POST /xmlrpc.php HTTP/1.0" 200 628 "-" "Mozilla/5.0 (Windows NT 10.0; Win64; x64) AppleWebKit/537.36 (KHTML, like Gecko) Chrome/88.0.4240.193 Safari/537.36"
34.73.116.68 - - [10/Feb/2026:08:59:57 +0000] "POST /xmlrpc.php HTTP/1.0" 200 628 "-" "Mozilla/5.0 (Windows NT 10.0; Win64; x64) AppleWebKit/537.36 (KHTML, like Gecko) Chrome/88.0.4240.193 Safari/537.36"
34.73.116.68 - - [10/Feb/2026:08:59:58 +0000] "POST /xmlrpc.php HTTP/1.0" 200 628 "-" "Mozilla/5.0 (Windows NT 10.0; Win64; x64) AppleWebKit/537.36 (KHTML, like Gecko) Chrome/88.0.4240.193 Safari/537.36"
34.73.116.68 - - [10/Feb/2026:08:59:58 +0000] "POST /xmlrpc.php HTTP/1.0" 200 628 "-" "Mozilla/5.0 (Windows NT 10.0; Win64; x64) AppleWebKit/537.36 (KHTML, like Gecko) Chrome/88.0.4240.193 Safari/537.36"
34.73.116.68 - - [10/Feb/2026:08:59:59 +0000] "POST /xmlrpc.php HTTP/1.0" 200 628 "-" "Mozilla/5.0 (Windows NT 10.0; Win64; x64) AppleWebKit/537.36 (KHTML, like Gecko) Chrome/88.0.4240.193 Safari/537.36"
34.73.116.68 - - [10/Feb/2026:09:00:00 +0000] "POST /xmlrpc.php HTTP/1.0" 200 628 "-" "Mozilla/5.0 (Windows NT 10.0; Win64; x64) AppleWebKit/537.36 (KHTML, like Gecko) Chrome/88.0.4240.193 Safari/537.36"
34.73.116.68 - - [10/Feb/2026:09:00:00 +0000] "POST /xmlrpc.php HTTP/1.0" 200 628 "-" "Mozilla/5.0 (Windows NT 10.0; Win64; x64) AppleWebKit/537.36 (KHTML, like Gecko) Chrome/88.0.4240.193 Safari/537.36"
34.73.116.68 - - [10/Feb/2026:09:00:01 +0000] "POST /xmlrpc.php HTTP/1.0" 200 628 "-" "Mozilla/5.0 (Windows NT 10.0; Win64; x64) AppleWebKit/537.36 (KHTML, like Gecko) Chrome/88.0.4240.193 Safari/537.36"
147.93.58.212 - - [10/Feb/2026:09:00:02 +0000] "GET / HTTP/1.0" 200 29041 "-" "Mozilla/5.0 (X11; Linux x86_64) AppleWebKit/537.36 (KHTML, like Gecko) Chrome/44.0.2403.157 Safari/537.36"
34.73.116.68 - - [10/Feb/2026:09:00:03 +0000] "POST /xmlrpc.php HTTP/1.0" 200 628 "-" "Mozilla/5.0 (Windows NT 10.0; Win64; x64) AppleWebKit/537.36 (KHTML, like Gecko) Chrome/88.0.4240.193 Safari/537.36"
34.73.116.68 - - [10/Feb/2026:09:00:03 +0000] "POST /xmlrpc.php HTTP/1.0" 200 628 "-" "Mozilla/5.0 (Windows NT 10.0; Win64; x64) AppleWebKit/537.36 (KHTML, like Gecko) Chrome/88.0.4240.193 Safari/537.36"
34.73.116.68 - - [10/Feb/2026:09:00:04 +0000] "POST /xmlrpc.php HTTP/1.0" 200 628 "-" "Mozilla/5.0 (Windows NT 10.0; Win64; x64) AppleWebKit/537.36 (KHTML, like Gecko) Chrome/88.0.4240.193 Safari/537.36"
34.73.116.68 - - [10/Feb/2026:09:00:05 +0000] "POST /xmlrpc.php HTTP/1.0" 200 628 "-" "Mozilla/5.0 (Windows NT 10.0; Win64; x64) AppleWebKit/537.36 (KHTML, like Gecko) Chrome/88.0.4240.193 Safari/537.36"
34.73.116.68 - - [10/Feb/2026:09:00:06 +0000] "POST /xmlrpc.php HTTP/1.0" 200 628 "-" "Mozilla/5.0 (Windows NT 10.0; Win64; x64) AppleWebKit/537.36 (KHTML, like Gecko) Chrome/88.0.4240.193 Safari/537.36"
34.73.116.68 - - [10/Feb/2026:09:00:07 +0000] "POST /xmlrpc.php HTTP/1.0" 200 628 "-" "Mozilla/5.0 (Windows NT 10.0; Win64; x64) AppleWebKit/537.36 (KHTML, like Gecko) Chrome/88.0.4240.193 Safari/537.36"
34.73.116.68 - - [10/Feb/2026:09:00:08 +0000] "POST /xmlrpc.php HTTP/1.0" 200 628 "-" "Mozilla/5.0 (Windows NT 10.0; Win64; x64) AppleWebKit/537.36 (KHTML, like Gecko) Chrome/88.0.4240.193 Safari/537.36"
34.73.116.68 - - [10/Feb/2026:09:00:09 +0000] "POST /xmlrpc.php HTTP/1.0" 200 628 "-" "Mozilla/5.0 (Windows NT 10.0; Win64; x64) AppleWebKit/537.36 (KHTML, like Gecko) Chrome/88.0.4240.193 Safari/537.36"
34.73.116.68 - - [10/Feb/2026:09:00:10 +0000] "POST /xmlrpc.php HTTP/1.0" 200 628 "-" "Mozilla/5.0 (Windows NT 10.0; Win64; x64) AppleWebKit/537.36 (KHTML, like Gecko) Chrome/88.0.4240.193 Safari/537.36"
34.73.116.68 - - [10/Feb/2026:09:00:10 +0000] "POST /xmlrpc.php HTTP/1.0" 200 628 "-" "Mozilla/5.0 (Windows NT 10.0; Win64; x64) AppleWebKit/537.36 (KHTML, like Gecko) Chrome/88.0.4240.193 Safari/537.36"
34.73.116.68 - - [10/Feb/2026:09:00:11 +0000] "POST /xmlrpc.php HTTP/1.0" 200 628 "-" "Mozilla/5.0 (Windows NT 10.0; Win64; x64) AppleWebKit/537.36 (KHTML, like Gecko) Chrome/88.0.4240.193 Safari/537.36"
34.73.116.68 - - [10/Feb/2026:09:00:12 +0000] "POST /xmlrpc.php HTTP/1.0" 200 628 "-" "Mozilla/5.0 (Windows NT 10.0; Win64; x64) AppleWebKit/537.36 (KHTML, like Gecko) Chrome/88.0.4240.193 Safari/537.36"
34.73.116.68 - - [10/Feb/2026:09:00:13 +0000] "POST /xmlrpc.php HTTP/1.0" 200 628 "-" "Mozilla/5.0 (Windows NT 10.0; Win64; x64) AppleWebKit/537.36 (KHTML, like Gecko) Chrome/88.0.4240.193 Safari/537.36"
34.73.116.68 - - [10/Feb/2026:09:00:14 +0000] "POST /xmlrpc.php HTTP/1.0" 200 628 "-" "Mozilla/5.0 (Windows NT 10.0; Win64; x64) AppleWebKit/537.36 (KHTML, like Gecko) Chrome/88.0.4240.193 Safari/537.36"
34.73.116.68 - - [10/Feb/2026:09:00:14 +0000] "POST /xmlrpc.php HTTP/1.0" 200 628 "-" "Mozilla/5.0 (Windows NT 10.0; Win64; x64) AppleWebKit/537.36 (KHTML, like Gecko) Chrome/88.0.4240.193 Safari/537.36"
34.73.116.68 - - [10/Feb/2026:09:00:15 +0000] "POST /xmlrpc.php HTTP/1.0" 200 628 "-" "Mozilla/5.0 (Windows NT 10.0; Win64; x64) AppleWebKit/537.36 (KHTML, like Gecko) Chrome/88.0.4240.193 Safari/537.36"
34.73.116.68 - - [10/Feb/2026:09:00:16 +0000] "POST /xmlrpc.php HTTP/1.0" 200 628 "-" "Mozilla/5.0 (Windows NT 10.0; Win64; x64) AppleWebKit/537.36 (KHTML, like Gecko) Chrome/88.0.4240.193 Safari/537.36"
34.73.116.68 - - [10/Feb/2026:09:00:17 +0000] "POST /xmlrpc.php HTTP/1.0" 200 628 "-" "Mozilla/5.0 (Windows NT 10.0; Win64; x64) AppleWebKit/537.36 (KHTML, like Gecko) Chrome/88.0.4240.193 Safari/537.36"
34.73.116.68 - - [10/Feb/2026:09:00:17 +0000] "POST /xmlrpc.php HTTP/1.0" 200 628 "-" "Mozilla/5.0 (Windows NT 10.0; Win64; x64) AppleWebKit/537.36 (KHTML, like Gecko) Chrome/88.0.4240.193 Safari/537.36"
34.73.116.68 - - [10/Feb/2026:09:00:18 +0000] "POST /xmlrpc.php HTTP/1.0" 200 628 "-" "Mozilla/5.0 (Windows NT 10.0; Win64; x64) AppleWebKit/537.36 (KHTML, like Gecko) Chrome/88.0.4240.193 Safari/537.36"
34.73.116.68 - - [10/Feb/2026:09:00:19 +0000] "POST /xmlrpc.php HTTP/1.0" 200 628 "-" "Mozilla/5.0 (Windows NT 10.0; Win64; x64) AppleWebKit/537.36 (KHTML, like Gecko) Chrome/88.0.4240.193 Safari/537.36"
34.73.116.68 - - [10/Feb/2026:09:00:20 +0000] "POST /xmlrpc.php HTTP/1.0" 200 628 "-" "Mozilla/5.0 (Windows NT 10.0; Win64; x64) AppleWebKit/537.36 (KHTML, like Gecko) Chrome/88.0.4240.193 Safari/537.36"
34.73.116.68 - - [10/Feb/2026:09:00:20 +0000] "POST /xmlrpc.php HTTP/1.0" 200 628 "-" "Mozilla/5.0 (Windows NT 10.0; Win64; x64) AppleWebKit/537.36 (KHTML, like Gecko) Chrome/88.0.4240.193 Safari/537.36"
34.73.116.68 - - [10/Feb/2026:09:00:21 +0000] "POST /xmlrpc.php HTTP/1.0" 200 628 "-" "Mozilla/5.0 (Windows NT 10.0; Win64; x64) AppleWebKit/537.36 (KHTML, like Gecko) Chrome/88.0.4240.193 Safari/537.36"
2a02:4780:41:6421::1 - - [10/Feb/2026:09:00:23 +0000] "POST /wp-cron.php?doing_wp_cron=1770714023.1002070903778076171875 HTTP/1.0" 200 404 "-" "WordPress/6.9; http://hbkconsultancy.com"
34.73.116.68 - - [10/Feb/2026:09:00:22 +0000] "POST /xmlrpc.php HTTP/1.0" 200 628 "-" "Mozilla/5.0 (Windows NT 10.0; Win64; x64) AppleWebKit/537.36 (KHTML, like Gecko) Chrome/88.0.4240.193 Safari/537.36"
34.73.116.68 - - [10/Feb/2026:09:00:24 +0000] "POST /xmlrpc.php HTTP/1.0" 200 628 "-" "Mozilla/5.0 (Windows NT 10.0; Win64; x64) AppleWebKit/537.36 (KHTML, like Gecko) Chrome/88.0.4240.193 Safari/537.36"
34.73.116.68 - - [10/Feb/2026:09:00:24 +0000] "POST /xmlrpc.php HTTP/1.0" 200 628 "-" "Mozilla/5.0 (Windows NT 10.0; Win64; x64) AppleWebKit/537.36 (KHTML, like Gecko) Chrome/88.0.4240.193 Safari/537.36"
34.73.116.68 - - [10/Feb/2026:09:00:25 +0000] "POST /xmlrpc.php HTTP/1.0" 200 628 "-" "Mozilla/5.0 (Windows NT 10.0; Win64; x64) AppleWebKit/537.36 (KHTML, like Gecko) Chrome/88.0.4240.193 Safari/537.36"
34.73.116.68 - - [10/Feb/2026:09:00:26 +0000] "POST /xmlrpc.php HTTP/1.0" 200 628 "-" "Mozilla/5.0 (Windows NT 10.0; Win64; x64) AppleWebKit/537.36 (KHTML, like Gecko) Chrome/88.0.4240.193 Safari/537.36"
34.73.116.68 - - [10/Feb/2026:09:00:26 +0000] "POST /xmlrpc.php HTTP/1.0" 200 628 "-" "Mozilla/5.0 (Windows NT 10.0; Win64; x64) AppleWebKit/537.36 (KHTML, like Gecko) Chrome/88.0.4240.193 Safari/537.36"
34.73.116.68 - - [10/Feb/2026:09:00:27 +0000] "POST /xmlrpc.php HTTP/1.0" 200 628 "-" "Mozilla/5.0 (Windows NT 10.0; Win64; x64) AppleWebKit/537.36 (KHTML, like Gecko) Chrome/88.0.4240.193 Safari/537.36"
34.73.116.68 - - [10/Feb/2026:09:00:28 +0000] "POST /xmlrpc.php HTTP/1.0" 200 628 "-" "Mozilla/5.0 (Windows NT 10.0; Win64; x64) AppleWebKit/537.36 (KHTML, like Gecko) Chrome/88.0.4240.193 Safari/537.36"
34.73.116.68 - - [10/Feb/2026:09:00:29 +0000] "POST /xmlrpc.php HTTP/1.0" 200 628 "-" "Mozilla/5.0 (Windows NT 10.0; Win64; x64) AppleWebKit/537.36 (KHTML, like Gecko) Chrome/88.0.4240.193 Safari/537.36"
2a02:4780:41:6421::1 - - [10/Feb/2026:09:00:30 +0000] "POST /wp-cron.php?doing_wp_cron=1770714030.4505209922790527343750 HTTP/1.0" 200 404 "-" "WordPress/6.9; http://hbkconsultancy.com"
34.73.116.68 - - [10/Feb/2026:09:00:29 +0000] "POST /xmlrpc.php HTTP/1.0" 200 628 "-" "Mozilla/5.0 (Windows NT 10.0; Win64; x64) AppleWebKit/537.36 (KHTML, like Gecko) Chrome/88.0.4240.193 Safari/537.36"
34.73.116.68 - - [10/Feb/2026:09:00:31 +0000] "POST /xmlrpc.php HTTP/1.0" 200 628 "-" "Mozilla/5.0 (Windows NT 10.0; Win64; x64) AppleWebKit/537.36 (KHTML, like Gecko) Chrome/88.0.4240.193 Safari/537.36"
34.73.116.68 - - [10/Feb/2026:09:00:31 +0000] "POST /xmlrpc.php HTTP/1.0" 200 628 "-" "Mozilla/5.0 (Windows NT 10.0; Win64; x64) AppleWebKit/537.36 (KHTML, like Gecko) Chrome/88.0.4240.193 Safari/537.36"
34.73.116.68 - - [10/Feb/2026:09:00:32 +0000] "POST /xmlrpc.php HTTP/1.0" 200 628 "-" "Mozilla/5.0 (Windows NT 10.0; Win64; x64) AppleWebKit/537.36 (KHTML, like Gecko) Chrome/88.0.4240.193 Safari/537.36"
34.73.116.68 - - [10/Feb/2026:09:00:33 +0000] "POST /xmlrpc.php HTTP/1.0" 200 628 "-" "Mozilla/5.0 (Windows NT 10.0; Win64; x64) AppleWebKit/537.36 (KHTML, like Gecko) Chrome/88.0.4240.193 Safari/537.36"
34.73.116.68 - - [10/Feb/2026:09:00:33 +0000] "POST /xmlrpc.php HTTP/1.0" 200 628 "-" "Mozilla/5.0 (Windows NT 10.0; Win64; x64) AppleWebKit/537.36 (KHTML, like Gecko) Chrome/88.0.4240.193 Safari/537.36"
34.73.116.68 - - [10/Feb/2026:09:00:34 +0000] "POST /xmlrpc.php HTTP/1.0" 200 628 "-" "Mozilla/5.0 (Windows NT 10.0; Win64; x64) AppleWebKit/537.36 (KHTML, like Gecko) Chrome/88.0.4240.193 Safari/537.36"
34.73.116.68 - - [10/Feb/2026:09:00:35 +0000] "POST /xmlrpc.php HTTP/1.0" 200 628 "-" "Mozilla/5.0 (Windows NT 10.0; Win64; x64) AppleWebKit/537.36 (KHTML, like Gecko) Chrome/88.0.4240.193 Safari/537.36"
34.73.116.68 - - [10/Feb/2026:09:00:36 +0000] "POST /xmlrpc.php HTTP/1.0" 200 628 "-" "Mozilla/5.0 (Windows NT 10.0; Win64; x64) AppleWebKit/537.36 (KHTML, like Gecko) Chrome/88.0.4240.193 Safari/537.36"
34.73.116.68 - - [10/Feb/2026:09:00:36 +0000] "POST /xmlrpc.php HTTP/1.0" 200 628 "-" "Mozilla/5.0 (Windows NT 10.0; Win64; x64) AppleWebKit/537.36 (KHTML, like Gecko) Chrome/88.0.4240.193 Safari/537.36"
34.73.116.68 - - [10/Feb/2026:09:00:37 +0000] "POST /xmlrpc.php HTTP/1.0" 200 628 "-" "Mozilla/5.0 (Windows NT 10.0; Win64; x64) AppleWebKit/537.36 (KHTML, like Gecko) Chrome/88.0.4240.193 Safari/537.36"
34.73.116.68 - - [10/Feb/2026:09:00:38 +0000] "POST /xmlrpc.php HTTP/1.0" 200 628 "-" "Mozilla/5.0 (Windows NT 10.0; Win64; x64) AppleWebKit/537.36 (KHTML, like Gecko) Chrome/88.0.4240.193 Safari/537.36"
34.73.116.68 - - [10/Feb/2026:09:00:39 +0000] "POST /xmlrpc.php HTTP/1.0" 200 628 "-" "Mozilla/5.0 (Windows NT 10.0; Win64; x64) AppleWebKit/537.36 (KHTML, like Gecko) Chrome/88.0.4240.193 Safari/537.36"
34.73.116.68 - - [10/Feb/2026:09:00:39 +0000] "POST /xmlrpc.php HTTP/1.0" 200 628 "-" "Mozilla/5.0 (Windows NT 10.0; Win64; x64) AppleWebKit/537.36 (KHTML, like Gecko) Chrome/88.0.4240.193 Safari/537.36"
34.73.116.68 - - [10/Feb/2026:09:00:40 +0000] "POST /xmlrpc.php HTTP/1.0" 200 628 "-" "Mozilla/5.0 (Windows NT 10.0; Win64; x64) AppleWebKit/537.36 (KHTML, like Gecko) Chrome/88.0.4240.193 Safari/537.36"
34.73.116.68 - - [10/Feb/2026:09:00:41 +0000] "POST /xmlrpc.php HTTP/1.0" 200 628 "-" "Mozilla/5.0 (Windows NT 10.0; Win64; x64) AppleWebKit/537.36 (KHTML, like Gecko) Chrome/88.0.4240.193 Safari/537.36"
181.199.145.198 - - [10/Feb/2026:09:00:41 +0000] "GET /61399234530.htm HTTP/1.0" 404 126638 "https://hbkconsultancy.com/" "Mozilla/5.0 (Windows NT 10.0; Win64; x64) AppleWebKit/537.36 (KHTML, like Gecko) Chrome/135.0.0.0 Safari/537.36 Edg/135.0.0.0"
34.73.116.68 - - [10/Feb/2026:09:00:42 +0000] "POST /xmlrpc.php HTTP/1.0" 200 628 "-" "Mozilla/5.0 (Windows NT 10.0; Win64; x64) AppleWebKit/537.36 (KHTML, like Gecko) Chrome/88.0.4240.193 Safari/537.36"
34.73.116.68 - - [10/Feb/2026:09:00:42 +0000] "POST /xmlrpc.php HTTP/1.0" 200 628 "-" "Mozilla/5.0 (Windows NT 10.0; Win64; x64) AppleWebKit/537.36 (KHTML, like Gecko) Chrome/88.0.4240.193 Safari/537.36"
34.73.116.68 - - [10/Feb/2026:09:00:43 +0000] "POST /xmlrpc.php HTTP/1.0" 200 628 "-" "Mozilla/5.0 (Windows NT 10.0; Win64; x64) AppleWebKit/537.36 (KHTML, like Gecko) Chrome/88.0.4240.193 Safari/537.36"
34.73.116.68 - - [10/Feb/2026:09:00:44 +0000] "POST /xmlrpc.php HTTP/1.0" 200 628 "-" "Mozilla/5.0 (Windows NT 10.0; Win64; x64) AppleWebKit/537.36 (KHTML, like Gecko) Chrome/88.0.4240.193 Safari/537.36"
34.73.116.68 - - [10/Feb/2026:09:00:45 +0000] "POST /xmlrpc.php HTTP/1.0" 200 628 "-" "Mozilla/5.0 (Windows NT 10.0; Win64; x64) AppleWebKit/537.36 (KHTML, like Gecko) Chrome/88.0.4240.193 Safari/537.36"
34.73.116.68 - - [10/Feb/2026:09:00:46 +0000] "POST /xmlrpc.php HTTP/1.0" 200 628 "-" "Mozilla/5.0 (Windows NT 10.0; Win64; x64) AppleWebKit/537.36 (KHTML, like Gecko) Chrome/88.0.4240.193 Safari/537.36"
34.73.116.68 - - [10/Feb/2026:09:00:46 +0000] "POST /xmlrpc.php HTTP/1.0" 200 628 "-" "Mozilla/5.0 (Windows NT 10.0; Win64; x64) AppleWebKit/537.36 (KHTML, like Gecko) Chrome/88.0.4240.193 Safari/537.36"
34.73.116.68 - - [10/Feb/2026:09:00:47 +0000] "POST /xmlrpc.php HTTP/1.0" 200 628 "-" "Mozilla/5.0 (Windows NT 10.0; Win64; x64) AppleWebKit/537.36 (KHTML, like Gecko) Chrome/88.0.4240.193 Safari/537.36"
34.73.116.68 - - [10/Feb/2026:09:00:48 +0000] "POST /xmlrpc.php HTTP/1.0" 200 628 "-" "Mozilla/5.0 (Windows NT 10.0; Win64; x64) AppleWebKit/537.36 (KHTML, like Gecko) Chrome/88.0.4240.193 Safari/537.36"
34.73.116.68 - - [10/Feb/2026:09:00:49 +0000] "POST /xmlrpc.php HTTP/1.0" 200 628 "-" "Mozilla/5.0 (Windows NT 10.0; Win64; x64) AppleWebKit/537.36 (KHTML, like Gecko) Chrome/88.0.4240.193 Safari/537.36"
34.73.116.68 - - [10/Feb/2026:09:00:49 +0000] "POST /xmlrpc.php HTTP/1.0" 200 628 "-" "Mozilla/5.0 (Windows NT 10.0; Win64; x64) AppleWebKit/537.36 (KHTML, like Gecko) Chrome/88.0.4240.193 Safari/537.36"
34.73.116.68 - - [10/Feb/2026:09:00:50 +0000] "POST /xmlrpc.php HTTP/1.0" 200 628 "-" "Mozilla/5.0 (Windows NT 10.0; Win64; x64) AppleWebKit/537.36 (KHTML, like Gecko) Chrome/88.0.4240.193 Safari/537.36"
34.73.116.68 - - [10/Feb/2026:09:00:50 +0000] "POST /xmlrpc.php HTTP/1.0" 200 628 "-" "Mozilla/5.0 (Windows NT 10.0; Win64; x64) AppleWebKit/537.36 (KHTML, like Gecko) Chrome/88.0.4240.193 Safari/537.36"
34.73.116.68 - - [10/Feb/2026:09:00:51 +0000] "POST /xmlrpc.php HTTP/1.0" 200 628 "-" "Mozilla/5.0 (Windows NT 10.0; Win64; x64) AppleWebKit/537.36 (KHTML, like Gecko) Chrome/88.0.4240.193 Safari/537.36"
34.73.116.68 - - [10/Feb/2026:09:00:51 +0000] "POST /xmlrpc.php HTTP/1.0" 200 628 "-" "Mozilla/5.0 (Windows NT 10.0; Win64; x64) AppleWebKit/537.36 (KHTML, like Gecko) Chrome/88.0.4240.193 Safari/537.36"
34.73.116.68 - - [10/Feb/2026:09:00:52 +0000] "POST /xmlrpc.php HTTP/1.0" 200 628 "-" "Mozilla/5.0 (Windows NT 10.0; Win64; x64) AppleWebKit/537.36 (KHTML, like Gecko) Chrome/88.0.4240.193 Safari/537.36"
34.73.116.68 - - [10/Feb/2026:09:00:52 +0000] "POST /xmlrpc.php HTTP/1.0" 200 628 "-" "Mozilla/5.0 (Windows NT 10.0; Win64; x64) AppleWebKit/537.36 (KHTML, like Gecko) Chrome/88.0.4240.193 Safari/537.36"
34.73.116.68 - - [10/Feb/2026:09:00:52 +0000] "POST /xmlrpc.php HTTP/1.0" 200 628 "-" "Mozilla/5.0 (Windows NT 10.0; Win64; x64) AppleWebKit/537.36 (KHTML, like Gecko) Chrome/88.0.4240.193 Safari/537.36"
34.73.116.68 - - [10/Feb/2026:09:00:53 +0000] "POST /xmlrpc.php HTTP/1.0" 200 628 "-" "Mozilla/5.0 (Windows NT 10.0; Win64; x64) AppleWebKit/537.36 (KHTML, like Gecko) Chrome/88.0.4240.193 Safari/537.36"
34.73.116.68 - - [10/Feb/2026:09:00:53 +0000] "POST /xmlrpc.php HTTP/1.0" 200 628 "-" "Mozilla/5.0 (Windows NT 10.0; Win64; x64) AppleWebKit/537.36 (KHTML, like Gecko) Chrome/88.0.4240.193 Safari/537.36"
34.73.116.68 - - [10/Feb/2026:09:00:54 +0000] "POST /xmlrpc.php HTTP/1.0" 200 628 "-" "Mozilla/5.0 (Windows NT 10.0; Win64; x64) AppleWebKit/537.36 (KHTML, like Gecko) Chrome/88.0.4240.193 Safari/537.36"
34.73.116.68 - - [10/Feb/2026:09:00:54 +0000] "POST /xmlrpc.php HTTP/1.0" 200 628 "-" "Mozilla/5.0 (Windows NT 10.0; Win64; x64) AppleWebKit/537.36 (KHTML, like Gecko) Chrome/88.0.4240.193 Safari/537.36"
114.119.140.186 - - [10/Feb/2026:09:00:55 +0000] "GET /shop/page/2 HTTP/1.0" 301 402 "http://hbkconsultancy.com/shop/page/2" "Mozilla/5.0 (Linux; Android 7.0;) AppleWebKit/537.36 (KHTML, like Gecko) Mobile Safari/537.36 (compatible; PetalBot;+https://webmaster.petalsearch.com/site/petalbot)"
34.73.116.68 - - [10/Feb/2026:09:00:55 +0000] "POST /xmlrpc.php HTTP/1.0" 200 628 "-" "Mozilla/5.0 (Windows NT 10.0; Win64; x64) AppleWebKit/537.36 (KHTML, like Gecko) Chrome/88.0.4240.193 Safari/537.36"
114.119.140.186 - - [10/Feb/2026:09:00:55 +0000] "GET /shop/page/2/ HTTP/1.0" 200 23819 "http://hbkconsultancy.com/shop/page/2" "Mozilla/5.0 (Linux; Android 7.0;) AppleWebKit/537.36 (KHTML, like Gecko) Mobile Safari/537.36 (compatible; PetalBot;+https://webmaster.petalsearch.com/site/petalbot)"
34.73.116.68 - - [10/Feb/2026:09:00:55 +0000] "POST /xmlrpc.php HTTP/1.0" 200 628 "-" "Mozilla/5.0 (Windows NT 10.0; Win64; x64) AppleWebKit/537.36 (KHTML, like Gecko) Chrome/88.0.4240.193 Safari/537.36"
34.73.116.68 - - [10/Feb/2026:09:00:56 +0000] "POST /xmlrpc.php HTTP/1.0" 200 628 "-" "Mozilla/5.0 (Windows NT 10.0; Win64; x64) AppleWebKit/537.36 (KHTML, like Gecko) Chrome/88.0.4240.193 Safari/537.36"
34.73.116.68 - - [10/Feb/2026:09:00:56 +0000] "POST /xmlrpc.php HTTP/1.0" 200 628 "-" "Mozilla/5.0 (Windows NT 10.0; Win64; x64) AppleWebKit/537.36 (KHTML, like Gecko) Chrome/88.0.4240.193 Safari/537.36"
34.73.116.68 - - [10/Feb/2026:09:00:56 +0000] "POST /xmlrpc.php HTTP/1.0" 200 628 "-" "Mozilla/5.0 (Windows NT 10.0; Win64; x64) AppleWebKit/537.36 (KHTML, like Gecko) Chrome/88.0.4240.193 Safari/537.36"
34.73.116.68 - - [10/Feb/2026:09:00:57 +0000] "POST /xmlrpc.php HTTP/1.0" 200 628 "-" "Mozilla/5.0 (Windows NT 10.0; Win64; x64) AppleWebKit/537.36 (KHTML, like Gecko) Chrome/88.0.4240.193 Safari/537.36"
34.73.116.68 - - [10/Feb/2026:09:00:57 +0000] "POST /xmlrpc.php HTTP/1.0" 200 628 "-" "Mozilla/5.0 (Windows NT 10.0; Win64; x64) AppleWebKit/537.36 (KHTML, like Gecko) Chrome/88.0.4240.193 Safari/537.36"
34.73.116.68 - - [10/Feb/2026:09:00:58 +0000] "POST /xmlrpc.php HTTP/1.0" 200 628 "-" "Mozilla/5.0 (Windows NT 10.0; Win64; x64) AppleWebKit/537.36 (KHTML, like Gecko) Chrome/88.0.4240.193 Safari/537.36"
34.73.116.68 - - [10/Feb/2026:09:00:58 +0000] "POST /xmlrpc.php HTTP/1.0" 200 628 "-" "Mozilla/5.0 (Windows NT 10.0; Win64; x64) AppleWebKit/537.36 (KHTML, like Gecko) Chrome/88.0.4240.193 Safari/537.36"
34.73.116.68 - - [10/Feb/2026:09:00:58 +0000] "POST /xmlrpc.php HTTP/1.0" 200 628 "-" "Mozilla/5.0 (Windows NT 10.0; Win64; x64) AppleWebKit/537.36 (KHTML, like Gecko) Chrome/88.0.4240.193 Safari/537.36"
34.73.116.68 - - [10/Feb/2026:09:00:59 +0000] "POST /xmlrpc.php HTTP/1.0" 200 628 "-" "Mozilla/5.0 (Windows NT 10.0; Win64; x64) AppleWebKit/537.36 (KHTML, like Gecko) Chrome/88.0.4240.193 Safari/537.36"
34.73.116.68 - - [10/Feb/2026:09:00:59 +0000] "POST /xmlrpc.php HTTP/1.0" 200 628 "-" "Mozilla/5.0 (Windows NT 10.0; Win64; x64) AppleWebKit/537.36 (KHTML, like Gecko) Chrome/88.0.4240.193 Safari/537.36"
34.73.116.68 - - [10/Feb/2026:09:01:00 +0000] "POST /xmlrpc.php HTTP/1.0" 200 628 "-" "Mozilla/5.0 (Windows NT 10.0; Win64; x64) AppleWebKit/537.36 (KHTML, like Gecko) Chrome/88.0.4240.193 Safari/537.36"
34.73.116.68 - - [10/Feb/2026:09:01:00 +0000] "POST /xmlrpc.php HTTP/1.0" 200 628 "-" "Mozilla/5.0 (Windows NT 10.0; Win64; x64) AppleWebKit/537.36 (KHTML, like Gecko) Chrome/88.0.4240.193 Safari/537.36"
34.73.116.68 - - [10/Feb/2026:09:01:00 +0000] "POST /xmlrpc.php HTTP/1.0" 200 628 "-" "Mozilla/5.0 (Windows NT 10.0; Win64; x64) AppleWebKit/537.36 (KHTML, like Gecko) Chrome/88.0.4240.193 Safari/537.36"
34.73.116.68 - - [10/Feb/2026:09:01:01 +0000] "POST /xmlrpc.php HTTP/1.0" 200 628 "-" "Mozilla/5.0 (Windows NT 10.0; Win64; x64) AppleWebKit/537.36 (KHTML, like Gecko) Chrome/88.0.4240.193 Safari/537.36"
34.73.116.68 - - [10/Feb/2026:09:01:01 +0000] "POST /xmlrpc.php HTTP/1.0" 200 628 "-" "Mozilla/5.0 (Windows NT 10.0; Win64; x64) AppleWebKit/537.36 (KHTML, like Gecko) Chrome/88.0.4240.193 Safari/537.36"
34.73.116.68 - - [10/Feb/2026:09:01:02 +0000] "POST /xmlrpc.php HTTP/1.0" 200 628 "-" "Mozilla/5.0 (Windows NT 10.0; Win64; x64) AppleWebKit/537.36 (KHTML, like Gecko) Chrome/88.0.4240.193 Safari/537.36"
34.73.116.68 - - [10/Feb/2026:09:01:02 +0000] "POST /xmlrpc.php HTTP/1.0" 200 628 "-" "Mozilla/5.0 (Windows NT 10.0; Win64; x64) AppleWebKit/537.36 (KHTML, like Gecko) Chrome/88.0.4240.193 Safari/537.36"
34.73.116.68 - - [10/Feb/2026:09:01:03 +0000] "POST /xmlrpc.php HTTP/1.0" 200 628 "-" "Mozilla/5.0 (Windows NT 10.0; Win64; x64) AppleWebKit/537.36 (KHTML, like Gecko) Chrome/88.0.4240.193 Safari/537.36"
34.73.116.68 - - [10/Feb/2026:09:01:03 +0000] "POST /xmlrpc.php HTTP/1.0" 200 628 "-" "Mozilla/5.0 (Windows NT 10.0; Win64; x64) AppleWebKit/537.36 (KHTML, like Gecko) Chrome/88.0.4240.193 Safari/537.36"
34.73.116.68 - - [10/Feb/2026:09:01:03 +0000] "POST /xmlrpc.php HTTP/1.0" 200 628 "-" "Mozilla/5.0 (Windows NT 10.0; Win64; x64) AppleWebKit/537.36 (KHTML, like Gecko) Chrome/88.0.4240.193 Safari/537.36"
34.73.116.68 - - [10/Feb/2026:09:01:04 +0000] "POST /xmlrpc.php HTTP/1.0" 200 628 "-" "Mozilla/5.0 (Windows NT 10.0; Win64; x64) AppleWebKit/537.36 (KHTML, like Gecko) Chrome/88.0.4240.193 Safari/537.36"
34.73.116.68 - - [10/Feb/2026:09:01:04 +0000] "POST /xmlrpc.php HTTP/1.0" 200 628 "-" "Mozilla/5.0 (Windows NT 10.0; Win64; x64) AppleWebKit/537.36 (KHTML, like Gecko) Chrome/88.0.4240.193 Safari/537.36"
34.73.116.68 - - [10/Feb/2026:09:01:05 +0000] "POST /xmlrpc.php HTTP/1.0" 200 628 "-" "Mozilla/5.0 (Windows NT 10.0; Win64; x64) AppleWebKit/537.36 (KHTML, like Gecko) Chrome/88.0.4240.193 Safari/537.36"
34.73.116.68 - - [10/Feb/2026:09:01:05 +0000] "POST /xmlrpc.php HTTP/1.0" 200 628 "-" "Mozilla/5.0 (Windows NT 10.0; Win64; x64) AppleWebKit/537.36 (KHTML, like Gecko) Chrome/88.0.4240.193 Safari/537.36"
34.73.116.68 - - [10/Feb/2026:09:01:05 +0000] "POST /xmlrpc.php HTTP/1.0" 200 628 "-" "Mozilla/5.0 (Windows NT 10.0; Win64; x64) AppleWebKit/537.36 (KHTML, like Gecko) Chrome/88.0.4240.193 Safari/537.36"
34.73.116.68 - - [10/Feb/2026:09:01:06 +0000] "POST /xmlrpc.php HTTP/1.0" 200 628 "-" "Mozilla/5.0 (Windows NT 10.0; Win64; x64) AppleWebKit/537.36 (KHTML, like Gecko) Chrome/88.0.4240.193 Safari/537.36"
34.73.116.68 - - [10/Feb/2026:09:01:06 +0000] "POST /xmlrpc.php HTTP/1.0" 200 628 "-" "Mozilla/5.0 (Windows NT 10.0; Win64; x64) AppleWebKit/537.36 (KHTML, like Gecko) Chrome/88.0.4240.193 Safari/537.36"
34.73.116.68 - - [10/Feb/2026:09:01:07 +0000] "POST /xmlrpc.php HTTP/1.0" 200 628 "-" "Mozilla/5.0 (Windows NT 10.0; Win64; x64) AppleWebKit/537.36 (KHTML, like Gecko) Chrome/88.0.4240.193 Safari/537.36"
34.73.116.68 - - [10/Feb/2026:09:01:07 +0000] "POST /xmlrpc.php HTTP/1.0" 200 628 "-" "Mozilla/5.0 (Windows NT 10.0; Win64; x64) AppleWebKit/537.36 (KHTML, like Gecko) Chrome/88.0.4240.193 Safari/537.36"
34.73.116.68 - - [10/Feb/2026:09:01:07 +0000] "POST /xmlrpc.php HTTP/1.0" 200 628 "-" "Mozilla/5.0 (Windows NT 10.0; Win64; x64) AppleWebKit/537.36 (KHTML, like Gecko) Chrome/88.0.4240.193 Safari/537.36"
34.73.116.68 - - [10/Feb/2026:09:01:08 +0000] "POST /xmlrpc.php HTTP/1.0" 200 628 "-" "Mozilla/5.0 (Windows NT 10.0; Win64; x64) AppleWebKit/537.36 (KHTML, like Gecko) Chrome/88.0.4240.193 Safari/537.36"
34.73.116.68 - - [10/Feb/2026:09:01:08 +0000] "POST /xmlrpc.php HTTP/1.0" 200 628 "-" "Mozilla/5.0 (Windows NT 10.0; Win64; x64) AppleWebKit/537.36 (KHTML, like Gecko) Chrome/88.0.4240.193 Safari/537.36"
34.73.116.68 - - [10/Feb/2026:09:01:09 +0000] "POST /xmlrpc.php HTTP/1.0" 200 628 "-" "Mozilla/5.0 (Windows NT 10.0; Win64; x64) AppleWebKit/537.36 (KHTML, like Gecko) Chrome/88.0.4240.193 Safari/537.36"
34.73.116.68 - - [10/Feb/2026:09:01:09 +0000] "POST /xmlrpc.php HTTP/1.0" 200 628 "-" "Mozilla/5.0 (Windows NT 10.0; Win64; x64) AppleWebKit/537.36 (KHTML, like Gecko) Chrome/88.0.4240.193 Safari/537.36"
34.73.116.68 - - [10/Feb/2026:09:01:09 +0000] "POST /xmlrpc.php HTTP/1.0" 200 628 "-" "Mozilla/5.0 (Windows NT 10.0; Win64; x64) AppleWebKit/537.36 (KHTML, like Gecko) Chrome/88.0.4240.193 Safari/537.36"
34.73.116.68 - - [10/Feb/2026:09:01:10 +0000] "POST /xmlrpc.php HTTP/1.0" 200 628 "-" "Mozilla/5.0 (Windows NT 10.0; Win64; x64) AppleWebKit/537.36 (KHTML, like Gecko) Chrome/88.0.4240.193 Safari/537.36"
34.73.116.68 - - [10/Feb/2026:09:01:10 +0000] "POST /xmlrpc.php HTTP/1.0" 200 628 "-" "Mozilla/5.0 (Windows NT 10.0; Win64; x64) AppleWebKit/537.36 (KHTML, like Gecko) Chrome/88.0.4240.193 Safari/537.36"
34.73.116.68 - - [10/Feb/2026:09:01:11 +0000] "POST /xmlrpc.php HTTP/1.0" 200 628 "-" "Mozilla/5.0 (Windows NT 10.0; Win64; x64) AppleWebKit/537.36 (KHTML, like Gecko) Chrome/88.0.4240.193 Safari/537.36"
34.73.116.68 - - [10/Feb/2026:09:01:11 +0000] "POST /xmlrpc.php HTTP/1.0" 200 628 "-" "Mozilla/5.0 (Windows NT 10.0; Win64; x64) AppleWebKit/537.36 (KHTML, like Gecko) Chrome/88.0.4240.193 Safari/537.36"
34.73.116.68 - - [10/Feb/2026:09:01:11 +0000] "POST /xmlrpc.php HTTP/1.0" 200 628 "-" "Mozilla/5.0 (Windows NT 10.0; Win64; x64) AppleWebKit/537.36 (KHTML, like Gecko) Chrome/88.0.4240.193 Safari/537.36"
34.73.116.68 - - [10/Feb/2026:09:01:12 +0000] "POST /xmlrpc.php HTTP/1.0" 200 628 "-" "Mozilla/5.0 (Windows NT 10.0; Win64; x64) AppleWebKit/537.36 (KHTML, like Gecko) Chrome/88.0.4240.193 Safari/537.36"
34.73.116.68 - - [10/Feb/2026:09:01:12 +0000] "POST /xmlrpc.php HTTP/1.0" 200 628 "-" "Mozilla/5.0 (Windows NT 10.0; Win64; x64) AppleWebKit/537.36 (KHTML, like Gecko) Chrome/88.0.4240.193 Safari/537.36"
34.73.116.68 - - [10/Feb/2026:09:01:13 +0000] "POST /xmlrpc.php HTTP/1.0" 200 628 "-" "Mozilla/5.0 (Windows NT 10.0; Win64; x64) AppleWebKit/537.36 (KHTML, like Gecko) Chrome/88.0.4240.193 Safari/537.36"
34.73.116.68 - - [10/Feb/2026:09:01:13 +0000] "POST /xmlrpc.php HTTP/1.0" 200 628 "-" "Mozilla/5.0 (Windows NT 10.0; Win64; x64) AppleWebKit/537.36 (KHTML, like Gecko) Chrome/88.0.4240.193 Safari/537.36"
2a02:4780:41:6421::1 - - [10/Feb/2026:09:01:14 +0000] "POST /wp-cron.php?doing_wp_cron=1770714074.1808331012725830078125 HTTP/1.0" 200 404 "-" "WordPress/6.9; http://hbkconsultancy.com"
34.73.116.68 - - [10/Feb/2026:09:01:13 +0000] "POST /xmlrpc.php HTTP/1.0" 200 628 "-" "Mozilla/5.0 (Windows NT 10.0; Win64; x64) AppleWebKit/537.36 (KHTML, like Gecko) Chrome/88.0.4240.193 Safari/537.36"
34.73.116.68 - - [10/Feb/2026:09:01:14 +0000] "POST /xmlrpc.php HTTP/1.0" 200 628 "-" "Mozilla/5.0 (Windows NT 10.0; Win64; x64) AppleWebKit/537.36 (KHTML, like Gecko) Chrome/88.0.4240.193 Safari/537.36"
34.73.116.68 - - [10/Feb/2026:09:01:15 +0000] "POST /xmlrpc.php HTTP/1.0" 200 628 "-" "Mozilla/5.0 (Windows NT 10.0; Win64; x64) AppleWebKit/537.36 (KHTML, like Gecko) Chrome/88.0.4240.193 Safari/537.36"
34.73.116.68 - - [10/Feb/2026:09:01:15 +0000] "POST /xmlrpc.php HTTP/1.0" 200 628 "-" "Mozilla/5.0 (Windows NT 10.0; Win64; x64) AppleWebKit/537.36 (KHTML, like Gecko) Chrome/88.0.4240.193 Safari/537.36"
34.73.116.68 - - [10/Feb/2026:09:01:15 +0000] "POST /xmlrpc.php HTTP/1.0" 200 628 "-" "Mozilla/5.0 (Windows NT 10.0; Win64; x64) AppleWebKit/537.36 (KHTML, like Gecko) Chrome/88.0.4240.193 Safari/537.36"
34.73.116.68 - - [10/Feb/2026:09:01:16 +0000] "POST /xmlrpc.php HTTP/1.0" 200 628 "-" "Mozilla/5.0 (Windows NT 10.0; Win64; x64) AppleWebKit/537.36 (KHTML, like Gecko) Chrome/88.0.4240.193 Safari/537.36"
34.73.116.68 - - [10/Feb/2026:09:01:16 +0000] "POST /xmlrpc.php HTTP/1.0" 200 628 "-" "Mozilla/5.0 (Windows NT 10.0; Win64; x64) AppleWebKit/537.36 (KHTML, like Gecko) Chrome/88.0.4240.193 Safari/537.36"
34.73.116.68 - - [10/Feb/2026:09:01:17 +0000] "POST /xmlrpc.php HTTP/1.0" 200 628 "-" "Mozilla/5.0 (Windows NT 10.0; Win64; x64) AppleWebKit/537.36 (KHTML, like Gecko) Chrome/88.0.4240.193 Safari/537.36"
34.73.116.68 - - [10/Feb/2026:09:01:17 +0000] "POST /xmlrpc.php HTTP/1.0" 200 628 "-" "Mozilla/5.0 (Windows NT 10.0; Win64; x64) AppleWebKit/537.36 (KHTML, like Gecko) Chrome/88.0.4240.193 Safari/537.36"
34.73.116.68 - - [10/Feb/2026:09:01:18 +0000] "POST /xmlrpc.php HTTP/1.0" 200 628 "-" "Mozilla/5.0 (Windows NT 10.0; Win64; x64) AppleWebKit/537.36 (KHTML, like Gecko) Chrome/88.0.4240.193 Safari/537.36"
34.73.116.68 - - [10/Feb/2026:09:01:18 +0000] "POST /xmlrpc.php HTTP/1.0" 200 628 "-" "Mozilla/5.0 (Windows NT 10.0; Win64; x64) AppleWebKit/537.36 (KHTML, like Gecko) Chrome/88.0.4240.193 Safari/537.36"
