74.7.243.214 - - [11/Feb/2026:01:23:17 +0000] "GET /?path=//sys/class/net/lo/subsystem/lo/subsystem/vethc796c04/subsystem/eth0/device/net/eth0/subsystem/docker0/brif HTTP/1.0" 200 3237 "https://hbkconsultancy.com/?path=//sys/class/net/lo/subsystem/lo/subsystem/vethc796c04/subsystem/eth0/device/net/eth0/subsystem/docker0" "Mozilla/5.0 AppleWebKit/537.36 (KHTML, like Gecko; compatible; GPTBot/1.3; +https://openai.com/gptbot)"
108.165.87.79 - - [11/Feb/2026:01:23:19 +0000] "POST /wp-login.php HTTP/1.0" 200 4360 "http://hbkconsultancy.com/wp-login.php" "Mozilla/5.0 (Windows NT 10.0; Win64; x64) AppleWebKit/537.36 (KHTML, like Gecko) Chrome/132.0.0.0 Safari/537.36"
74.7.243.214 - - [11/Feb/2026:01:23:20 +0000] "GET /?path=//sys/class/net/lo/subsystem/lo/subsystem/vethc796c04/subsystem/eth0/device/net/eth0/subsystem/docker0/bridge HTTP/1.0" 200 4813 "https://hbkconsultancy.com/?path=//sys/class/net/lo/subsystem/lo/subsystem/vethc796c04/subsystem/eth0/device/net/eth0/subsystem/docker0" "Mozilla/5.0 AppleWebKit/537.36 (KHTML, like Gecko; compatible; GPTBot/1.3; +https://openai.com/gptbot)"
2001:41d0:303:f29::1 - - [11/Feb/2026:01:23:20 +0000] "GET /%D8%A7%D9%84%D9%85%D8%AA%D8%AC%D8%B1/uncategorized/%D9%85%D9%86%D8%AA%D8%AC-%D8%B1%D9%82%D9%85%D9%8A/feed/?fileloc=/var/www/hbkconsultan_usr/data/www/hbkconsultancy.com/inege.php&path=/var/www/hbkconsultan_usr/data/www/hbkconsultancy.com HTTP/1.0" 200 717427 "-" "Mozilla/5.0 (compatible; MJ12bot/v1.4.8; http://mj12bot.com/)"
74.7.243.214 - - [11/Feb/2026:01:23:23 +0000] "GET /?path=//sys/class/net/lo/subsystem/lo/subsystem/vethc796c04/subsystem/eth0/device/net/eth0/subsystem/docker0/power HTTP/1.0" 200 3499 "https://hbkconsultancy.com/?path=//sys/class/net/lo/subsystem/lo/subsystem/vethc796c04/subsystem/eth0/device/net/eth0/subsystem/docker0" "Mozilla/5.0 AppleWebKit/537.36 (KHTML, like Gecko; compatible; GPTBot/1.3; +https://openai.com/gptbot)"
2001:41d0:303:f29::1 - - [11/Feb/2026:01:23:25 +0000] "GET /%D8%A7%D9%84%D9%85%D8%AA%D8%AC%D8%B1/uncategorized/%D9%85%D9%86%D8%AA%D8%AC-%D8%B1%D9%82%D9%85%D9%8A/feed/?fileloc=/var/www/hbkconsultan_usr/data/www/hbkconsultancy.com/license.txt&path=/var/www/hbkconsultan_usr/data/www/hbkconsultancy.com HTTP/1.0" 200 10092 "-" "Mozilla/5.0 (compatible; MJ12bot/v1.4.8; http://mj12bot.com/)"
74.7.243.214 - - [11/Feb/2026:01:23:27 +0000] "GET /?path=//sys/class/net/lo/subsystem/lo/subsystem/vethc796c04/subsystem/eth0/device/net/eth0/subsystem/docker0/subsystem HTTP/1.0" 200 3332 "https://hbkconsultancy.com/?path=//sys/class/net/lo/subsystem/lo/subsystem/vethc796c04/subsystem/eth0/device/net/eth0/subsystem/docker0" "Mozilla/5.0 AppleWebKit/537.36 (KHTML, like Gecko; compatible; GPTBot/1.3; +https://openai.com/gptbot)"
2001:41d0:303:f29::1 - - [11/Feb/2026:01:23:28 +0000] "GET /%D8%A7%D9%84%D9%85%D8%AA%D8%AC%D8%B1/uncategorized/%D9%85%D9%86%D8%AA%D8%AC-%D8%B1%D9%82%D9%85%D9%8A/feed/?fileloc=/var/www/hbkconsultan_usr/data/www/hbkconsultancy.com/readme.html&path=/var/www/hbkconsultan_usr/data/www/hbkconsultancy.com HTTP/1.0" 200 5804 "-" "Mozilla/5.0 (compatible; MJ12bot/v1.4.8; http://mj12bot.com/)"
74.7.243.214 - - [11/Feb/2026:01:23:30 +0000] "GET /?path=//sys/class/net/lo/subsystem/lo/subsystem/vethc796c04/subsystem/eth0/device/net/eth0/subsystem/docker0/queues HTTP/1.0" 200 3189 "https://hbkconsultancy.com/?path=//sys/class/net/lo/subsystem/lo/subsystem/vethc796c04/subsystem/eth0/device/net/eth0/subsystem/docker0" "Mozilla/5.0 AppleWebKit/537.36 (KHTML, like Gecko; compatible; GPTBot/1.3; +https://openai.com/gptbot)"
205.185.116.204 - - [11/Feb/2026:01:23:30 +0000] "GET / HTTP/1.0" 200 4360 "-" "Mozilla/5.0 (Windows NT 10.0; Win64; x64) AppleWebKit/537.36 (KHTML, like Gecko) Chrome/92.0.4515.159 Safari/537.36"
2001:41d0:303:f29::1 - - [11/Feb/2026:01:23:32 +0000] "GET /%D8%A7%D9%84%D9%85%D8%AA%D8%AC%D8%B1/uncategorized/%D9%85%D9%86%D8%AA%D8%AC-%D8%B1%D9%82%D9%85%D9%8A/feed/?fileloc=/var/www/hbkconsultan_usr/data/www/hbkconsultancy.com/robots.txt&path=/var/www/hbkconsultan_usr/data/www/hbkconsultancy.com HTTP/1.0" 200 2820 "-" "Mozilla/5.0 (compatible; MJ12bot/v1.4.8; http://mj12bot.com/)"
74.7.243.214 - - [11/Feb/2026:01:23:33 +0000] "GET /?path=//sys/class/net/eth0/subsystem/vethc796c04/master/subsystem/eth0/device/net/eth0/device/subsystem/devices/virtio2/net/eth0/queues/rx-3 HTTP/1.0" 200 3338 "https://hbkconsultancy.com/?path=//sys/class/net/eth0/subsystem/vethc796c04/master/subsystem/eth0/device/net/eth0/device/subsystem/devices/virtio2/net/eth0/queues" "Mozilla/5.0 AppleWebKit/537.36 (KHTML, like Gecko; compatible; GPTBot/1.3; +https://openai.com/gptbot)"
2001:41d0:303:f29::1 - - [11/Feb/2026:01:23:36 +0000] "GET /%D8%A7%D9%84%D9%85%D8%AA%D8%AC%D8%B1/uncategorized/%D9%85%D9%86%D8%AA%D8%AC-%D8%B1%D9%82%D9%85%D9%8A/feed/?fileloc=/var/www/hbkconsultan_usr/data/www/hbkconsultancy.com/todo.php&path=/var/www/hbkconsultan_usr/data/www/hbkconsultancy.com HTTP/1.0" 200 3111 "-" "Mozilla/5.0 (compatible; MJ12bot/v1.4.8; http://mj12bot.com/)"
74.7.243.214 - - [11/Feb/2026:01:23:36 +0000] "GET /?path=//sys/class/net/eth0/subsystem/veth429b22f/master/subsystem/eth0/device/net/eth0/device/subsystem/devices/virtio2/net/eth0/queues/rx-1 HTTP/1.0" 200 3338 "https://hbkconsultancy.com/?path=//sys/class/net/eth0/subsystem/veth429b22f/master/subsystem/eth0/device/net/eth0/device/subsystem/devices/virtio2/net/eth0/queues" "Mozilla/5.0 AppleWebKit/537.36 (KHTML, like Gecko; compatible; GPTBot/1.3; +https://openai.com/gptbot)"
2001:41d0:303:f29::1 - - [11/Feb/2026:01:23:39 +0000] "GET /%D8%A7%D9%84%D9%85%D8%AA%D8%AC%D8%B1/uncategorized/%D9%85%D9%86%D8%AA%D8%AC-%D8%B1%D9%82%D9%85%D9%8A/feed/?fileloc=/var/www/hbkconsultan_usr/data/www/hbkconsultancy.com/txets.php&path=/var/www/hbkconsultan_usr/data/www/hbkconsultancy.com HTTP/1.0" 200 5099 "-" "Mozilla/5.0 (compatible; MJ12bot/v1.4.8; http://mj12bot.com/)"
74.7.243.214 - - [11/Feb/2026:01:23:39 +0000] "GET /?path=//sys/class/net/eth0/subsystem/vethc796c04/master/subsystem/eth0/device/net/eth0/device/subsystem/devices/virtio2/net/eth0/queues/tx-3 HTTP/1.0" 200 3475 "https://hbkconsultancy.com/?path=//sys/class/net/eth0/subsystem/vethc796c04/master/subsystem/eth0/device/net/eth0/device/subsystem/devices/virtio2/net/eth0/queues" "Mozilla/5.0 AppleWebKit/537.36 (KHTML, like Gecko; compatible; GPTBot/1.3; +https://openai.com/gptbot)"
74.7.243.214 - - [11/Feb/2026:01:23:42 +0000] "GET /?path=//sys/class/net/eth0/subsystem/veth429b22f/master/subsystem/eth0/device/net/eth0/device/subsystem/devices/virtio2/net/eth0/queues/tx-3 HTTP/1.0" 200 3475 "https://hbkconsultancy.com/?path=//sys/class/net/eth0/subsystem/veth429b22f/master/subsystem/eth0/device/net/eth0/device/subsystem/devices/virtio2/net/eth0/queues" "Mozilla/5.0 AppleWebKit/537.36 (KHTML, like Gecko; compatible; GPTBot/1.3; +https://openai.com/gptbot)"
2001:41d0:303:f29::1 - - [11/Feb/2026:01:23:43 +0000] "GET /%D8%A7%D9%84%D9%85%D8%AA%D8%AC%D8%B1/uncategorized/%D9%85%D9%86%D8%AA%D8%AC-%D8%B1%D9%82%D9%85%D9%8A/feed/?fileloc=/var/www/hbkconsultan_usr/data/www/hbkconsultancy.com/wakwaw.phtml&path=/var/www/hbkconsultan_usr/data/www/hbkconsultancy.com HTTP/1.0" 200 55248 "-" "Mozilla/5.0 (compatible; MJ12bot/v1.4.8; http://mj12bot.com/)"
74.7.243.214 - - [11/Feb/2026:01:23:45 +0000] "GET /?path=//sys/class/net/eth0/subsystem/vethc796c04/master/subsystem/eth0/device/net/eth0/device/subsystem/devices/virtio2/net/eth0/queues/tx-1 HTTP/1.0" 200 3475 "https://hbkconsultancy.com/?path=//sys/class/net/eth0/subsystem/vethc796c04/master/subsystem/eth0/device/net/eth0/device/subsystem/devices/virtio2/net/eth0/queues" "Mozilla/5.0 AppleWebKit/537.36 (KHTML, like Gecko; compatible; GPTBot/1.3; +https://openai.com/gptbot)"
2001:41d0:303:f29::1 - - [11/Feb/2026:01:23:46 +0000] "GET /%D8%A7%D9%84%D9%85%D8%AA%D8%AC%D8%B1/uncategorized/%D9%85%D9%86%D8%AA%D8%AC-%D8%B1%D9%82%D9%85%D9%8A/feed/?fileloc=/var/www/hbkconsultan_usr/data/www/hbkconsultancy.com/wp-activate.php&path=/var/www/hbkconsultan_usr/data/www/hbkconsultancy.com HTTP/1.0" 200 5229 "-" "Mozilla/5.0 (compatible; MJ12bot/v1.4.8; http://mj12bot.com/)"
74.7.243.214 - - [11/Feb/2026:01:23:48 +0000] "GET /?path=//sys/class/net/eth0/subsystem/vethc796c04/master/subsystem/lo/subsystem/eth0/device/net/eth0/device/driver/virtio2/net/eth0/queues HTTP/1.0" 200 3430 "https://hbkconsultancy.com/?path=//sys/class/net/eth0/subsystem/vethc796c04/master/subsystem/lo/subsystem/eth0/device/net/eth0/device/driver/virtio2/net/eth0" "Mozilla/5.0 AppleWebKit/537.36 (KHTML, like Gecko; compatible; GPTBot/1.3; +https://openai.com/gptbot)"
2001:41d0:303:f29::1 - - [11/Feb/2026:01:23:49 +0000] "GET /%D8%A7%D9%84%D9%85%D8%AA%D8%AC%D8%B1/uncategorized/%D9%85%D9%86%D8%AA%D8%AC-%D8%B1%D9%82%D9%85%D9%8A/feed/?fileloc=/var/www/hbkconsultan_usr/data/www/hbkconsultancy.com/wp-blog-header.php&path=/var/www/hbkconsultan_usr/data/www/hbkconsultancy.com HTTP/1.0" 200 3097 "-" "Mozilla/5.0 (compatible; MJ12bot/v1.4.8; http://mj12bot.com/)"
74.7.243.214 - - [11/Feb/2026:01:23:52 +0000] "GET /?path=//sys/class/net/eth0/subsystem/veth429b22f/master/subsystem/lo/subsystem/eth0/device/net/eth0/device/driver/virtio2/net/eth0/queues HTTP/1.0" 200 3430 "https://hbkconsultancy.com/?path=//sys/class/net/eth0/subsystem/veth429b22f/master/subsystem/lo/subsystem/eth0/device/net/eth0/device/driver/virtio2/net/eth0" "Mozilla/5.0 AppleWebKit/537.36 (KHTML, like Gecko; compatible; GPTBot/1.3; +https://openai.com/gptbot)"
2001:41d0:303:f29::1 - - [11/Feb/2026:01:23:53 +0000] "GET /%D8%A7%D9%84%D9%85%D8%AA%D8%AC%D8%B1/uncategorized/%D9%85%D9%86%D8%AA%D8%AC-%D8%B1%D9%82%D9%85%D9%8A/feed/?fileloc=/var/www/hbkconsultan_usr/data/www/hbkconsultancy.com/wp-comments-post.php&path=/var/www/hbkconsultan_usr/data/www/hbkconsultancy.com HTTP/1.0" 200 3799 "-" "Mozilla/5.0 (compatible; MJ12bot/v1.4.8; http://mj12bot.com/)"
74.7.243.214 - - [11/Feb/2026:01:23:55 +0000] "GET /?path=//sys/class/net/eth0/subsystem/veth61688aa/subsystem/docker0/subsystem/lo/statistics HTTP/1.0" 200 3965 "https://hbkconsultancy.com/?path=//sys/class/net/eth0/subsystem/veth61688aa/subsystem/docker0/subsystem/lo" "Mozilla/5.0 AppleWebKit/537.36 (KHTML, like Gecko; compatible; GPTBot/1.3; +https://openai.com/gptbot)"
2001:41d0:303:f29::1 - - [11/Feb/2026:01:23:56 +0000] "GET /%D8%A7%D9%84%D9%85%D8%AA%D8%AC%D8%B1/uncategorized/%D9%85%D9%86%D8%AA%D8%AC-%D8%B1%D9%82%D9%85%D9%8A/feed/?fileloc=/var/www/hbkconsultan_usr/data/www/hbkconsultancy.com/wp-config-sample.php&path=/var/www/hbkconsultan_usr/data/www/hbkconsultancy.com HTTP/1.0" 200 4049 "-" "Mozilla/5.0 (compatible; MJ12bot/v1.4.8; http://mj12bot.com/)"
74.7.243.214 - - [11/Feb/2026:01:23:58 +0000] "GET /?path=//sys/class/net/eth0/subsystem/veth429b22f/master/subsystem/lo/subsystem/eth0/device/net/eth0/device/driver/virtio2/net/eth0/power HTTP/1.0" 200 3566 "https://hbkconsultancy.com/?path=//sys/class/net/eth0/subsystem/veth429b22f/master/subsystem/lo/subsystem/eth0/device/net/eth0/device/driver/virtio2/net/eth0" "Mozilla/5.0 AppleWebKit/537.36 (KHTML, like Gecko; compatible; GPTBot/1.3; +https://openai.com/gptbot)"
74.7.243.214 - - [11/Feb/2026:01:24:01 +0000] "GET /?path=//sys/class/net/lo/subsystem/lo/subsystem/vethc796c04/subsystem/eth0/device/net/eth0/subsystem/docker0/subsystem/lo HTTP/1.0" 200 4565 "https://hbkconsultancy.com/?path=//sys/class/net/lo/subsystem/lo/subsystem/vethc796c04/subsystem/eth0/device/net/eth0/subsystem/docker0/subsystem" "Mozilla/5.0 AppleWebKit/537.36 (KHTML, like Gecko; compatible; GPTBot/1.3; +https://openai.com/gptbot)"
2001:41d0:303:f29::1 - - [11/Feb/2026:01:24:03 +0000] "GET /%D8%A7%D9%84%D9%85%D8%AA%D8%AC%D8%B1/uncategorized/%D9%85%D9%86%D8%AA%D8%AC-%D8%B1%D9%82%D9%85%D9%8A/feed/?fileloc=/var/www/hbkconsultan_usr/data/www/hbkconsultancy.com/wp-cron.php&path=/var/www/hbkconsultan_usr/data/www/hbkconsultancy.com HTTP/1.0" 200 4839 "-" "Mozilla/5.0 (compatible; MJ12bot/v1.4.8; http://mj12bot.com/)"
74.7.243.214 - - [11/Feb/2026:01:24:04 +0000] "GET /?path=//sys/class/net/lo/subsystem/lo/subsystem/vethc796c04/subsystem/eth0/device/net/eth0/subsystem/docker0/queues/rx-0 HTTP/1.0" 200 3230 "https://hbkconsultancy.com/?path=//sys/class/net/lo/subsystem/lo/subsystem/vethc796c04/subsystem/eth0/device/net/eth0/subsystem/docker0/queues" "Mozilla/5.0 AppleWebKit/537.36 (KHTML, like Gecko; compatible; GPTBot/1.3; +https://openai.com/gptbot)"
2001:41d0:303:f29::1 - - [11/Feb/2026:01:24:07 +0000] "GET /%D8%A7%D9%84%D9%85%D8%AA%D8%AC%D8%B1/uncategorized/%D9%85%D9%86%D8%AA%D8%AC-%D8%B1%D9%82%D9%85%D9%8A/feed/?fileloc=/var/www/hbkconsultan_usr/data/www/hbkconsultancy.com/wp-links-opml.php&path=/var/www/hbkconsultan_usr/data/www/hbkconsultancy.com HTTP/1.0" 200 3879 "-" "Mozilla/5.0 (compatible; MJ12bot/v1.4.8; http://mj12bot.com/)"
74.7.243.214 - - [11/Feb/2026:01:24:07 +0000] "GET /?path=//sys/class/net/lo/subsystem/lo/subsystem/vethc796c04/subsystem/eth0/device/net/eth0/subsystem/docker0/queues/tx-0 HTTP/1.0" 200 3437 "https://hbkconsultancy.com/?path=//sys/class/net/lo/subsystem/lo/subsystem/vethc796c04/subsystem/eth0/device/net/eth0/subsystem/docker0/queues" "Mozilla/5.0 AppleWebKit/537.36 (KHTML, like Gecko; compatible; GPTBot/1.3; +https://openai.com/gptbot)"
2001:41d0:303:f29::1 - - [11/Feb/2026:01:24:10 +0000] "GET /%D8%A7%D9%84%D9%85%D8%AA%D8%AC%D8%B1/uncategorized/%D9%85%D9%86%D8%AA%D8%AC-%D8%B1%D9%82%D9%85%D9%8A/feed/?fileloc=/var/www/hbkconsultan_usr/data/www/hbkconsultancy.com/wp-load.php&path=/var/www/hbkconsultan_usr/data/www/hbkconsultancy.com HTTP/1.0" 200 4544 "-" "Mozilla/5.0 (compatible; MJ12bot/v1.4.8; http://mj12bot.com/)"
74.7.243.214 - - [11/Feb/2026:01:24:11 +0000] "GET /?path=//sys/class/net/lo/subsystem/lo/subsystem/vethc796c04/subsystem/eth0/device/net/eth0/subsystem/docker0/subsystem/eth0 HTTP/1.0" 200 4588 "https://hbkconsultancy.com/?path=//sys/class/net/lo/subsystem/lo/subsystem/vethc796c04/subsystem/eth0/device/net/eth0/subsystem/docker0/subsystem" "Mozilla/5.0 AppleWebKit/537.36 (KHTML, like Gecko; compatible; GPTBot/1.3; +https://openai.com/gptbot)"
114.119.137.91 - - [11/Feb/2026:01:24:13 +0000] "GET /twelve-best-online-casinos-australia-for-real-money-gaming-in-2025/ HTTP/1.0" 200 4360 "https://hbkconsultancy.com/2025/02/page/13" "Mozilla/5.0 (Linux; Android 7.0;) AppleWebKit/537.36 (KHTML, like Gecko) Mobile Safari/537.36 (compatible; PetalBot;+https://webmaster.petalsearch.com/site/petalbot)"
2001:41d0:303:f29::1 - - [11/Feb/2026:01:24:14 +0000] "GET /%D8%A7%D9%84%D9%85%D8%AA%D8%AC%D8%B1/uncategorized/%D9%85%D9%86%D8%AA%D8%AC-%D8%B1%D9%82%D9%85%D9%8A/feed/?fileloc=/var/www/hbkconsultan_usr/data/www/hbkconsultancy.com/wp-loads.phtml&path=/var/www/hbkconsultan_usr/data/www/hbkconsultancy.com HTTP/1.0" 200 11539 "-" "Mozilla/5.0 (compatible; MJ12bot/v1.4.8; http://mj12bot.com/)"
74.7.243.214 - - [11/Feb/2026:01:24:14 +0000] "GET /?path=//sys/class/net/eth0/subsystem/lo/subsystem/vethc796c04/master/subsystem/eth0/device/net/eth0/device/driver/virtio2/net/eth0/power HTTP/1.0" 200 3567 "https://hbkconsultancy.com/?path=//sys/class/net/eth0/subsystem/lo/subsystem/vethc796c04/master/subsystem/eth0/device/net/eth0/device/driver/virtio2/net/eth0" "Mozilla/5.0 AppleWebKit/537.36 (KHTML, like Gecko; compatible; GPTBot/1.3; +https://openai.com/gptbot)"
2001:41d0:303:f29::1 - - [11/Feb/2026:01:24:17 +0000] "GET /%D8%A7%D9%84%D9%85%D8%AA%D8%AC%D8%B1/uncategorized/%D9%85%D9%86%D8%AA%D8%AC-%D8%B1%D9%82%D9%85%D9%8A/feed/?fileloc=/var/www/hbkconsultan_usr/data/www/hbkconsultancy.com/wp-mail.php&path=/var/www/hbkconsultan_usr/data/www/hbkconsultancy.com HTTP/1.0" 200 5796 "-" "Mozilla/5.0 (compatible; MJ12bot/v1.4.8; http://mj12bot.com/)"
74.7.243.214 - - [11/Feb/2026:01:24:17 +0000] "GET /?path=//sys/class/net/eth0/subsystem/vethc796c04/master/subsystem/eth0/device/net/eth0/device/subsystem/devices/virtio3/host0/power HTTP/1.0" 200 3555 "https://hbkconsultancy.com/?path=//sys/class/net/eth0/subsystem/vethc796c04/master/subsystem/eth0/device/net/eth0/device/subsystem/devices/virtio3/host0" "Mozilla/5.0 AppleWebKit/537.36 (KHTML, like Gecko; compatible; GPTBot/1.3; +https://openai.com/gptbot)"
74.7.243.214 - - [11/Feb/2026:01:24:20 +0000] "GET /?fileloc=//sys/class/net/eth0/subsystem/vethc796c04/master/subsystem/eth0/device/net/eth0/device/subsystem/devices/virtio2/net/eth0/queues/tx-1/tx_timeout&path=//sys/class/net/eth0/subsystem/vethc796c04/master/subsystem/eth0/device/net/eth0/device/subsystem/devices/virtio2/net/eth0/queues/tx-1 HTTP/1.0" 200 2894 "https://hbkconsultancy.com/?path=//sys/class/net/eth0/subsystem/vethc796c04/master/subsystem/eth0/device/net/eth0/device/subsystem/devices/virtio2/net/eth0/queues/tx-1" "Mozilla/5.0 AppleWebKit/537.36 (KHTML, like Gecko; compatible; GPTBot/1.3; +https://openai.com/gptbot)"
2001:41d0:303:f29::1 - - [11/Feb/2026:01:24:20 +0000] "GET /%D8%A7%D9%84%D9%85%D8%AA%D8%AC%D8%B1/uncategorized/%D9%85%D9%86%D8%AA%D8%AC-%D8%B1%D9%82%D9%85%D9%8A/feed/?fileloc=/var/www/hbkconsultan_usr/data/www/hbkconsultancy.com/wp-settings.php&path=/var/www/hbkconsultan_usr/data/www/hbkconsultancy.com HTTP/1.0" 200 9001 "-" "Mozilla/5.0 (compatible; MJ12bot/v1.4.8; http://mj12bot.com/)"
74.7.243.214 - - [11/Feb/2026:01:24:23 +0000] "GET /?path=//sys/class/net/eth0/subsystem/lo/subsystem/veth429b22f/master/subsystem/eth0/device/net/eth0/device/driver/virtio2/net/eth0/power HTTP/1.0" 200 3566 "https://hbkconsultancy.com/?path=//sys/class/net/eth0/subsystem/lo/subsystem/veth429b22f/master/subsystem/eth0/device/net/eth0/device/driver/virtio2/net/eth0" "Mozilla/5.0 AppleWebKit/537.36 (KHTML, like Gecko; compatible; GPTBot/1.3; +https://openai.com/gptbot)"
2001:41d0:303:f29::1 - - [11/Feb/2026:01:24:24 +0000] "GET /%D8%A7%D9%84%D9%85%D8%AA%D8%AC%D8%B1/uncategorized/%D9%85%D9%86%D8%AA%D8%AC-%D8%B1%D9%82%D9%85%D9%8A/feed/?fileloc=/var/www/hbkconsultan_usr/data/www/hbkconsultancy.com/wp-signup.php&path=/var/www/hbkconsultan_usr/data/www/hbkconsultancy.com HTTP/1.0" 200 10813 "-" "Mozilla/5.0 (compatible; MJ12bot/v1.4.8; http://mj12bot.com/)"
74.7.243.214 - - [11/Feb/2026:01:24:27 +0000] "GET /?path=//sys/class/net/eth0/subsystem/vethc796c04/master/subsystem/lo/subsystem/eth0/device/net/eth0/device/driver/virtio2/net/eth0/power HTTP/1.0" 200 3567 "https://hbkconsultancy.com/?path=//sys/class/net/eth0/subsystem/vethc796c04/master/subsystem/lo/subsystem/eth0/device/net/eth0/device/driver/virtio2/net/eth0" "Mozilla/5.0 AppleWebKit/537.36 (KHTML, like Gecko; compatible; GPTBot/1.3; +https://openai.com/gptbot)"
205.185.116.204 - - [11/Feb/2026:01:24:27 +0000] "GET / HTTP/1.0" 200 4360 "-" "Mozilla/5.0 (Windows NT 10.0; Win64; x64) AppleWebKit/537.36 (KHTML, like Gecko) Chrome/92.0.4515.159 Safari/537.36"
2001:41d0:303:f29::1 - - [11/Feb/2026:01:24:27 +0000] "GET /%D8%A7%D9%84%D9%85%D8%AA%D8%AC%D8%B1/uncategorized/%D9%85%D9%86%D8%AA%D8%AC-%D8%B1%D9%82%D9%85%D9%8A/feed/?fileloc=/var/www/hbkconsultan_usr/data/www/hbkconsultancy.com/wp-sx-generator.php&path=/var/www/hbkconsultan_usr/data/www/hbkconsultancy.com HTTP/1.0" 200 3097 "-" "Mozilla/5.0 (compatible; MJ12bot/v1.4.8; http://mj12bot.com/)"
74.7.243.214 - - [11/Feb/2026:01:24:30 +0000] "GET /?path=//sys/class/net/eth0/subsystem/veth429b22f/master/subsystem/eth0/device/net/eth0/device/subsystem/devices/virtio3/host0/power HTTP/1.0" 200 3555 "https://hbkconsultancy.com/?path=//sys/class/net/eth0/subsystem/veth429b22f/master/subsystem/eth0/device/net/eth0/device/subsystem/devices/virtio3/host0" "Mozilla/5.0 AppleWebKit/537.36 (KHTML, like Gecko; compatible; GPTBot/1.3; +https://openai.com/gptbot)"
2001:41d0:303:f29::1 - - [11/Feb/2026:01:24:31 +0000] "GET /%D8%A7%D9%84%D9%85%D8%AA%D8%AC%D8%B1/uncategorized/%D9%85%D9%86%D8%AA%D8%AC-%D8%B1%D9%82%D9%85%D9%8A/feed/?fileloc=/var/www/hbkconsultan_usr/data/www/hbkconsultancy.com/wp-trackback.php&path=/var/www/hbkconsultan_usr/data/www/hbkconsultancy.com HTTP/1.0" 200 4622 "-" "Mozilla/5.0 (compatible; MJ12bot/v1.4.8; http://mj12bot.com/)"
74.7.243.214 - - [11/Feb/2026:01:24:33 +0000] "GET /?path=//sys/class/net/lo/subsystem/lo/subsystem/vethc796c04/subsystem/eth0/statistics HTTP/1.0" 200 3969 "https://hbkconsultancy.com/?path=//sys/class/net/lo/subsystem/lo/subsystem/vethc796c04/subsystem/eth0" "Mozilla/5.0 AppleWebKit/537.36 (KHTML, like Gecko; compatible; GPTBot/1.3; +https://openai.com/gptbot)"
2001:41d0:303:f29::1 - - [11/Feb/2026:01:24:35 +0000] "GET /%D8%A7%D9%84%D9%85%D8%AA%D8%AC%D8%B1/uncategorized/%D9%85%D9%86%D8%AA%D8%AC-%D8%B1%D9%82%D9%85%D9%8A/feed/?path=/ HTTP/1.0" 200 3786 "-" "Mozilla/5.0 (compatible; MJ12bot/v1.4.8; http://mj12bot.com/)"
74.7.243.214 - - [11/Feb/2026:01:24:36 +0000] "GET /?path=//sys/class/pps HTTP/1.0" 200 2785 "https://hbkconsultancy.com/?path=//sys/class" "Mozilla/5.0 AppleWebKit/537.36 (KHTML, like Gecko; compatible; GPTBot/1.3; +https://openai.com/gptbot)"
2001:41d0:303:f29::1 - - [11/Feb/2026:01:24:38 +0000] "GET /%D8%A7%D9%84%D9%85%D8%AA%D8%AC%D8%B1/uncategorized/%D9%85%D9%86%D8%AA%D8%AC-%D8%B1%D9%82%D9%85%D9%8A/feed/?path=/var HTTP/1.0" 200 3567 "-" "Mozilla/5.0 (compatible; MJ12bot/v1.4.8; http://mj12bot.com/)"
74.7.243.214 - - [11/Feb/2026:01:24:39 +0000] "GET /?path=//sys/class/net/eth0/subsystem/vethc796c04/upper_docker0/queues/tx-0 HTTP/1.0" 200 3381 "https://hbkconsultancy.com/?path=//sys/class/net/eth0/subsystem/vethc796c04/upper_docker0/queues" "Mozilla/5.0 AppleWebKit/537.36 (KHTML, like Gecko; compatible; GPTBot/1.3; +https://openai.com/gptbot)"
2001:41d0:303:f29::1 - - [11/Feb/2026:01:24:41 +0000] "GET /%D8%A7%D9%84%D9%85%D8%AA%D8%AC%D8%B1/uncategorized/%D9%85%D9%86%D8%AA%D8%AC-%D8%B1%D9%82%D9%85%D9%8A/feed/?path=/var/www HTTP/1.0" 200 3645 "-" "Mozilla/5.0 (compatible; MJ12bot/v1.4.8; http://mj12bot.com/)"
74.7.243.214 - - [11/Feb/2026:01:24:43 +0000] "GET /?path=//sys/class/net/eth0/subsystem/lo/subsystem/vethc796c04/master/subsystem/lo/power HTTP/1.0" 200 3482 "https://hbkconsultancy.com/?path=//sys/class/net/eth0/subsystem/lo/subsystem/vethc796c04/master/subsystem/lo" "Mozilla/5.0 AppleWebKit/537.36 (KHTML, like Gecko; compatible; GPTBot/1.3; +https://openai.com/gptbot)"
2001:41d0:303:f29::1 - - [11/Feb/2026:01:24:45 +0000] "GET /%D8%A7%D9%84%D9%85%D8%AA%D8%AC%D8%B1/uncategorized/%D9%85%D9%86%D8%AA%D8%AC-%D8%B1%D9%82%D9%85%D9%8A/feed/?path=/var/www/hbkconsultan_usr HTTP/1.0" 200 3038 "-" "Mozilla/5.0 (compatible; MJ12bot/v1.4.8; http://mj12bot.com/)"
2001:41d0:303:f29::1 - - [11/Feb/2026:01:24:48 +0000] "GET /%D8%A7%D9%84%D9%85%D8%AA%D8%AC%D8%B1/uncategorized/%D9%85%D9%86%D8%AA%D8%AC-%D8%B1%D9%82%D9%85%D9%8A/feed/?path=/var/www/hbkconsultan_usr/data HTTP/1.0" 200 3348 "-" "Mozilla/5.0 (compatible; MJ12bot/v1.4.8; http://mj12bot.com/)"
2001:41d0:303:f29::1 - - [11/Feb/2026:01:24:52 +0000] "GET /%D8%A7%D9%84%D9%85%D8%AA%D8%AC%D8%B1/uncategorized/%D9%85%D9%86%D8%AA%D8%AC-%D8%B1%D9%82%D9%85%D9%8A/feed/?path=/var/www/hbkconsultan_usr/data/www HTTP/1.0" 200 3044 "-" "Mozilla/5.0 (compatible; MJ12bot/v1.4.8; http://mj12bot.com/)"
2001:41d0:303:f29::1 - - [11/Feb/2026:01:24:55 +0000] "GET /%D8%A7%D9%84%D9%85%D8%AA%D8%AC%D8%B1/uncategorized/%D9%85%D9%86%D8%AA%D8%AC-%D8%B1%D9%82%D9%85%D9%8A/feed/?path=/var/www/hbkconsultan_usr/data/www/hbkconsultancy.com HTTP/1.0" 200 4360 "-" "Mozilla/5.0 (compatible; MJ12bot/v1.4.8; http://mj12bot.com/)"
2001:41d0:303:f29::1 - - [11/Feb/2026:01:24:59 +0000] "GET /%D8%A7%D9%84%D9%85%D8%AA%D8%AC%D8%B1/uncategorized/%D9%85%D9%86%D8%AA%D8%AC-%D8%B1%D9%82%D9%85%D9%8A/feed/?path=/var/www/hbkconsultan_usr/data/www/hbkconsultancy.com/.tmb HTTP/1.0" 200 2809 "-" "Mozilla/5.0 (compatible; MJ12bot/v1.4.8; http://mj12bot.com/)"
2001:41d0:303:f29::1 - - [11/Feb/2026:01:25:02 +0000] "GET /%D8%A7%D9%84%D9%85%D8%AA%D8%AC%D8%B1/uncategorized/%D9%85%D9%86%D8%AA%D8%AC-%D8%B1%D9%82%D9%85%D9%8A/feed/?path=/var/www/hbkconsultan_usr/data/www/hbkconsultancy.com/images HTTP/1.0" 200 3326 "-" "Mozilla/5.0 (compatible; MJ12bot/v1.4.8; http://mj12bot.com/)"
2001:41d0:303:f29::1 - - [11/Feb/2026:01:25:06 +0000] "GET /%D8%A7%D9%84%D9%85%D8%AA%D8%AC%D8%B1/uncategorized/%D9%85%D9%86%D8%AA%D8%AC-%D8%B1%D9%82%D9%85%D9%8A/feed/?path=/var/www/hbkconsultan_usr/data/www/hbkconsultancy.com/wp-admin HTTP/1.0" 200 6616 "-" "Mozilla/5.0 (compatible; MJ12bot/v1.4.8; http://mj12bot.com/)"
2001:41d0:303:f29::1 - - [11/Feb/2026:01:25:09 +0000] "GET /%D8%A7%D9%84%D9%85%D8%AA%D8%AC%D8%B1/uncategorized/%D9%85%D9%86%D8%AA%D8%AC-%D8%B1%D9%82%D9%85%D9%8A/feed/?path=/var/www/hbkconsultan_usr/data/www/hbkconsultancy.com/wp-content HTTP/1.0" 200 3691 "-" "Mozilla/5.0 (compatible; MJ12bot/v1.4.8; http://mj12bot.com/)"
2001:41d0:303:f29::1 - - [11/Feb/2026:01:25:13 +0000] "GET /%D8%A7%D9%84%D9%85%D8%AA%D8%AC%D8%B1/uncategorized/%D9%85%D9%86%D8%AA%D8%AC-%D8%B1%D9%82%D9%85%D9%8A/feed/?path=/var/www/hbkconsultan_usr/data/www/hbkconsultancy.com/wp-includes HTTP/1.0" 200 12588 "-" "Mozilla/5.0 (compatible; MJ12bot/v1.4.8; http://mj12bot.com/)"
2001:41d0:303:f29::1 - - [11/Feb/2026:01:25:16 +0000] "GET /%D8%A7%D9%84%D9%85%D8%AF%D9%88%D9%86%D8%A9/?fileloc=/var/www/hbkconsultan_usr/data/www/hbkconsultancy.com/.htaccess&path=/var/www/hbkconsultan_usr/data/www/hbkconsultancy.com HTTP/1.0" 200 3540 "-" "Mozilla/5.0 (compatible; MJ12bot/v1.4.8; http://mj12bot.com/)"
2001:41d0:303:f29::1 - - [11/Feb/2026:01:25:20 +0000] "GET /%D8%A7%D9%84%D9%85%D8%AF%D9%88%D9%86%D8%A9/?fileloc=/var/www/hbkconsultan_usr/data/www/hbkconsultancy.com/bgymj.php&path=/var/www/hbkconsultan_usr/data/www/hbkconsultancy.com HTTP/1.0" 200 8158 "-" "Mozilla/5.0 (compatible; MJ12bot/v1.4.8; http://mj12bot.com/)"
2001:41d0:303:f29::1 - - [11/Feb/2026:01:25:23 +0000] "GET /%D8%A7%D9%84%D9%85%D8%AF%D9%88%D9%86%D8%A9/?fileloc=/var/www/hbkconsultan_usr/data/www/hbkconsultancy.com/grsiuk.php&path=/var/www/hbkconsultan_usr/data/www/hbkconsultancy.com HTTP/1.0" 200 699368 "-" "Mozilla/5.0 (compatible; MJ12bot/v1.4.8; http://mj12bot.com/)"
2001:41d0:303:f29::1 - - [11/Feb/2026:01:25:27 +0000] "GET /%D8%A7%D9%84%D9%85%D8%AF%D9%88%D9%86%D8%A9/?fileloc=/var/www/hbkconsultan_usr/data/www/hbkconsultancy.com/index.php&path=/var/www/hbkconsultan_usr/data/www/hbkconsultancy.com HTTP/1.0" 200 8545 "-" "Mozilla/5.0 (compatible; MJ12bot/v1.4.8; http://mj12bot.com/)"
2001:41d0:303:f29::1 - - [11/Feb/2026:01:25:30 +0000] "GET /%D8%A7%D9%84%D9%85%D8%AF%D9%88%D9%86%D8%A9/?fileloc=/var/www/hbkconsultan_usr/data/www/hbkconsultancy.com/inege.php&path=/var/www/hbkconsultan_usr/data/www/hbkconsultancy.com HTTP/1.0" 200 717427 "-" "Mozilla/5.0 (compatible; MJ12bot/v1.4.8; http://mj12bot.com/)"
2001:41d0:303:f29::1 - - [11/Feb/2026:01:25:34 +0000] "GET /%D8%A7%D9%84%D9%85%D8%AF%D9%88%D9%86%D8%A9/?fileloc=/var/www/hbkconsultan_usr/data/www/hbkconsultancy.com/license.txt&path=/var/www/hbkconsultan_usr/data/www/hbkconsultancy.com HTTP/1.0" 200 10092 "-" "Mozilla/5.0 (compatible; MJ12bot/v1.4.8; http://mj12bot.com/)"
205.185.116.204 - - [11/Feb/2026:01:25:35 +0000] "GET / HTTP/1.0" 200 4360 "-" "Mozilla/5.0 (Windows NT 10.0; Win64; x64) AppleWebKit/537.36 (KHTML, like Gecko) Chrome/92.0.4515.159 Safari/537.36"
114.119.136.75 - - [11/Feb/2026:01:25:35 +0000] "GET /casino-en-ligne-fr HTTP/1.0" 200 4360 "https://hbkconsultancy.com/best-adult-cellular-porn-games-download-for-home-windows-android" "Mozilla/5.0 (Linux; Android 7.0;) AppleWebKit/537.36 (KHTML, like Gecko) Mobile Safari/537.36 (compatible; PetalBot;+https://webmaster.petalsearch.com/site/petalbot)"
2001:41d0:303:f29::1 - - [11/Feb/2026:01:25:38 +0000] "GET /%D8%A7%D9%84%D9%85%D8%AF%D9%88%D9%86%D8%A9/?fileloc=/var/www/hbkconsultan_usr/data/www/hbkconsultancy.com/readme.html&path=/var/www/hbkconsultan_usr/data/www/hbkconsultancy.com HTTP/1.0" 200 5804 "-" "Mozilla/5.0 (compatible; MJ12bot/v1.4.8; http://mj12bot.com/)"
2001:41d0:303:f29::1 - - [11/Feb/2026:01:25:41 +0000] "GET /%D8%A7%D9%84%D9%85%D8%AF%D9%88%D9%86%D8%A9/?fileloc=/var/www/hbkconsultan_usr/data/www/hbkconsultancy.com/robots.txt&path=/var/www/hbkconsultan_usr/data/www/hbkconsultancy.com HTTP/1.0" 200 2820 "-" "Mozilla/5.0 (compatible; MJ12bot/v1.4.8; http://mj12bot.com/)"
2001:41d0:303:f29::1 - - [11/Feb/2026:01:25:45 +0000] "GET /%D8%A7%D9%84%D9%85%D8%AF%D9%88%D9%86%D8%A9/?fileloc=/var/www/hbkconsultan_usr/data/www/hbkconsultancy.com/todo.php&path=/var/www/hbkconsultan_usr/data/www/hbkconsultancy.com HTTP/1.0" 200 3111 "-" "Mozilla/5.0 (compatible; MJ12bot/v1.4.8; http://mj12bot.com/)"
2001:41d0:303:f29::1 - - [11/Feb/2026:01:25:48 +0000] "GET /%D8%A7%D9%84%D9%85%D8%AF%D9%88%D9%86%D8%A9/?fileloc=/var/www/hbkconsultan_usr/data/www/hbkconsultancy.com/txets.php&path=/var/www/hbkconsultan_usr/data/www/hbkconsultancy.com HTTP/1.0" 200 5099 "-" "Mozilla/5.0 (compatible; MJ12bot/v1.4.8; http://mj12bot.com/)"
2001:41d0:303:f29::1 - - [11/Feb/2026:01:25:51 +0000] "GET /%D8%A7%D9%84%D9%85%D8%AF%D9%88%D9%86%D8%A9/?fileloc=/var/www/hbkconsultan_usr/data/www/hbkconsultancy.com/wakwaw.phtml&path=/var/www/hbkconsultan_usr/data/www/hbkconsultancy.com HTTP/1.0" 200 55248 "-" "Mozilla/5.0 (compatible; MJ12bot/v1.4.8; http://mj12bot.com/)"
2001:41d0:303:f29::1 - - [11/Feb/2026:01:25:55 +0000] "GET /%D8%A7%D9%84%D9%85%D8%AF%D9%88%D9%86%D8%A9/?fileloc=/var/www/hbkconsultan_usr/data/www/hbkconsultancy.com/wp-activate.php&path=/var/www/hbkconsultan_usr/data/www/hbkconsultancy.com HTTP/1.0" 200 5229 "-" "Mozilla/5.0 (compatible; MJ12bot/v1.4.8; http://mj12bot.com/)"
2001:41d0:303:f29::1 - - [11/Feb/2026:01:25:58 +0000] "GET /%D8%A7%D9%84%D9%85%D8%AF%D9%88%D9%86%D8%A9/?fileloc=/var/www/hbkconsultan_usr/data/www/hbkconsultancy.com/wp-blog-header.php&path=/var/www/hbkconsultan_usr/data/www/hbkconsultancy.com HTTP/1.0" 200 3097 "-" "Mozilla/5.0 (compatible; MJ12bot/v1.4.8; http://mj12bot.com/)"
2001:41d0:303:f29::1 - - [11/Feb/2026:01:26:02 +0000] "GET /%D8%A7%D9%84%D9%85%D8%AF%D9%88%D9%86%D8%A9/?fileloc=/var/www/hbkconsultan_usr/data/www/hbkconsultancy.com/wp-comments-post.php&path=/var/www/hbkconsultan_usr/data/www/hbkconsultancy.com HTTP/1.0" 200 3799 "-" "Mozilla/5.0 (compatible; MJ12bot/v1.4.8; http://mj12bot.com/)"
2001:41d0:303:f29::1 - - [11/Feb/2026:01:26:06 +0000] "GET /%D8%A7%D9%84%D9%85%D8%AF%D9%88%D9%86%D8%A9/?fileloc=/var/www/hbkconsultan_usr/data/www/hbkconsultancy.com/wp-config-sample.php&path=/var/www/hbkconsultan_usr/data/www/hbkconsultancy.com HTTP/1.0" 200 4049 "-" "Mozilla/5.0 (compatible; MJ12bot/v1.4.8; http://mj12bot.com/)"
185.191.171.10 - - [11/Feb/2026:01:26:09 +0000] "GET /2025/01/page/3/ HTTP/1.0" 200 4360 "-" "Mozilla/5.0 (compatible; SemrushBot/7~bl; +http://www.semrush.com/bot.html)"
150.109.230.210 - - [11/Feb/2026:01:26:12 +0000] "GET /?path=/var/www/hbkconsultan_usr/data HTTP/1.0" 200 3348 "-" "Mozilla/5.0 (iPhone; CPU iPhone OS 13_2_3 like Mac OS X) AppleWebKit/605.1.15 (KHTML, like Gecko) Version/13.0.3 Mobile/15E148 Safari/604.1"
2001:41d0:303:f29::1 - - [11/Feb/2026:01:26:13 +0000] "GET /%D8%A7%D9%84%D9%85%D8%AF%D9%88%D9%86%D8%A9/?fileloc=/var/www/hbkconsultan_usr/data/www/hbkconsultancy.com/wp-cron.php&path=/var/www/hbkconsultan_usr/data/www/hbkconsultancy.com HTTP/1.0" 200 4839 "-" "Mozilla/5.0 (compatible; MJ12bot/v1.4.8; http://mj12bot.com/)"
2001:41d0:303:f29::1 - - [11/Feb/2026:01:26:16 +0000] "GET /%D8%A7%D9%84%D9%85%D8%AF%D9%88%D9%86%D8%A9/?fileloc=/var/www/hbkconsultan_usr/data/www/hbkconsultancy.com/wp-links-opml.php&path=/var/www/hbkconsultan_usr/data/www/hbkconsultancy.com HTTP/1.0" 200 3879 "-" "Mozilla/5.0 (compatible; MJ12bot/v1.4.8; http://mj12bot.com/)"
2001:41d0:303:f29::1 - - [11/Feb/2026:01:26:20 +0000] "GET /%D8%A7%D9%84%D9%85%D8%AF%D9%88%D9%86%D8%A9/?fileloc=/var/www/hbkconsultan_usr/data/www/hbkconsultancy.com/wp-load.php&path=/var/www/hbkconsultan_usr/data/www/hbkconsultancy.com HTTP/1.0" 200 4544 "-" "Mozilla/5.0 (compatible; MJ12bot/v1.4.8; http://mj12bot.com/)"
2001:41d0:303:f29::1 - - [11/Feb/2026:01:26:23 +0000] "GET /%D8%A7%D9%84%D9%85%D8%AF%D9%88%D9%86%D8%A9/?fileloc=/var/www/hbkconsultan_usr/data/www/hbkconsultancy.com/wp-loads.phtml&path=/var/www/hbkconsultan_usr/data/www/hbkconsultancy.com HTTP/1.0" 200 11539 "-" "Mozilla/5.0 (compatible; MJ12bot/v1.4.8; http://mj12bot.com/)"
2001:41d0:303:f29::1 - - [11/Feb/2026:01:26:27 +0000] "GET /%D8%A7%D9%84%D9%85%D8%AF%D9%88%D9%86%D8%A9/?fileloc=/var/www/hbkconsultan_usr/data/www/hbkconsultancy.com/wp-mail.php&path=/var/www/hbkconsultan_usr/data/www/hbkconsultancy.com HTTP/1.0" 200 5796 "-" "Mozilla/5.0 (compatible; MJ12bot/v1.4.8; http://mj12bot.com/)"
2001:41d0:303:f29::1 - - [11/Feb/2026:01:26:30 +0000] "GET /%D8%A7%D9%84%D9%85%D8%AF%D9%88%D9%86%D8%A9/?fileloc=/var/www/hbkconsultan_usr/data/www/hbkconsultancy.com/wp-settings.php&path=/var/www/hbkconsultan_usr/data/www/hbkconsultancy.com HTTP/1.0" 200 9001 "-" "Mozilla/5.0 (compatible; MJ12bot/v1.4.8; http://mj12bot.com/)"
2001:41d0:303:f29::1 - - [11/Feb/2026:01:26:34 +0000] "GET /%D8%A7%D9%84%D9%85%D8%AF%D9%88%D9%86%D8%A9/?fileloc=/var/www/hbkconsultan_usr/data/www/hbkconsultancy.com/wp-signup.php&path=/var/www/hbkconsultan_usr/data/www/hbkconsultancy.com HTTP/1.0" 200 10813 "-" "Mozilla/5.0 (compatible; MJ12bot/v1.4.8; http://mj12bot.com/)"
205.185.116.204 - - [11/Feb/2026:01:26:36 +0000] "GET / HTTP/1.0" 200 4360 "-" "Mozilla/5.0 (Windows NT 10.0; Win64; x64) AppleWebKit/537.36 (KHTML, like Gecko) Chrome/92.0.4515.159 Safari/537.36"
2001:41d0:303:f29::1 - - [11/Feb/2026:01:26:37 +0000] "GET /%D8%A7%D9%84%D9%85%D8%AF%D9%88%D9%86%D8%A9/?fileloc=/var/www/hbkconsultan_usr/data/www/hbkconsultancy.com/wp-sx-generator.php&path=/var/www/hbkconsultan_usr/data/www/hbkconsultancy.com HTTP/1.0" 200 3097 "-" "Mozilla/5.0 (compatible; MJ12bot/v1.4.8; http://mj12bot.com/)"
2001:41d0:303:f29::1 - - [11/Feb/2026:01:26:41 +0000] "GET /%D8%A7%D9%84%D9%85%D8%AF%D9%88%D9%86%D8%A9/?fileloc=/var/www/hbkconsultan_usr/data/www/hbkconsultancy.com/wp-trackback.php&path=/var/www/hbkconsultan_usr/data/www/hbkconsultancy.com HTTP/1.0" 200 4622 "-" "Mozilla/5.0 (compatible; MJ12bot/v1.4.8; http://mj12bot.com/)"
2001:41d0:303:f29::1 - - [11/Feb/2026:01:26:44 +0000] "GET /%D8%A7%D9%84%D9%85%D8%AF%D9%88%D9%86%D8%A9/?path=/ HTTP/1.0" 200 3786 "-" "Mozilla/5.0 (compatible; MJ12bot/v1.4.8; http://mj12bot.com/)"
2001:41d0:303:f29::1 - - [11/Feb/2026:01:26:48 +0000] "GET /%D8%A7%D9%84%D9%85%D8%AF%D9%88%D9%86%D8%A9/?path=/var HTTP/1.0" 200 3567 "-" "Mozilla/5.0 (compatible; MJ12bot/v1.4.8; http://mj12bot.com/)"
2001:41d0:303:f29::1 - - [11/Feb/2026:01:26:51 +0000] "GET /%D8%A7%D9%84%D9%85%D8%AF%D9%88%D9%86%D8%A9/?path=/var/www HTTP/1.0" 200 3645 "-" "Mozilla/5.0 (compatible; MJ12bot/v1.4.8; http://mj12bot.com/)"
2001:41d0:303:f29::1 - - [11/Feb/2026:01:26:55 +0000] "GET /%D8%A7%D9%84%D9%85%D8%AF%D9%88%D9%86%D8%A9/?path=/var/www/hbkconsultan_usr HTTP/1.0" 200 3038 "-" "Mozilla/5.0 (compatible; MJ12bot/v1.4.8; http://mj12bot.com/)"
2001:41d0:303:f29::1 - - [11/Feb/2026:01:26:58 +0000] "GET /%D8%A7%D9%84%D9%85%D8%AF%D9%88%D9%86%D8%A9/?path=/var/www/hbkconsultan_usr/data HTTP/1.0" 200 3348 "-" "Mozilla/5.0 (compatible; MJ12bot/v1.4.8; http://mj12bot.com/)"
114.119.136.188 - - [11/Feb/2026:01:26:59 +0000] "GET /2025/02/23/page/3/ HTTP/1.0" 200 4360 "https://hbkconsultancy.com/2025/02/23" "Mozilla/5.0 (Linux; Android 7.0;) AppleWebKit/537.36 (KHTML, like Gecko) Mobile Safari/537.36 (compatible; PetalBot;+https://webmaster.petalsearch.com/site/petalbot)"
2001:41d0:303:f29::1 - - [11/Feb/2026:01:27:02 +0000] "GET /%D8%A7%D9%84%D9%85%D8%AF%D9%88%D9%86%D8%A9/?path=/var/www/hbkconsultan_usr/data/www HTTP/1.0" 200 3044 "-" "Mozilla/5.0 (compatible; MJ12bot/v1.4.8; http://mj12bot.com/)"
2001:41d0:303:f29::1 - - [11/Feb/2026:01:27:05 +0000] "GET /%D8%A7%D9%84%D9%85%D8%AF%D9%88%D9%86%D8%A9/?path=/var/www/hbkconsultan_usr/data/www/hbkconsultancy.com HTTP/1.0" 200 4360 "-" "Mozilla/5.0 (compatible; MJ12bot/v1.4.8; http://mj12bot.com/)"
2001:41d0:303:f29::1 - - [11/Feb/2026:01:27:09 +0000] "GET /%D8%A7%D9%84%D9%85%D8%AF%D9%88%D9%86%D8%A9/?path=/var/www/hbkconsultan_usr/data/www/hbkconsultancy.com/.tmb HTTP/1.0" 200 2809 "-" "Mozilla/5.0 (compatible; MJ12bot/v1.4.8; http://mj12bot.com/)"
2001:41d0:303:f29::1 - - [11/Feb/2026:01:27:12 +0000] "GET /%D8%A7%D9%84%D9%85%D8%AF%D9%88%D9%86%D8%A9/?path=/var/www/hbkconsultan_usr/data/www/hbkconsultancy.com/images HTTP/1.0" 200 3326 "-" "Mozilla/5.0 (compatible; MJ12bot/v1.4.8; http://mj12bot.com/)"
2001:41d0:303:f29::1 - - [11/Feb/2026:01:27:16 +0000] "GET /%D8%A7%D9%84%D9%85%D8%AF%D9%88%D9%86%D8%A9/?path=/var/www/hbkconsultan_usr/data/www/hbkconsultancy.com/wp-admin HTTP/1.0" 200 6616 "-" "Mozilla/5.0 (compatible; MJ12bot/v1.4.8; http://mj12bot.com/)"
2001:41d0:303:f29::1 - - [11/Feb/2026:01:27:19 +0000] "GET /%D8%A7%D9%84%D9%85%D8%AF%D9%88%D9%86%D8%A9/?path=/var/www/hbkconsultan_usr/data/www/hbkconsultancy.com/wp-content HTTP/1.0" 200 3691 "-" "Mozilla/5.0 (compatible; MJ12bot/v1.4.8; http://mj12bot.com/)"
2001:41d0:303:f29::1 - - [11/Feb/2026:01:27:23 +0000] "GET /%D8%A7%D9%84%D9%85%D8%AF%D9%88%D9%86%D8%A9/?path=/var/www/hbkconsultan_usr/data/www/hbkconsultancy.com/wp-includes HTTP/1.0" 200 12588 "-" "Mozilla/5.0 (compatible; MJ12bot/v1.4.8; http://mj12bot.com/)"
2001:41d0:303:f29::1 - - [11/Feb/2026:01:27:26 +0000] "GET /%D8%A7%D9%86%D8%B6%D9%85-%D8%A7%D9%84%D9%8A%D9%86%D8%A7/?fileloc=/var/www/hbkconsultan_usr/data/www/hbkconsultancy.com/.htaccess&path=/var/www/hbkconsultan_usr/data/www/hbkconsultancy.com HTTP/1.0" 200 3540 "-" "Mozilla/5.0 (compatible; MJ12bot/v1.4.8; http://mj12bot.com/)"
2001:41d0:303:f29::1 - - [11/Feb/2026:01:27:30 +0000] "GET /%D8%A7%D9%86%D8%B6%D9%85-%D8%A7%D9%84%D9%8A%D9%86%D8%A7/?fileloc=/var/www/hbkconsultan_usr/data/www/hbkconsultancy.com/bgymj.php&path=/var/www/hbkconsultan_usr/data/www/hbkconsultancy.com HTTP/1.0" 200 8158 "-" "Mozilla/5.0 (compatible; MJ12bot/v1.4.8; http://mj12bot.com/)"
2001:41d0:303:f29::1 - - [11/Feb/2026:01:27:33 +0000] "GET /%D8%A7%D9%86%D8%B6%D9%85-%D8%A7%D9%84%D9%8A%D9%86%D8%A7/?fileloc=/var/www/hbkconsultan_usr/data/www/hbkconsultancy.com/grsiuk.php&path=/var/www/hbkconsultan_usr/data/www/hbkconsultancy.com HTTP/1.0" 200 699369 "-" "Mozilla/5.0 (compatible; MJ12bot/v1.4.8; http://mj12bot.com/)"
2001:41d0:303:f29::1 - - [11/Feb/2026:01:27:37 +0000] "GET /%D8%A7%D9%86%D8%B6%D9%85-%D8%A7%D9%84%D9%8A%D9%86%D8%A7/?fileloc=/var/www/hbkconsultan_usr/data/www/hbkconsultancy.com/index.php&path=/var/www/hbkconsultan_usr/data/www/hbkconsultancy.com HTTP/1.0" 200 8545 "-" "Mozilla/5.0 (compatible; MJ12bot/v1.4.8; http://mj12bot.com/)"
2001:41d0:303:f29::1 - - [11/Feb/2026:01:27:41 +0000] "GET /%D8%A7%D9%86%D8%B6%D9%85-%D8%A7%D9%84%D9%8A%D9%86%D8%A7/?fileloc=/var/www/hbkconsultan_usr/data/www/hbkconsultancy.com/inege.php&path=/var/www/hbkconsultan_usr/data/www/hbkconsultancy.com HTTP/1.0" 200 717427 "-" "Mozilla/5.0 (compatible; MJ12bot/v1.4.8; http://mj12bot.com/)"
2001:41d0:303:f29::1 - - [11/Feb/2026:01:27:44 +0000] "GET /%D8%A7%D9%86%D8%B6%D9%85-%D8%A7%D9%84%D9%8A%D9%86%D8%A7/?fileloc=/var/www/hbkconsultan_usr/data/www/hbkconsultancy.com/license.txt&path=/var/www/hbkconsultan_usr/data/www/hbkconsultancy.com HTTP/1.0" 200 10092 "-" "Mozilla/5.0 (compatible; MJ12bot/v1.4.8; http://mj12bot.com/)"
2001:41d0:303:f29::1 - - [11/Feb/2026:01:27:48 +0000] "GET /%D8%A7%D9%86%D8%B6%D9%85-%D8%A7%D9%84%D9%8A%D9%86%D8%A7/?fileloc=/var/www/hbkconsultan_usr/data/www/hbkconsultancy.com/readme.html&path=/var/www/hbkconsultan_usr/data/www/hbkconsultancy.com HTTP/1.0" 200 5804 "-" "Mozilla/5.0 (compatible; MJ12bot/v1.4.8; http://mj12bot.com/)"
2001:41d0:303:f29::1 - - [11/Feb/2026:01:27:51 +0000] "GET /%D8%A7%D9%86%D8%B6%D9%85-%D8%A7%D9%84%D9%8A%D9%86%D8%A7/?fileloc=/var/www/hbkconsultan_usr/data/www/hbkconsultancy.com/robots.txt&path=/var/www/hbkconsultan_usr/data/www/hbkconsultancy.com HTTP/1.0" 200 2820 "-" "Mozilla/5.0 (compatible; MJ12bot/v1.4.8; http://mj12bot.com/)"
2001:41d0:303:f29::1 - - [11/Feb/2026:01:27:55 +0000] "GET /%D8%A7%D9%86%D8%B6%D9%85-%D8%A7%D9%84%D9%8A%D9%86%D8%A7/?fileloc=/var/www/hbkconsultan_usr/data/www/hbkconsultancy.com/todo.php&path=/var/www/hbkconsultan_usr/data/www/hbkconsultancy.com HTTP/1.0" 200 3111 "-" "Mozilla/5.0 (compatible; MJ12bot/v1.4.8; http://mj12bot.com/)"
2001:41d0:303:f29::1 - - [11/Feb/2026:01:27:58 +0000] "GET /%D8%A7%D9%86%D8%B6%D9%85-%D8%A7%D9%84%D9%8A%D9%86%D8%A7/?fileloc=/var/www/hbkconsultan_usr/data/www/hbkconsultancy.com/txets.php&path=/var/www/hbkconsultan_usr/data/www/hbkconsultancy.com HTTP/1.0" 200 5099 "-" "Mozilla/5.0 (compatible; MJ12bot/v1.4.8; http://mj12bot.com/)"
205.185.116.204 - - [11/Feb/2026:01:28:00 +0000] "GET / HTTP/1.0" 200 4360 "-" "Mozilla/5.0 (Windows NT 10.0; Win64; x64) AppleWebKit/537.36 (KHTML, like Gecko) Chrome/92.0.4515.159 Safari/537.36"
147.93.58.212 - - [11/Feb/2026:01:28:01 +0000] "GET / HTTP/1.0" 200 4360 "-" "Mozilla/5.0 (X11; Linux x86_64) AppleWebKit/537.36 (KHTML, like Gecko) Chrome/44.0.2403.157 Safari/537.36"
2001:41d0:303:f29::1 - - [11/Feb/2026:01:28:02 +0000] "GET /%D8%A7%D9%86%D8%B6%D9%85-%D8%A7%D9%84%D9%8A%D9%86%D8%A7/?fileloc=/var/www/hbkconsultan_usr/data/www/hbkconsultancy.com/wakwaw.phtml&path=/var/www/hbkconsultan_usr/data/www/hbkconsultancy.com HTTP/1.0" 200 55248 "-" "Mozilla/5.0 (compatible; MJ12bot/v1.4.8; http://mj12bot.com/)"
2001:41d0:303:f29::1 - - [11/Feb/2026:01:28:05 +0000] "GET /%D8%A7%D9%86%D8%B6%D9%85-%D8%A7%D9%84%D9%8A%D9%86%D8%A7/?fileloc=/var/www/hbkconsultan_usr/data/www/hbkconsultancy.com/wp-activate.php&path=/var/www/hbkconsultan_usr/data/www/hbkconsultancy.com HTTP/1.0" 200 5229 "-" "Mozilla/5.0 (compatible; MJ12bot/v1.4.8; http://mj12bot.com/)"
2001:41d0:303:f29::1 - - [11/Feb/2026:01:28:09 +0000] "GET /%D8%A7%D9%86%D8%B6%D9%85-%D8%A7%D9%84%D9%8A%D9%86%D8%A7/?fileloc=/var/www/hbkconsultan_usr/data/www/hbkconsultancy.com/wp-blog-header.php&path=/var/www/hbkconsultan_usr/data/www/hbkconsultancy.com HTTP/1.0" 200 3097 "-" "Mozilla/5.0 (compatible; MJ12bot/v1.4.8; http://mj12bot.com/)"
2001:41d0:303:f29::1 - - [11/Feb/2026:01:28:12 +0000] "GET /%D8%A7%D9%86%D8%B6%D9%85-%D8%A7%D9%84%D9%8A%D9%86%D8%A7/?fileloc=/var/www/hbkconsultan_usr/data/www/hbkconsultancy.com/wp-comments-post.php&path=/var/www/hbkconsultan_usr/data/www/hbkconsultancy.com HTTP/1.0" 200 3799 "-" "Mozilla/5.0 (compatible; MJ12bot/v1.4.8; http://mj12bot.com/)"
2001:41d0:303:f29::1 - - [11/Feb/2026:01:28:16 +0000] "GET /%D8%A7%D9%86%D8%B6%D9%85-%D8%A7%D9%84%D9%8A%D9%86%D8%A7/?fileloc=/var/www/hbkconsultan_usr/data/www/hbkconsultancy.com/wp-config-sample.php&path=/var/www/hbkconsultan_usr/data/www/hbkconsultancy.com HTTP/1.0" 200 4049 "-" "Mozilla/5.0 (compatible; MJ12bot/v1.4.8; http://mj12bot.com/)"
2001:41d0:303:f29::1 - - [11/Feb/2026:01:28:23 +0000] "GET /%D8%A7%D9%86%D8%B6%D9%85-%D8%A7%D9%84%D9%8A%D9%86%D8%A7/?fileloc=/var/www/hbkconsultan_usr/data/www/hbkconsultancy.com/wp-cron.php&path=/var/www/hbkconsultan_usr/data/www/hbkconsultancy.com HTTP/1.0" 200 4839 "-" "Mozilla/5.0 (compatible; MJ12bot/v1.4.8; http://mj12bot.com/)"
2001:41d0:303:f29::1 - - [11/Feb/2026:01:28:27 +0000] "GET /%D8%A7%D9%86%D8%B6%D9%85-%D8%A7%D9%84%D9%8A%D9%86%D8%A7/?fileloc=/var/www/hbkconsultan_usr/data/www/hbkconsultancy.com/wp-links-opml.php&path=/var/www/hbkconsultan_usr/data/www/hbkconsultancy.com HTTP/1.0" 200 3879 "-" "Mozilla/5.0 (compatible; MJ12bot/v1.4.8; http://mj12bot.com/)"
2001:41d0:303:f29::1 - - [11/Feb/2026:01:28:30 +0000] "GET /%D8%A7%D9%86%D8%B6%D9%85-%D8%A7%D9%84%D9%8A%D9%86%D8%A7/?fileloc=/var/www/hbkconsultan_usr/data/www/hbkconsultancy.com/wp-load.php&path=/var/www/hbkconsultan_usr/data/www/hbkconsultancy.com HTTP/1.0" 200 4544 "-" "Mozilla/5.0 (compatible; MJ12bot/v1.4.8; http://mj12bot.com/)"
2001:41d0:303:f29::1 - - [11/Feb/2026:01:28:34 +0000] "GET /%D8%A7%D9%86%D8%B6%D9%85-%D8%A7%D9%84%D9%8A%D9%86%D8%A7/?fileloc=/var/www/hbkconsultan_usr/data/www/hbkconsultancy.com/wp-loads.phtml&path=/var/www/hbkconsultan_usr/data/www/hbkconsultancy.com HTTP/1.0" 200 11539 "-" "Mozilla/5.0 (compatible; MJ12bot/v1.4.8; http://mj12bot.com/)"
2001:41d0:303:f29::1 - - [11/Feb/2026:01:28:37 +0000] "GET /%D8%A7%D9%86%D8%B6%D9%85-%D8%A7%D9%84%D9%8A%D9%86%D8%A7/?fileloc=/var/www/hbkconsultan_usr/data/www/hbkconsultancy.com/wp-mail.php&path=/var/www/hbkconsultan_usr/data/www/hbkconsultancy.com HTTP/1.0" 200 5796 "-" "Mozilla/5.0 (compatible; MJ12bot/v1.4.8; http://mj12bot.com/)"
74.7.241.2 - - [11/Feb/2026:01:28:40 +0000] "GET /?path=//sys/class/net/lo/subsystem/lo/subsystem/vethc796c04/subsystem/docker0/queues HTTP/1.0" 200 3153 "https://hbkconsultancy.com/?path=//sys/class/net/lo/subsystem/lo/subsystem/vethc796c04/subsystem/docker0" "Mozilla/5.0 AppleWebKit/537.36 (KHTML, like Gecko; compatible; GPTBot/1.3; +https://openai.com/gptbot)"
2001:41d0:303:f29::1 - - [11/Feb/2026:01:28:41 +0000] "GET /%D8%A7%D9%86%D8%B6%D9%85-%D8%A7%D9%84%D9%8A%D9%86%D8%A7/?fileloc=/var/www/hbkconsultan_usr/data/www/hbkconsultancy.com/wp-settings.php&path=/var/www/hbkconsultan_usr/data/www/hbkconsultancy.com HTTP/1.0" 200 9001 "-" "Mozilla/5.0 (compatible; MJ12bot/v1.4.8; http://mj12bot.com/)"
74.7.241.2 - - [11/Feb/2026:01:28:41 +0000] "GET /?path=//sys/class/net/lo/subsystem/lo/subsystem/vethc796c04/subsystem/eth0/device/driver HTTP/1.0" 200 3283 "https://hbkconsultancy.com/?path=//sys/class/net/lo/subsystem/lo/subsystem/vethc796c04/subsystem/eth0/device" "Mozilla/5.0 AppleWebKit/537.36 (KHTML, like Gecko; compatible; GPTBot/1.3; +https://openai.com/gptbot)"
74.7.241.2 - - [11/Feb/2026:01:28:44 +0000] "GET /?path=//sys/class/net/lo/subsystem/lo/subsystem/eth0/subsystem/veth429b22f/brport/bridge HTTP/1.0" 200 4730 "https://hbkconsultancy.com/?path=//sys/class/net/lo/subsystem/lo/subsystem/eth0/subsystem/veth429b22f/brport" "Mozilla/5.0 AppleWebKit/537.36 (KHTML, like Gecko; compatible; GPTBot/1.3; +https://openai.com/gptbot)"
2001:41d0:303:f29::1 - - [11/Feb/2026:01:28:44 +0000] "GET /%D8%A7%D9%86%D8%B6%D9%85-%D8%A7%D9%84%D9%8A%D9%86%D8%A7/?fileloc=/var/www/hbkconsultan_usr/data/www/hbkconsultancy.com/wp-signup.php&path=/var/www/hbkconsultan_usr/data/www/hbkconsultancy.com HTTP/1.0" 200 10813 "-" "Mozilla/5.0 (compatible; MJ12bot/v1.4.8; http://mj12bot.com/)"
74.7.241.2 - - [11/Feb/2026:01:28:47 +0000] "GET /?fileloc=//sys/class/net/eth0/subsystem/lo/subsystem/vethc796c04/master/subsystem/lo/power/runtime_status&path=//sys/class/net/eth0/subsystem/lo/subsystem/vethc796c04/master/subsystem/lo/power HTTP/1.0" 200 2836 "https://hbkconsultancy.com/?path=//sys/class/net/eth0/subsystem/lo/subsystem/vethc796c04/master/subsystem/lo/power" "Mozilla/5.0 AppleWebKit/537.36 (KHTML, like Gecko; compatible; GPTBot/1.3; +https://openai.com/gptbot)"
2001:41d0:303:f29::1 - - [11/Feb/2026:01:28:48 +0000] "GET /%D8%A7%D9%86%D8%B6%D9%85-%D8%A7%D9%84%D9%8A%D9%86%D8%A7/?fileloc=/var/www/hbkconsultan_usr/data/www/hbkconsultancy.com/wp-sx-generator.php&path=/var/www/hbkconsultan_usr/data/www/hbkconsultancy.com HTTP/1.0" 200 3097 "-" "Mozilla/5.0 (compatible; MJ12bot/v1.4.8; http://mj12bot.com/)"
74.7.241.2 - - [11/Feb/2026:01:28:50 +0000] "GET /?path=//sys/class/net/lo/subsystem/lo/subsystem/eth0/subsystem/vethc796c04/brport/bridge HTTP/1.0" 200 4732 "https://hbkconsultancy.com/?path=//sys/class/net/lo/subsystem/lo/subsystem/eth0/subsystem/vethc796c04/brport" "Mozilla/5.0 AppleWebKit/537.36 (KHTML, like Gecko; compatible; GPTBot/1.3; +https://openai.com/gptbot)"
2001:41d0:303:f29::1 - - [11/Feb/2026:01:28:51 +0000] "GET /%D8%A7%D9%86%D8%B6%D9%85-%D8%A7%D9%84%D9%8A%D9%86%D8%A7/?fileloc=/var/www/hbkconsultan_usr/data/www/hbkconsultancy.com/wp-trackback.php&path=/var/www/hbkconsultan_usr/data/www/hbkconsultancy.com HTTP/1.0" 200 4622 "-" "Mozilla/5.0 (compatible; MJ12bot/v1.4.8; http://mj12bot.com/)"
74.7.241.2 - - [11/Feb/2026:01:28:53 +0000] "GET /?path=//sys/class/net/eth0/subsystem/veth429b22f/master/subsystem/lo/subsystem/lo/power HTTP/1.0" 200 3479 "https://hbkconsultancy.com/?path=//sys/class/net/eth0/subsystem/veth429b22f/master/subsystem/lo/subsystem/lo" "Mozilla/5.0 AppleWebKit/537.36 (KHTML, like Gecko; compatible; GPTBot/1.3; +https://openai.com/gptbot)"
2001:41d0:303:f29::1 - - [11/Feb/2026:01:28:55 +0000] "GET /%D8%A7%D9%86%D8%B6%D9%85-%D8%A7%D9%84%D9%8A%D9%86%D8%A7/?path=/ HTTP/1.0" 200 3786 "-" "Mozilla/5.0 (compatible; MJ12bot/v1.4.8; http://mj12bot.com/)"
74.7.241.2 - - [11/Feb/2026:01:28:56 +0000] "GET /?path=//sys/class/net/eth0/subsystem/lo/subsystem/veth429b22f/master/subsystem/lo/power HTTP/1.0" 200 3482 "https://hbkconsultancy.com/?path=//sys/class/net/eth0/subsystem/lo/subsystem/veth429b22f/master/subsystem/lo" "Mozilla/5.0 AppleWebKit/537.36 (KHTML, like Gecko; compatible; GPTBot/1.3; +https://openai.com/gptbot)"
2001:41d0:303:f29::1 - - [11/Feb/2026:01:28:58 +0000] "GET /%D8%A7%D9%86%D8%B6%D9%85-%D8%A7%D9%84%D9%8A%D9%86%D8%A7/?path=/var HTTP/1.0" 200 3567 "-" "Mozilla/5.0 (compatible; MJ12bot/v1.4.8; http://mj12bot.com/)"
74.7.241.2 - - [11/Feb/2026:01:29:00 +0000] "GET /?path=//sys/class/net/lo/subsystem/lo/subsystem/eth0/subsystem/vethc796c04/master/brif HTTP/1.0" 200 3206 "https://hbkconsultancy.com/?path=//sys/class/net/lo/subsystem/lo/subsystem/eth0/subsystem/vethc796c04/master" "Mozilla/5.0 AppleWebKit/537.36 (KHTML, like Gecko; compatible; GPTBot/1.3; +https://openai.com/gptbot)"
2001:41d0:303:f29::1 - - [11/Feb/2026:01:29:02 +0000] "GET /%D8%A7%D9%86%D8%B6%D9%85-%D8%A7%D9%84%D9%8A%D9%86%D8%A7/?path=/var/www HTTP/1.0" 200 3645 "-" "Mozilla/5.0 (compatible; MJ12bot/v1.4.8; http://mj12bot.com/)"
74.7.241.2 - - [11/Feb/2026:01:29:03 +0000] "GET /?path=//sys/class/net/lo/subsystem/lo/subsystem/vethc796c04/subsystem/eth0/device/power HTTP/1.0" 200 3477 "https://hbkconsultancy.com/?path=//sys/class/net/lo/subsystem/lo/subsystem/vethc796c04/subsystem/eth0/device" "Mozilla/5.0 AppleWebKit/537.36 (KHTML, like Gecko; compatible; GPTBot/1.3; +https://openai.com/gptbot)"
2001:41d0:303:f29::1 - - [11/Feb/2026:01:29:05 +0000] "GET /%D8%A7%D9%86%D8%B6%D9%85-%D8%A7%D9%84%D9%8A%D9%86%D8%A7/?path=/var/www/hbkconsultan_usr HTTP/1.0" 200 3038 "-" "Mozilla/5.0 (compatible; MJ12bot/v1.4.8; http://mj12bot.com/)"
