74.7.241.2 - - [11/Feb/2026:01:32:54 +0000] "GET /?fileloc=//sys/class/net/veth61688aa/upper_docker0/subsystem/lo/phys_port_name&path=//sys/class/net/veth61688aa/upper_docker0/subsystem/lo HTTP/1.0" 200 2796 "https://hbkconsultancy.com/?path=//sys/class/net/veth61688aa/upper_docker0/subsystem/lo" "Mozilla/5.0 AppleWebKit/537.36 (KHTML, like Gecko; compatible; GPTBot/1.3; +https://openai.com/gptbot)"
74.7.241.2 - - [11/Feb/2026:01:32:57 +0000] "GET /?fileloc=//sys/class/net/veth61688aa/upper_docker0/subsystem/lo/dev_id&path=//sys/class/net/veth61688aa/upper_docker0/subsystem/lo HTTP/1.0" 200 2793 "https://hbkconsultancy.com/?path=//sys/class/net/veth61688aa/upper_docker0/subsystem/lo" "Mozilla/5.0 AppleWebKit/537.36 (KHTML, like Gecko; compatible; GPTBot/1.3; +https://openai.com/gptbot)"
74.7.241.2 - - [11/Feb/2026:01:33:00 +0000] "GET /?path=//sys/class/net/veth61688aa/upper_docker0/subsystem/eth0/device/net/eth0/queues/tx-1 HTTP/1.0" 200 3412 "https://hbkconsultancy.com/?path=//sys/class/net/veth61688aa/upper_docker0/subsystem/eth0/device/net/eth0/queues" "Mozilla/5.0 AppleWebKit/537.36 (KHTML, like Gecko; compatible; GPTBot/1.3; +https://openai.com/gptbot)"
85.208.96.196 - - [11/Feb/2026:01:33:03 +0000] "GET /najlepsze-kasyna-na-prawdziwe-pieniadze-2025-2/ HTTP/1.0" 200 4360 "-" "Mozilla/5.0 (compatible; SemrushBot/7~bl; +http://www.semrush.com/bot.html)"
74.7.241.2 - - [11/Feb/2026:01:33:03 +0000] "GET /?path=//sys/class/net/vethc796c04/upper_docker0/subsystem/eth0/device/net/eth0/queues/tx-2 HTTP/1.0" 200 3412 "https://hbkconsultancy.com/?path=//sys/class/net/vethc796c04/upper_docker0/subsystem/eth0/device/net/eth0/queues" "Mozilla/5.0 AppleWebKit/537.36 (KHTML, like Gecko; compatible; GPTBot/1.3; +https://openai.com/gptbot)"
74.7.241.2 - - [11/Feb/2026:01:33:07 +0000] "GET /?fileloc=//sys/class/net/vethc796c04/upper_docker0/subsystem/eth0/device/net/eth0/power/runtime_usage&path=//sys/class/net/vethc796c04/upper_docker0/subsystem/eth0/device/net/eth0/power HTTP/1.0" 200 2830 "https://hbkconsultancy.com/?path=//sys/class/net/vethc796c04/upper_docker0/subsystem/eth0/device/net/eth0/power" "Mozilla/5.0 AppleWebKit/537.36 (KHTML, like Gecko; compatible; GPTBot/1.3; +https://openai.com/gptbot)"
74.7.241.2 - - [11/Feb/2026:01:33:10 +0000] "GET /?path=//sys/class/net/veth61688aa/upper_docker0/subsystem/eth0/device/net/eth0/queues/tx-0 HTTP/1.0" 200 3410 "https://hbkconsultancy.com/?path=//sys/class/net/veth61688aa/upper_docker0/subsystem/eth0/device/net/eth0/queues" "Mozilla/5.0 AppleWebKit/537.36 (KHTML, like Gecko; compatible; GPTBot/1.3; +https://openai.com/gptbot)"
74.7.241.2 - - [11/Feb/2026:01:33:13 +0000] "GET /?path=//sys/class/net/veth61688aa/upper_docker0/subsystem/eth0/device/net/eth0/device/subsystem HTTP/1.0" 200 3336 "https://hbkconsultancy.com/?path=//sys/class/net/veth61688aa/upper_docker0/subsystem/eth0/device/net/eth0/device" "Mozilla/5.0 AppleWebKit/537.36 (KHTML, like Gecko; compatible; GPTBot/1.3; +https://openai.com/gptbot)"
74.7.241.2 - - [11/Feb/2026:01:33:16 +0000] "GET /?path=//sys/class/net/veth61688aa/upper_docker0/subsystem/eth0/device/net/eth0/queues/rx-0 HTTP/1.0" 200 3279 "https://hbkconsultancy.com/?path=//sys/class/net/veth61688aa/upper_docker0/subsystem/eth0/device/net/eth0/queues" "Mozilla/5.0 AppleWebKit/537.36 (KHTML, like Gecko; compatible; GPTBot/1.3; +https://openai.com/gptbot)"
74.7.241.2 - - [11/Feb/2026:01:33:19 +0000] "GET /?path=//sys/class/net/vethc796c04/upper_docker0/subsystem/eth0/device/net/eth0/device/driver HTTP/1.0" 200 3301 "https://hbkconsultancy.com/?path=//sys/class/net/vethc796c04/upper_docker0/subsystem/eth0/device/net/eth0/device" "Mozilla/5.0 AppleWebKit/537.36 (KHTML, like Gecko; compatible; GPTBot/1.3; +https://openai.com/gptbot)"
74.7.241.2 - - [11/Feb/2026:01:33:23 +0000] "GET /?path=//sys/class/net/vethc796c04/upper_docker0/subsystem/eth0/device/net/eth0/device/subsystem HTTP/1.0" 200 3337 "https://hbkconsultancy.com/?path=//sys/class/net/vethc796c04/upper_docker0/subsystem/eth0/device/net/eth0/device" "Mozilla/5.0 AppleWebKit/537.36 (KHTML, like Gecko; compatible; GPTBot/1.3; +https://openai.com/gptbot)"
74.7.241.2 - - [11/Feb/2026:01:33:26 +0000] "GET /?path=//sys/class/net/vethc796c04/upper_docker0/subsystem/eth0/device/net/eth0/queues/tx-0 HTTP/1.0" 200 3411 "https://hbkconsultancy.com/?path=//sys/class/net/vethc796c04/upper_docker0/subsystem/eth0/device/net/eth0/queues" "Mozilla/5.0 AppleWebKit/537.36 (KHTML, like Gecko; compatible; GPTBot/1.3; +https://openai.com/gptbot)"
74.7.241.2 - - [11/Feb/2026:01:33:29 +0000] "GET /?path=//sys/class/net/vethc796c04/upper_docker0/subsystem/eth0/device/net/eth0/queues/rx-0 HTTP/1.0" 200 3280 "https://hbkconsultancy.com/?path=//sys/class/net/vethc796c04/upper_docker0/subsystem/eth0/device/net/eth0/queues" "Mozilla/5.0 AppleWebKit/537.36 (KHTML, like Gecko; compatible; GPTBot/1.3; +https://openai.com/gptbot)"
74.7.241.2 - - [11/Feb/2026:01:33:32 +0000] "GET /?path=//sys/class/net/veth61688aa/upper_docker0/subsystem/eth0/device/net/eth0/device/driver HTTP/1.0" 200 3299 "https://hbkconsultancy.com/?path=//sys/class/net/veth61688aa/upper_docker0/subsystem/eth0/device/net/eth0/device" "Mozilla/5.0 AppleWebKit/537.36 (KHTML, like Gecko; compatible; GPTBot/1.3; +https://openai.com/gptbot)"
74.7.241.2 - - [11/Feb/2026:01:33:35 +0000] "GET /?path=//sys/class/net/veth61688aa/upper_docker0/subsystem/eth0/device/net/eth0/device/net HTTP/1.0" 200 3123 "https://hbkconsultancy.com/?path=//sys/class/net/veth61688aa/upper_docker0/subsystem/eth0/device/net/eth0/device" "Mozilla/5.0 AppleWebKit/537.36 (KHTML, like Gecko; compatible; GPTBot/1.3; +https://openai.com/gptbot)"
74.7.241.2 - - [11/Feb/2026:01:33:38 +0000] "GET /?path=//sys/class/net/vethc796c04/upper_docker0/subsystem/eth0/device/net/eth0/device/net HTTP/1.0" 200 3124 "https://hbkconsultancy.com/?path=//sys/class/net/vethc796c04/upper_docker0/subsystem/eth0/device/net/eth0/device" "Mozilla/5.0 AppleWebKit/537.36 (KHTML, like Gecko; compatible; GPTBot/1.3; +https://openai.com/gptbot)"
74.7.241.2 - - [11/Feb/2026:01:33:41 +0000] "GET /?path=//sys/class/net/veth61688aa/upper_docker0/subsystem/eth0/device/net/eth0/queues/rx-1 HTTP/1.0" 200 3281 "https://hbkconsultancy.com/?path=//sys/class/net/veth61688aa/upper_docker0/subsystem/eth0/device/net/eth0/queues" "Mozilla/5.0 AppleWebKit/537.36 (KHTML, like Gecko; compatible; GPTBot/1.3; +https://openai.com/gptbot)"
74.7.241.2 - - [11/Feb/2026:01:33:45 +0000] "GET /?path=//sys/class/net/vethc796c04/upper_docker0/subsystem/eth0/device/net/eth0/device/power HTTP/1.0" 200 3491 "https://hbkconsultancy.com/?path=//sys/class/net/vethc796c04/upper_docker0/subsystem/eth0/device/net/eth0/device" "Mozilla/5.0 AppleWebKit/537.36 (KHTML, like Gecko; compatible; GPTBot/1.3; +https://openai.com/gptbot)"
74.7.241.2 - - [11/Feb/2026:01:33:48 +0000] "GET /?path=//sys/class/net/vethc796c04/upper_docker0/subsystem/eth0/device/net/eth0/subsystem/lo HTTP/1.0" 200 4536 "https://hbkconsultancy.com/?path=//sys/class/net/vethc796c04/upper_docker0/subsystem/eth0/device/net/eth0/subsystem" "Mozilla/5.0 AppleWebKit/537.36 (KHTML, like Gecko; compatible; GPTBot/1.3; +https://openai.com/gptbot)"
74.7.241.2 - - [11/Feb/2026:01:33:51 +0000] "GET /?path=//sys/class/net/veth61688aa/upper_docker0/subsystem/eth0/device/net/eth0/subsystem/lo HTTP/1.0" 200 4535 "https://hbkconsultancy.com/?path=//sys/class/net/veth61688aa/upper_docker0/subsystem/eth0/device/net/eth0/subsystem" "Mozilla/5.0 AppleWebKit/537.36 (KHTML, like Gecko; compatible; GPTBot/1.3; +https://openai.com/gptbot)"
74.7.241.2 - - [11/Feb/2026:01:33:54 +0000] "GET /?path=//sys/class/net/vethc796c04/upper_docker0/subsystem/eth0/device/net/eth0/queues/tx-3 HTTP/1.0" 200 3412 "https://hbkconsultancy.com/?path=//sys/class/net/vethc796c04/upper_docker0/subsystem/eth0/device/net/eth0/queues" "Mozilla/5.0 AppleWebKit/537.36 (KHTML, like Gecko; compatible; GPTBot/1.3; +https://openai.com/gptbot)"
74.7.241.2 - - [11/Feb/2026:01:33:57 +0000] "GET /?path=//sys/class/net/vethc796c04/upper_docker0/subsystem/eth0/device/net/eth0/queues/tx-1 HTTP/1.0" 200 3412 "https://hbkconsultancy.com/?path=//sys/class/net/vethc796c04/upper_docker0/subsystem/eth0/device/net/eth0/queues" "Mozilla/5.0 AppleWebKit/537.36 (KHTML, like Gecko; compatible; GPTBot/1.3; +https://openai.com/gptbot)"
74.7.241.2 - - [11/Feb/2026:01:34:00 +0000] "GET /?path=//sys/class/net/veth61688aa/upper_docker0/subsystem/eth0/device/net/eth0/queues/rx-0/virtio_net HTTP/1.0" 200 3184 "https://hbkconsultancy.com/?path=//sys/class/net/veth61688aa/upper_docker0/subsystem/eth0/device/net/eth0/queues/rx-0" "Mozilla/5.0 AppleWebKit/537.36 (KHTML, like Gecko; compatible; GPTBot/1.3; +https://openai.com/gptbot)"
74.7.241.2 - - [11/Feb/2026:01:34:04 +0000] "GET /?path=//sys/class/net/vethc796c04/upper_docker0/subsystem/eth0/device/net/eth0/queues/rx-0/virtio_net HTTP/1.0" 200 3184 "https://hbkconsultancy.com/?path=//sys/class/net/vethc796c04/upper_docker0/subsystem/eth0/device/net/eth0/queues/rx-0" "Mozilla/5.0 AppleWebKit/537.36 (KHTML, like Gecko; compatible; GPTBot/1.3; +https://openai.com/gptbot)"
114.119.140.186 - - [11/Feb/2026:01:34:05 +0000] "GET /2025/01/27/ HTTP/1.0" 200 4360 "https://hbkconsultancy.com/online-casinos-intended-for-real-cash-in-nova-scotia-2025-2" "Mozilla/5.0 (Linux; Android 7.0;) AppleWebKit/537.36 (KHTML, like Gecko) Mobile Safari/537.36 (compatible; PetalBot;+https://webmaster.petalsearch.com/site/petalbot)"
205.185.116.204 - - [11/Feb/2026:01:34:06 +0000] "GET / HTTP/1.0" 200 4360 "-" "Mozilla/5.0 (Windows NT 10.0; Win64; x64) AppleWebKit/537.36 (KHTML, like Gecko) Chrome/92.0.4515.159 Safari/537.36"
74.7.241.2 - - [11/Feb/2026:01:34:07 +0000] "GET /?path=//sys/class/net/veth61688aa/upper_docker0/subsystem/eth0/device/net/eth0/queues/rx-3 HTTP/1.0" 200 3281 "https://hbkconsultancy.com/?path=//sys/class/net/veth61688aa/upper_docker0/subsystem/eth0/device/net/eth0/queues" "Mozilla/5.0 AppleWebKit/537.36 (KHTML, like Gecko; compatible; GPTBot/1.3; +https://openai.com/gptbot)"
74.7.241.2 - - [11/Feb/2026:01:34:10 +0000] "GET /?path=//sys/class/net/veth61688aa/upper_docker0/subsystem/eth0/device/net/eth0/queues/tx-3 HTTP/1.0" 200 3412 "https://hbkconsultancy.com/?path=//sys/class/net/veth61688aa/upper_docker0/subsystem/eth0/device/net/eth0/queues" "Mozilla/5.0 AppleWebKit/537.36 (KHTML, like Gecko; compatible; GPTBot/1.3; +https://openai.com/gptbot)"
74.7.241.2 - - [11/Feb/2026:01:34:13 +0000] "GET /?path=//sys/class/net/veth61688aa/upper_docker0/subsystem/eth0/device/net/eth0/queues/tx-2 HTTP/1.0" 200 3412 "https://hbkconsultancy.com/?path=//sys/class/net/veth61688aa/upper_docker0/subsystem/eth0/device/net/eth0/queues" "Mozilla/5.0 AppleWebKit/537.36 (KHTML, like Gecko; compatible; GPTBot/1.3; +https://openai.com/gptbot)"
74.7.241.2 - - [11/Feb/2026:01:34:16 +0000] "GET /?path=//sys/class/net/veth61688aa/upper_docker0/subsystem/eth0/device/net/eth0/queues/rx-1/virtio_net HTTP/1.0" 200 3185 "https://hbkconsultancy.com/?path=//sys/class/net/veth61688aa/upper_docker0/subsystem/eth0/device/net/eth0/queues/rx-1" "Mozilla/5.0 AppleWebKit/537.36 (KHTML, like Gecko; compatible; GPTBot/1.3; +https://openai.com/gptbot)"
74.7.241.2 - - [11/Feb/2026:01:34:19 +0000] "GET /?path=//sys/class/net/veth61688aa/upper_docker0/subsystem/eth0/device/net/eth0/device/power HTTP/1.0" 200 3490 "https://hbkconsultancy.com/?path=//sys/class/net/veth61688aa/upper_docker0/subsystem/eth0/device/net/eth0/device" "Mozilla/5.0 AppleWebKit/537.36 (KHTML, like Gecko; compatible; GPTBot/1.3; +https://openai.com/gptbot)"
74.7.241.2 - - [11/Feb/2026:01:34:22 +0000] "GET /?fileloc=//sys/class/net/vethc796c04/upper_docker0/subsystem/eth0/device/net/eth0/subsystem/lo/carrier_up_count&path=//sys/class/net/vethc796c04/upper_docker0/subsystem/eth0/device/net/eth0/subsystem/lo HTTP/1.0" 200 2838 "https://hbkconsultancy.com/?path=//sys/class/net/vethc796c04/upper_docker0/subsystem/eth0/device/net/eth0/subsystem/lo" "Mozilla/5.0 AppleWebKit/537.36 (KHTML, like Gecko; compatible; GPTBot/1.3; +https://openai.com/gptbot)"
74.7.241.2 - - [11/Feb/2026:01:34:25 +0000] "GET /?fileloc=//sys/class/net/vethc796c04/upper_docker0/subsystem/eth0/device/net/eth0/subsystem/lo/carrier_changes&path=//sys/class/net/vethc796c04/upper_docker0/subsystem/eth0/device/net/eth0/subsystem/lo HTTP/1.0" 200 2836 "https://hbkconsultancy.com/?path=//sys/class/net/vethc796c04/upper_docker0/subsystem/eth0/device/net/eth0/subsystem/lo" "Mozilla/5.0 AppleWebKit/537.36 (KHTML, like Gecko; compatible; GPTBot/1.3; +https://openai.com/gptbot)"
74.7.241.2 - - [11/Feb/2026:01:34:29 +0000] "GET /?path=//sys/class/net/veth61688aa/upper_docker0/subsystem/eth0/device/net/eth0/subsystem/lo/statistics HTTP/1.0" 200 3963 "https://hbkconsultancy.com/?path=//sys/class/net/veth61688aa/upper_docker0/subsystem/eth0/device/net/eth0/subsystem/lo" "Mozilla/5.0 AppleWebKit/537.36 (KHTML, like Gecko; compatible; GPTBot/1.3; +https://openai.com/gptbot)"
74.7.241.2 - - [11/Feb/2026:01:34:32 +0000] "GET /?path=//sys/class/net/vethc796c04/upper_docker0/subsystem/eth0/device/net/eth0/subsystem/lo/statistics HTTP/1.0" 200 3963 "https://hbkconsultancy.com/?path=//sys/class/net/vethc796c04/upper_docker0/subsystem/eth0/device/net/eth0/subsystem/lo" "Mozilla/5.0 AppleWebKit/537.36 (KHTML, like Gecko; compatible; GPTBot/1.3; +https://openai.com/gptbot)"
74.7.241.2 - - [11/Feb/2026:01:34:35 +0000] "GET /?path=//sys/class/net/vethc796c04/upper_docker0/subsystem/eth0/device/net/eth0/queues/rx-2 HTTP/1.0" 200 3283 "https://hbkconsultancy.com/?path=//sys/class/net/vethc796c04/upper_docker0/subsystem/eth0/device/net/eth0/queues" "Mozilla/5.0 AppleWebKit/537.36 (KHTML, like Gecko; compatible; GPTBot/1.3; +https://openai.com/gptbot)"
74.7.241.2 - - [11/Feb/2026:01:34:38 +0000] "GET /?path=//sys/class/net/vethc796c04/upper_docker0/subsystem/eth0/device/net/eth0/queues/rx-3 HTTP/1.0" 200 3283 "https://hbkconsultancy.com/?path=//sys/class/net/vethc796c04/upper_docker0/subsystem/eth0/device/net/eth0/queues" "Mozilla/5.0 AppleWebKit/537.36 (KHTML, like Gecko; compatible; GPTBot/1.3; +https://openai.com/gptbot)"
74.7.241.2 - - [11/Feb/2026:01:34:41 +0000] "GET /?path=//sys/class/net/veth61688aa/upper_docker0/subsystem/eth0/device/net/eth0/queues/rx-3/virtio_net HTTP/1.0" 200 3185 "https://hbkconsultancy.com/?path=//sys/class/net/veth61688aa/upper_docker0/subsystem/eth0/device/net/eth0/queues/rx-3" "Mozilla/5.0 AppleWebKit/537.36 (KHTML, like Gecko; compatible; GPTBot/1.3; +https://openai.com/gptbot)"
74.7.241.2 - - [11/Feb/2026:01:34:44 +0000] "GET /?path=//sys/class/net/veth61688aa/upper_docker0/subsystem/eth0/device/net/eth0/queues/rx-2 HTTP/1.0" 200 3281 "https://hbkconsultancy.com/?path=//sys/class/net/veth61688aa/upper_docker0/subsystem/eth0/device/net/eth0/queues" "Mozilla/5.0 AppleWebKit/537.36 (KHTML, like Gecko; compatible; GPTBot/1.3; +https://openai.com/gptbot)"
74.7.241.2 - - [11/Feb/2026:01:34:48 +0000] "GET /?path=//sys/class/net/veth61688aa/upper_docker0/subsystem/eth0/device/net/eth0/queues/tx-2/byte_queue_limits HTTP/1.0" 200 3343 "https://hbkconsultancy.com/?path=//sys/class/net/veth61688aa/upper_docker0/subsystem/eth0/device/net/eth0/queues/tx-2" "Mozilla/5.0 AppleWebKit/537.36 (KHTML, like Gecko; compatible; GPTBot/1.3; +https://openai.com/gptbot)"
74.7.241.2 - - [11/Feb/2026:01:34:51 +0000] "GET /?path=//sys/class/net/vethc796c04/upper_docker0/subsystem/eth0/device/net/eth0/queues/rx-1 HTTP/1.0" 200 3283 "https://hbkconsultancy.com/?path=//sys/class/net/vethc796c04/upper_docker0/subsystem/eth0/device/net/eth0/queues" "Mozilla/5.0 AppleWebKit/537.36 (KHTML, like Gecko; compatible; GPTBot/1.3; +https://openai.com/gptbot)"
74.7.241.2 - - [11/Feb/2026:01:34:54 +0000] "GET /?path=//sys/class/net/veth61688aa/upper_docker0/subsystem/eth0/device/net/eth0/subsystem/lo/queues HTTP/1.0" 200 3179 "https://hbkconsultancy.com/?path=//sys/class/net/veth61688aa/upper_docker0/subsystem/eth0/device/net/eth0/subsystem/lo" "Mozilla/5.0 AppleWebKit/537.36 (KHTML, like Gecko; compatible; GPTBot/1.3; +https://openai.com/gptbot)"
74.7.241.2 - - [11/Feb/2026:01:34:57 +0000] "GET /?path=//sys/class/net/vethc796c04/upper_docker0/subsystem/eth0/device/net/eth0/subsystem/lo/queues HTTP/1.0" 200 3180 "https://hbkconsultancy.com/?path=//sys/class/net/vethc796c04/upper_docker0/subsystem/eth0/device/net/eth0/subsystem/lo" "Mozilla/5.0 AppleWebKit/537.36 (KHTML, like Gecko; compatible; GPTBot/1.3; +https://openai.com/gptbot)"
74.7.241.2 - - [11/Feb/2026:01:35:00 +0000] "GET /?path=//sys/class/net/veth61688aa/upper_docker0/subsystem/eth0/device/net/eth0/subsystem/eth0 HTTP/1.0" 200 4567 "https://hbkconsultancy.com/?path=//sys/class/net/veth61688aa/upper_docker0/subsystem/eth0/device/net/eth0/subsystem" "Mozilla/5.0 AppleWebKit/537.36 (KHTML, like Gecko; compatible; GPTBot/1.3; +https://openai.com/gptbot)"
74.7.241.2 - - [11/Feb/2026:01:35:03 +0000] "GET /?path=//sys/class/net/vethc796c04/upper_docker0/subsystem/eth0/device/net/eth0/subsystem/eth0 HTTP/1.0" 200 4567 "https://hbkconsultancy.com/?path=//sys/class/net/vethc796c04/upper_docker0/subsystem/eth0/device/net/eth0/subsystem" "Mozilla/5.0 AppleWebKit/537.36 (KHTML, like Gecko; compatible; GPTBot/1.3; +https://openai.com/gptbot)"
74.7.241.2 - - [11/Feb/2026:01:35:07 +0000] "GET /?path=//sys/class/net/vethc796c04/upper_docker0/subsystem/eth0/device/net/eth0/queues/tx-1/byte_queue_limits HTTP/1.0" 200 3344 "https://hbkconsultancy.com/?path=//sys/class/net/vethc796c04/upper_docker0/subsystem/eth0/device/net/eth0/queues/tx-1" "Mozilla/5.0 AppleWebKit/537.36 (KHTML, like Gecko; compatible; GPTBot/1.3; +https://openai.com/gptbot)"
205.185.116.204 - - [11/Feb/2026:01:35:08 +0000] "GET / HTTP/1.0" 200 4360 "-" "Mozilla/5.0 (Windows NT 10.0; Win64; x64) AppleWebKit/537.36 (KHTML, like Gecko) Chrome/92.0.4515.159 Safari/537.36"
74.7.241.2 - - [11/Feb/2026:01:35:10 +0000] "GET /?path=//sys/class/net/vethc796c04/upper_docker0/subsystem/eth0/device/net/eth0/queues/rx-2/virtio_net HTTP/1.0" 200 3185 "https://hbkconsultancy.com/?path=//sys/class/net/vethc796c04/upper_docker0/subsystem/eth0/device/net/eth0/queues/rx-2" "Mozilla/5.0 AppleWebKit/537.36 (KHTML, like Gecko; compatible; GPTBot/1.3; +https://openai.com/gptbot)"
74.7.241.2 - - [11/Feb/2026:01:35:13 +0000] "GET /?path=//sys/class/net/vethc796c04/upper_docker0/subsystem/eth0/device/net/eth0/queues/rx-3/virtio_net HTTP/1.0" 200 3185 "https://hbkconsultancy.com/?path=//sys/class/net/vethc796c04/upper_docker0/subsystem/eth0/device/net/eth0/queues/rx-3" "Mozilla/5.0 AppleWebKit/537.36 (KHTML, like Gecko; compatible; GPTBot/1.3; +https://openai.com/gptbot)"
74.7.241.2 - - [11/Feb/2026:01:35:16 +0000] "GET /?path=//sys/class/net/vethc796c04/upper_docker0/subsystem/eth0/device/net/eth0/queues/tx-3/byte_queue_limits HTTP/1.0" 200 3344 "https://hbkconsultancy.com/?path=//sys/class/net/vethc796c04/upper_docker0/subsystem/eth0/device/net/eth0/queues/tx-3" "Mozilla/5.0 AppleWebKit/537.36 (KHTML, like Gecko; compatible; GPTBot/1.3; +https://openai.com/gptbot)"
74.7.241.2 - - [11/Feb/2026:01:35:19 +0000] "GET /?path=//sys/class/net/veth61688aa/upper_docker0/subsystem/eth0/device/net/eth0/queues/rx-2/virtio_net HTTP/1.0" 200 3185 "https://hbkconsultancy.com/?path=//sys/class/net/veth61688aa/upper_docker0/subsystem/eth0/device/net/eth0/queues/rx-2" "Mozilla/5.0 AppleWebKit/537.36 (KHTML, like Gecko; compatible; GPTBot/1.3; +https://openai.com/gptbot)"
74.7.241.2 - - [11/Feb/2026:01:35:22 +0000] "GET /?path=//sys/class/net/veth61688aa/upper_docker0/subsystem/eth0/device/net/eth0/queues/tx-3/byte_queue_limits HTTP/1.0" 200 3343 "https://hbkconsultancy.com/?path=//sys/class/net/veth61688aa/upper_docker0/subsystem/eth0/device/net/eth0/queues/tx-3" "Mozilla/5.0 AppleWebKit/537.36 (KHTML, like Gecko; compatible; GPTBot/1.3; +https://openai.com/gptbot)"
74.7.241.2 - - [11/Feb/2026:01:35:26 +0000] "GET /?path=//sys/class/net/vethc796c04/upper_docker0/subsystem/eth0/device/net/eth0/queues/rx-1/virtio_net HTTP/1.0" 200 3185 "https://hbkconsultancy.com/?path=//sys/class/net/vethc796c04/upper_docker0/subsystem/eth0/device/net/eth0/queues/rx-1" "Mozilla/5.0 AppleWebKit/537.36 (KHTML, like Gecko; compatible; GPTBot/1.3; +https://openai.com/gptbot)"
114.119.151.1 - - [11/Feb/2026:01:35:26 +0000] "GET /my-courses/?query-0-page=39&cst HTTP/1.0" 200 4360 "http://hbkconsultancy.com/my-courses/?query-0-page=41&cst" "Mozilla/5.0 (Linux; Android 7.0;) AppleWebKit/537.36 (KHTML, like Gecko) Mobile Safari/537.36 (compatible; PetalBot;+https://webmaster.petalsearch.com/site/petalbot)"
74.7.241.2 - - [11/Feb/2026:01:35:29 +0000] "GET /?path=//sys/class/net/veth61688aa/upper_docker0/subsystem/eth0/device/net/eth0/queues/tx-1/byte_queue_limits HTTP/1.0" 200 3343 "https://hbkconsultancy.com/?path=//sys/class/net/veth61688aa/upper_docker0/subsystem/eth0/device/net/eth0/queues/tx-1" "Mozilla/5.0 AppleWebKit/537.36 (KHTML, like Gecko; compatible; GPTBot/1.3; +https://openai.com/gptbot)"
74.7.241.2 - - [11/Feb/2026:01:35:32 +0000] "GET /?path=//sys/class/net/vethc796c04/upper_docker0/subsystem/eth0/device/net/eth0/queues/tx-0/byte_queue_limits HTTP/1.0" 200 3343 "https://hbkconsultancy.com/?path=//sys/class/net/vethc796c04/upper_docker0/subsystem/eth0/device/net/eth0/queues/tx-0" "Mozilla/5.0 AppleWebKit/537.36 (KHTML, like Gecko; compatible; GPTBot/1.3; +https://openai.com/gptbot)"
74.7.241.2 - - [11/Feb/2026:01:35:35 +0000] "GET /?fileloc=//sys/class/net/veth61688aa/upper_docker0/subsystem/eth0/device/net/eth0/subsystem/eth0/threaded&path=//sys/class/net/veth61688aa/upper_docker0/subsystem/eth0/device/net/eth0/subsystem/eth0 HTTP/1.0" 200 2828 "https://hbkconsultancy.com/?path=//sys/class/net/veth61688aa/upper_docker0/subsystem/eth0/device/net/eth0/subsystem/eth0" "Mozilla/5.0 AppleWebKit/537.36 (KHTML, like Gecko; compatible; GPTBot/1.3; +https://openai.com/gptbot)"
74.7.241.2 - - [11/Feb/2026:01:35:38 +0000] "GET /?path=//sys/class/net/vethc796c04/upper_docker0/subsystem/eth0/device/net/eth0/queues/tx-2/byte_queue_limits HTTP/1.0" 200 3344 "https://hbkconsultancy.com/?path=//sys/class/net/vethc796c04/upper_docker0/subsystem/eth0/device/net/eth0/queues/tx-2" "Mozilla/5.0 AppleWebKit/537.36 (KHTML, like Gecko; compatible; GPTBot/1.3; +https://openai.com/gptbot)"
74.7.241.2 - - [11/Feb/2026:01:35:41 +0000] "GET /?path=//sys/class/net/veth61688aa/upper_docker0/subsystem/eth0/device/net/eth0/queues/tx-0/byte_queue_limits HTTP/1.0" 200 3342 "https://hbkconsultancy.com/?path=//sys/class/net/veth61688aa/upper_docker0/subsystem/eth0/device/net/eth0/queues/tx-0" "Mozilla/5.0 AppleWebKit/537.36 (KHTML, like Gecko; compatible; GPTBot/1.3; +https://openai.com/gptbot)"
74.7.241.2 - - [11/Feb/2026:01:35:44 +0000] "GET /?path=//sys/class/net/vethc796c04/upper_docker0/subsystem/eth0/device/net/eth0/subsystem/lo/power HTTP/1.0" 200 3488 "https://hbkconsultancy.com/?path=//sys/class/net/vethc796c04/upper_docker0/subsystem/eth0/device/net/eth0/subsystem/lo" "Mozilla/5.0 AppleWebKit/537.36 (KHTML, like Gecko; compatible; GPTBot/1.3; +https://openai.com/gptbot)"
74.7.241.2 - - [11/Feb/2026:01:35:48 +0000] "GET /?path=//sys/class/net/veth61688aa/upper_docker0/subsystem/eth0/device/net/eth0/subsystem/lo/power HTTP/1.0" 200 3488 "https://hbkconsultancy.com/?path=//sys/class/net/veth61688aa/upper_docker0/subsystem/eth0/device/net/eth0/subsystem/lo" "Mozilla/5.0 AppleWebKit/537.36 (KHTML, like Gecko; compatible; GPTBot/1.3; +https://openai.com/gptbot)"
74.7.241.2 - - [11/Feb/2026:01:35:51 +0000] "GET /?path=//sys/class/net/vethc796c04/upper_docker0/subsystem/eth0/device/net/eth0/subsystem/vethc796c04 HTTP/1.0" 200 4598 "https://hbkconsultancy.com/?path=//sys/class/net/vethc796c04/upper_docker0/subsystem/eth0/device/net/eth0/subsystem" "Mozilla/5.0 AppleWebKit/537.36 (KHTML, like Gecko; compatible; GPTBot/1.3; +https://openai.com/gptbot)"
74.7.241.2 - - [11/Feb/2026:01:35:54 +0000] "GET /?path=//sys/class/net/vethc796c04/upper_docker0/subsystem/eth0/device/net/eth0/device/net/eth0 HTTP/1.0" 200 4564 "https://hbkconsultancy.com/?path=//sys/class/net/vethc796c04/upper_docker0/subsystem/eth0/device/net/eth0/device/net" "Mozilla/5.0 AppleWebKit/537.36 (KHTML, like Gecko; compatible; GPTBot/1.3; +https://openai.com/gptbot)"
74.7.241.2 - - [11/Feb/2026:01:35:57 +0000] "GET /?path=//sys/class/net/veth61688aa/upper_docker0/subsystem/eth0/device/net/eth0/device/net/eth0 HTTP/1.0" 200 4564 "https://hbkconsultancy.com/?path=//sys/class/net/veth61688aa/upper_docker0/subsystem/eth0/device/net/eth0/device/net" "Mozilla/5.0 AppleWebKit/537.36 (KHTML, like Gecko; compatible; GPTBot/1.3; +https://openai.com/gptbot)"
74.7.241.2 - - [11/Feb/2026:01:36:00 +0000] "GET /?path=//sys/class/net/vethc796c04/upper_docker0/subsystem/eth0/device/net/eth0/subsystem/docker0 HTTP/1.0" 200 4656 "https://hbkconsultancy.com/?path=//sys/class/net/vethc796c04/upper_docker0/subsystem/eth0/device/net/eth0/subsystem" "Mozilla/5.0 AppleWebKit/537.36 (KHTML, like Gecko; compatible; GPTBot/1.3; +https://openai.com/gptbot)"
205.185.116.204 - - [11/Feb/2026:01:36:03 +0000] "GET / HTTP/1.0" 200 4360 "-" "Mozilla/5.0 (Windows NT 10.0; Win64; x64) AppleWebKit/537.36 (KHTML, like Gecko) Chrome/92.0.4515.159 Safari/537.36"
74.7.241.2 - - [11/Feb/2026:01:36:03 +0000] "GET /?path=//sys/class/net/veth61688aa/upper_docker0/subsystem/eth0/device/net/eth0/subsystem/docker0 HTTP/1.0" 200 4656 "https://hbkconsultancy.com/?path=//sys/class/net/veth61688aa/upper_docker0/subsystem/eth0/device/net/eth0/subsystem" "Mozilla/5.0 AppleWebKit/537.36 (KHTML, like Gecko; compatible; GPTBot/1.3; +https://openai.com/gptbot)"
74.7.241.2 - - [11/Feb/2026:01:36:07 +0000] "GET /?fileloc=//sys/class/net/vethc796c04/upper_docker0/subsystem/eth0/device/net/eth0/queues/tx-0/byte_queue_limits/hold_time&path=//sys/class/net/vethc796c04/upper_docker0/subsystem/eth0/device/net/eth0/queues/tx-0/byte_queue_limits HTTP/1.0" 200 2861 "https://hbkconsultancy.com/?path=//sys/class/net/vethc796c04/upper_docker0/subsystem/eth0/device/net/eth0/queues/tx-0/byte_queue_limits" "Mozilla/5.0 AppleWebKit/537.36 (KHTML, like Gecko; compatible; GPTBot/1.3; +https://openai.com/gptbot)"
74.7.241.2 - - [11/Feb/2026:01:36:10 +0000] "GET /?path=//sys/class/net/vethc796c04/upper_docker0/subsystem/eth0/device/net/eth0/device/driver/virtio2 HTTP/1.0" 200 3523 "https://hbkconsultancy.com/?path=//sys/class/net/vethc796c04/upper_docker0/subsystem/eth0/device/net/eth0/device/driver" "Mozilla/5.0 AppleWebKit/537.36 (KHTML, like Gecko; compatible; GPTBot/1.3; +https://openai.com/gptbot)"
74.7.241.2 - - [11/Feb/2026:01:36:13 +0000] "GET /?path=//sys/class/net/veth61688aa/upper_docker0/subsystem/eth0/device/net/eth0/device/driver/virtio2 HTTP/1.0" 200 3523 "https://hbkconsultancy.com/?path=//sys/class/net/veth61688aa/upper_docker0/subsystem/eth0/device/net/eth0/device/driver" "Mozilla/5.0 AppleWebKit/537.36 (KHTML, like Gecko; compatible; GPTBot/1.3; +https://openai.com/gptbot)"
74.7.241.2 - - [11/Feb/2026:01:36:16 +0000] "GET /?path=//sys/class/net/vethc796c04/upper_docker0/subsystem/eth0/device/net/eth0/subsystem/eth0/queues HTTP/1.0" 200 3355 "https://hbkconsultancy.com/?path=//sys/class/net/vethc796c04/upper_docker0/subsystem/eth0/device/net/eth0/subsystem/eth0" "Mozilla/5.0 AppleWebKit/537.36 (KHTML, like Gecko; compatible; GPTBot/1.3; +https://openai.com/gptbot)"
74.7.241.2 - - [11/Feb/2026:01:36:19 +0000] "GET /?path=//sys/class/net/veth61688aa/upper_docker0/subsystem/eth0/device/net/eth0/subsystem/eth0/queues HTTP/1.0" 200 3354 "https://hbkconsultancy.com/?path=//sys/class/net/veth61688aa/upper_docker0/subsystem/eth0/device/net/eth0/subsystem/eth0" "Mozilla/5.0 AppleWebKit/537.36 (KHTML, like Gecko; compatible; GPTBot/1.3; +https://openai.com/gptbot)"
74.7.241.2 - - [11/Feb/2026:01:36:22 +0000] "GET /?path=//sys/class/net/veth61688aa/upper_docker0/subsystem/eth0/device/net/eth0/subsystem/lo/subsystem HTTP/1.0" 200 3317 "https://hbkconsultancy.com/?path=//sys/class/net/veth61688aa/upper_docker0/subsystem/eth0/device/net/eth0/subsystem/lo" "Mozilla/5.0 AppleWebKit/537.36 (KHTML, like Gecko; compatible; GPTBot/1.3; +https://openai.com/gptbot)"
74.7.241.2 - - [11/Feb/2026:01:36:25 +0000] "GET /?fileloc=//sys/class/net/vethc796c04/upper_docker0/subsystem/eth0/device/net/eth0/subsystem/vethc796c04/ifindex&path=//sys/class/net/vethc796c04/upper_docker0/subsystem/eth0/device/net/eth0/subsystem/vethc796c04 HTTP/1.0" 200 2827 "https://hbkconsultancy.com/?path=//sys/class/net/vethc796c04/upper_docker0/subsystem/eth0/device/net/eth0/subsystem/vethc796c04" "Mozilla/5.0 AppleWebKit/537.36 (KHTML, like Gecko; compatible; GPTBot/1.3; +https://openai.com/gptbot)"
74.7.241.2 - - [11/Feb/2026:01:36:28 +0000] "GET /?fileloc=//sys/class/net/vethc796c04/upper_docker0/subsystem/eth0/device/net/eth0/device/net/eth0/operstate&path=//sys/class/net/vethc796c04/upper_docker0/subsystem/eth0/device/net/eth0/device/net/eth0 HTTP/1.0" 200 2829 "https://hbkconsultancy.com/?path=//sys/class/net/vethc796c04/upper_docker0/subsystem/eth0/device/net/eth0/device/net/eth0" "Mozilla/5.0 AppleWebKit/537.36 (KHTML, like Gecko; compatible; GPTBot/1.3; +https://openai.com/gptbot)"
74.7.241.2 - - [11/Feb/2026:01:36:32 +0000] "GET /?path=//sys/class/net/vethc796c04/upper_docker0/subsystem/eth0/device/net/eth0/device/net/eth0/power HTTP/1.0" 200 3487 "https://hbkconsultancy.com/?path=//sys/class/net/vethc796c04/upper_docker0/subsystem/eth0/device/net/eth0/device/net/eth0" "Mozilla/5.0 AppleWebKit/537.36 (KHTML, like Gecko; compatible; GPTBot/1.3; +https://openai.com/gptbot)"
74.7.241.2 - - [11/Feb/2026:01:36:35 +0000] "GET /?fileloc=//sys/class/net/vethc796c04/upper_docker0/subsystem/eth0/device/net/eth0/subsystem/docker0/carrier_up_count&path=//sys/class/net/vethc796c04/upper_docker0/subsystem/eth0/device/net/eth0/subsystem/docker0 HTTP/1.0" 200 2837 "https://hbkconsultancy.com/?path=//sys/class/net/vethc796c04/upper_docker0/subsystem/eth0/device/net/eth0/subsystem/docker0" "Mozilla/5.0 AppleWebKit/537.36 (KHTML, like Gecko; compatible; GPTBot/1.3; +https://openai.com/gptbot)"
74.7.241.2 - - [11/Feb/2026:01:36:38 +0000] "GET /?fileloc=//sys/class/net/veth61688aa/upper_docker0/subsystem/eth0/device/net/eth0/subsystem/docker0/carrier_up_count&path=//sys/class/net/veth61688aa/upper_docker0/subsystem/eth0/device/net/eth0/subsystem/docker0 HTTP/1.0" 200 2838 "https://hbkconsultancy.com/?path=//sys/class/net/veth61688aa/upper_docker0/subsystem/eth0/device/net/eth0/subsystem/docker0" "Mozilla/5.0 AppleWebKit/537.36 (KHTML, like Gecko; compatible; GPTBot/1.3; +https://openai.com/gptbot)"
74.7.241.2 - - [11/Feb/2026:01:36:41 +0000] "GET /?path=//sys/class/net/vethc796c04/upper_docker0/subsystem/eth0/device/net/eth0/subsystem/docker0/brif HTTP/1.0" 200 3227 "https://hbkconsultancy.com/?path=//sys/class/net/vethc796c04/upper_docker0/subsystem/eth0/device/net/eth0/subsystem/docker0" "Mozilla/5.0 AppleWebKit/537.36 (KHTML, like Gecko; compatible; GPTBot/1.3; +https://openai.com/gptbot)"
74.7.241.2 - - [11/Feb/2026:01:36:44 +0000] "GET /?path=//sys/class/net/vethc796c04/upper_docker0/subsystem/eth0/device/net/eth0/device/driver/virtio2/net HTTP/1.0" 200 3149 "https://hbkconsultancy.com/?path=//sys/class/net/vethc796c04/upper_docker0/subsystem/eth0/device/net/eth0/device/driver/virtio2" "Mozilla/5.0 AppleWebKit/537.36 (KHTML, like Gecko; compatible; GPTBot/1.3; +https://openai.com/gptbot)"
43.157.82.252 - - [11/Feb/2026:01:36:47 +0000] "GET /?fileloc=/var/www/hbkconsultan_usr/data/www/hbkconsultancy.com/index.php&path=/var/www/hbkconsultan_usr/data/www/hbkconsultancy.com HTTP/1.0" 200 8545 "-" "Mozilla/5.0 (iPhone; CPU iPhone OS 13_2_3 like Mac OS X) AppleWebKit/605.1.15 (KHTML, like Gecko) Version/13.0.3 Mobile/15E148 Safari/604.1"
74.7.241.2 - - [11/Feb/2026:01:36:48 +0000] "GET /?path=//sys/class/net/veth61688aa/upper_docker0/subsystem/eth0/device/net/eth0/device/driver/virtio2/net HTTP/1.0" 200 3148 "https://hbkconsultancy.com/?path=//sys/class/net/veth61688aa/upper_docker0/subsystem/eth0/device/net/eth0/device/driver/virtio2" "Mozilla/5.0 AppleWebKit/537.36 (KHTML, like Gecko; compatible; GPTBot/1.3; +https://openai.com/gptbot)"
74.7.241.2 - - [11/Feb/2026:01:36:51 +0000] "GET /?path=//sys/class/net/veth61688aa/upper_docker0/subsystem/eth0/device/net/eth0/subsystem/docker0/brif HTTP/1.0" 200 3227 "https://hbkconsultancy.com/?path=//sys/class/net/veth61688aa/upper_docker0/subsystem/eth0/device/net/eth0/subsystem/docker0" "Mozilla/5.0 AppleWebKit/537.36 (KHTML, like Gecko; compatible; GPTBot/1.3; +https://openai.com/gptbot)"
74.7.241.2 - - [11/Feb/2026:01:36:54 +0000] "GET /?path=//sys/class/net/vethc796c04/upper_docker0/subsystem/eth0/device/net/eth0/subsystem/docker0/bridge HTTP/1.0" 200 4791 "https://hbkconsultancy.com/?path=//sys/class/net/vethc796c04/upper_docker0/subsystem/eth0/device/net/eth0/subsystem/docker0" "Mozilla/5.0 AppleWebKit/537.36 (KHTML, like Gecko; compatible; GPTBot/1.3; +https://openai.com/gptbot)"
74.7.241.2 - - [11/Feb/2026:01:36:57 +0000] "GET /?path=//sys/class/net/vethc796c04/upper_docker0/subsystem/eth0/device/net/eth0/subsystem/docker0/power HTTP/1.0" 200 3490 "https://hbkconsultancy.com/?path=//sys/class/net/vethc796c04/upper_docker0/subsystem/eth0/device/net/eth0/subsystem/docker0" "Mozilla/5.0 AppleWebKit/537.36 (KHTML, like Gecko; compatible; GPTBot/1.3; +https://openai.com/gptbot)"
74.7.241.2 - - [11/Feb/2026:01:37:00 +0000] "GET /?path=//sys/class/net/veth61688aa/upper_docker0/subsystem/eth0/device/net/eth0/subsystem/docker0/power HTTP/1.0" 200 3489 "https://hbkconsultancy.com/?path=//sys/class/net/veth61688aa/upper_docker0/subsystem/eth0/device/net/eth0/subsystem/docker0" "Mozilla/5.0 AppleWebKit/537.36 (KHTML, like Gecko; compatible; GPTBot/1.3; +https://openai.com/gptbot)"
74.7.241.2 - - [11/Feb/2026:01:37:04 +0000] "GET /?path=//sys/class/net/veth61688aa/upper_docker0/subsystem/eth0/device/net/eth0/device/driver/virtio2/driver HTTP/1.0" 200 3311 "https://hbkconsultancy.com/?path=//sys/class/net/veth61688aa/upper_docker0/subsystem/eth0/device/net/eth0/device/driver/virtio2" "Mozilla/5.0 AppleWebKit/537.36 (KHTML, like Gecko; compatible; GPTBot/1.3; +https://openai.com/gptbot)"
74.7.241.2 - - [11/Feb/2026:01:37:07 +0000] "GET /?path=//sys/class/net/vethc796c04/upper_docker0/subsystem/eth0/device/net/eth0/device/driver/virtio2/driver HTTP/1.0" 200 3312 "https://hbkconsultancy.com/?path=//sys/class/net/vethc796c04/upper_docker0/subsystem/eth0/device/net/eth0/device/driver/virtio2" "Mozilla/5.0 AppleWebKit/537.36 (KHTML, like Gecko; compatible; GPTBot/1.3; +https://openai.com/gptbot)"
74.7.241.2 - - [11/Feb/2026:01:37:10 +0000] "GET /?path=//sys/class/net/veth61688aa/upper_docker0/subsystem/eth0/device/net/eth0/device/driver/virtio2/power HTTP/1.0" 200 3504 "https://hbkconsultancy.com/?path=//sys/class/net/veth61688aa/upper_docker0/subsystem/eth0/device/net/eth0/device/driver/virtio2" "Mozilla/5.0 AppleWebKit/537.36 (KHTML, like Gecko; compatible; GPTBot/1.3; +https://openai.com/gptbot)"
205.185.116.204 - - [11/Feb/2026:01:37:13 +0000] "GET / HTTP/1.0" 200 4360 "-" "Mozilla/5.0 (Windows NT 10.0; Win64; x64) AppleWebKit/537.36 (KHTML, like Gecko) Chrome/92.0.4515.159 Safari/537.36"
74.7.241.2 - - [11/Feb/2026:01:37:13 +0000] "GET /?path=//sys/class/net/vethc796c04/upper_docker0/subsystem/eth0/device/net/eth0/device/driver/virtio2/power HTTP/1.0" 200 3504 "https://hbkconsultancy.com/?path=//sys/class/net/vethc796c04/upper_docker0/subsystem/eth0/device/net/eth0/device/driver/virtio2" "Mozilla/5.0 AppleWebKit/537.36 (KHTML, like Gecko; compatible; GPTBot/1.3; +https://openai.com/gptbot)"
74.7.241.2 - - [11/Feb/2026:01:37:16 +0000] "GET /?path=//sys/class/net/vethc796c04/upper_docker0/subsystem/eth0/device/net/eth0/subsystem/lo/subsystem HTTP/1.0" 200 3317 "https://hbkconsultancy.com/?path=//sys/class/net/vethc796c04/upper_docker0/subsystem/eth0/device/net/eth0/subsystem/lo" "Mozilla/5.0 AppleWebKit/537.36 (KHTML, like Gecko; compatible; GPTBot/1.3; +https://openai.com/gptbot)"
74.7.241.2 - - [11/Feb/2026:01:37:19 +0000] "GET /?path=//sys/class/net/vethc796c04/upper_docker0/subsystem/eth0/device/net/eth0/device/subsystem/drivers HTTP/1.0" 200 3377 "https://hbkconsultancy.com/?path=//sys/class/net/vethc796c04/upper_docker0/subsystem/eth0/device/net/eth0/device/subsystem" "Mozilla/5.0 AppleWebKit/537.36 (KHTML, like Gecko; compatible; GPTBot/1.3; +https://openai.com/gptbot)"
74.7.241.2 - - [11/Feb/2026:01:37:22 +0000] "GET /?path=//sys/class/net/veth61688aa/upper_docker0/subsystem/eth0/device/net/eth0/device/subsystem/drivers HTTP/1.0" 200 3376 "https://hbkconsultancy.com/?path=//sys/class/net/veth61688aa/upper_docker0/subsystem/eth0/device/net/eth0/device/subsystem" "Mozilla/5.0 AppleWebKit/537.36 (KHTML, like Gecko; compatible; GPTBot/1.3; +https://openai.com/gptbot)"
74.7.241.2 - - [11/Feb/2026:01:37:26 +0000] "GET /?path=//sys/class/net/veth61688aa/upper_docker0/subsystem/eth0/device/net/eth0/subsystem/docker0/brif/vethc796c04 HTTP/1.0" 200 4405 "https://hbkconsultancy.com/?path=//sys/class/net/veth61688aa/upper_docker0/subsystem/eth0/device/net/eth0/subsystem/docker0/brif" "Mozilla/5.0 AppleWebKit/537.36 (KHTML, like Gecko; compatible; GPTBot/1.3; +https://openai.com/gptbot)"
74.7.241.2 - - [11/Feb/2026:01:37:29 +0000] "GET /?path=//sys/class/net/vethc796c04/upper_docker0/subsystem/eth0/device/net/eth0/device/subsystem/devices HTTP/1.0" 200 3240 "https://hbkconsultancy.com/?path=//sys/class/net/vethc796c04/upper_docker0/subsystem/eth0/device/net/eth0/device/subsystem" "Mozilla/5.0 AppleWebKit/537.36 (KHTML, like Gecko; compatible; GPTBot/1.3; +https://openai.com/gptbot)"
74.7.241.2 - - [11/Feb/2026:01:37:32 +0000] "GET /?path=//sys/class/net/veth61688aa/upper_docker0/subsystem/eth0/device/net/eth0/device/subsystem/devices HTTP/1.0" 200 3239 "https://hbkconsultancy.com/?path=//sys/class/net/veth61688aa/upper_docker0/subsystem/eth0/device/net/eth0/device/subsystem" "Mozilla/5.0 AppleWebKit/537.36 (KHTML, like Gecko; compatible; GPTBot/1.3; +https://openai.com/gptbot)"
74.7.241.2 - - [11/Feb/2026:01:37:35 +0000] "GET /?path=//sys/class/net/vethc796c04/upper_docker0/subsystem/eth0/device/net/eth0/device/driver/virtio2/net/eth0 HTTP/1.0" 200 4579 "https://hbkconsultancy.com/?path=//sys/class/net/vethc796c04/upper_docker0/subsystem/eth0/device/net/eth0/device/driver/virtio2/net" "Mozilla/5.0 AppleWebKit/537.36 (KHTML, like Gecko; compatible; GPTBot/1.3; +https://openai.com/gptbot)"
74.7.241.2 - - [11/Feb/2026:01:37:38 +0000] "GET /?path=//sys/class/net/veth61688aa/upper_docker0/subsystem/eth0/device/net/eth0/device/driver/virtio2/net/eth0 HTTP/1.0" 200 4578 "https://hbkconsultancy.com/?path=//sys/class/net/veth61688aa/upper_docker0/subsystem/eth0/device/net/eth0/device/driver/virtio2/net" "Mozilla/5.0 AppleWebKit/537.36 (KHTML, like Gecko; compatible; GPTBot/1.3; +https://openai.com/gptbot)"
74.7.241.2 - - [11/Feb/2026:01:37:41 +0000] "GET /?path=//sys/class/net/vethc796c04/upper_docker0/subsystem/eth0/device/net/eth0/subsystem/veth61688aa HTTP/1.0" 200 4610 "https://hbkconsultancy.com/?path=//sys/class/net/vethc796c04/upper_docker0/subsystem/eth0/device/net/eth0/subsystem" "Mozilla/5.0 AppleWebKit/537.36 (KHTML, like Gecko; compatible; GPTBot/1.3; +https://openai.com/gptbot)"
74.7.241.2 - - [11/Feb/2026:01:37:45 +0000] "GET /?path=//sys/class/net/veth61688aa/upper_docker0/subsystem/eth0/device/net/eth0/subsystem/vethc796c04 HTTP/1.0" 200 4610 "https://hbkconsultancy.com/?path=//sys/class/net/veth61688aa/upper_docker0/subsystem/eth0/device/net/eth0/subsystem" "Mozilla/5.0 AppleWebKit/537.36 (KHTML, like Gecko; compatible; GPTBot/1.3; +https://openai.com/gptbot)"
74.7.241.2 - - [11/Feb/2026:01:37:48 +0000] "GET /?path=//sys/class/net/vethc796c04/upper_docker0/subsystem/eth0/device/net/eth0/subsystem/veth429b22f HTTP/1.0" 200 4610 "https://hbkconsultancy.com/?path=//sys/class/net/vethc796c04/upper_docker0/subsystem/eth0/device/net/eth0/subsystem" "Mozilla/5.0 AppleWebKit/537.36 (KHTML, like Gecko; compatible; GPTBot/1.3; +https://openai.com/gptbot)"
74.7.241.2 - - [11/Feb/2026:01:37:51 +0000] "GET /?path=//sys/class/net/vethc796c04/upper_docker0/subsystem/eth0/device/net/eth0/subsystem/lo/subsystem/lo HTTP/1.0" 200 4535 "https://hbkconsultancy.com/?path=//sys/class/net/vethc796c04/upper_docker0/subsystem/eth0/device/net/eth0/subsystem/lo/subsystem" "Mozilla/5.0 AppleWebKit/537.36 (KHTML, like Gecko; compatible; GPTBot/1.3; +https://openai.com/gptbot)"
74.7.241.2 - - [11/Feb/2026:01:37:54 +0000] "GET /?path=//sys/class/net/vethc796c04/upper_docker0/subsystem/eth0/device/net/eth0/device/subsystem/drivers/virtio_scsi HTTP/1.0" 200 3321 "https://hbkconsultancy.com/?path=//sys/class/net/vethc796c04/upper_docker0/subsystem/eth0/device/net/eth0/device/subsystem/drivers" "Mozilla/5.0 AppleWebKit/537.36 (KHTML, like Gecko; compatible; GPTBot/1.3; +https://openai.com/gptbot)"
74.7.241.2 - - [11/Feb/2026:01:37:57 +0000] "GET /?path=//sys/class/net/veth61688aa/upper_docker0/subsystem/eth0/device/net/eth0/device/subsystem/drivers/virtio_blk HTTP/1.0" 200 3252 "https://hbkconsultancy.com/?path=//sys/class/net/veth61688aa/upper_docker0/subsystem/eth0/device/net/eth0/device/subsystem/drivers" "Mozilla/5.0 AppleWebKit/537.36 (KHTML, like Gecko; compatible; GPTBot/1.3; +https://openai.com/gptbot)"
74.7.241.2 - - [11/Feb/2026:01:38:00 +0000] "GET /?path=//sys/class/net/vethc796c04/upper_docker0/subsystem/eth0/device/net/eth0/device/subsystem/drivers/virtio_iommu HTTP/1.0" 200 3255 "https://hbkconsultancy.com/?path=//sys/class/net/vethc796c04/upper_docker0/subsystem/eth0/device/net/eth0/device/subsystem/drivers" "Mozilla/5.0 AppleWebKit/537.36 (KHTML, like Gecko; compatible; GPTBot/1.3; +https://openai.com/gptbot)"
74.7.241.2 - - [11/Feb/2026:01:38:03 +0000] "GET /?path=//sys/class/net/vethc796c04/upper_docker0/subsystem/eth0/device/net/eth0/device/subsystem/devices/virtio0 HTTP/1.0" 200 3505 "https://hbkconsultancy.com/?path=//sys/class/net/vethc796c04/upper_docker0/subsystem/eth0/device/net/eth0/device/subsystem/devices" "Mozilla/5.0 AppleWebKit/537.36 (KHTML, like Gecko; compatible; GPTBot/1.3; +https://openai.com/gptbot)"
74.7.241.2 - - [11/Feb/2026:01:38:06 +0000] "GET /?path=//sys/class/net/veth61688aa/upper_docker0/subsystem/eth0/device/net/eth0/device/subsystem/devices/virtio0 HTTP/1.0" 200 3504 "https://hbkconsultancy.com/?path=//sys/class/net/veth61688aa/upper_docker0/subsystem/eth0/device/net/eth0/device/subsystem/devices" "Mozilla/5.0 AppleWebKit/537.36 (KHTML, like Gecko; compatible; GPTBot/1.3; +https://openai.com/gptbot)"
74.7.241.2 - - [11/Feb/2026:01:38:10 +0000] "GET /?path=//sys/class/net/vethc796c04/upper_docker0/subsystem/eth0/device/net/eth0/device/subsystem/drivers/virtio_blk HTTP/1.0" 200 3253 "https://hbkconsultancy.com/?path=//sys/class/net/vethc796c04/upper_docker0/subsystem/eth0/device/net/eth0/device/subsystem/drivers" "Mozilla/5.0 AppleWebKit/537.36 (KHTML, like Gecko; compatible; GPTBot/1.3; +https://openai.com/gptbot)"
74.7.241.2 - - [11/Feb/2026:01:38:13 +0000] "GET /?path=//sys/class/net/veth61688aa/upper_docker0/subsystem/eth0/device/net/eth0/subsystem/veth61688aa HTTP/1.0" 200 4598 "https://hbkconsultancy.com/?path=//sys/class/net/veth61688aa/upper_docker0/subsystem/eth0/device/net/eth0/subsystem" "Mozilla/5.0 AppleWebKit/537.36 (KHTML, like Gecko; compatible; GPTBot/1.3; +https://openai.com/gptbot)"
74.7.241.2 - - [11/Feb/2026:01:38:16 +0000] "GET /?path=//sys/class/net/vethc796c04/upper_docker0/subsystem/eth0/device/net/eth0/subsystem/veth61688aa/master HTTP/1.0" 200 4738 "https://hbkconsultancy.com/?path=//sys/class/net/vethc796c04/upper_docker0/subsystem/eth0/device/net/eth0/subsystem/veth61688aa" "Mozilla/5.0 AppleWebKit/537.36 (KHTML, like Gecko; compatible; GPTBot/1.3; +https://openai.com/gptbot)"
23.26.61.68 - - [11/Feb/2026:01:38:17 +0000] "GET /wp-login.php HTTP/1.0" 200 4360 "http://hbkconsultancy.com/wp-login.php" "Mozilla/5.0 (Windows NT 10.0; Win64; x64) AppleWebKit/537.36 (KHTML, like Gecko) Chrome/132.0.0.0 Safari/537.36"
23.26.61.68 - - [11/Feb/2026:01:38:19 +0000] "GET /wp-login.php HTTP/1.0" 200 4360 "http://hbkconsultancy.com/wp-login.php" "Mozilla/5.0 (Windows NT 10.0; Win64; x64) AppleWebKit/537.36 (KHTML, like Gecko) Chrome/132.0.0.0 Safari/537.36"
74.7.241.2 - - [11/Feb/2026:01:38:19 +0000] "GET /?fileloc=//sys/class/net/veth61688aa/upper_docker0/subsystem/eth0/device/net/eth0/subsystem/vethc796c04/iflink&path=//sys/class/net/veth61688aa/upper_docker0/subsystem/eth0/device/net/eth0/subsystem/vethc796c04 HTTP/1.0" 200 2838 "https://hbkconsultancy.com/?path=//sys/class/net/veth61688aa/upper_docker0/subsystem/eth0/device/net/eth0/subsystem/vethc796c04" "Mozilla/5.0 AppleWebKit/537.36 (KHTML, like Gecko; compatible; GPTBot/1.3; +https://openai.com/gptbot)"
23.26.61.68 - - [11/Feb/2026:01:38:21 +0000] "POST /wp-login.php HTTP/1.0" 200 4360 "http://hbkconsultancy.com/wp-login.php" "Mozilla/5.0 (Windows NT 10.0; Win64; x64) AppleWebKit/537.36 (KHTML, like Gecko) Chrome/132.0.0.0 Safari/537.36"
74.7.241.2 - - [11/Feb/2026:01:38:22 +0000] "GET /?path=//sys/class/net/veth61688aa/upper_docker0/subsystem/eth0/device/net/eth0/subsystem/vethc796c04/master HTTP/1.0" 200 4738 "https://hbkconsultancy.com/?path=//sys/class/net/veth61688aa/upper_docker0/subsystem/eth0/device/net/eth0/subsystem/vethc796c04" "Mozilla/5.0 AppleWebKit/537.36 (KHTML, like Gecko; compatible; GPTBot/1.3; +https://openai.com/gptbot)"
161.123.209.56 - - [11/Feb/2026:01:38:24 +0000] "POST /wp-login.php HTTP/1.0" 200 4360 "http://hbkconsultancy.com/wp-login.php" "Mozilla/5.0 (Windows NT 10.0; Win64; x64) AppleWebKit/537.36 (KHTML, like Gecko) Chrome/132.0.0.0 Safari/537.36"
74.7.241.2 - - [11/Feb/2026:01:38:25 +0000] "GET /?path=//sys/class/net/vethc796c04/upper_docker0/subsystem/eth0/device/net/eth0/subsystem/lo/subsystem/lo/queues HTTP/1.0" 200 3191 "https://hbkconsultancy.com/?path=//sys/class/net/vethc796c04/upper_docker0/subsystem/eth0/device/net/eth0/subsystem/lo/subsystem/lo" "Mozilla/5.0 AppleWebKit/537.36 (KHTML, like Gecko; compatible; GPTBot/1.3; +https://openai.com/gptbot)"
46.203.52.222 - - [11/Feb/2026:01:38:28 +0000] "POST /wp-login.php HTTP/1.0" 200 4360 "http://hbkconsultancy.com/wp-login.php" "Mozilla/5.0 (Windows NT 10.0; Win64; x64) AppleWebKit/537.36 (KHTML, like Gecko) Chrome/132.0.0.0 Safari/537.36"
74.7.241.2 - - [11/Feb/2026:01:38:28 +0000] "GET /?path=//sys/class/net/vethc796c04/upper_docker0/subsystem/eth0/device/net/eth0/subsystem/lo/subsystem/lo/statistics HTTP/1.0" 200 3975 "https://hbkconsultancy.com/?path=//sys/class/net/vethc796c04/upper_docker0/subsystem/eth0/device/net/eth0/subsystem/lo/subsystem/lo" "Mozilla/5.0 AppleWebKit/537.36 (KHTML, like Gecko; compatible; GPTBot/1.3; +https://openai.com/gptbot)"
161.123.208.158 - - [11/Feb/2026:01:38:31 +0000] "POST /wp-login.php HTTP/1.0" 200 4360 "http://hbkconsultancy.com/wp-login.php" "Mozilla/5.0 (Windows NT 10.0; Win64; x64) AppleWebKit/537.36 (KHTML, like Gecko) Chrome/132.0.0.0 Safari/537.36"
74.7.241.2 - - [11/Feb/2026:01:38:31 +0000] "GET /?path=//sys/class/net/vethc796c04/upper_docker0/subsystem/eth0/device/net/eth0/device/subsystem/drivers/virtio_net HTTP/1.0" 200 3317 "https://hbkconsultancy.com/?path=//sys/class/net/vethc796c04/upper_docker0/subsystem/eth0/device/net/eth0/device/subsystem/drivers" "Mozilla/5.0 AppleWebKit/537.36 (KHTML, like Gecko; compatible; GPTBot/1.3; +https://openai.com/gptbot)"
207.180.240.134 - - [11/Feb/2026:01:38:34 +0000] "GET /wp-admin/css/ HTTP/1.0" 403 463 "binance.com" "Mozilla/5.0 (Windows NT 10.0; Win64; x64) AppleWebKit/537.36 (KHTML, like Gecko) Chrome/90.0.4430.85 Safari/537.36"
74.7.241.2 - - [11/Feb/2026:01:38:34 +0000] "GET /?path=//sys/class/net/veth61688aa/upper_docker0/subsystem/eth0/device/net/eth0/device/subsystem/drivers/virtio_scsi HTTP/1.0" 200 3320 "https://hbkconsultancy.com/?path=//sys/class/net/veth61688aa/upper_docker0/subsystem/eth0/device/net/eth0/device/subsystem/drivers" "Mozilla/5.0 AppleWebKit/537.36 (KHTML, like Gecko; compatible; GPTBot/1.3; +https://openai.com/gptbot)"
85.208.96.208 - - [11/Feb/2026:01:38:37 +0000] "GET /author/elomda/page/3/ HTTP/1.0" 200 4360 "-" "Mozilla/5.0 (compatible; SemrushBot/7~bl; +http://www.semrush.com/bot.html)"
74.7.241.2 - - [11/Feb/2026:01:38:38 +0000] "GET /?path=//sys/class/net/vethc796c04/upper_docker0/subsystem/eth0/device/net/eth0/device/subsystem/devices/virtio0/power HTTP/1.0" 200 3837 "https://hbkconsultancy.com/?path=//sys/class/net/vethc796c04/upper_docker0/subsystem/eth0/device/net/eth0/device/subsystem/devices/virtio0" "Mozilla/5.0 AppleWebKit/537.36 (KHTML, like Gecko; compatible; GPTBot/1.3; +https://openai.com/gptbot)"
74.7.241.2 - - [11/Feb/2026:01:38:41 +0000] "GET /?path=//sys/class/net/vethc796c04/upper_docker0/subsystem/eth0/device/net/eth0/device/subsystem/devices/virtio0/driver HTTP/1.0" 200 3325 "https://hbkconsultancy.com/?path=//sys/class/net/vethc796c04/upper_docker0/subsystem/eth0/device/net/eth0/device/subsystem/devices/virtio0" "Mozilla/5.0 AppleWebKit/537.36 (KHTML, like Gecko; compatible; GPTBot/1.3; +https://openai.com/gptbot)"
205.185.116.204 - - [11/Feb/2026:01:38:42 +0000] "GET / HTTP/1.0" 200 4360 "-" "Mozilla/5.0 (Windows NT 10.0; Win64; x64) AppleWebKit/537.36 (KHTML, like Gecko) Chrome/92.0.4515.159 Safari/537.36"
74.7.241.2 - - [11/Feb/2026:01:38:44 +0000] "GET /?path=//sys/class/net/veth61688aa/upper_docker0/subsystem/eth0/device/net/eth0/device/subsystem/devices/virtio0/driver HTTP/1.0" 200 3325 "https://hbkconsultancy.com/?path=//sys/class/net/veth61688aa/upper_docker0/subsystem/eth0/device/net/eth0/device/subsystem/devices/virtio0" "Mozilla/5.0 AppleWebKit/537.36 (KHTML, like Gecko; compatible; GPTBot/1.3; +https://openai.com/gptbot)"
