74.7.243.214 - - [11/Feb/2026:01:14:28 +0000] "GET /?path=//sys/class/net/eth0/subsystem/veth61688aa/brport/bridge/subsystem/lo/subsystem HTTP/1.0" 200 3310 "https://hbkconsultancy.com/?path=//sys/class/net/eth0/subsystem/veth61688aa/brport/bridge/subsystem/lo" "Mozilla/5.0 AppleWebKit/537.36 (KHTML, like Gecko; compatible; GPTBot/1.3; +https://openai.com/gptbot)"
74.7.243.214 - - [11/Feb/2026:01:14:32 +0000] "GET /?path=//sys/class/net/eth0/subsystem/veth61688aa/brport/bridge/subsystem/lo/statistics HTTP/1.0" 200 3978 "https://hbkconsultancy.com/?path=//sys/class/net/eth0/subsystem/veth61688aa/brport/bridge/subsystem/lo" "Mozilla/5.0 AppleWebKit/537.36 (KHTML, like Gecko; compatible; GPTBot/1.3; +https://openai.com/gptbot)"
74.7.243.214 - - [11/Feb/2026:01:14:35 +0000] "GET /?path=//sys/class/net/eth0/subsystem/lo/subsystem/veth429b22f/brport/bridge/subsystem HTTP/1.0" 200 3307 "https://hbkconsultancy.com/?path=//sys/class/net/eth0/subsystem/lo/subsystem/veth429b22f/brport/bridge" "Mozilla/5.0 AppleWebKit/537.36 (KHTML, like Gecko; compatible; GPTBot/1.3; +https://openai.com/gptbot)"
74.7.243.214 - - [11/Feb/2026:01:14:38 +0000] "GET /?path=//sys/class/net/eth0/subsystem/veth429b22f/brport/bridge/subsystem/lo/statistics HTTP/1.0" 200 3977 "https://hbkconsultancy.com/?path=//sys/class/net/eth0/subsystem/veth429b22f/brport/bridge/subsystem/lo" "Mozilla/5.0 AppleWebKit/537.36 (KHTML, like Gecko; compatible; GPTBot/1.3; +https://openai.com/gptbot)"
74.7.243.214 - - [11/Feb/2026:01:14:41 +0000] "GET /?path=//sys/class/net/eth0/subsystem/veth429b22f/brport/bridge/subsystem/lo/subsystem HTTP/1.0" 200 3308 "https://hbkconsultancy.com/?path=//sys/class/net/eth0/subsystem/veth429b22f/brport/bridge/subsystem/lo" "Mozilla/5.0 AppleWebKit/537.36 (KHTML, like Gecko; compatible; GPTBot/1.3; +https://openai.com/gptbot)"
85.208.96.201 - - [11/Feb/2026:01:14:44 +0000] "GET /2025/02/15/ HTTP/1.0" 200 4360 "-" "Mozilla/5.0 (compatible; SemrushBot/7~bl; +http://www.semrush.com/bot.html)"
74.7.243.214 - - [11/Feb/2026:01:14:44 +0000] "GET /?path=//sys/class/net/eth0/subsystem/lo/subsystem/veth61688aa/brport/bridge/subsystem HTTP/1.0" 200 3309 "https://hbkconsultancy.com/?path=//sys/class/net/eth0/subsystem/lo/subsystem/veth61688aa/brport/bridge" "Mozilla/5.0 AppleWebKit/537.36 (KHTML, like Gecko; compatible; GPTBot/1.3; +https://openai.com/gptbot)"
74.7.243.214 - - [11/Feb/2026:01:14:48 +0000] "GET /?path=//sys/class/net/eth0/subsystem/lo/subsystem/veth61688aa/brport/bridge/statistics HTTP/1.0" 200 3976 "https://hbkconsultancy.com/?path=//sys/class/net/eth0/subsystem/lo/subsystem/veth61688aa/brport/bridge" "Mozilla/5.0 AppleWebKit/537.36 (KHTML, like Gecko; compatible; GPTBot/1.3; +https://openai.com/gptbot)"
74.7.243.214 - - [11/Feb/2026:01:14:51 +0000] "GET /?path=//sys/class/net/lo/subsystem/lo/subsystem/vethc796c04/subsystem/eth0/device/net/eth0/subsystem/veth61688aa/queues/rx-0 HTTP/1.0" 200 3234 "https://hbkconsultancy.com/?path=//sys/class/net/lo/subsystem/lo/subsystem/vethc796c04/subsystem/eth0/device/net/eth0/subsystem/veth61688aa/queues" "Mozilla/5.0 AppleWebKit/537.36 (KHTML, like Gecko; compatible; GPTBot/1.3; +https://openai.com/gptbot)"
74.7.243.214 - - [11/Feb/2026:01:14:54 +0000] "GET /?path=//sys/class/net/lo/subsystem/lo/subsystem/vethc796c04/subsystem/eth0/device/net/eth0/subsystem/veth61688aa/queues/tx-0 HTTP/1.0" 200 3441 "https://hbkconsultancy.com/?path=//sys/class/net/lo/subsystem/lo/subsystem/vethc796c04/subsystem/eth0/device/net/eth0/subsystem/veth61688aa/queues" "Mozilla/5.0 AppleWebKit/537.36 (KHTML, like Gecko; compatible; GPTBot/1.3; +https://openai.com/gptbot)"
74.7.243.214 - - [11/Feb/2026:01:14:57 +0000] "GET /?path=//sys/class/net/lo/subsystem/lo/subsystem/vethc796c04/subsystem/eth0/device/net/eth0/subsystem/veth429b22f/queues/rx-0 HTTP/1.0" 200 3235 "https://hbkconsultancy.com/?path=//sys/class/net/lo/subsystem/lo/subsystem/vethc796c04/subsystem/eth0/device/net/eth0/subsystem/veth429b22f/queues" "Mozilla/5.0 AppleWebKit/537.36 (KHTML, like Gecko; compatible; GPTBot/1.3; +https://openai.com/gptbot)"
74.7.243.214 - - [11/Feb/2026:01:15:00 +0000] "GET /?path=//sys/class/net/lo/subsystem/lo/subsystem/vethc796c04/subsystem/eth0/device/net/eth0/subsystem/veth429b22f/queues/tx-0 HTTP/1.0" 200 3441 "https://hbkconsultancy.com/?path=//sys/class/net/lo/subsystem/lo/subsystem/vethc796c04/subsystem/eth0/device/net/eth0/subsystem/veth429b22f/queues" "Mozilla/5.0 AppleWebKit/537.36 (KHTML, like Gecko; compatible; GPTBot/1.3; +https://openai.com/gptbot)"
74.7.243.214 - - [11/Feb/2026:01:15:03 +0000] "GET /?path=//sys/class/net/eth0/subsystem/veth61688aa/brport/bridge/subsystem/lo/subsystem/lo HTTP/1.0" 200 4529 "https://hbkconsultancy.com/?path=//sys/class/net/eth0/subsystem/veth61688aa/brport/bridge/subsystem/lo/subsystem" "Mozilla/5.0 AppleWebKit/537.36 (KHTML, like Gecko; compatible; GPTBot/1.3; +https://openai.com/gptbot)"
74.7.243.214 - - [11/Feb/2026:01:15:07 +0000] "GET /?path=//sys/class/net/eth0/subsystem/lo/subsystem/veth61688aa/brport/bridge/brif HTTP/1.0" 200 3210 "https://hbkconsultancy.com/?path=//sys/class/net/eth0/subsystem/lo/subsystem/veth61688aa/brport/bridge" "Mozilla/5.0 AppleWebKit/537.36 (KHTML, like Gecko; compatible; GPTBot/1.3; +https://openai.com/gptbot)"
74.7.243.214 - - [11/Feb/2026:01:15:10 +0000] "GET /?path=//sys/class/net/eth0/subsystem/lo/subsystem/veth429b22f/brport/bridge/subsystem/lo HTTP/1.0" 200 4531 "https://hbkconsultancy.com/?path=//sys/class/net/eth0/subsystem/lo/subsystem/veth429b22f/brport/bridge/subsystem" "Mozilla/5.0 AppleWebKit/537.36 (KHTML, like Gecko; compatible; GPTBot/1.3; +https://openai.com/gptbot)"
74.7.243.214 - - [11/Feb/2026:01:15:13 +0000] "GET /?fileloc=//sys/class/net/eth0/subsystem/veth429b22f/brport/bridge/subsystem/lo/statistics/rx_dropped&path=//sys/class/net/eth0/subsystem/veth429b22f/brport/bridge/subsystem/lo/statistics HTTP/1.0" 200 2830 "https://hbkconsultancy.com/?path=//sys/class/net/eth0/subsystem/veth429b22f/brport/bridge/subsystem/lo/statistics" "Mozilla/5.0 AppleWebKit/537.36 (KHTML, like Gecko; compatible; GPTBot/1.3; +https://openai.com/gptbot)"
74.7.243.214 - - [11/Feb/2026:01:15:16 +0000] "GET /?fileloc=//sys/class/net/eth0/subsystem/veth429b22f/brport/bridge/subsystem/lo/statistics/rx_length_errors&path=//sys/class/net/eth0/subsystem/veth429b22f/brport/bridge/subsystem/lo/statistics HTTP/1.0" 200 2833 "https://hbkconsultancy.com/?path=//sys/class/net/eth0/subsystem/veth429b22f/brport/bridge/subsystem/lo/statistics" "Mozilla/5.0 AppleWebKit/537.36 (KHTML, like Gecko; compatible; GPTBot/1.3; +https://openai.com/gptbot)"
74.7.243.214 - - [11/Feb/2026:01:15:19 +0000] "GET /?path=//sys/class/net/eth0/subsystem/lo/subsystem/veth61688aa/brport/bridge/subsystem/docker0 HTTP/1.0" 200 4743 "https://hbkconsultancy.com/?path=//sys/class/net/eth0/subsystem/lo/subsystem/veth61688aa/brport/bridge/subsystem" "Mozilla/5.0 AppleWebKit/537.36 (KHTML, like Gecko; compatible; GPTBot/1.3; +https://openai.com/gptbot)"
74.7.243.214 - - [11/Feb/2026:01:15:22 +0000] "GET /?fileloc=//sys/class/net/eth0/subsystem/lo/subsystem/veth61688aa/brport/bridge/statistics/rx_crc_errors&path=//sys/class/net/eth0/subsystem/lo/subsystem/veth61688aa/brport/bridge/statistics HTTP/1.0" 200 2831 "https://hbkconsultancy.com/?path=//sys/class/net/eth0/subsystem/lo/subsystem/veth61688aa/brport/bridge/statistics" "Mozilla/5.0 AppleWebKit/537.36 (KHTML, like Gecko; compatible; GPTBot/1.3; +https://openai.com/gptbot)"
205.185.116.204 - - [11/Feb/2026:01:15:23 +0000] "GET / HTTP/1.0" 200 4360 "-" "Mozilla/5.0 (Windows NT 10.0; Win64; x64) AppleWebKit/537.36 (KHTML, like Gecko) Chrome/92.0.4515.159 Safari/537.36"
74.7.243.214 - - [11/Feb/2026:01:15:25 +0000] "GET /?path=//sys/class/net/eth0/subsystem/lo/subsystem/veth61688aa/brport/bridge/subsystem/lo HTTP/1.0" 200 4530 "https://hbkconsultancy.com/?path=//sys/class/net/eth0/subsystem/lo/subsystem/veth61688aa/brport/bridge/subsystem" "Mozilla/5.0 AppleWebKit/537.36 (KHTML, like Gecko; compatible; GPTBot/1.3; +https://openai.com/gptbot)"
74.7.243.214 - - [11/Feb/2026:01:15:28 +0000] "GET /?path=//sys/class/net/eth0/subsystem/veth429b22f/brport/bridge/subsystem/lo/subsystem/lo HTTP/1.0" 200 4529 "https://hbkconsultancy.com/?path=//sys/class/net/eth0/subsystem/veth429b22f/brport/bridge/subsystem/lo/subsystem" "Mozilla/5.0 AppleWebKit/537.36 (KHTML, like Gecko; compatible; GPTBot/1.3; +https://openai.com/gptbot)"
74.7.243.214 - - [11/Feb/2026:01:15:32 +0000] "GET /?path=//sys/class/net/eth0/subsystem/veth61688aa/brport/bridge/subsystem/lo/queues HTTP/1.0" 200 3165 "https://hbkconsultancy.com/?path=//sys/class/net/eth0/subsystem/veth61688aa/brport/bridge/subsystem/lo" "Mozilla/5.0 AppleWebKit/537.36 (KHTML, like Gecko; compatible; GPTBot/1.3; +https://openai.com/gptbot)"
74.7.243.214 - - [11/Feb/2026:01:15:35 +0000] "GET /?path=//sys/class/net/eth0/subsystem/veth61688aa/brport/bridge/subsystem/lo/power HTTP/1.0" 200 3482 "https://hbkconsultancy.com/?path=//sys/class/net/eth0/subsystem/veth61688aa/brport/bridge/subsystem/lo" "Mozilla/5.0 AppleWebKit/537.36 (KHTML, like Gecko; compatible; GPTBot/1.3; +https://openai.com/gptbot)"
74.7.243.214 - - [11/Feb/2026:01:15:38 +0000] "GET /?path=//sys/class/net/eth0/subsystem/lo/subsystem/veth429b22f/brport/bridge/brif HTTP/1.0" 200 3206 "https://hbkconsultancy.com/?path=//sys/class/net/eth0/subsystem/lo/subsystem/veth429b22f/brport/bridge" "Mozilla/5.0 AppleWebKit/537.36 (KHTML, like Gecko; compatible; GPTBot/1.3; +https://openai.com/gptbot)"
43.153.76.247 - - [11/Feb/2026:01:15:38 +0000] "GET /?path=/var/www/hbkconsultan_usr HTTP/1.0" 200 3038 "-" "Mozilla/5.0 (iPhone; CPU iPhone OS 13_2_3 like Mac OS X) AppleWebKit/605.1.15 (KHTML, like Gecko) Version/13.0.3 Mobile/15E148 Safari/604.1"
74.7.243.214 - - [11/Feb/2026:01:15:41 +0000] "GET /?path=//sys/class/net/eth0/subsystem/lo/subsystem/veth61688aa/brport/bridge/bridge HTTP/1.0" 200 4790 "https://hbkconsultancy.com/?path=//sys/class/net/eth0/subsystem/lo/subsystem/veth61688aa/brport/bridge" "Mozilla/5.0 AppleWebKit/537.36 (KHTML, like Gecko; compatible; GPTBot/1.3; +https://openai.com/gptbot)"
74.7.243.214 - - [11/Feb/2026:01:15:44 +0000] "GET /?fileloc=//sys/class/net/eth0/subsystem/lo/subsystem/veth429b22f/brport/bridge/subsystem/lo/type&path=//sys/class/net/eth0/subsystem/lo/subsystem/veth429b22f/brport/bridge/subsystem/lo HTTP/1.0" 200 2820 "https://hbkconsultancy.com/?path=//sys/class/net/eth0/subsystem/lo/subsystem/veth429b22f/brport/bridge/subsystem/lo" "Mozilla/5.0 AppleWebKit/537.36 (KHTML, like Gecko; compatible; GPTBot/1.3; +https://openai.com/gptbot)"
74.7.243.214 - - [11/Feb/2026:01:15:47 +0000] "GET /?path=//sys/class/net/eth0/subsystem/lo/subsystem/veth61688aa/brport/bridge/queues HTTP/1.0" 200 3163 "https://hbkconsultancy.com/?path=//sys/class/net/eth0/subsystem/lo/subsystem/veth61688aa/brport/bridge" "Mozilla/5.0 AppleWebKit/537.36 (KHTML, like Gecko; compatible; GPTBot/1.3; +https://openai.com/gptbot)"
74.7.243.214 - - [11/Feb/2026:01:15:50 +0000] "GET /?path=//sys/class/net/eth0/subsystem/veth429b22f/brport/bridge/subsystem/lo/queues HTTP/1.0" 200 3165 "https://hbkconsultancy.com/?path=//sys/class/net/eth0/subsystem/veth429b22f/brport/bridge/subsystem/lo" "Mozilla/5.0 AppleWebKit/537.36 (KHTML, like Gecko; compatible; GPTBot/1.3; +https://openai.com/gptbot)"
74.7.243.214 - - [11/Feb/2026:01:15:54 +0000] "GET /?path=//sys/class/net/eth0/subsystem/lo/subsystem/veth61688aa/brport/bridge/power HTTP/1.0" 200 3481 "https://hbkconsultancy.com/?path=//sys/class/net/eth0/subsystem/lo/subsystem/veth61688aa/brport/bridge" "Mozilla/5.0 AppleWebKit/537.36 (KHTML, like Gecko; compatible; GPTBot/1.3; +https://openai.com/gptbot)"
74.7.243.214 - - [11/Feb/2026:01:15:57 +0000] "GET /?path=//sys/class/net/eth0/subsystem/veth429b22f/brport/bridge/subsystem/lo/subsystem/eth0 HTTP/1.0" 200 4566 "https://hbkconsultancy.com/?path=//sys/class/net/eth0/subsystem/veth429b22f/brport/bridge/subsystem/lo/subsystem" "Mozilla/5.0 AppleWebKit/537.36 (KHTML, like Gecko; compatible; GPTBot/1.3; +https://openai.com/gptbot)"
74.7.243.214 - - [11/Feb/2026:01:16:00 +0000] "GET /?path=//sys/class/net/eth0/subsystem/veth61688aa/brport/bridge/subsystem/lo/subsystem/eth0 HTTP/1.0" 200 4566 "https://hbkconsultancy.com/?path=//sys/class/net/eth0/subsystem/veth61688aa/brport/bridge/subsystem/lo/subsystem" "Mozilla/5.0 AppleWebKit/537.36 (KHTML, like Gecko; compatible; GPTBot/1.3; +https://openai.com/gptbot)"
74.7.243.214 - - [11/Feb/2026:01:16:03 +0000] "GET /?path=//sys/class/net/eth0/subsystem/lo/subsystem/veth429b22f/brport/bridge/subsystem/eth0 HTTP/1.0" 200 4564 "https://hbkconsultancy.com/?path=//sys/class/net/eth0/subsystem/lo/subsystem/veth429b22f/brport/bridge/subsystem" "Mozilla/5.0 AppleWebKit/537.36 (KHTML, like Gecko; compatible; GPTBot/1.3; +https://openai.com/gptbot)"
74.7.243.214 - - [11/Feb/2026:01:16:06 +0000] "GET /?path=//sys/class/net/eth0/subsystem/lo/subsystem/veth61688aa/brport/bridge/subsystem/eth0 HTTP/1.0" 200 4563 "https://hbkconsultancy.com/?path=//sys/class/net/eth0/subsystem/lo/subsystem/veth61688aa/brport/bridge/subsystem" "Mozilla/5.0 AppleWebKit/537.36 (KHTML, like Gecko; compatible; GPTBot/1.3; +https://openai.com/gptbot)"
74.7.243.214 - - [11/Feb/2026:01:16:10 +0000] "GET /?path=//sys/class/net/eth0/subsystem/vethc796c04/subsystem/docker0/subsystem/lo/queues HTTP/1.0" 200 3158 "https://hbkconsultancy.com/?path=//sys/class/net/eth0/subsystem/vethc796c04/subsystem/docker0/subsystem/lo" "Mozilla/5.0 AppleWebKit/537.36 (KHTML, like Gecko; compatible; GPTBot/1.3; +https://openai.com/gptbot)"
74.7.243.214 - - [11/Feb/2026:01:16:13 +0000] "GET /?path=//sys/class/net/eth0/subsystem/veth61688aa/subsystem/docker0/subsystem/lo/queues HTTP/1.0" 200 3157 "https://hbkconsultancy.com/?path=//sys/class/net/eth0/subsystem/veth61688aa/subsystem/docker0/subsystem/lo" "Mozilla/5.0 AppleWebKit/537.36 (KHTML, like Gecko; compatible; GPTBot/1.3; +https://openai.com/gptbot)"
85.208.96.208 - - [11/Feb/2026:01:16:13 +0000] "GET /1win-official-sports-wagering-and-online-gambling-establishment-login-2/ HTTP/1.0" 200 4360 "-" "Mozilla/5.0 (compatible; SemrushBot/7~bl; +http://www.semrush.com/bot.html)"
74.7.243.214 - - [11/Feb/2026:01:16:16 +0000] "GET /?path=//sys/class/net/eth0/subsystem/veth61688aa/subsystem/docker0/subsystem/lo/power HTTP/1.0" 200 3476 "https://hbkconsultancy.com/?path=//sys/class/net/eth0/subsystem/veth61688aa/subsystem/docker0/subsystem/lo" "Mozilla/5.0 AppleWebKit/537.36 (KHTML, like Gecko; compatible; GPTBot/1.3; +https://openai.com/gptbot)"
74.7.243.214 - - [11/Feb/2026:01:16:19 +0000] "GET /?path=//sys/class/net/eth0/subsystem/vethc796c04/brport/bridge/subsystem/lo HTTP/1.0" 200 4486 "https://hbkconsultancy.com/?path=//sys/class/net/eth0/subsystem/vethc796c04/brport/bridge/subsystem" "Mozilla/5.0 AppleWebKit/537.36 (KHTML, like Gecko; compatible; GPTBot/1.3; +https://openai.com/gptbot)"
74.7.243.214 - - [11/Feb/2026:01:16:22 +0000] "GET /?path=//sys/class/net/eth0/subsystem/lo/subsystem/vethc796c04/brport/bridge HTTP/1.0" 200 4715 "https://hbkconsultancy.com/?path=//sys/class/net/eth0/subsystem/lo/subsystem/vethc796c04/brport" "Mozilla/5.0 AppleWebKit/537.36 (KHTML, like Gecko; compatible; GPTBot/1.3; +https://openai.com/gptbot)"
74.7.243.214 - - [11/Feb/2026:01:16:25 +0000] "GET /?fileloc=//sys/class/net/lo/subsystem/veth61688aa/upper_docker0/address&path=//sys/class/net/lo/subsystem/veth61688aa/upper_docker0 HTTP/1.0" 200 2804 "https://hbkconsultancy.com/?path=//sys/class/net/lo/subsystem/veth61688aa/upper_docker0" "Mozilla/5.0 AppleWebKit/537.36 (KHTML, like Gecko; compatible; GPTBot/1.3; +https://openai.com/gptbot)"
74.7.243.214 - - [11/Feb/2026:01:16:29 +0000] "GET /?fileloc=//sys/class/net/lo/subsystem/veth61688aa/upper_docker0/speed&path=//sys/class/net/lo/subsystem/veth61688aa/upper_docker0 HTTP/1.0" 200 2794 "https://hbkconsultancy.com/?path=//sys/class/net/lo/subsystem/veth61688aa/upper_docker0" "Mozilla/5.0 AppleWebKit/537.36 (KHTML, like Gecko; compatible; GPTBot/1.3; +https://openai.com/gptbot)"
74.7.243.214 - - [11/Feb/2026:01:16:32 +0000] "GET /?fileloc=//sys/class/net/eth0/subsystem/veth429b22f/brport/bridge/subsystem/lo/subsystem/eth0/iflink&path=//sys/class/net/eth0/subsystem/veth429b22f/brport/bridge/subsystem/lo/subsystem/eth0 HTTP/1.0" 200 2822 "https://hbkconsultancy.com/?path=//sys/class/net/eth0/subsystem/veth429b22f/brport/bridge/subsystem/lo/subsystem/eth0" "Mozilla/5.0 AppleWebKit/537.36 (KHTML, like Gecko; compatible; GPTBot/1.3; +https://openai.com/gptbot)"
74.7.243.214 - - [11/Feb/2026:01:16:35 +0000] "GET /?fileloc=//sys/class/net/lo/subsystem/vethc796c04/upper_docker0/operstate&path=//sys/class/net/lo/subsystem/vethc796c04/upper_docker0 HTTP/1.0" 200 2793 "https://hbkconsultancy.com/?path=//sys/class/net/lo/subsystem/vethc796c04/upper_docker0" "Mozilla/5.0 AppleWebKit/537.36 (KHTML, like Gecko; compatible; GPTBot/1.3; +https://openai.com/gptbot)"
74.7.243.214 - - [11/Feb/2026:01:16:38 +0000] "GET /?fileloc=//sys/class/net/lo/subsystem/vethc796c04/upper_docker0/speed&path=//sys/class/net/lo/subsystem/vethc796c04/upper_docker0 HTTP/1.0" 200 2794 "https://hbkconsultancy.com/?path=//sys/class/net/lo/subsystem/vethc796c04/upper_docker0" "Mozilla/5.0 AppleWebKit/537.36 (KHTML, like Gecko; compatible; GPTBot/1.3; +https://openai.com/gptbot)"
74.7.243.214 - - [11/Feb/2026:01:16:41 +0000] "GET /?fileloc=//sys/class/net/lo/subsystem/veth61688aa/upper_docker0/operstate&path=//sys/class/net/lo/subsystem/veth61688aa/upper_docker0 HTTP/1.0" 200 2793 "https://hbkconsultancy.com/?path=//sys/class/net/lo/subsystem/veth61688aa/upper_docker0" "Mozilla/5.0 AppleWebKit/537.36 (KHTML, like Gecko; compatible; GPTBot/1.3; +https://openai.com/gptbot)"
74.7.243.214 - - [11/Feb/2026:01:16:44 +0000] "GET /?path=//sys/class/net/eth0/subsystem/veth429b22f/master/subsystem/docker0/statistics HTTP/1.0" 200 3972 "https://hbkconsultancy.com/?path=//sys/class/net/eth0/subsystem/veth429b22f/master/subsystem/docker0" "Mozilla/5.0 AppleWebKit/537.36 (KHTML, like Gecko; compatible; GPTBot/1.3; +https://openai.com/gptbot)"
74.7.243.214 - - [11/Feb/2026:01:16:47 +0000] "GET /?path=//sys/class/net/eth0/subsystem/veth61688aa/subsystem/docker0/subsystem/lo/queues/tx-0 HTTP/1.0" 200 3401 "https://hbkconsultancy.com/?path=//sys/class/net/eth0/subsystem/veth61688aa/subsystem/docker0/subsystem/lo/queues" "Mozilla/5.0 AppleWebKit/537.36 (KHTML, like Gecko; compatible; GPTBot/1.3; +https://openai.com/gptbot)"
74.7.243.214 - - [11/Feb/2026:01:16:50 +0000] "GET /?path=//sys/class/net/eth0/subsystem/vethc796c04/subsystem/docker0/subsystem/lo/statistics HTTP/1.0" 200 3966 "https://hbkconsultancy.com/?path=//sys/class/net/eth0/subsystem/vethc796c04/subsystem/docker0/subsystem/lo" "Mozilla/5.0 AppleWebKit/537.36 (KHTML, like Gecko; compatible; GPTBot/1.3; +https://openai.com/gptbot)"
74.7.243.214 - - [11/Feb/2026:01:16:53 +0000] "GET /?path=//sys/class/net/eth0/subsystem/vethc796c04/brport/bridge/subsystem/lo/subsystem HTTP/1.0" 200 3310 "https://hbkconsultancy.com/?path=//sys/class/net/eth0/subsystem/vethc796c04/brport/bridge/subsystem/lo" "Mozilla/5.0 AppleWebKit/537.36 (KHTML, like Gecko; compatible; GPTBot/1.3; +https://openai.com/gptbot)"
74.7.243.214 - - [11/Feb/2026:01:16:57 +0000] "GET /?fileloc=//sys/class/net/eth0/subsystem/lo/subsystem/vethc796c04/brport/bridge/addr_assign_type&path=//sys/class/net/eth0/subsystem/lo/subsystem/vethc796c04/brport/bridge HTTP/1.0" 200 2819 "https://hbkconsultancy.com/?path=//sys/class/net/eth0/subsystem/lo/subsystem/vethc796c04/brport/bridge" "Mozilla/5.0 AppleWebKit/537.36 (KHTML, like Gecko; compatible; GPTBot/1.3; +https://openai.com/gptbot)"
74.7.243.214 - - [11/Feb/2026:01:17:00 +0000] "GET /?path=//sys/class/net/eth0/subsystem/lo/subsystem/vethc796c04/brport/bridge/statistics HTTP/1.0" 200 3976 "https://hbkconsultancy.com/?path=//sys/class/net/eth0/subsystem/lo/subsystem/vethc796c04/brport/bridge" "Mozilla/5.0 AppleWebKit/537.36 (KHTML, like Gecko; compatible; GPTBot/1.3; +https://openai.com/gptbot)"
74.7.243.214 - - [11/Feb/2026:01:17:03 +0000] "GET /?path=//sys/class/net/eth0/subsystem/lo/subsystem/vethc796c04/brport/bridge/subsystem HTTP/1.0" 200 3309 "https://hbkconsultancy.com/?path=//sys/class/net/eth0/subsystem/lo/subsystem/vethc796c04/brport/bridge" "Mozilla/5.0 AppleWebKit/537.36 (KHTML, like Gecko; compatible; GPTBot/1.3; +https://openai.com/gptbot)"
74.7.243.214 - - [11/Feb/2026:01:17:06 +0000] "GET /?path=//sys/class/net/eth0/subsystem/vethc796c04/brport/bridge/subsystem/lo/statistics HTTP/1.0" 200 3978 "https://hbkconsultancy.com/?path=//sys/class/net/eth0/subsystem/vethc796c04/brport/bridge/subsystem/lo" "Mozilla/5.0 AppleWebKit/537.36 (KHTML, like Gecko; compatible; GPTBot/1.3; +https://openai.com/gptbot)"
74.7.243.214 - - [11/Feb/2026:01:17:09 +0000] "GET /?path=//sys/class/net/eth0/subsystem/lo/subsystem/vethc796c04/brport/bridge/queues HTTP/1.0" 200 3164 "https://hbkconsultancy.com/?path=//sys/class/net/eth0/subsystem/lo/subsystem/vethc796c04/brport/bridge" "Mozilla/5.0 AppleWebKit/537.36 (KHTML, like Gecko; compatible; GPTBot/1.3; +https://openai.com/gptbot)"
74.7.243.214 - - [11/Feb/2026:01:17:13 +0000] "GET /?path=//sys/class/net/eth0/subsystem/vethc796c04/brport/bridge/subsystem/lo/queues HTTP/1.0" 200 3166 "https://hbkconsultancy.com/?path=//sys/class/net/eth0/subsystem/vethc796c04/brport/bridge/subsystem/lo" "Mozilla/5.0 AppleWebKit/537.36 (KHTML, like Gecko; compatible; GPTBot/1.3; +https://openai.com/gptbot)"
74.7.243.214 - - [11/Feb/2026:01:17:16 +0000] "GET /?path=//sys/class/net/eth0/subsystem/lo/subsystem/vethc796c04/subsystem/docker0/statistics HTTP/1.0" 200 3965 "https://hbkconsultancy.com/?path=//sys/class/net/eth0/subsystem/lo/subsystem/vethc796c04/subsystem/docker0" "Mozilla/5.0 AppleWebKit/537.36 (KHTML, like Gecko; compatible; GPTBot/1.3; +https://openai.com/gptbot)"
74.7.243.214 - - [11/Feb/2026:01:17:19 +0000] "GET /?fileloc=//sys/class/net/eth0/subsystem/veth429b22f/master/subsystem/docker0/statistics/rx_errors&path=//sys/class/net/eth0/subsystem/veth429b22f/master/subsystem/docker0/statistics HTTP/1.0" 200 2824 "https://hbkconsultancy.com/?path=//sys/class/net/eth0/subsystem/veth429b22f/master/subsystem/docker0/statistics" "Mozilla/5.0 AppleWebKit/537.36 (KHTML, like Gecko; compatible; GPTBot/1.3; +https://openai.com/gptbot)"
74.7.243.214 - - [11/Feb/2026:01:17:22 +0000] "GET /?path=//sys/class/net/eth0/subsystem/vethc796c04/master/subsystem/docker0/statistics HTTP/1.0" 200 3973 "https://hbkconsultancy.com/?path=//sys/class/net/eth0/subsystem/vethc796c04/master/subsystem/docker0" "Mozilla/5.0 AppleWebKit/537.36 (KHTML, like Gecko; compatible; GPTBot/1.3; +https://openai.com/gptbot)"
74.7.243.214 - - [11/Feb/2026:01:17:25 +0000] "GET /?path=//sys/class/net/eth0/subsystem/vethc796c04/subsystem/lo/subsystem/docker0/statistics HTTP/1.0" 200 3965 "https://hbkconsultancy.com/?path=//sys/class/net/eth0/subsystem/vethc796c04/subsystem/lo/subsystem/docker0" "Mozilla/5.0 AppleWebKit/537.36 (KHTML, like Gecko; compatible; GPTBot/1.3; +https://openai.com/gptbot)"
74.7.243.214 - - [11/Feb/2026:01:17:28 +0000] "GET /?path=//sys/class/net/eth0/subsystem/vethc796c04/brport/bridge/subsystem/lo/subsystem/lo HTTP/1.0" 200 4530 "https://hbkconsultancy.com/?path=//sys/class/net/eth0/subsystem/vethc796c04/brport/bridge/subsystem/lo/subsystem" "Mozilla/5.0 AppleWebKit/537.36 (KHTML, like Gecko; compatible; GPTBot/1.3; +https://openai.com/gptbot)"
74.7.243.214 - - [11/Feb/2026:01:17:31 +0000] "GET /?path=//sys/class/net/eth0/subsystem/vethc796c04/brport/bridge/subsystem/lo/subsystem/eth0 HTTP/1.0" 200 4567 "https://hbkconsultancy.com/?path=//sys/class/net/eth0/subsystem/vethc796c04/brport/bridge/subsystem/lo/subsystem" "Mozilla/5.0 AppleWebKit/537.36 (KHTML, like Gecko; compatible; GPTBot/1.3; +https://openai.com/gptbot)"
74.7.243.214 - - [11/Feb/2026:01:17:35 +0000] "GET /?path=//sys/class/net/eth0/subsystem/veth429b22f/subsystem/docker0/subsystem/lo/statistics HTTP/1.0" 200 3965 "https://hbkconsultancy.com/?path=//sys/class/net/eth0/subsystem/veth429b22f/subsystem/docker0/subsystem/lo" "Mozilla/5.0 AppleWebKit/537.36 (KHTML, like Gecko; compatible; GPTBot/1.3; +https://openai.com/gptbot)"
74.7.243.214 - - [11/Feb/2026:01:17:38 +0000] "GET /?path=//sys/class/net/eth0/subsystem/lo/subsystem/vethc796c04/brport/bridge/subsystem/lo HTTP/1.0" 200 4531 "https://hbkconsultancy.com/?path=//sys/class/net/eth0/subsystem/lo/subsystem/vethc796c04/brport/bridge/subsystem" "Mozilla/5.0 AppleWebKit/537.36 (KHTML, like Gecko; compatible; GPTBot/1.3; +https://openai.com/gptbot)"
205.185.116.204 - - [11/Feb/2026:01:17:38 +0000] "GET / HTTP/1.0" 200 4360 "-" "Mozilla/5.0 (Windows NT 10.0; Win64; x64) AppleWebKit/537.36 (KHTML, like Gecko) Chrome/92.0.4515.159 Safari/537.36"
74.7.243.214 - - [11/Feb/2026:01:17:41 +0000] "GET /?fileloc=//sys/class/net/eth0/subsystem/vethc796c04/brport/bridge/subsystem/lo/statistics/rx_nohandler&path=//sys/class/net/eth0/subsystem/vethc796c04/brport/bridge/subsystem/lo/statistics HTTP/1.0" 200 2832 "https://hbkconsultancy.com/?path=//sys/class/net/eth0/subsystem/vethc796c04/brport/bridge/subsystem/lo/statistics" "Mozilla/5.0 AppleWebKit/537.36 (KHTML, like Gecko; compatible; GPTBot/1.3; +https://openai.com/gptbot)"
74.7.243.214 - - [11/Feb/2026:01:17:44 +0000] "GET /?path=//sys/class/net/eth0/subsystem/lo/subsystem/vethc796c04/brport/bridge/subsystem/eth0 HTTP/1.0" 200 4564 "https://hbkconsultancy.com/?path=//sys/class/net/eth0/subsystem/lo/subsystem/vethc796c04/brport/bridge/subsystem" "Mozilla/5.0 AppleWebKit/537.36 (KHTML, like Gecko; compatible; GPTBot/1.3; +https://openai.com/gptbot)"
74.7.243.214 - - [11/Feb/2026:01:17:47 +0000] "GET /?fileloc=//sys/class/net/eth0/subsystem/veth429b22f/subsystem/docker0/broadcast&path=//sys/class/net/eth0/subsystem/veth429b22f/subsystem/docker0 HTTP/1.0" 200 2801 "https://hbkconsultancy.com/?path=//sys/class/net/eth0/subsystem/veth429b22f/subsystem/docker0" "Mozilla/5.0 AppleWebKit/537.36 (KHTML, like Gecko; compatible; GPTBot/1.3; +https://openai.com/gptbot)"
74.7.243.214 - - [11/Feb/2026:01:17:50 +0000] "GET /?fileloc=//sys/class/net/eth0/subsystem/veth61688aa/subsystem/docker0/broadcast&path=//sys/class/net/eth0/subsystem/veth61688aa/subsystem/docker0 HTTP/1.0" 200 2801 "https://hbkconsultancy.com/?path=//sys/class/net/eth0/subsystem/veth61688aa/subsystem/docker0" "Mozilla/5.0 AppleWebKit/537.36 (KHTML, like Gecko; compatible; GPTBot/1.3; +https://openai.com/gptbot)"
74.7.243.214 - - [11/Feb/2026:01:17:53 +0000] "GET /?fileloc=//sys/class/net/eth0/subsystem/vethc796c04/subsystem/docker0/broadcast&path=//sys/class/net/eth0/subsystem/vethc796c04/subsystem/docker0 HTTP/1.0" 200 2801 "https://hbkconsultancy.com/?path=//sys/class/net/eth0/subsystem/vethc796c04/subsystem/docker0" "Mozilla/5.0 AppleWebKit/537.36 (KHTML, like Gecko; compatible; GPTBot/1.3; +https://openai.com/gptbot)"
74.7.243.214 - - [11/Feb/2026:01:17:56 +0000] "GET /?path=//sys/class/net/lo/subsystem/lo/subsystem/vethc796c04/subsystem/eth0/device/net/eth0/subsystem/veth61688aa/power HTTP/1.0" 200 3503 "https://hbkconsultancy.com/?path=//sys/class/net/lo/subsystem/lo/subsystem/vethc796c04/subsystem/eth0/device/net/eth0/subsystem/veth61688aa" "Mozilla/5.0 AppleWebKit/537.36 (KHTML, like Gecko; compatible; GPTBot/1.3; +https://openai.com/gptbot)"
74.7.243.214 - - [11/Feb/2026:01:17:59 +0000] "GET /?fileloc=//sys/class/net/eth0/subsystem/vethc796c04/subsystem/lo/subsystem/docker0/statistics/rx_crc_errors&path=//sys/class/net/eth0/subsystem/vethc796c04/subsystem/lo/subsystem/docker0/statistics HTTP/1.0" 200 2824 "https://hbkconsultancy.com/?path=//sys/class/net/eth0/subsystem/vethc796c04/subsystem/lo/subsystem/docker0/statistics" "Mozilla/5.0 AppleWebKit/537.36 (KHTML, like Gecko; compatible; GPTBot/1.3; +https://openai.com/gptbot)"
74.7.243.214 - - [11/Feb/2026:01:18:03 +0000] "GET /?fileloc=//sys/class/net/eth0/subsystem/vethc796c04/brport/bridge/subsystem/lo/subsystem/lo/phys_port_name&path=//sys/class/net/eth0/subsystem/vethc796c04/brport/bridge/subsystem/lo/subsystem/lo HTTP/1.0" 200 2823 "https://hbkconsultancy.com/?path=//sys/class/net/eth0/subsystem/vethc796c04/brport/bridge/subsystem/lo/subsystem/lo" "Mozilla/5.0 AppleWebKit/537.36 (KHTML, like Gecko; compatible; GPTBot/1.3; +https://openai.com/gptbot)"
74.7.243.214 - - [11/Feb/2026:01:18:06 +0000] "GET /?fileloc=//sys/class/net/eth0/subsystem/vethc796c04/brport/bridge/subsystem/lo/subsystem/eth0/broadcast&path=//sys/class/net/eth0/subsystem/vethc796c04/brport/bridge/subsystem/lo/subsystem/eth0 HTTP/1.0" 200 2829 "https://hbkconsultancy.com/?path=//sys/class/net/eth0/subsystem/vethc796c04/brport/bridge/subsystem/lo/subsystem/eth0" "Mozilla/5.0 AppleWebKit/537.36 (KHTML, like Gecko; compatible; GPTBot/1.3; +https://openai.com/gptbot)"
74.7.243.214 - - [11/Feb/2026:01:18:09 +0000] "GET /?path=//sys/class/net/lo/subsystem/lo/subsystem/vethc796c04/subsystem/eth0/device/net/eth0/subsystem/veth429b22f/brport HTTP/1.0" 200 4404 "https://hbkconsultancy.com/?path=//sys/class/net/lo/subsystem/lo/subsystem/vethc796c04/subsystem/eth0/device/net/eth0/subsystem/veth429b22f" "Mozilla/5.0 AppleWebKit/537.36 (KHTML, like Gecko; compatible; GPTBot/1.3; +https://openai.com/gptbot)"
74.7.243.214 - - [11/Feb/2026:01:18:12 +0000] "GET /?fileloc=//sys/class/net/eth0/subsystem/lo/subsystem/vethc796c04/brport/bridge/subsystem/lo/type&path=//sys/class/net/eth0/subsystem/lo/subsystem/vethc796c04/brport/bridge/subsystem/lo HTTP/1.0" 200 2820 "https://hbkconsultancy.com/?path=//sys/class/net/eth0/subsystem/lo/subsystem/vethc796c04/brport/bridge/subsystem/lo" "Mozilla/5.0 AppleWebKit/537.36 (KHTML, like Gecko; compatible; GPTBot/1.3; +https://openai.com/gptbot)"
74.7.243.214 - - [11/Feb/2026:01:18:15 +0000] "GET /?fileloc=//sys/class/net/eth0/subsystem/lo/subsystem/vethc796c04/brport/bridge/subsystem/lo/carrier&path=//sys/class/net/eth0/subsystem/lo/subsystem/vethc796c04/brport/bridge/subsystem/lo HTTP/1.0" 200 2820 "https://hbkconsultancy.com/?path=//sys/class/net/eth0/subsystem/lo/subsystem/vethc796c04/brport/bridge/subsystem/lo" "Mozilla/5.0 AppleWebKit/537.36 (KHTML, like Gecko; compatible; GPTBot/1.3; +https://openai.com/gptbot)"
74.7.243.214 - - [11/Feb/2026:01:18:18 +0000] "GET /?fileloc=//sys/class/net/eth0/subsystem/lo/subsystem/vethc796c04/brport/bridge/subsystem/eth0/ifalias&path=//sys/class/net/eth0/subsystem/lo/subsystem/vethc796c04/brport/bridge/subsystem/eth0 HTTP/1.0" 200 2820 "https://hbkconsultancy.com/?path=//sys/class/net/eth0/subsystem/lo/subsystem/vethc796c04/brport/bridge/subsystem/eth0" "Mozilla/5.0 AppleWebKit/537.36 (KHTML, like Gecko; compatible; GPTBot/1.3; +https://openai.com/gptbot)"
74.7.243.214 - - [11/Feb/2026:01:18:21 +0000] "GET /?path=//sys/class/net/eth0/subsystem/lo/subsystem/vethc796c04/brport/bridge/subsystem/eth0/statistics HTTP/1.0" 200 3957 "https://hbkconsultancy.com/?path=//sys/class/net/eth0/subsystem/lo/subsystem/vethc796c04/brport/bridge/subsystem/eth0" "Mozilla/5.0 AppleWebKit/537.36 (KHTML, like Gecko; compatible; GPTBot/1.3; +https://openai.com/gptbot)"
74.7.243.214 - - [11/Feb/2026:01:18:24 +0000] "GET /?path=//sys/class/net/lo/subsystem/lo/subsystem/vethc796c04/subsystem/eth0/device/net/eth0/subsystem/veth61688aa/brport HTTP/1.0" 200 4404 "https://hbkconsultancy.com/?path=//sys/class/net/lo/subsystem/lo/subsystem/vethc796c04/subsystem/eth0/device/net/eth0/subsystem/veth61688aa" "Mozilla/5.0 AppleWebKit/537.36 (KHTML, like Gecko; compatible; GPTBot/1.3; +https://openai.com/gptbot)"
74.7.243.214 - - [11/Feb/2026:01:18:28 +0000] "GET /?path=//sys/class/net/lo/subsystem/lo/subsystem/vethc796c04/subsystem/eth0/device/net/eth0/subsystem/veth429b22f/master HTTP/1.0" 200 4757 "https://hbkconsultancy.com/?path=//sys/class/net/lo/subsystem/lo/subsystem/vethc796c04/subsystem/eth0/device/net/eth0/subsystem/veth429b22f" "Mozilla/5.0 AppleWebKit/537.36 (KHTML, like Gecko; compatible; GPTBot/1.3; +https://openai.com/gptbot)"
74.7.243.214 - - [11/Feb/2026:01:18:31 +0000] "GET /?path=//sys/class/net/lo/subsystem/lo/subsystem/vethc796c04/subsystem/eth0/device/net/eth0/subsystem/veth429b22f/power HTTP/1.0" 200 3504 "https://hbkconsultancy.com/?path=//sys/class/net/lo/subsystem/lo/subsystem/vethc796c04/subsystem/eth0/device/net/eth0/subsystem/veth429b22f" "Mozilla/5.0 AppleWebKit/537.36 (KHTML, like Gecko; compatible; GPTBot/1.3; +https://openai.com/gptbot)"
74.7.243.214 - - [11/Feb/2026:01:18:34 +0000] "GET /?path=//sys/class/net/lo/subsystem/lo/subsystem/vethc796c04/subsystem/eth0/device/net/eth0/subsystem/veth61688aa/master HTTP/1.0" 200 4758 "https://hbkconsultancy.com/?path=//sys/class/net/lo/subsystem/lo/subsystem/vethc796c04/subsystem/eth0/device/net/eth0/subsystem/veth61688aa" "Mozilla/5.0 AppleWebKit/537.36 (KHTML, like Gecko; compatible; GPTBot/1.3; +https://openai.com/gptbot)"
74.7.243.214 - - [11/Feb/2026:01:18:37 +0000] "GET /?path=//sys/class/net/eth0/subsystem/vethc796c04/subsystem/docker0/power HTTP/1.0" 200 3459 "https://hbkconsultancy.com/?path=//sys/class/net/eth0/subsystem/vethc796c04/subsystem/docker0" "Mozilla/5.0 AppleWebKit/537.36 (KHTML, like Gecko; compatible; GPTBot/1.3; +https://openai.com/gptbot)"
74.7.243.214 - - [11/Feb/2026:01:18:40 +0000] "GET /?path=//sys/class/net/eth0/subsystem/veth61688aa/subsystem/docker0/power HTTP/1.0" 200 3458 "https://hbkconsultancy.com/?path=//sys/class/net/eth0/subsystem/veth61688aa/subsystem/docker0" "Mozilla/5.0 AppleWebKit/537.36 (KHTML, like Gecko; compatible; GPTBot/1.3; +https://openai.com/gptbot)"
74.7.243.214 - - [11/Feb/2026:01:18:43 +0000] "GET /?fileloc=//sys/class/net/lo/subsystem/lo/subsystem/vethc796c04/subsystem/eth0/device/net/eth0/subsystem/veth429b22f/brport/path_cost&path=//sys/class/net/lo/subsystem/lo/subsystem/vethc796c04/subsystem/eth0/device/net/eth0/subsystem/veth429b22f/brport HTTP/1.0" 200 2854 "https://hbkconsultancy.com/?path=//sys/class/net/lo/subsystem/lo/subsystem/vethc796c04/subsystem/eth0/device/net/eth0/subsystem/veth429b22f/brport" "Mozilla/5.0 AppleWebKit/537.36 (KHTML, like Gecko; compatible; GPTBot/1.3; +https://openai.com/gptbot)"
74.7.243.214 - - [11/Feb/2026:01:18:46 +0000] "GET /?path=//sys/class/net/eth0/subsystem/veth61688aa/subsystem/docker0/brif HTTP/1.0" 200 3192 "https://hbkconsultancy.com/?path=//sys/class/net/eth0/subsystem/veth61688aa/subsystem/docker0" "Mozilla/5.0 AppleWebKit/537.36 (KHTML, like Gecko; compatible; GPTBot/1.3; +https://openai.com/gptbot)"
74.7.243.214 - - [11/Feb/2026:01:18:50 +0000] "GET /?path=//sys/class/net/eth0/subsystem/veth429b22f/subsystem/docker0/brif HTTP/1.0" 200 3188 "https://hbkconsultancy.com/?path=//sys/class/net/eth0/subsystem/veth429b22f/subsystem/docker0" "Mozilla/5.0 AppleWebKit/537.36 (KHTML, like Gecko; compatible; GPTBot/1.3; +https://openai.com/gptbot)"
74.7.243.214 - - [11/Feb/2026:01:18:53 +0000] "GET /?path=//sys/class/net/eth0/subsystem/veth61688aa/upper_docker0/subsystem HTTP/1.0" 200 3285 "https://hbkconsultancy.com/?path=//sys/class/net/eth0/subsystem/veth61688aa/upper_docker0" "Mozilla/5.0 AppleWebKit/537.36 (KHTML, like Gecko; compatible; GPTBot/1.3; +https://openai.com/gptbot)"
74.7.243.214 - - [11/Feb/2026:01:18:56 +0000] "GET /?path=//sys/class/net/lo/subsystem/lo/subsystem/vethc796c04/subsystem/docker0 HTTP/1.0" 200 4706 "https://hbkconsultancy.com/?path=//sys/class/net/lo/subsystem/lo/subsystem/vethc796c04/subsystem" "Mozilla/5.0 AppleWebKit/537.36 (KHTML, like Gecko; compatible; GPTBot/1.3; +https://openai.com/gptbot)"
74.7.243.214 - - [11/Feb/2026:01:18:59 +0000] "GET /?fileloc=//sys/class/net/lo/subsystem/lo/subsystem/vethc796c04/subsystem/eth0/device/net/eth0/subsystem/veth61688aa/brport/state&path=//sys/class/net/lo/subsystem/lo/subsystem/vethc796c04/subsystem/eth0/device/net/eth0/subsystem/veth61688aa/brport HTTP/1.0" 200 2851 "https://hbkconsultancy.com/?path=//sys/class/net/lo/subsystem/lo/subsystem/vethc796c04/subsystem/eth0/device/net/eth0/subsystem/veth61688aa/brport" "Mozilla/5.0 AppleWebKit/537.36 (KHTML, like Gecko; compatible; GPTBot/1.3; +https://openai.com/gptbot)"
74.7.243.214 - - [11/Feb/2026:01:19:02 +0000] "GET /?path=//sys/class/net/lo/subsystem/lo/subsystem/vethc796c04/subsystem/eth0/device/net/eth0/subsystem/veth429b22f/master/brif HTTP/1.0" 200 3247 "https://hbkconsultancy.com/?path=//sys/class/net/lo/subsystem/lo/subsystem/vethc796c04/subsystem/eth0/device/net/eth0/subsystem/veth429b22f/master" "Mozilla/5.0 AppleWebKit/537.36 (KHTML, like Gecko; compatible; GPTBot/1.3; +https://openai.com/gptbot)"
74.7.243.214 - - [11/Feb/2026:01:19:06 +0000] "GET /?path=//sys/class/net/lo/subsystem/veth429b22f/upper_docker0/queues HTTP/1.0" 200 3143 "https://hbkconsultancy.com/?path=//sys/class/net/lo/subsystem/veth429b22f/upper_docker0" "Mozilla/5.0 AppleWebKit/537.36 (KHTML, like Gecko; compatible; GPTBot/1.3; +https://openai.com/gptbot)"
74.7.243.214 - - [11/Feb/2026:01:19:09 +0000] "GET /?path=//sys/class/net/lo/subsystem/lo/subsystem/vethc796c04/subsystem/eth0/device/net/eth0/subsystem/veth61688aa/master/brif HTTP/1.0" 200 3249 "https://hbkconsultancy.com/?path=//sys/class/net/lo/subsystem/lo/subsystem/vethc796c04/subsystem/eth0/device/net/eth0/subsystem/veth61688aa/master" "Mozilla/5.0 AppleWebKit/537.36 (KHTML, like Gecko; compatible; GPTBot/1.3; +https://openai.com/gptbot)"
74.7.243.214 - - [11/Feb/2026:01:19:12 +0000] "GET /?path=//sys/class/net/eth0/subsystem/lo/subsystem/vethc796c04/subsystem/eth0/device/net/eth0/device/driver/virtio2/net/eth0/power HTTP/1.0" 200 3549 "https://hbkconsultancy.com/?path=//sys/class/net/eth0/subsystem/lo/subsystem/vethc796c04/subsystem/eth0/device/net/eth0/device/driver/virtio2/net/eth0" "Mozilla/5.0 AppleWebKit/537.36 (KHTML, like Gecko; compatible; GPTBot/1.3; +https://openai.com/gptbot)"
74.7.243.214 - - [11/Feb/2026:01:19:15 +0000] "GET /?path=//sys/class/net/eth0/subsystem/vethc796c04/master/subsystem/lo/subsystem/lo/queues HTTP/1.0" 200 3162 "https://hbkconsultancy.com/?path=//sys/class/net/eth0/subsystem/vethc796c04/master/subsystem/lo/subsystem/lo" "Mozilla/5.0 AppleWebKit/537.36 (KHTML, like Gecko; compatible; GPTBot/1.3; +https://openai.com/gptbot)"
74.7.243.214 - - [11/Feb/2026:01:19:18 +0000] "GET /?path=//sys/class/net/eth0/subsystem/vethc796c04/subsystem/lo/subsystem/eth0/device/net/eth0/device/driver/virtio2/net/eth0/statistics HTTP/1.0" 200 4053 "https://hbkconsultancy.com/?path=//sys/class/net/eth0/subsystem/vethc796c04/subsystem/lo/subsystem/eth0/device/net/eth0/device/driver/virtio2/net/eth0" "Mozilla/5.0 AppleWebKit/537.36 (KHTML, like Gecko; compatible; GPTBot/1.3; +https://openai.com/gptbot)"
74.7.243.214 - - [11/Feb/2026:01:19:21 +0000] "GET /?path=//sys/class/net/eth0/subsystem/lo/subsystem/vethc796c04/master/subsystem/eth0/device/net/eth0/device/driver/virtio2/net HTTP/1.0" 200 3169 "https://hbkconsultancy.com/?path=//sys/class/net/eth0/subsystem/lo/subsystem/vethc796c04/master/subsystem/eth0/device/net/eth0/device/driver/virtio2" "Mozilla/5.0 AppleWebKit/537.36 (KHTML, like Gecko; compatible; GPTBot/1.3; +https://openai.com/gptbot)"
74.7.243.214 - - [11/Feb/2026:01:19:24 +0000] "GET /?path=//sys/class/net/eth0/subsystem/lo/subsystem/veth429b22f/master/subsystem/eth0/device/net/eth0/device/driver/virtio2/net HTTP/1.0" 200 3168 "https://hbkconsultancy.com/?path=//sys/class/net/eth0/subsystem/lo/subsystem/veth429b22f/master/subsystem/eth0/device/net/eth0/device/driver/virtio2" "Mozilla/5.0 AppleWebKit/537.36 (KHTML, like Gecko; compatible; GPTBot/1.3; +https://openai.com/gptbot)"
2001:41d0:303:f29::1 - - [11/Feb/2026:01:19:27 +0000] "GET /%D8%A7%D8%B3%D8%AA%D9%84%D8%A7%D9%85-%D8%A7%D9%84%D8%A7%D8%B1%D8%AF%D9%88%D8%B1/?fileloc=/var/www/hbkconsultan_usr/data/www/hbkconsultancy.com/.htaccess&path=/var/www/hbkconsultan_usr/data/www/hbkconsultancy.com HTTP/1.0" 200 3540 "-" "Mozilla/5.0 (compatible; MJ12bot/v1.4.8; http://mj12bot.com/)"
74.7.243.214 - - [11/Feb/2026:01:19:28 +0000] "GET /?path=//sys/class/net/eth0/subsystem/veth61688aa/upper_docker0/subsystem/eth0 HTTP/1.0" 200 4530 "https://hbkconsultancy.com/?path=//sys/class/net/eth0/subsystem/veth61688aa/upper_docker0/subsystem" "Mozilla/5.0 AppleWebKit/537.36 (KHTML, like Gecko; compatible; GPTBot/1.3; +https://openai.com/gptbot)"
74.7.243.214 - - [11/Feb/2026:01:19:31 +0000] "GET /?fileloc=//sys/class/net/lo/subsystem/lo/subsystem/vethc796c04/subsystem/docker0/speed&path=//sys/class/net/lo/subsystem/lo/subsystem/vethc796c04/subsystem/docker0 HTTP/1.0" 200 2802 "https://hbkconsultancy.com/?path=//sys/class/net/lo/subsystem/lo/subsystem/vethc796c04/subsystem/docker0" "Mozilla/5.0 AppleWebKit/537.36 (KHTML, like Gecko; compatible; GPTBot/1.3; +https://openai.com/gptbot)"
2001:41d0:303:f29::1 - - [11/Feb/2026:01:19:31 +0000] "GET /%D8%A7%D9%84%D9%85%D8%AA%D8%AC%D8%B1/uncategorized/%D8%AA%D9%86%D8%B2%D9%8A%D9%84-%D8%AD%D8%B2%D9%85%D9%87-%D8%A7%D9%84%D8%A7%D9%88%D9%81%D9%8A%D8%B3/feed/?fileloc=/var/www/hbkconsultan_usr/data/www/hbkconsultancy.com/wp-activate.php&path=/var/www/hbkconsultan_usr/data/www/hbkconsultancy.com HTTP/1.0" 200 5229 "-" "Mozilla/5.0 (compatible; MJ12bot/v1.4.8; http://mj12bot.com/)"
74.7.243.214 - - [11/Feb/2026:01:19:34 +0000] "GET /?fileloc=//sys/class/net/lo/subsystem/lo/subsystem/vethc796c04/subsystem/docker0/broadcast&path=//sys/class/net/lo/subsystem/lo/subsystem/vethc796c04/subsystem/docker0 HTTP/1.0" 200 2806 "https://hbkconsultancy.com/?path=//sys/class/net/lo/subsystem/lo/subsystem/vethc796c04/subsystem/docker0" "Mozilla/5.0 AppleWebKit/537.36 (KHTML, like Gecko; compatible; GPTBot/1.3; +https://openai.com/gptbot)"
2001:41d0:303:f29::1 - - [11/Feb/2026:01:19:34 +0000] "GET /%D8%A7%D9%84%D9%85%D8%AA%D8%AC%D8%B1/uncategorized/%D8%AD%D8%B2%D9%85%D9%87-%D8%B1%D9%85%D8%B6%D8%A7%D9%86/feed/?fileloc=/var/www/hbkconsultan_usr/data/www/hbkconsultancy.com/inege.php&path=/var/www/hbkconsultan_usr/data/www/hbkconsultancy.com HTTP/1.0" 200 717427 "-" "Mozilla/5.0 (compatible; MJ12bot/v1.4.8; http://mj12bot.com/)"
74.7.243.214 - - [11/Feb/2026:01:19:37 +0000] "GET /?fileloc=//sys/class/net/lo/subsystem/lo/subsystem/vethc796c04/subsystem/docker0/operstate&path=//sys/class/net/lo/subsystem/lo/subsystem/vethc796c04/subsystem/docker0 HTTP/1.0" 200 2803 "https://hbkconsultancy.com/?path=//sys/class/net/lo/subsystem/lo/subsystem/vethc796c04/subsystem/docker0" "Mozilla/5.0 AppleWebKit/537.36 (KHTML, like Gecko; compatible; GPTBot/1.3; +https://openai.com/gptbot)"
2001:41d0:303:f29::1 - - [11/Feb/2026:01:19:38 +0000] "GET /%D8%A7%D9%84%D9%85%D8%AA%D8%AC%D8%B1/uncategorized/%D8%AD%D8%B2%D9%85%D9%87-%D8%B1%D9%85%D8%B6%D8%A7%D9%86/feed/?fileloc=/var/www/hbkconsultan_usr/data/www/hbkconsultancy.com/license.txt&path=/var/www/hbkconsultan_usr/data/www/hbkconsultancy.com HTTP/1.0" 200 10092 "-" "Mozilla/5.0 (compatible; MJ12bot/v1.4.8; http://mj12bot.com/)"
74.7.243.214 - - [11/Feb/2026:01:19:40 +0000] "GET /?fileloc=//sys/class/net/lo/subsystem/lo/subsystem/vethc796c04/subsystem/docker0/flags&path=//sys/class/net/lo/subsystem/lo/subsystem/vethc796c04/subsystem/docker0 HTTP/1.0" 200 2803 "https://hbkconsultancy.com/?path=//sys/class/net/lo/subsystem/lo/subsystem/vethc796c04/subsystem/docker0" "Mozilla/5.0 AppleWebKit/537.36 (KHTML, like Gecko; compatible; GPTBot/1.3; +https://openai.com/gptbot)"
2001:41d0:303:f29::1 - - [11/Feb/2026:01:19:41 +0000] "GET /%D8%A7%D9%84%D9%85%D8%AA%D8%AC%D8%B1/uncategorized/%D8%AD%D8%B2%D9%85%D9%87-%D8%B1%D9%85%D8%B6%D8%A7%D9%86/feed/?fileloc=/var/www/hbkconsultan_usr/data/www/hbkconsultancy.com/wp-comments-post.php&path=/var/www/hbkconsultan_usr/data/www/hbkconsultancy.com HTTP/1.0" 200 3799 "-" "Mozilla/5.0 (compatible; MJ12bot/v1.4.8; http://mj12bot.com/)"
74.7.243.214 - - [11/Feb/2026:01:19:44 +0000] "GET /?fileloc=//sys/class/net/lo/subsystem/lo/subsystem/vethc796c04/subsystem/docker0/ifalias&path=//sys/class/net/lo/subsystem/lo/subsystem/vethc796c04/subsystem/docker0 HTTP/1.0" 200 2799 "https://hbkconsultancy.com/?path=//sys/class/net/lo/subsystem/lo/subsystem/vethc796c04/subsystem/docker0" "Mozilla/5.0 AppleWebKit/537.36 (KHTML, like Gecko; compatible; GPTBot/1.3; +https://openai.com/gptbot)"
2001:41d0:303:f29::1 - - [11/Feb/2026:01:19:45 +0000] "GET /%D8%A7%D9%84%D9%85%D8%AA%D8%AC%D8%B1/uncategorized/%D8%AD%D8%B2%D9%85%D9%87-%D8%B1%D9%85%D8%B6%D8%A7%D9%86/feed/?fileloc=/var/www/hbkconsultan_usr/data/www/hbkconsultancy.com/wp-config-sample.php&path=/var/www/hbkconsultan_usr/data/www/hbkconsultancy.com HTTP/1.0" 200 4049 "-" "Mozilla/5.0 (compatible; MJ12bot/v1.4.8; http://mj12bot.com/)"
74.7.243.214 - - [11/Feb/2026:01:19:47 +0000] "GET /?fileloc=//sys/class/net/lo/subsystem/lo/subsystem/vethc796c04/subsystem/docker0/address&path=//sys/class/net/lo/subsystem/lo/subsystem/vethc796c04/subsystem/docker0 HTTP/1.0" 200 2814 "https://hbkconsultancy.com/?path=//sys/class/net/lo/subsystem/lo/subsystem/vethc796c04/subsystem/docker0" "Mozilla/5.0 AppleWebKit/537.36 (KHTML, like Gecko; compatible; GPTBot/1.3; +https://openai.com/gptbot)"
74.7.243.214 - - [11/Feb/2026:01:19:50 +0000] "GET /?fileloc=//sys/class/net/lo/subsystem/lo/subsystem/vethc796c04/subsystem/docker0/testing&path=//sys/class/net/lo/subsystem/lo/subsystem/vethc796c04/subsystem/docker0 HTTP/1.0" 200 2801 "https://hbkconsultancy.com/?path=//sys/class/net/lo/subsystem/lo/subsystem/vethc796c04/subsystem/docker0" "Mozilla/5.0 AppleWebKit/537.36 (KHTML, like Gecko; compatible; GPTBot/1.3; +https://openai.com/gptbot)"
2001:41d0:303:f29::1 - - [11/Feb/2026:01:19:52 +0000] "GET /%D8%A7%D9%84%D9%85%D8%AA%D8%AC%D8%B1/uncategorized/%D8%AD%D8%B2%D9%85%D9%87-%D8%B1%D9%85%D8%B6%D8%A7%D9%86/feed/?fileloc=/var/www/hbkconsultan_usr/data/www/hbkconsultancy.com/wp-cron.php&path=/var/www/hbkconsultan_usr/data/www/hbkconsultancy.com HTTP/1.0" 200 4839 "-" "Mozilla/5.0 (compatible; MJ12bot/v1.4.8; http://mj12bot.com/)"
74.7.243.214 - - [11/Feb/2026:01:19:53 +0000] "GET /?fileloc=//sys/class/net/eth0/subsystem/vethc796c04/subsystem/lo/subsystem/eth0/device/net/eth0/device/driver/virtio2/net/eth0/statistics/rx_packets&path=//sys/class/net/eth0/subsystem/vethc796c04/subsystem/lo/subsystem/eth0/device/net/eth0/device/driver/virtio2/net/eth0/statistics HTTP/1.0" 200 2886 "https://hbkconsultancy.com/?path=//sys/class/net/eth0/subsystem/vethc796c04/subsystem/lo/subsystem/eth0/device/net/eth0/device/driver/virtio2/net/eth0/statistics" "Mozilla/5.0 AppleWebKit/537.36 (KHTML, like Gecko; compatible; GPTBot/1.3; +https://openai.com/gptbot)"
2001:41d0:303:f29::1 - - [11/Feb/2026:01:19:55 +0000] "GET /%D8%A7%D9%84%D9%85%D8%AA%D8%AC%D8%B1/uncategorized/%D8%AD%D8%B2%D9%85%D9%87-%D8%B1%D9%85%D8%B6%D8%A7%D9%86/feed/?fileloc=/var/www/hbkconsultan_usr/data/www/hbkconsultancy.com/wp-links-opml.php&path=/var/www/hbkconsultan_usr/data/www/hbkconsultancy.com HTTP/1.0" 200 3879 "-" "Mozilla/5.0 (compatible; MJ12bot/v1.4.8; http://mj12bot.com/)"
74.7.243.214 - - [11/Feb/2026:01:19:56 +0000] "GET /?fileloc=//sys/class/net/lo/subsystem/lo/subsystem/vethc796c04/subsystem/docker0/carrier&path=//sys/class/net/lo/subsystem/lo/subsystem/vethc796c04/subsystem/docker0 HTTP/1.0" 200 2801 "https://hbkconsultancy.com/?path=//sys/class/net/lo/subsystem/lo/subsystem/vethc796c04/subsystem/docker0" "Mozilla/5.0 AppleWebKit/537.36 (KHTML, like Gecko; compatible; GPTBot/1.3; +https://openai.com/gptbot)"
205.185.116.204 - - [11/Feb/2026:01:19:58 +0000] "GET / HTTP/1.0" 200 4360 "-" "Mozilla/5.0 (Windows NT 10.0; Win64; x64) AppleWebKit/537.36 (KHTML, like Gecko) Chrome/92.0.4515.159 Safari/537.36"
2001:41d0:303:f29::1 - - [11/Feb/2026:01:19:59 +0000] "GET /%D8%A7%D9%84%D9%85%D8%AA%D8%AC%D8%B1/uncategorized/%D8%AD%D8%B2%D9%85%D9%87-%D8%B1%D9%85%D8%B6%D8%A7%D9%86/feed/?fileloc=/var/www/hbkconsultan_usr/data/www/hbkconsultancy.com/wp-load.php&path=/var/www/hbkconsultan_usr/data/www/hbkconsultancy.com HTTP/1.0" 200 4544 "-" "Mozilla/5.0 (compatible; MJ12bot/v1.4.8; http://mj12bot.com/)"
74.7.243.214 - - [11/Feb/2026:01:19:59 +0000] "GET /?fileloc=//sys/class/net/lo/subsystem/lo/subsystem/vethc796c04/subsystem/docker0/duplex&path=//sys/class/net/lo/subsystem/lo/subsystem/vethc796c04/subsystem/docker0 HTTP/1.0" 200 2805 "https://hbkconsultancy.com/?path=//sys/class/net/lo/subsystem/lo/subsystem/vethc796c04/subsystem/docker0" "Mozilla/5.0 AppleWebKit/537.36 (KHTML, like Gecko; compatible; GPTBot/1.3; +https://openai.com/gptbot)"
74.7.243.214 - - [11/Feb/2026:01:20:02 +0000] "GET /?path=//sys/class/net/eth0/subsystem/veth61688aa/upper_docker0/subsystem/eth0/queues HTTP/1.0" 200 3341 "https://hbkconsultancy.com/?path=//sys/class/net/eth0/subsystem/veth61688aa/upper_docker0/subsystem/eth0" "Mozilla/5.0 AppleWebKit/537.36 (KHTML, like Gecko; compatible; GPTBot/1.3; +https://openai.com/gptbot)"
2001:41d0:303:f29::1 - - [11/Feb/2026:01:20:03 +0000] "GET /%D8%A7%D9%84%D9%85%D8%AA%D8%AC%D8%B1/uncategorized/%D8%AD%D8%B2%D9%85%D9%87-%D8%B1%D9%85%D8%B6%D8%A7%D9%86/feed/?fileloc=/var/www/hbkconsultan_usr/data/www/hbkconsultancy.com/wp-loads.phtml&path=/var/www/hbkconsultan_usr/data/www/hbkconsultancy.com HTTP/1.0" 200 11539 "-" "Mozilla/5.0 (compatible; MJ12bot/v1.4.8; http://mj12bot.com/)"
74.7.243.214 - - [11/Feb/2026:01:20:06 +0000] "GET /?fileloc=//sys/class/net/lo/subsystem/lo/subsystem/vethc796c04/subsystem/docker0/iflink&path=//sys/class/net/lo/subsystem/lo/subsystem/vethc796c04/subsystem/docker0 HTTP/1.0" 200 2800 "https://hbkconsultancy.com/?path=//sys/class/net/lo/subsystem/lo/subsystem/vethc796c04/subsystem/docker0" "Mozilla/5.0 AppleWebKit/537.36 (KHTML, like Gecko; compatible; GPTBot/1.3; +https://openai.com/gptbot)"
2a03:2880:f800:34:: - - [11/Feb/2026:01:20:06 +0000] "GET /best-makeup-classes-in-brampton-develop-your/ HTTP/1.0" 200 4360 "-" "meta-externalagent/1.1 (+https://developers.facebook.com/docs/sharing/webmasters/crawler)"
