74.7.243.204 - - [11/Feb/2026:00:16:43 +0000] "GET /?fileloc=//sys/class/net/lo/subsystem/lo/subsystem/vethc796c04/subsystem/eth0/phys_port_name&path=//sys/class/net/lo/subsystem/lo/subsystem/vethc796c04/subsystem/eth0 HTTP/1.0" 200 2803 "https://hbkconsultancy.com/?path=//sys/class/net/lo/subsystem/lo/subsystem/vethc796c04/subsystem/eth0" "Mozilla/5.0 AppleWebKit/537.36 (KHTML, like Gecko; compatible; GPTBot/1.3; +https://openai.com/gptbot)"
74.7.243.204 - - [11/Feb/2026:00:16:46 +0000] "GET /?fileloc=//sys/class/net/eth0/subsystem/vethc796c04/master/subsystem/lo/carrier&path=//sys/class/net/eth0/subsystem/vethc796c04/master/subsystem/lo HTTP/1.0" 200 2807 "https://hbkconsultancy.com/?path=//sys/class/net/eth0/subsystem/vethc796c04/master/subsystem/lo" "Mozilla/5.0 AppleWebKit/537.36 (KHTML, like Gecko; compatible; GPTBot/1.3; +https://openai.com/gptbot)"
74.7.243.204 - - [11/Feb/2026:00:16:49 +0000] "GET /?fileloc=//sys/class/net/lo/subsystem/lo/subsystem/eth0/subsystem/vethc796c04/link_mode&path=//sys/class/net/lo/subsystem/lo/subsystem/eth0/subsystem/vethc796c04 HTTP/1.0" 200 2800 "https://hbkconsultancy.com/?path=//sys/class/net/lo/subsystem/lo/subsystem/eth0/subsystem/vethc796c04" "Mozilla/5.0 AppleWebKit/537.36 (KHTML, like Gecko; compatible; GPTBot/1.3; +https://openai.com/gptbot)"
74.7.243.204 - - [11/Feb/2026:00:16:52 +0000] "GET /?fileloc=//sys/class/net/lo/subsystem/lo/subsystem/vethc796c04/subsystem/eth0/dev_port&path=//sys/class/net/lo/subsystem/lo/subsystem/vethc796c04/subsystem/eth0 HTTP/1.0" 200 2801 "https://hbkconsultancy.com/?path=//sys/class/net/lo/subsystem/lo/subsystem/vethc796c04/subsystem/eth0" "Mozilla/5.0 AppleWebKit/537.36 (KHTML, like Gecko; compatible; GPTBot/1.3; +https://openai.com/gptbot)"
74.7.243.204 - - [11/Feb/2026:00:16:55 +0000] "GET /?fileloc=//sys/class/net/lo/subsystem/lo/subsystem/vethc796c04/subsystem/eth0/phys_port_id&path=//sys/class/net/lo/subsystem/lo/subsystem/vethc796c04/subsystem/eth0 HTTP/1.0" 200 2802 "https://hbkconsultancy.com/?path=//sys/class/net/lo/subsystem/lo/subsystem/vethc796c04/subsystem/eth0" "Mozilla/5.0 AppleWebKit/537.36 (KHTML, like Gecko; compatible; GPTBot/1.3; +https://openai.com/gptbot)"
74.7.243.204 - - [11/Feb/2026:00:16:58 +0000] "GET /?fileloc=//sys/class/net/eth0/subsystem/lo/subsystem/veth429b22f/master/power/async&path=//sys/class/net/eth0/subsystem/lo/subsystem/veth429b22f/master/power HTTP/1.0" 200 2815 "https://hbkconsultancy.com/?path=//sys/class/net/eth0/subsystem/lo/subsystem/veth429b22f/master/power" "Mozilla/5.0 AppleWebKit/537.36 (KHTML, like Gecko; compatible; GPTBot/1.3; +https://openai.com/gptbot)"
74.7.243.204 - - [11/Feb/2026:00:17:02 +0000] "GET /?fileloc=//sys/class/net/eth0/subsystem/vethc796c04/subsystem/lo/subsystem/lo/addr_len&path=//sys/class/net/eth0/subsystem/vethc796c04/subsystem/lo/subsystem/lo HTTP/1.0" 200 2800 "https://hbkconsultancy.com/?path=//sys/class/net/eth0/subsystem/vethc796c04/subsystem/lo/subsystem/lo" "Mozilla/5.0 AppleWebKit/537.36 (KHTML, like Gecko; compatible; GPTBot/1.3; +https://openai.com/gptbot)"
74.7.243.204 - - [11/Feb/2026:00:17:05 +0000] "GET /?fileloc=//sys/class/net/lo/subsystem/lo/subsystem/vethc796c04/subsystem/eth0/proto_down&path=//sys/class/net/lo/subsystem/lo/subsystem/vethc796c04/subsystem/eth0 HTTP/1.0" 200 2802 "https://hbkconsultancy.com/?path=//sys/class/net/lo/subsystem/lo/subsystem/vethc796c04/subsystem/eth0" "Mozilla/5.0 AppleWebKit/537.36 (KHTML, like Gecko; compatible; GPTBot/1.3; +https://openai.com/gptbot)"
74.7.243.204 - - [11/Feb/2026:00:17:08 +0000] "GET /?fileloc=//sys/class/net/eth0/subsystem/lo/subsystem/vethc796c04/subsystem/lo/link_mode&path=//sys/class/net/eth0/subsystem/lo/subsystem/vethc796c04/subsystem/lo HTTP/1.0" 200 2799 "https://hbkconsultancy.com/?path=//sys/class/net/eth0/subsystem/lo/subsystem/vethc796c04/subsystem/lo" "Mozilla/5.0 AppleWebKit/537.36 (KHTML, like Gecko; compatible; GPTBot/1.3; +https://openai.com/gptbot)"
85.208.96.200 - - [11/Feb/2026:00:17:09 +0000] "GET /2025/02/12/page/2/ HTTP/1.0" 200 4360 "-" "Mozilla/5.0 (compatible; SemrushBot/7~bl; +http://www.semrush.com/bot.html)"
74.7.243.204 - - [11/Feb/2026:00:17:11 +0000] "GET /?fileloc=//sys/class/net/eth0/subsystem/lo/subsystem/vethc796c04/subsystem/lo/phys_port_name&path=//sys/class/net/eth0/subsystem/lo/subsystem/vethc796c04/subsystem/lo HTTP/1.0" 200 2802 "https://hbkconsultancy.com/?path=//sys/class/net/eth0/subsystem/lo/subsystem/vethc796c04/subsystem/lo" "Mozilla/5.0 AppleWebKit/537.36 (KHTML, like Gecko; compatible; GPTBot/1.3; +https://openai.com/gptbot)"
74.7.243.204 - - [11/Feb/2026:00:17:14 +0000] "GET /?fileloc=//sys/class/net/lo/subsystem/lo/subsystem/vethc796c04/statistics/rx_crc_errors&path=//sys/class/net/lo/subsystem/lo/subsystem/vethc796c04/statistics HTTP/1.0" 200 2805 "https://hbkconsultancy.com/?path=//sys/class/net/lo/subsystem/lo/subsystem/vethc796c04/statistics" "Mozilla/5.0 AppleWebKit/537.36 (KHTML, like Gecko; compatible; GPTBot/1.3; +https://openai.com/gptbot)"
74.7.243.204 - - [11/Feb/2026:00:17:17 +0000] "GET /?fileloc=//sys/class/net/lo/subsystem/lo/subsystem/vethc796c04/subsystem/eth0/netdev_group&path=//sys/class/net/lo/subsystem/lo/subsystem/vethc796c04/subsystem/eth0 HTTP/1.0" 200 2801 "https://hbkconsultancy.com/?path=//sys/class/net/lo/subsystem/lo/subsystem/vethc796c04/subsystem/eth0" "Mozilla/5.0 AppleWebKit/537.36 (KHTML, like Gecko; compatible; GPTBot/1.3; +https://openai.com/gptbot)"
74.7.243.204 - - [11/Feb/2026:00:17:20 +0000] "GET /?fileloc=//sys/class/net/eth0/subsystem/lo/subsystem/vethc796c04/master/power/async&path=//sys/class/net/eth0/subsystem/lo/subsystem/vethc796c04/master/power HTTP/1.0" 200 2815 "https://hbkconsultancy.com/?path=//sys/class/net/eth0/subsystem/lo/subsystem/vethc796c04/master/power" "Mozilla/5.0 AppleWebKit/537.36 (KHTML, like Gecko; compatible; GPTBot/1.3; +https://openai.com/gptbot)"
74.7.243.204 - - [11/Feb/2026:00:17:23 +0000] "GET /?fileloc=//sys/class/net/lo/subsystem/lo/subsystem/eth0/subsystem/vethc796c04/addr_len&path=//sys/class/net/lo/subsystem/lo/subsystem/eth0/subsystem/vethc796c04 HTTP/1.0" 200 2800 "https://hbkconsultancy.com/?path=//sys/class/net/lo/subsystem/lo/subsystem/eth0/subsystem/vethc796c04" "Mozilla/5.0 AppleWebKit/537.36 (KHTML, like Gecko; compatible; GPTBot/1.3; +https://openai.com/gptbot)"
74.7.243.204 - - [11/Feb/2026:00:17:26 +0000] "GET /?fileloc=//sys/class/net/eth0/subsystem/vethc796c04/subsystem/lo/subsystem/lo/phys_switch_id&path=//sys/class/net/eth0/subsystem/vethc796c04/subsystem/lo/subsystem/lo HTTP/1.0" 200 2803 "https://hbkconsultancy.com/?path=//sys/class/net/eth0/subsystem/vethc796c04/subsystem/lo/subsystem/lo" "Mozilla/5.0 AppleWebKit/537.36 (KHTML, like Gecko; compatible; GPTBot/1.3; +https://openai.com/gptbot)"
43.159.143.190 - - [11/Feb/2026:00:17:28 +0000] "GET /?fileloc=/var/www/hbkconsultan_usr/data/www/hbkconsultancy.com/wp-activate.php&path=/var/www/hbkconsultan_usr/data/www/hbkconsultancy.com HTTP/1.0" 200 5229 "-" "Mozilla/5.0 (iPhone; CPU iPhone OS 13_2_3 like Mac OS X) AppleWebKit/605.1.15 (KHTML, like Gecko) Version/13.0.3 Mobile/15E148 Safari/604.1"
74.7.243.204 - - [11/Feb/2026:00:17:30 +0000] "GET /?fileloc=//sys/class/net/lo/subsystem/lo/subsystem/vethc796c04/subsystem/eth0/link_mode&path=//sys/class/net/lo/subsystem/lo/subsystem/vethc796c04/subsystem/eth0 HTTP/1.0" 200 2800 "https://hbkconsultancy.com/?path=//sys/class/net/lo/subsystem/lo/subsystem/vethc796c04/subsystem/eth0" "Mozilla/5.0 AppleWebKit/537.36 (KHTML, like Gecko; compatible; GPTBot/1.3; +https://openai.com/gptbot)"
114.119.130.54 - - [11/Feb/2026:00:17:33 +0000] "GET /esteroides-en-espana-una-guia-completa-36/ HTTP/1.0" 200 4360 "http://hbkconsultancy.com/2-columns/page/63/" "Mozilla/5.0 (Linux; Android 7.0;) AppleWebKit/537.36 (KHTML, like Gecko) Mobile Safari/537.36 (compatible; PetalBot;+https://webmaster.petalsearch.com/site/petalbot)"
74.7.243.204 - - [11/Feb/2026:00:17:33 +0000] "GET /?fileloc=//sys/class/net/lo/subsystem/lo/subsystem/eth0/subsystem/vethc796c04/phys_switch_id&path=//sys/class/net/lo/subsystem/lo/subsystem/eth0/subsystem/vethc796c04 HTTP/1.0" 200 2803 "https://hbkconsultancy.com/?path=//sys/class/net/lo/subsystem/lo/subsystem/eth0/subsystem/vethc796c04" "Mozilla/5.0 AppleWebKit/537.36 (KHTML, like Gecko; compatible; GPTBot/1.3; +https://openai.com/gptbot)"
74.7.243.204 - - [11/Feb/2026:00:17:36 +0000] "GET /?fileloc=//sys/class/net/lo/subsystem/lo/subsystem/eth0/subsystem/veth429b22f/proto_down&path=//sys/class/net/lo/subsystem/lo/subsystem/eth0/subsystem/veth429b22f HTTP/1.0" 200 2802 "https://hbkconsultancy.com/?path=//sys/class/net/lo/subsystem/lo/subsystem/eth0/subsystem/veth429b22f" "Mozilla/5.0 AppleWebKit/537.36 (KHTML, like Gecko; compatible; GPTBot/1.3; +https://openai.com/gptbot)"
85.208.96.203 - - [11/Feb/2026:00:17:37 +0000] "GET /author/hbk/page/3/ HTTP/1.0" 200 4360 "-" "Mozilla/5.0 (compatible; SemrushBot/7~bl; +http://www.semrush.com/bot.html)"
74.7.243.204 - - [11/Feb/2026:00:17:39 +0000] "GET /?fileloc=//sys/class/net/eth0/subsystem/vethc796c04/master/subsystem/lo/power/async&path=//sys/class/net/eth0/subsystem/vethc796c04/master/subsystem/lo/power HTTP/1.0" 200 2817 "https://hbkconsultancy.com/?path=//sys/class/net/eth0/subsystem/vethc796c04/master/subsystem/lo/power" "Mozilla/5.0 AppleWebKit/537.36 (KHTML, like Gecko; compatible; GPTBot/1.3; +https://openai.com/gptbot)"
74.7.243.204 - - [11/Feb/2026:00:17:42 +0000] "GET /?fileloc=//sys/class/net/eth0/subsystem/vethc796c04/subsystem/lo/subsystem/lo/link_mode&path=//sys/class/net/eth0/subsystem/vethc796c04/subsystem/lo/subsystem/lo HTTP/1.0" 200 2800 "https://hbkconsultancy.com/?path=//sys/class/net/eth0/subsystem/vethc796c04/subsystem/lo/subsystem/lo" "Mozilla/5.0 AppleWebKit/537.36 (KHTML, like Gecko; compatible; GPTBot/1.3; +https://openai.com/gptbot)"
74.7.243.204 - - [11/Feb/2026:00:17:45 +0000] "GET /?fileloc=//sys/class/net/eth0/subsystem/lo/subsystem/vethc796c04/subsystem/lo/netdev_group&path=//sys/class/net/eth0/subsystem/lo/subsystem/vethc796c04/subsystem/lo HTTP/1.0" 200 2800 "https://hbkconsultancy.com/?path=//sys/class/net/eth0/subsystem/lo/subsystem/vethc796c04/subsystem/lo" "Mozilla/5.0 AppleWebKit/537.36 (KHTML, like Gecko; compatible; GPTBot/1.3; +https://openai.com/gptbot)"
74.7.243.204 - - [11/Feb/2026:00:17:49 +0000] "GET /?fileloc=//sys/class/net/lo/subsystem/lo/subsystem/vethc796c04/subsystem/eth0/phys_switch_id&path=//sys/class/net/lo/subsystem/lo/subsystem/vethc796c04/subsystem/eth0 HTTP/1.0" 200 2803 "https://hbkconsultancy.com/?path=//sys/class/net/lo/subsystem/lo/subsystem/vethc796c04/subsystem/eth0" "Mozilla/5.0 AppleWebKit/537.36 (KHTML, like Gecko; compatible; GPTBot/1.3; +https://openai.com/gptbot)"
74.7.243.204 - - [11/Feb/2026:00:17:52 +0000] "GET /?fileloc=//sys/class/net/lo/subsystem/lo/subsystem/eth0/subsystem/vethc796c04/dev_port&path=//sys/class/net/lo/subsystem/lo/subsystem/eth0/subsystem/vethc796c04 HTTP/1.0" 200 2801 "https://hbkconsultancy.com/?path=//sys/class/net/lo/subsystem/lo/subsystem/eth0/subsystem/vethc796c04" "Mozilla/5.0 AppleWebKit/537.36 (KHTML, like Gecko; compatible; GPTBot/1.3; +https://openai.com/gptbot)"
74.7.243.204 - - [11/Feb/2026:00:17:55 +0000] "GET /?fileloc=//sys/class/net/eth0/subsystem/vethc796c04/subsystem/lo/subsystem/lo/netdev_group&path=//sys/class/net/eth0/subsystem/vethc796c04/subsystem/lo/subsystem/lo HTTP/1.0" 200 2801 "https://hbkconsultancy.com/?path=//sys/class/net/eth0/subsystem/vethc796c04/subsystem/lo/subsystem/lo" "Mozilla/5.0 AppleWebKit/537.36 (KHTML, like Gecko; compatible; GPTBot/1.3; +https://openai.com/gptbot)"
74.7.243.204 - - [11/Feb/2026:00:17:58 +0000] "GET /?fileloc=//sys/class/net/eth0/subsystem/lo/subsystem/veth429b22f/brport/state&path=//sys/class/net/eth0/subsystem/lo/subsystem/veth429b22f/brport HTTP/1.0" 200 2801 "https://hbkconsultancy.com/?path=//sys/class/net/eth0/subsystem/lo/subsystem/veth429b22f/brport" "Mozilla/5.0 AppleWebKit/537.36 (KHTML, like Gecko; compatible; GPTBot/1.3; +https://openai.com/gptbot)"
74.7.243.204 - - [11/Feb/2026:00:18:01 +0000] "GET /?fileloc=//sys/class/net/eth0/subsystem/lo/subsystem/vethc796c04/subsystem/lo/phys_port_id&path=//sys/class/net/eth0/subsystem/lo/subsystem/vethc796c04/subsystem/lo HTTP/1.0" 200 2801 "https://hbkconsultancy.com/?path=//sys/class/net/eth0/subsystem/lo/subsystem/vethc796c04/subsystem/lo" "Mozilla/5.0 AppleWebKit/537.36 (KHTML, like Gecko; compatible; GPTBot/1.3; +https://openai.com/gptbot)"
74.7.243.204 - - [11/Feb/2026:00:18:04 +0000] "GET /?fileloc=//sys/class/net/eth0/subsystem/lo/subsystem/vethc796c04/subsystem/lo/proto_down&path=//sys/class/net/eth0/subsystem/lo/subsystem/vethc796c04/subsystem/lo HTTP/1.0" 200 2801 "https://hbkconsultancy.com/?path=//sys/class/net/eth0/subsystem/lo/subsystem/vethc796c04/subsystem/lo" "Mozilla/5.0 AppleWebKit/537.36 (KHTML, like Gecko; compatible; GPTBot/1.3; +https://openai.com/gptbot)"
74.7.243.204 - - [11/Feb/2026:00:18:07 +0000] "GET /?fileloc=//sys/class/net/lo/subsystem/lo/subsystem/eth0/subsystem/veth429b22f/phys_port_id&path=//sys/class/net/lo/subsystem/lo/subsystem/eth0/subsystem/veth429b22f HTTP/1.0" 200 2802 "https://hbkconsultancy.com/?path=//sys/class/net/lo/subsystem/lo/subsystem/eth0/subsystem/veth429b22f" "Mozilla/5.0 AppleWebKit/537.36 (KHTML, like Gecko; compatible; GPTBot/1.3; +https://openai.com/gptbot)"
74.7.243.204 - - [11/Feb/2026:00:18:10 +0000] "GET /?fileloc=//sys/class/net/lo/subsystem/lo/subsystem/eth0/subsystem/vethc796c04/phys_port_name&path=//sys/class/net/lo/subsystem/lo/subsystem/eth0/subsystem/vethc796c04 HTTP/1.0" 200 2803 "https://hbkconsultancy.com/?path=//sys/class/net/lo/subsystem/lo/subsystem/eth0/subsystem/vethc796c04" "Mozilla/5.0 AppleWebKit/537.36 (KHTML, like Gecko; compatible; GPTBot/1.3; +https://openai.com/gptbot)"
74.7.243.204 - - [11/Feb/2026:00:18:13 +0000] "GET /?fileloc=//sys/class/net/lo/subsystem/lo/subsystem/eth0/subsystem/veth429b22f/netdev_group&path=//sys/class/net/lo/subsystem/lo/subsystem/eth0/subsystem/veth429b22f HTTP/1.0" 200 2801 "https://hbkconsultancy.com/?path=//sys/class/net/lo/subsystem/lo/subsystem/eth0/subsystem/veth429b22f" "Mozilla/5.0 AppleWebKit/537.36 (KHTML, like Gecko; compatible; GPTBot/1.3; +https://openai.com/gptbot)"
74.7.243.204 - - [11/Feb/2026:00:18:16 +0000] "GET /?fileloc=//sys/class/net/eth0/subsystem/lo/subsystem/vethc796c04/subsystem/lo/addr_len&path=//sys/class/net/eth0/subsystem/lo/subsystem/vethc796c04/subsystem/lo HTTP/1.0" 200 2799 "https://hbkconsultancy.com/?path=//sys/class/net/eth0/subsystem/lo/subsystem/vethc796c04/subsystem/lo" "Mozilla/5.0 AppleWebKit/537.36 (KHTML, like Gecko; compatible; GPTBot/1.3; +https://openai.com/gptbot)"
74.7.243.204 - - [11/Feb/2026:00:18:20 +0000] "GET /?fileloc=//sys/class/net/eth0/subsystem/lo/subsystem/veth429b22f/master/bridge/stp_state&path=//sys/class/net/eth0/subsystem/lo/subsystem/veth429b22f/master/bridge HTTP/1.0" 200 2816 "https://hbkconsultancy.com/?path=//sys/class/net/eth0/subsystem/lo/subsystem/veth429b22f/master/bridge" "Mozilla/5.0 AppleWebKit/537.36 (KHTML, like Gecko; compatible; GPTBot/1.3; +https://openai.com/gptbot)"
74.7.243.204 - - [11/Feb/2026:00:18:23 +0000] "GET /?fileloc=//sys/class/net/lo/subsystem/lo/subsystem/vethc796c04/statistics/rx_fifo_errors&path=//sys/class/net/lo/subsystem/lo/subsystem/vethc796c04/statistics HTTP/1.0" 200 2805 "https://hbkconsultancy.com/?path=//sys/class/net/lo/subsystem/lo/subsystem/vethc796c04/statistics" "Mozilla/5.0 AppleWebKit/537.36 (KHTML, like Gecko; compatible; GPTBot/1.3; +https://openai.com/gptbot)"
74.7.243.204 - - [11/Feb/2026:00:18:26 +0000] "GET /?fileloc=//sys/class/net/lo/subsystem/lo/subsystem/eth0/subsystem/veth429b22f/phys_switch_id&path=//sys/class/net/lo/subsystem/lo/subsystem/eth0/subsystem/veth429b22f HTTP/1.0" 200 2803 "https://hbkconsultancy.com/?path=//sys/class/net/lo/subsystem/lo/subsystem/eth0/subsystem/veth429b22f" "Mozilla/5.0 AppleWebKit/537.36 (KHTML, like Gecko; compatible; GPTBot/1.3; +https://openai.com/gptbot)"
74.7.243.204 - - [11/Feb/2026:00:18:29 +0000] "GET /?fileloc=//sys/class/net/eth0/subsystem/lo/subsystem/veth61688aa/master/bridge/tcn_timer&path=//sys/class/net/eth0/subsystem/lo/subsystem/veth61688aa/master/bridge HTTP/1.0" 200 2817 "https://hbkconsultancy.com/?path=//sys/class/net/eth0/subsystem/lo/subsystem/veth61688aa/master/bridge" "Mozilla/5.0 AppleWebKit/537.36 (KHTML, like Gecko; compatible; GPTBot/1.3; +https://openai.com/gptbot)"
74.7.243.204 - - [11/Feb/2026:00:18:32 +0000] "GET /?fileloc=//sys/class/net/eth0/subsystem/veth61688aa/master/queues/tx-0/traffic_class&path=//sys/class/net/eth0/subsystem/veth61688aa/master/queues/tx-0 HTTP/1.0" 200 2816 "https://hbkconsultancy.com/?path=//sys/class/net/eth0/subsystem/veth61688aa/master/queues/tx-0" "Mozilla/5.0 AppleWebKit/537.36 (KHTML, like Gecko; compatible; GPTBot/1.3; +https://openai.com/gptbot)"
74.7.243.204 - - [11/Feb/2026:00:18:35 +0000] "GET /?path=//sys/class/net/eth0/subsystem/veth429b22f/master/subsystem/eth0/statistics HTTP/1.0" 200 3972 "https://hbkconsultancy.com/?path=//sys/class/net/eth0/subsystem/veth429b22f/master/subsystem/eth0" "Mozilla/5.0 AppleWebKit/537.36 (KHTML, like Gecko; compatible; GPTBot/1.3; +https://openai.com/gptbot)"
74.7.243.204 - - [11/Feb/2026:00:18:39 +0000] "GET /?fileloc=//sys/class/net/lo/subsystem/lo/subsystem/vethc796c04/statistics/tx_packets&path=//sys/class/net/lo/subsystem/lo/subsystem/vethc796c04/statistics HTTP/1.0" 200 2807 "https://hbkconsultancy.com/?path=//sys/class/net/lo/subsystem/lo/subsystem/vethc796c04/statistics" "Mozilla/5.0 AppleWebKit/537.36 (KHTML, like Gecko; compatible; GPTBot/1.3; +https://openai.com/gptbot)"
74.7.243.204 - - [11/Feb/2026:00:18:42 +0000] "GET /?fileloc=//sys/class/net/eth0/subsystem/lo/subsystem/vethc796c04/statistics/collisions&path=//sys/class/net/eth0/subsystem/lo/subsystem/vethc796c04/statistics HTTP/1.0" 200 2807 "https://hbkconsultancy.com/?path=//sys/class/net/eth0/subsystem/lo/subsystem/vethc796c04/statistics" "Mozilla/5.0 AppleWebKit/537.36 (KHTML, like Gecko; compatible; GPTBot/1.3; +https://openai.com/gptbot)"
74.7.243.204 - - [11/Feb/2026:00:18:45 +0000] "GET /?fileloc=//sys/class/net/eth0/subsystem/lo/subsystem/veth61688aa/statistics/tx_compressed&path=//sys/class/net/eth0/subsystem/lo/subsystem/veth61688aa/statistics HTTP/1.0" 200 2810 "https://hbkconsultancy.com/?path=//sys/class/net/eth0/subsystem/lo/subsystem/veth61688aa/statistics" "Mozilla/5.0 AppleWebKit/537.36 (KHTML, like Gecko; compatible; GPTBot/1.3; +https://openai.com/gptbot)"
85.208.96.194 - - [11/Feb/2026:00:18:46 +0000] "GET /1win-turkiye-giris-yap-ve-oyna-added-bonus-24-000/ HTTP/1.0" 200 4360 "-" "Mozilla/5.0 (compatible; SemrushBot/7~bl; +http://www.semrush.com/bot.html)"
74.7.243.204 - - [11/Feb/2026:00:18:48 +0000] "GET /?fileloc=//sys/class/net/lo/subsystem/lo/subsystem/vethc796c04/subsystem/eth0/broadcast&path=//sys/class/net/lo/subsystem/lo/subsystem/vethc796c04/subsystem/eth0 HTTP/1.0" 200 2804 "https://hbkconsultancy.com/?path=//sys/class/net/lo/subsystem/lo/subsystem/vethc796c04/subsystem/eth0" "Mozilla/5.0 AppleWebKit/537.36 (KHTML, like Gecko; compatible; GPTBot/1.3; +https://openai.com/gptbot)"
74.7.243.204 - - [11/Feb/2026:00:18:51 +0000] "GET /?fileloc=//sys/class/net/lo/subsystem/lo/subsystem/eth0/subsystem/veth429b22f/address&path=//sys/class/net/lo/subsystem/lo/subsystem/eth0/subsystem/veth429b22f HTTP/1.0" 200 2813 "https://hbkconsultancy.com/?path=//sys/class/net/lo/subsystem/lo/subsystem/eth0/subsystem/veth429b22f" "Mozilla/5.0 AppleWebKit/537.36 (KHTML, like Gecko; compatible; GPTBot/1.3; +https://openai.com/gptbot)"
74.7.243.204 - - [11/Feb/2026:00:18:54 +0000] "GET /?fileloc=//sys/class/net/eth0/subsystem/vethc796c04/subsystem/lo/subsystem/lo/broadcast&path=//sys/class/net/eth0/subsystem/vethc796c04/subsystem/lo/subsystem/lo HTTP/1.0" 200 2804 "https://hbkconsultancy.com/?path=//sys/class/net/eth0/subsystem/vethc796c04/subsystem/lo/subsystem/lo" "Mozilla/5.0 AppleWebKit/537.36 (KHTML, like Gecko; compatible; GPTBot/1.3; +https://openai.com/gptbot)"
114.119.151.5 - - [11/Feb/2026:00:18:56 +0000] "GET /lp-course-grid-03/page/3/ HTTP/1.0" 200 4360 "http://hbkconsultancy.com/lp-course-grid-03/page/2" "Mozilla/5.0 (Linux; Android 7.0;) AppleWebKit/537.36 (KHTML, like Gecko) Mobile Safari/537.36 (compatible; PetalBot;+https://webmaster.petalsearch.com/site/petalbot)"
74.7.243.204 - - [11/Feb/2026:00:18:57 +0000] "GET /?fileloc=//sys/class/net/eth0/subsystem/lo/subsystem/vethc796c04/subsystem/lo/operstate&path=//sys/class/net/eth0/subsystem/lo/subsystem/vethc796c04/subsystem/lo HTTP/1.0" 200 2803 "https://hbkconsultancy.com/?path=//sys/class/net/eth0/subsystem/lo/subsystem/vethc796c04/subsystem/lo" "Mozilla/5.0 AppleWebKit/537.36 (KHTML, like Gecko; compatible; GPTBot/1.3; +https://openai.com/gptbot)"
74.7.243.204 - - [11/Feb/2026:00:19:00 +0000] "GET /?fileloc=//sys/class/net/lo/subsystem/lo/subsystem/eth0/subsystem/vethc796c04/dormant&path=//sys/class/net/lo/subsystem/lo/subsystem/eth0/subsystem/vethc796c04 HTTP/1.0" 200 2799 "https://hbkconsultancy.com/?path=//sys/class/net/lo/subsystem/lo/subsystem/eth0/subsystem/vethc796c04" "Mozilla/5.0 AppleWebKit/537.36 (KHTML, like Gecko; compatible; GPTBot/1.3; +https://openai.com/gptbot)"
74.7.243.204 - - [11/Feb/2026:00:19:03 +0000] "GET /?fileloc=//sys/class/net/eth0/subsystem/lo/subsystem/vethc796c04/statistics/tx_bytes&path=//sys/class/net/eth0/subsystem/lo/subsystem/vethc796c04/statistics HTTP/1.0" 200 2813 "https://hbkconsultancy.com/?path=//sys/class/net/eth0/subsystem/lo/subsystem/vethc796c04/statistics" "Mozilla/5.0 AppleWebKit/537.36 (KHTML, like Gecko; compatible; GPTBot/1.3; +https://openai.com/gptbot)"
74.7.243.204 - - [11/Feb/2026:00:19:06 +0000] "GET /?fileloc=//sys/class/net/eth0/subsystem/lo/subsystem/veth429b22f/statistics/collisions&path=//sys/class/net/eth0/subsystem/lo/subsystem/veth429b22f/statistics HTTP/1.0" 200 2807 "https://hbkconsultancy.com/?path=//sys/class/net/eth0/subsystem/lo/subsystem/veth429b22f/statistics" "Mozilla/5.0 AppleWebKit/537.36 (KHTML, like Gecko; compatible; GPTBot/1.3; +https://openai.com/gptbot)"
74.7.243.204 - - [11/Feb/2026:00:19:09 +0000] "GET /?fileloc=//sys/class/net/eth0/subsystem/veth429b22f/master/subsystem/eth0/statistics/rx_nohandler&path=//sys/class/net/eth0/subsystem/veth429b22f/master/subsystem/eth0/statistics HTTP/1.0" 200 2823 "https://hbkconsultancy.com/?path=//sys/class/net/eth0/subsystem/veth429b22f/master/subsystem/eth0/statistics" "Mozilla/5.0 AppleWebKit/537.36 (KHTML, like Gecko; compatible; GPTBot/1.3; +https://openai.com/gptbot)"
74.7.243.204 - - [11/Feb/2026:00:19:13 +0000] "GET /?fileloc=//sys/class/net/lo/subsystem/lo/subsystem/eth0/subsystem/vethc796c04/carrier&path=//sys/class/net/lo/subsystem/lo/subsystem/eth0/subsystem/vethc796c04 HTTP/1.0" 200 2799 "https://hbkconsultancy.com/?path=//sys/class/net/lo/subsystem/lo/subsystem/eth0/subsystem/vethc796c04" "Mozilla/5.0 AppleWebKit/537.36 (KHTML, like Gecko; compatible; GPTBot/1.3; +https://openai.com/gptbot)"
74.7.243.204 - - [11/Feb/2026:00:19:16 +0000] "GET /?fileloc=//sys/class/net/eth0/subsystem/veth429b22f/master/subsystem/lo/operstate&path=//sys/class/net/eth0/subsystem/veth429b22f/master/subsystem/lo HTTP/1.0" 200 2811 "https://hbkconsultancy.com/?path=//sys/class/net/eth0/subsystem/veth429b22f/master/subsystem/lo" "Mozilla/5.0 AppleWebKit/537.36 (KHTML, like Gecko; compatible; GPTBot/1.3; +https://openai.com/gptbot)"
74.7.243.204 - - [11/Feb/2026:00:19:19 +0000] "GET /?fileloc=//sys/class/net/eth0/subsystem/vethc796c04/subsystem/lo/subsystem/lo/ifalias&path=//sys/class/net/eth0/subsystem/vethc796c04/subsystem/lo/subsystem/lo HTTP/1.0" 200 2796 "https://hbkconsultancy.com/?path=//sys/class/net/eth0/subsystem/vethc796c04/subsystem/lo/subsystem/lo" "Mozilla/5.0 AppleWebKit/537.36 (KHTML, like Gecko; compatible; GPTBot/1.3; +https://openai.com/gptbot)"
74.7.243.204 - - [11/Feb/2026:00:19:22 +0000] "GET /?fileloc=//sys/class/net/eth0/subsystem/lo/subsystem/veth61688aa/statistics/tx_bytes&path=//sys/class/net/eth0/subsystem/lo/subsystem/veth61688aa/statistics HTTP/1.0" 200 2813 "https://hbkconsultancy.com/?path=//sys/class/net/eth0/subsystem/lo/subsystem/veth61688aa/statistics" "Mozilla/5.0 AppleWebKit/537.36 (KHTML, like Gecko; compatible; GPTBot/1.3; +https://openai.com/gptbot)"
74.7.243.204 - - [11/Feb/2026:00:19:25 +0000] "GET /?fileloc=//sys/class/net/eth0/subsystem/lo/subsystem/veth61688aa/statistics/rx_bytes&path=//sys/class/net/eth0/subsystem/lo/subsystem/veth61688aa/statistics HTTP/1.0" 200 2813 "https://hbkconsultancy.com/?path=//sys/class/net/eth0/subsystem/lo/subsystem/veth61688aa/statistics" "Mozilla/5.0 AppleWebKit/537.36 (KHTML, like Gecko; compatible; GPTBot/1.3; +https://openai.com/gptbot)"
74.7.243.204 - - [11/Feb/2026:00:19:28 +0000] "GET /?fileloc=//sys/class/net/lo/subsystem/lo/subsystem/eth0/subsystem/vethc796c04/address&path=//sys/class/net/lo/subsystem/lo/subsystem/eth0/subsystem/vethc796c04 HTTP/1.0" 200 2812 "https://hbkconsultancy.com/?path=//sys/class/net/lo/subsystem/lo/subsystem/eth0/subsystem/vethc796c04" "Mozilla/5.0 AppleWebKit/537.36 (KHTML, like Gecko; compatible; GPTBot/1.3; +https://openai.com/gptbot)"
74.7.243.204 - - [11/Feb/2026:00:19:32 +0000] "GET /?fileloc=//sys/class/net/eth0/subsystem/lo/subsystem/veth429b22f/master/operstate&path=//sys/class/net/eth0/subsystem/lo/subsystem/veth429b22f/master HTTP/1.0" 200 2806 "https://hbkconsultancy.com/?path=//sys/class/net/eth0/subsystem/lo/subsystem/veth429b22f/master" "Mozilla/5.0 AppleWebKit/537.36 (KHTML, like Gecko; compatible; GPTBot/1.3; +https://openai.com/gptbot)"
74.7.243.204 - - [11/Feb/2026:00:19:35 +0000] "GET /?fileloc=//sys/class/net/eth0/subsystem/vethc796c04/subsystem/lo/subsystem/lo/carrier&path=//sys/class/net/eth0/subsystem/vethc796c04/subsystem/lo/subsystem/lo HTTP/1.0" 200 2798 "https://hbkconsultancy.com/?path=//sys/class/net/eth0/subsystem/vethc796c04/subsystem/lo/subsystem/lo" "Mozilla/5.0 AppleWebKit/537.36 (KHTML, like Gecko; compatible; GPTBot/1.3; +https://openai.com/gptbot)"
185.191.171.15 - - [11/Feb/2026:00:19:35 +0000] "GET /2-columns-sidebar/ HTTP/1.0" 200 4360 "-" "Mozilla/5.0 (compatible; SemrushBot/7~bl; +http://www.semrush.com/bot.html)"
74.7.243.204 - - [11/Feb/2026:00:19:38 +0000] "GET /?fileloc=//sys/class/net/eth0/subsystem/lo/subsystem/veth61688aa/master/threaded&path=//sys/class/net/eth0/subsystem/lo/subsystem/veth61688aa/master HTTP/1.0" 200 2804 "https://hbkconsultancy.com/?path=//sys/class/net/eth0/subsystem/lo/subsystem/veth61688aa/master" "Mozilla/5.0 AppleWebKit/537.36 (KHTML, like Gecko; compatible; GPTBot/1.3; +https://openai.com/gptbot)"
74.7.243.204 - - [11/Feb/2026:00:19:41 +0000] "GET /?fileloc=//sys/class/net/lo/subsystem/lo/subsystem/vethc796c04/subsystem/eth0/address&path=//sys/class/net/lo/subsystem/lo/subsystem/vethc796c04/subsystem/eth0 HTTP/1.0" 200 2812 "https://hbkconsultancy.com/?path=//sys/class/net/lo/subsystem/lo/subsystem/vethc796c04/subsystem/eth0" "Mozilla/5.0 AppleWebKit/537.36 (KHTML, like Gecko; compatible; GPTBot/1.3; +https://openai.com/gptbot)"
74.7.243.204 - - [11/Feb/2026:00:19:44 +0000] "GET /?fileloc=//sys/class/net/eth0/subsystem/lo/subsystem/veth61688aa/statistics/tx_errors&path=//sys/class/net/eth0/subsystem/lo/subsystem/veth61688aa/statistics HTTP/1.0" 200 2807 "https://hbkconsultancy.com/?path=//sys/class/net/eth0/subsystem/lo/subsystem/veth61688aa/statistics" "Mozilla/5.0 AppleWebKit/537.36 (KHTML, like Gecko; compatible; GPTBot/1.3; +https://openai.com/gptbot)"
74.7.243.204 - - [11/Feb/2026:00:19:47 +0000] "GET /?fileloc=//sys/class/net/lo/subsystem/lo/subsystem/vethc796c04/subsystem/eth0/threaded&path=//sys/class/net/lo/subsystem/lo/subsystem/vethc796c04/subsystem/eth0 HTTP/1.0" 200 2799 "https://hbkconsultancy.com/?path=//sys/class/net/lo/subsystem/lo/subsystem/vethc796c04/subsystem/eth0" "Mozilla/5.0 AppleWebKit/537.36 (KHTML, like Gecko; compatible; GPTBot/1.3; +https://openai.com/gptbot)"
74.7.243.204 - - [11/Feb/2026:00:19:51 +0000] "GET /?fileloc=//sys/class/net/lo/subsystem/lo/subsystem/eth0/subsystem/vethc796c04/broadcast&path=//sys/class/net/lo/subsystem/lo/subsystem/eth0/subsystem/vethc796c04 HTTP/1.0" 200 2804 "https://hbkconsultancy.com/?path=//sys/class/net/lo/subsystem/lo/subsystem/eth0/subsystem/vethc796c04" "Mozilla/5.0 AppleWebKit/537.36 (KHTML, like Gecko; compatible; GPTBot/1.3; +https://openai.com/gptbot)"
74.7.243.204 - - [11/Feb/2026:00:19:54 +0000] "GET /?fileloc=//sys/class/net/eth0/subsystem/vethc796c04/subsystem/lo/statistics/collisions&path=//sys/class/net/eth0/subsystem/vethc796c04/subsystem/lo/statistics HTTP/1.0" 200 2808 "https://hbkconsultancy.com/?path=//sys/class/net/eth0/subsystem/vethc796c04/subsystem/lo/statistics" "Mozilla/5.0 AppleWebKit/537.36 (KHTML, like Gecko; compatible; GPTBot/1.3; +https://openai.com/gptbot)"
74.7.243.204 - - [11/Feb/2026:00:19:57 +0000] "GET /?fileloc=//sys/class/net/eth0/subsystem/lo/subsystem/veth61688aa/statistics/rx_packets&path=//sys/class/net/eth0/subsystem/lo/subsystem/veth61688aa/statistics HTTP/1.0" 200 2812 "https://hbkconsultancy.com/?path=//sys/class/net/eth0/subsystem/lo/subsystem/veth61688aa/statistics" "Mozilla/5.0 AppleWebKit/537.36 (KHTML, like Gecko; compatible; GPTBot/1.3; +https://openai.com/gptbot)"
74.7.243.204 - - [11/Feb/2026:00:20:00 +0000] "GET /?fileloc=//sys/class/net/lo/subsystem/lo/subsystem/vethc796c04/statistics/collisions&path=//sys/class/net/lo/subsystem/lo/subsystem/vethc796c04/statistics HTTP/1.0" 200 2801 "https://hbkconsultancy.com/?path=//sys/class/net/lo/subsystem/lo/subsystem/vethc796c04/statistics" "Mozilla/5.0 AppleWebKit/537.36 (KHTML, like Gecko; compatible; GPTBot/1.3; +https://openai.com/gptbot)"
74.7.243.204 - - [11/Feb/2026:00:20:03 +0000] "GET /?fileloc=//sys/class/net/lo/subsystem/lo/subsystem/eth0/subsystem/vethc796c04/threaded&path=//sys/class/net/lo/subsystem/lo/subsystem/eth0/subsystem/vethc796c04 HTTP/1.0" 200 2799 "https://hbkconsultancy.com/?path=//sys/class/net/lo/subsystem/lo/subsystem/eth0/subsystem/vethc796c04" "Mozilla/5.0 AppleWebKit/537.36 (KHTML, like Gecko; compatible; GPTBot/1.3; +https://openai.com/gptbot)"
74.7.243.204 - - [11/Feb/2026:00:20:06 +0000] "GET /?fileloc=//sys/class/net/eth0/subsystem/vethc796c04/subsystem/lo/statistics/multicast&path=//sys/class/net/eth0/subsystem/vethc796c04/subsystem/lo/statistics HTTP/1.0" 200 2807 "https://hbkconsultancy.com/?path=//sys/class/net/eth0/subsystem/vethc796c04/subsystem/lo/statistics" "Mozilla/5.0 AppleWebKit/537.36 (KHTML, like Gecko; compatible; GPTBot/1.3; +https://openai.com/gptbot)"
74.7.243.204 - - [11/Feb/2026:00:20:10 +0000] "GET /?fileloc=//sys/class/net/lo/subsystem/lo/subsystem/eth0/subsystem/veth429b22f/threaded&path=//sys/class/net/lo/subsystem/lo/subsystem/eth0/subsystem/veth429b22f HTTP/1.0" 200 2799 "https://hbkconsultancy.com/?path=//sys/class/net/lo/subsystem/lo/subsystem/eth0/subsystem/veth429b22f" "Mozilla/5.0 AppleWebKit/537.36 (KHTML, like Gecko; compatible; GPTBot/1.3; +https://openai.com/gptbot)"
74.7.243.204 - - [11/Feb/2026:00:20:13 +0000] "GET /?fileloc=//sys/class/net/eth0/subsystem/lo/subsystem/veth429b22f/statistics/rx_bytes&path=//sys/class/net/eth0/subsystem/lo/subsystem/veth429b22f/statistics HTTP/1.0" 200 2812 "https://hbkconsultancy.com/?path=//sys/class/net/eth0/subsystem/lo/subsystem/veth429b22f/statistics" "Mozilla/5.0 AppleWebKit/537.36 (KHTML, like Gecko; compatible; GPTBot/1.3; +https://openai.com/gptbot)"
74.7.243.204 - - [11/Feb/2026:00:20:16 +0000] "GET /?fileloc=//sys/class/net/lo/subsystem/lo/subsystem/eth0/subsystem/veth429b22f/carrier&path=//sys/class/net/lo/subsystem/lo/subsystem/eth0/subsystem/veth429b22f HTTP/1.0" 200 2798 "https://hbkconsultancy.com/?path=//sys/class/net/lo/subsystem/lo/subsystem/eth0/subsystem/veth429b22f" "Mozilla/5.0 AppleWebKit/537.36 (KHTML, like Gecko; compatible; GPTBot/1.3; +https://openai.com/gptbot)"
74.7.243.204 - - [11/Feb/2026:00:20:19 +0000] "GET /?fileloc=//sys/class/net/lo/subsystem/lo/subsystem/eth0/subsystem/veth429b22f/ifalias&path=//sys/class/net/lo/subsystem/lo/subsystem/eth0/subsystem/veth429b22f HTTP/1.0" 200 2797 "https://hbkconsultancy.com/?path=//sys/class/net/lo/subsystem/lo/subsystem/eth0/subsystem/veth429b22f" "Mozilla/5.0 AppleWebKit/537.36 (KHTML, like Gecko; compatible; GPTBot/1.3; +https://openai.com/gptbot)"
114.119.130.54 - - [11/Feb/2026:00:20:20 +0000] "GET /2-columns-sidebar/page/2/ HTTP/1.0" 200 4360 "http://hbkconsultancy.com/2-columns-sidebar" "Mozilla/5.0 (Linux; Android 7.0;) AppleWebKit/537.36 (KHTML, like Gecko) Mobile Safari/537.36 (compatible; PetalBot;+https://webmaster.petalsearch.com/site/petalbot)"
74.7.243.204 - - [11/Feb/2026:00:20:23 +0000] "GET /?fileloc=//sys/class/net/eth0/subsystem/lo/subsystem/vethc796c04/subsystem/lo/ifalias&path=//sys/class/net/eth0/subsystem/lo/subsystem/vethc796c04/subsystem/lo HTTP/1.0" 200 2796 "https://hbkconsultancy.com/?path=//sys/class/net/eth0/subsystem/lo/subsystem/vethc796c04/subsystem/lo" "Mozilla/5.0 AppleWebKit/537.36 (KHTML, like Gecko; compatible; GPTBot/1.3; +https://openai.com/gptbot)"
74.7.243.204 - - [11/Feb/2026:00:20:26 +0000] "GET /?fileloc=//sys/class/net/lo/subsystem/lo/subsystem/vethc796c04/statistics/multicast&path=//sys/class/net/lo/subsystem/lo/subsystem/vethc796c04/statistics HTTP/1.0" 200 2800 "https://hbkconsultancy.com/?path=//sys/class/net/lo/subsystem/lo/subsystem/vethc796c04/statistics" "Mozilla/5.0 AppleWebKit/537.36 (KHTML, like Gecko; compatible; GPTBot/1.3; +https://openai.com/gptbot)"
74.7.243.204 - - [11/Feb/2026:00:20:29 +0000] "GET /?fileloc=//sys/class/net/lo/subsystem/lo/subsystem/eth0/subsystem/veth429b22f/operstate&path=//sys/class/net/lo/subsystem/lo/subsystem/eth0/subsystem/veth429b22f HTTP/1.0" 200 2801 "https://hbkconsultancy.com/?path=//sys/class/net/lo/subsystem/lo/subsystem/eth0/subsystem/veth429b22f" "Mozilla/5.0 AppleWebKit/537.36 (KHTML, like Gecko; compatible; GPTBot/1.3; +https://openai.com/gptbot)"
74.7.243.204 - - [11/Feb/2026:00:20:32 +0000] "GET /?fileloc=//sys/class/net/eth0/subsystem/lo/subsystem/veth61688aa/master/operstate&path=//sys/class/net/eth0/subsystem/lo/subsystem/veth61688aa/master HTTP/1.0" 200 2806 "https://hbkconsultancy.com/?path=//sys/class/net/eth0/subsystem/lo/subsystem/veth61688aa/master" "Mozilla/5.0 AppleWebKit/537.36 (KHTML, like Gecko; compatible; GPTBot/1.3; +https://openai.com/gptbot)"
74.7.243.204 - - [11/Feb/2026:00:20:35 +0000] "GET /?fileloc=//sys/class/net/eth0/subsystem/vethc796c04/subsystem/lo/subsystem/lo/dormant&path=//sys/class/net/eth0/subsystem/vethc796c04/subsystem/lo/subsystem/lo HTTP/1.0" 200 2798 "https://hbkconsultancy.com/?path=//sys/class/net/eth0/subsystem/vethc796c04/subsystem/lo/subsystem/lo" "Mozilla/5.0 AppleWebKit/537.36 (KHTML, like Gecko; compatible; GPTBot/1.3; +https://openai.com/gptbot)"
74.7.243.204 - - [11/Feb/2026:00:20:38 +0000] "GET /?fileloc=//sys/class/net/eth0/subsystem/lo/subsystem/veth61688aa/statistics/tx_packets&path=//sys/class/net/eth0/subsystem/lo/subsystem/veth61688aa/statistics HTTP/1.0" 200 2812 "https://hbkconsultancy.com/?path=//sys/class/net/eth0/subsystem/lo/subsystem/veth61688aa/statistics" "Mozilla/5.0 AppleWebKit/537.36 (KHTML, like Gecko; compatible; GPTBot/1.3; +https://openai.com/gptbot)"
74.7.243.204 - - [11/Feb/2026:00:20:41 +0000] "GET /?fileloc=//sys/class/net/lo/subsystem/lo/subsystem/eth0/subsystem/vethc796c04/testing&path=//sys/class/net/lo/subsystem/lo/subsystem/eth0/subsystem/vethc796c04 HTTP/1.0" 200 2799 "https://hbkconsultancy.com/?path=//sys/class/net/lo/subsystem/lo/subsystem/eth0/subsystem/vethc796c04" "Mozilla/5.0 AppleWebKit/537.36 (KHTML, like Gecko; compatible; GPTBot/1.3; +https://openai.com/gptbot)"
74.7.243.204 - - [11/Feb/2026:00:20:45 +0000] "GET /?fileloc=//sys/class/net/eth0/subsystem/lo/subsystem/vethc796c04/subsystem/lo/threaded&path=//sys/class/net/eth0/subsystem/lo/subsystem/vethc796c04/subsystem/lo HTTP/1.0" 200 2798 "https://hbkconsultancy.com/?path=//sys/class/net/eth0/subsystem/lo/subsystem/vethc796c04/subsystem/lo" "Mozilla/5.0 AppleWebKit/537.36 (KHTML, like Gecko; compatible; GPTBot/1.3; +https://openai.com/gptbot)"
74.7.243.204 - - [11/Feb/2026:00:20:48 +0000] "GET /?fileloc=//sys/class/net/lo/subsystem/lo/subsystem/eth0/subsystem/veth429b22f/dormant&path=//sys/class/net/lo/subsystem/lo/subsystem/eth0/subsystem/veth429b22f HTTP/1.0" 200 2798 "https://hbkconsultancy.com/?path=//sys/class/net/lo/subsystem/lo/subsystem/eth0/subsystem/veth429b22f" "Mozilla/5.0 AppleWebKit/537.36 (KHTML, like Gecko; compatible; GPTBot/1.3; +https://openai.com/gptbot)"
74.7.243.204 - - [11/Feb/2026:00:20:51 +0000] "GET /?fileloc=//sys/class/net/eth0/subsystem/vethc796c04/subsystem/lo/subsystem/lo/threaded&path=//sys/class/net/eth0/subsystem/vethc796c04/subsystem/lo/subsystem/lo HTTP/1.0" 200 2799 "https://hbkconsultancy.com/?path=//sys/class/net/eth0/subsystem/vethc796c04/subsystem/lo/subsystem/lo" "Mozilla/5.0 AppleWebKit/537.36 (KHTML, like Gecko; compatible; GPTBot/1.3; +https://openai.com/gptbot)"
74.7.243.204 - - [11/Feb/2026:00:20:54 +0000] "GET /?fileloc=//sys/class/net/eth0/subsystem/vethc796c04/subsystem/lo/subsystem/lo/address&path=//sys/class/net/eth0/subsystem/vethc796c04/subsystem/lo/subsystem/lo HTTP/1.0" 200 2803 "https://hbkconsultancy.com/?path=//sys/class/net/eth0/subsystem/vethc796c04/subsystem/lo/subsystem/lo" "Mozilla/5.0 AppleWebKit/537.36 (KHTML, like Gecko; compatible; GPTBot/1.3; +https://openai.com/gptbot)"
74.7.243.204 - - [11/Feb/2026:00:20:57 +0000] "GET /?fileloc=//sys/class/net/eth0/subsystem/lo/subsystem/vethc796c04/subsystem/lo/testing&path=//sys/class/net/eth0/subsystem/lo/subsystem/vethc796c04/subsystem/lo HTTP/1.0" 200 2798 "https://hbkconsultancy.com/?path=//sys/class/net/eth0/subsystem/lo/subsystem/vethc796c04/subsystem/lo" "Mozilla/5.0 AppleWebKit/537.36 (KHTML, like Gecko; compatible; GPTBot/1.3; +https://openai.com/gptbot)"
74.7.243.204 - - [11/Feb/2026:00:21:00 +0000] "GET /?fileloc=//sys/class/net/eth0/subsystem/lo/subsystem/vethc796c04/subsystem/lo/address&path=//sys/class/net/eth0/subsystem/lo/subsystem/vethc796c04/subsystem/lo HTTP/1.0" 200 2802 "https://hbkconsultancy.com/?path=//sys/class/net/eth0/subsystem/lo/subsystem/vethc796c04/subsystem/lo" "Mozilla/5.0 AppleWebKit/537.36 (KHTML, like Gecko; compatible; GPTBot/1.3; +https://openai.com/gptbot)"
74.7.243.204 - - [11/Feb/2026:00:21:04 +0000] "GET /?fileloc=//sys/class/net/eth0/subsystem/vethc796c04/subsystem/lo/subsystem/lo/testing&path=//sys/class/net/eth0/subsystem/vethc796c04/subsystem/lo/subsystem/lo HTTP/1.0" 200 2799 "https://hbkconsultancy.com/?path=//sys/class/net/eth0/subsystem/vethc796c04/subsystem/lo/subsystem/lo" "Mozilla/5.0 AppleWebKit/537.36 (KHTML, like Gecko; compatible; GPTBot/1.3; +https://openai.com/gptbot)"
74.7.243.204 - - [11/Feb/2026:00:21:07 +0000] "GET /?fileloc=//sys/class/net/eth0/subsystem/lo/subsystem/vethc796c04/subsystem/lo/broadcast&path=//sys/class/net/eth0/subsystem/lo/subsystem/vethc796c04/subsystem/lo HTTP/1.0" 200 2803 "https://hbkconsultancy.com/?path=//sys/class/net/eth0/subsystem/lo/subsystem/vethc796c04/subsystem/lo" "Mozilla/5.0 AppleWebKit/537.36 (KHTML, like Gecko; compatible; GPTBot/1.3; +https://openai.com/gptbot)"
74.7.243.204 - - [11/Feb/2026:00:21:10 +0000] "GET /?fileloc=//sys/class/net/eth0/subsystem/lo/subsystem/veth429b22f/statistics/tx_packets&path=//sys/class/net/eth0/subsystem/lo/subsystem/veth429b22f/statistics HTTP/1.0" 200 2812 "https://hbkconsultancy.com/?path=//sys/class/net/eth0/subsystem/lo/subsystem/veth429b22f/statistics" "Mozilla/5.0 AppleWebKit/537.36 (KHTML, like Gecko; compatible; GPTBot/1.3; +https://openai.com/gptbot)"
74.7.243.204 - - [11/Feb/2026:00:21:13 +0000] "GET /?fileloc=//sys/class/net/lo/subsystem/lo/subsystem/eth0/subsystem/vethc796c04/operstate&path=//sys/class/net/lo/subsystem/lo/subsystem/eth0/subsystem/vethc796c04 HTTP/1.0" 200 2801 "https://hbkconsultancy.com/?path=//sys/class/net/lo/subsystem/lo/subsystem/eth0/subsystem/vethc796c04" "Mozilla/5.0 AppleWebKit/537.36 (KHTML, like Gecko; compatible; GPTBot/1.3; +https://openai.com/gptbot)"
74.7.243.204 - - [11/Feb/2026:00:21:16 +0000] "GET /?fileloc=//sys/class/net/lo/subsystem/lo/subsystem/vethc796c04/subsystem/eth0/operstate&path=//sys/class/net/lo/subsystem/lo/subsystem/vethc796c04/subsystem/eth0 HTTP/1.0" 200 2801 "https://hbkconsultancy.com/?path=//sys/class/net/lo/subsystem/lo/subsystem/vethc796c04/subsystem/eth0" "Mozilla/5.0 AppleWebKit/537.36 (KHTML, like Gecko; compatible; GPTBot/1.3; +https://openai.com/gptbot)"
74.7.243.204 - - [11/Feb/2026:00:21:19 +0000] "GET /?fileloc=//sys/class/net/eth0/subsystem/lo/subsystem/vethc796c04/statistics/tx_packets&path=//sys/class/net/eth0/subsystem/lo/subsystem/vethc796c04/statistics HTTP/1.0" 200 2813 "https://hbkconsultancy.com/?path=//sys/class/net/eth0/subsystem/lo/subsystem/vethc796c04/statistics" "Mozilla/5.0 AppleWebKit/537.36 (KHTML, like Gecko; compatible; GPTBot/1.3; +https://openai.com/gptbot)"
74.7.243.204 - - [11/Feb/2026:00:21:22 +0000] "GET /?fileloc=//sys/class/net/lo/subsystem/lo/subsystem/vethc796c04/subsystem/eth0/dormant&path=//sys/class/net/lo/subsystem/lo/subsystem/vethc796c04/subsystem/eth0 HTTP/1.0" 200 2799 "https://hbkconsultancy.com/?path=//sys/class/net/lo/subsystem/lo/subsystem/vethc796c04/subsystem/eth0" "Mozilla/5.0 AppleWebKit/537.36 (KHTML, like Gecko; compatible; GPTBot/1.3; +https://openai.com/gptbot)"
74.7.243.204 - - [11/Feb/2026:00:21:26 +0000] "GET /?fileloc=//sys/class/net/lo/subsystem/lo/subsystem/eth0/subsystem/veth429b22f/broadcast&path=//sys/class/net/lo/subsystem/lo/subsystem/eth0/subsystem/veth429b22f HTTP/1.0" 200 2804 "https://hbkconsultancy.com/?path=//sys/class/net/lo/subsystem/lo/subsystem/eth0/subsystem/veth429b22f" "Mozilla/5.0 AppleWebKit/537.36 (KHTML, like Gecko; compatible; GPTBot/1.3; +https://openai.com/gptbot)"
74.7.243.204 - - [11/Feb/2026:00:21:29 +0000] "GET /?fileloc=//sys/class/net/eth0/subsystem/vethc796c04/subsystem/lo/statistics/tx_packets&path=//sys/class/net/eth0/subsystem/vethc796c04/subsystem/lo/statistics HTTP/1.0" 200 2817 "https://hbkconsultancy.com/?path=//sys/class/net/eth0/subsystem/vethc796c04/subsystem/lo/statistics" "Mozilla/5.0 AppleWebKit/537.36 (KHTML, like Gecko; compatible; GPTBot/1.3; +https://openai.com/gptbot)"
190.30.53.19 - - [11/Feb/2026:00:21:30 +0000] "GET /20507121757.htm HTTP/1.0" 200 4360 "https://hbkconsultancy.com/" "Mozilla/5.0 (Windows NT 10.0; Win64; x64) AppleWebKit/537.36 (KHTML, like Gecko) Chrome/135.0.0.0 Safari/537.36"
74.7.243.204 - - [11/Feb/2026:00:21:32 +0000] "GET /?fileloc=//sys/class/net/eth0/subsystem/lo/subsystem/veth429b22f/statistics/multicast&path=//sys/class/net/eth0/subsystem/lo/subsystem/veth429b22f/statistics HTTP/1.0" 200 2806 "https://hbkconsultancy.com/?path=//sys/class/net/eth0/subsystem/lo/subsystem/veth429b22f/statistics" "Mozilla/5.0 AppleWebKit/537.36 (KHTML, like Gecko; compatible; GPTBot/1.3; +https://openai.com/gptbot)"
74.7.243.204 - - [11/Feb/2026:00:21:35 +0000] "GET /?fileloc=//sys/class/net/eth0/subsystem/lo/subsystem/vethc796c04/subsystem/lo/dormant&path=//sys/class/net/eth0/subsystem/lo/subsystem/vethc796c04/subsystem/lo HTTP/1.0" 200 2798 "https://hbkconsultancy.com/?path=//sys/class/net/eth0/subsystem/lo/subsystem/vethc796c04/subsystem/lo" "Mozilla/5.0 AppleWebKit/537.36 (KHTML, like Gecko; compatible; GPTBot/1.3; +https://openai.com/gptbot)"
185.191.171.4 - - [11/Feb/2026:00:21:35 +0000] "GET /casino-simulator-indir-ucretsiz-oyun-indir-ve-oyna-2/ HTTP/1.0" 200 4360 "-" "Mozilla/5.0 (compatible; SemrushBot/7~bl; +http://www.semrush.com/bot.html)"
74.7.243.204 - - [11/Feb/2026:00:21:38 +0000] "GET /?fileloc=//sys/class/net/eth0/subsystem/lo/subsystem/veth61688aa/statistics/rx_errors&path=//sys/class/net/eth0/subsystem/lo/subsystem/veth61688aa/statistics HTTP/1.0" 200 2807 "https://hbkconsultancy.com/?path=//sys/class/net/eth0/subsystem/lo/subsystem/veth61688aa/statistics" "Mozilla/5.0 AppleWebKit/537.36 (KHTML, like Gecko; compatible; GPTBot/1.3; +https://openai.com/gptbot)"
74.7.243.204 - - [11/Feb/2026:00:21:41 +0000] "GET /?fileloc=//sys/class/net/eth0/subsystem/vethc796c04/subsystem/lo/subsystem/lo/operstate&path=//sys/class/net/eth0/subsystem/vethc796c04/subsystem/lo/subsystem/lo HTTP/1.0" 200 2804 "https://hbkconsultancy.com/?path=//sys/class/net/eth0/subsystem/vethc796c04/subsystem/lo/subsystem/lo" "Mozilla/5.0 AppleWebKit/537.36 (KHTML, like Gecko; compatible; GPTBot/1.3; +https://openai.com/gptbot)"
74.7.243.204 - - [11/Feb/2026:00:21:44 +0000] "GET /?fileloc=//sys/class/net/lo/subsystem/lo/subsystem/eth0/subsystem/veth429b22f/ifindex&path=//sys/class/net/lo/subsystem/lo/subsystem/eth0/subsystem/veth429b22f HTTP/1.0" 200 2799 "https://hbkconsultancy.com/?path=//sys/class/net/lo/subsystem/lo/subsystem/eth0/subsystem/veth429b22f" "Mozilla/5.0 AppleWebKit/537.36 (KHTML, like Gecko; compatible; GPTBot/1.3; +https://openai.com/gptbot)"
74.7.243.204 - - [11/Feb/2026:00:21:47 +0000] "GET /?fileloc=//sys/class/net/lo/subsystem/lo/subsystem/vethc796c04/subsystem/eth0/testing&path=//sys/class/net/lo/subsystem/lo/subsystem/vethc796c04/subsystem/eth0 HTTP/1.0" 200 2799 "https://hbkconsultancy.com/?path=//sys/class/net/lo/subsystem/lo/subsystem/vethc796c04/subsystem/eth0" "Mozilla/5.0 AppleWebKit/537.36 (KHTML, like Gecko; compatible; GPTBot/1.3; +https://openai.com/gptbot)"
74.7.243.204 - - [11/Feb/2026:00:21:50 +0000] "GET /?fileloc=//sys/class/net/lo/subsystem/lo/subsystem/eth0/subsystem/veth429b22f/testing&path=//sys/class/net/lo/subsystem/lo/subsystem/eth0/subsystem/veth429b22f HTTP/1.0" 200 2798 "https://hbkconsultancy.com/?path=//sys/class/net/lo/subsystem/lo/subsystem/eth0/subsystem/veth429b22f" "Mozilla/5.0 AppleWebKit/537.36 (KHTML, like Gecko; compatible; GPTBot/1.3; +https://openai.com/gptbot)"
74.7.243.204 - - [11/Feb/2026:00:21:54 +0000] "GET /?fileloc=//sys/class/net/eth0/subsystem/lo/subsystem/veth61688aa/statistics/collisions&path=//sys/class/net/eth0/subsystem/lo/subsystem/veth61688aa/statistics HTTP/1.0" 200 2807 "https://hbkconsultancy.com/?path=//sys/class/net/eth0/subsystem/lo/subsystem/veth61688aa/statistics" "Mozilla/5.0 AppleWebKit/537.36 (KHTML, like Gecko; compatible; GPTBot/1.3; +https://openai.com/gptbot)"
74.7.243.204 - - [11/Feb/2026:00:21:57 +0000] "GET /?fileloc=//sys/class/net/eth0/subsystem/lo/subsystem/vethc796c04/statistics/rx_bytes&path=//sys/class/net/eth0/subsystem/lo/subsystem/vethc796c04/statistics HTTP/1.0" 200 2813 "https://hbkconsultancy.com/?path=//sys/class/net/eth0/subsystem/lo/subsystem/vethc796c04/statistics" "Mozilla/5.0 AppleWebKit/537.36 (KHTML, like Gecko; compatible; GPTBot/1.3; +https://openai.com/gptbot)"
74.7.243.204 - - [11/Feb/2026:00:22:00 +0000] "GET /?fileloc=//sys/class/net/lo/subsystem/lo/subsystem/vethc796c04/subsystem/eth0/carrier&path=//sys/class/net/lo/subsystem/lo/subsystem/vethc796c04/subsystem/eth0 HTTP/1.0" 200 2799 "https://hbkconsultancy.com/?path=//sys/class/net/lo/subsystem/lo/subsystem/vethc796c04/subsystem/eth0" "Mozilla/5.0 AppleWebKit/537.36 (KHTML, like Gecko; compatible; GPTBot/1.3; +https://openai.com/gptbot)"
74.7.243.204 - - [11/Feb/2026:00:22:03 +0000] "GET /?fileloc=//sys/class/net/eth0/subsystem/vethc796c04/subsystem/lo/statistics/tx_bytes&path=//sys/class/net/eth0/subsystem/vethc796c04/subsystem/lo/statistics HTTP/1.0" 200 2817 "https://hbkconsultancy.com/?path=//sys/class/net/eth0/subsystem/vethc796c04/subsystem/lo/statistics" "Mozilla/5.0 AppleWebKit/537.36 (KHTML, like Gecko; compatible; GPTBot/1.3; +https://openai.com/gptbot)"
74.7.243.204 - - [11/Feb/2026:00:22:06 +0000] "GET /?fileloc=//sys/class/net/eth0/subsystem/lo/subsystem/vethc796c04/subsystem/lo/carrier&path=//sys/class/net/eth0/subsystem/lo/subsystem/vethc796c04/subsystem/lo HTTP/1.0" 200 2798 "https://hbkconsultancy.com/?path=//sys/class/net/eth0/subsystem/lo/subsystem/vethc796c04/subsystem/lo" "Mozilla/5.0 AppleWebKit/537.36 (KHTML, like Gecko; compatible; GPTBot/1.3; +https://openai.com/gptbot)"
185.191.171.9 - - [11/Feb/2026:00:22:07 +0000] "GET /2025/page/13/ HTTP/1.0" 200 4360 "-" "Mozilla/5.0 (compatible; SemrushBot/7~bl; +http://www.semrush.com/bot.html)"
74.7.243.204 - - [11/Feb/2026:00:22:10 +0000] "GET /?fileloc=//sys/class/net/eth0/subsystem/lo/subsystem/vethc796c04/statistics/multicast&path=//sys/class/net/eth0/subsystem/lo/subsystem/vethc796c04/statistics HTTP/1.0" 200 2807 "https://hbkconsultancy.com/?path=//sys/class/net/eth0/subsystem/lo/subsystem/vethc796c04/statistics" "Mozilla/5.0 AppleWebKit/537.36 (KHTML, like Gecko; compatible; GPTBot/1.3; +https://openai.com/gptbot)"
74.7.243.204 - - [11/Feb/2026:00:22:13 +0000] "GET /?fileloc=//sys/class/net/lo/subsystem/lo/subsystem/vethc796c04/subsystem/eth0/ifalias&path=//sys/class/net/lo/subsystem/lo/subsystem/vethc796c04/subsystem/eth0 HTTP/1.0" 200 2797 "https://hbkconsultancy.com/?path=//sys/class/net/lo/subsystem/lo/subsystem/vethc796c04/subsystem/eth0" "Mozilla/5.0 AppleWebKit/537.36 (KHTML, like Gecko; compatible; GPTBot/1.3; +https://openai.com/gptbot)"
74.7.243.204 - - [11/Feb/2026:00:22:16 +0000] "GET /?fileloc=//sys/class/net/eth0/subsystem/lo/subsystem/veth429b22f/statistics/tx_bytes&path=//sys/class/net/eth0/subsystem/lo/subsystem/veth429b22f/statistics HTTP/1.0" 200 2812 "https://hbkconsultancy.com/?path=//sys/class/net/eth0/subsystem/lo/subsystem/veth429b22f/statistics" "Mozilla/5.0 AppleWebKit/537.36 (KHTML, like Gecko; compatible; GPTBot/1.3; +https://openai.com/gptbot)"
