216.73.216.38 - - [11/Feb/2026:01:43:43 +0000] "GET /?path=%2Fvar%2Fwww%2Fhbkconsultan_usr%2Fdata%2Fwww%2Fhbkconsultancy.com%2Fwp-content%2Fplugins%2Ftinymce-advanced HTTP/1.0" 200 3468 "-" "Mozilla/5.0 AppleWebKit/537.36 (KHTML, like Gecko; compatible; ClaudeBot/1.0; [email protected])"
74.7.241.2 - - [11/Feb/2026:01:43:44 +0000] "GET /?path=//sys/class/net/veth61688aa/upper_docker0/subsystem/eth0/device/net/eth0/device/subsystem/devices/virtio1/power HTTP/1.0" 200 3513 "https://hbkconsultancy.com/?path=//sys/class/net/veth61688aa/upper_docker0/subsystem/eth0/device/net/eth0/device/subsystem/devices/virtio1" "Mozilla/5.0 AppleWebKit/537.36 (KHTML, like Gecko; compatible; GPTBot/1.3; +https://openai.com/gptbot)"
216.73.216.38 - - [11/Feb/2026:01:43:46 +0000] "GET /?fileloc=%2Fvar%2Fwww%2Fhbkconsultan_usr%2Fdata%2Fwww%2Fhbkconsultancy.com%2Fwp-includes%2Fhttps-detection.php&path=%2Fvar%2Fwww%2Fhbkconsultan_usr%2Fdata%2Fwww%2Fhbkconsultancy.com%2Fwp-includes HTTP/1.0" 200 4730 "-" "Mozilla/5.0 AppleWebKit/537.36 (KHTML, like Gecko; compatible; ClaudeBot/1.0; [email protected])"
74.7.241.2 - - [11/Feb/2026:01:43:47 +0000] "GET /?path=//sys/class/net/vethc796c04/upper_docker0/subsystem/eth0/device/net/eth0/device/subsystem/devices/virtio1/power HTTP/1.0" 200 3514 "https://hbkconsultancy.com/?path=//sys/class/net/vethc796c04/upper_docker0/subsystem/eth0/device/net/eth0/device/subsystem/devices/virtio1" "Mozilla/5.0 AppleWebKit/537.36 (KHTML, like Gecko; compatible; GPTBot/1.3; +https://openai.com/gptbot)"
216.73.216.38 - - [11/Feb/2026:01:43:49 +0000] "GET /?path=%2Fvar%2Fwww%2Fhbkconsultan_usr%2Fdata%2Fwww%2Fhbkconsultancy.com%2Fwp-includes%2Fcustomize HTTP/1.0" 200 4567 "-" "Mozilla/5.0 AppleWebKit/537.36 (KHTML, like Gecko; compatible; ClaudeBot/1.0; [email protected])"
74.7.241.2 - - [11/Feb/2026:01:43:50 +0000] "GET /?path=//sys/class/net/vethc796c04/upper_docker0/subsystem/eth0/device/net/eth0/device/subsystem/devices/virtio3/power HTTP/1.0" 200 3514 "https://hbkconsultancy.com/?path=//sys/class/net/vethc796c04/upper_docker0/subsystem/eth0/device/net/eth0/device/subsystem/devices/virtio3" "Mozilla/5.0 AppleWebKit/537.36 (KHTML, like Gecko; compatible; GPTBot/1.3; +https://openai.com/gptbot)"
216.73.216.38 - - [11/Feb/2026:01:43:52 +0000] "GET /?path=%2Fvar%2Fwww%2Fhbkconsultan_usr%2Fdata%2Fwww%2Fhbkconsultancy.com%2Fwp-content%2Fplugins%2Fwp-console HTTP/1.0" 200 3484 "-" "Mozilla/5.0 AppleWebKit/537.36 (KHTML, like Gecko; compatible; ClaudeBot/1.0; [email protected])"
74.7.241.2 - - [11/Feb/2026:01:43:53 +0000] "GET /?path=//sys/class/net/vethc796c04/upper_docker0/subsystem/eth0/device/net/eth0/subsystem/eth0/power HTTP/1.0" 200 3486 "https://hbkconsultancy.com/?path=//sys/class/net/vethc796c04/upper_docker0/subsystem/eth0/device/net/eth0/subsystem/eth0" "Mozilla/5.0 AppleWebKit/537.36 (KHTML, like Gecko; compatible; GPTBot/1.3; +https://openai.com/gptbot)"
216.73.216.38 - - [11/Feb/2026:01:43:55 +0000] "GET /?path=%2Fvar%2Fwww%2Fhbkconsultan_usr%2Fdata%2Fwww%2Fhbkconsultancy.com%2Fwp-includes%2Fwidgets HTTP/1.0" 200 4010 "-" "Mozilla/5.0 AppleWebKit/537.36 (KHTML, like Gecko; compatible; ClaudeBot/1.0; [email protected])"
74.7.241.2 - - [11/Feb/2026:01:43:56 +0000] "GET /?path=//sys/class/net/veth61688aa/upper_docker0/subsystem/eth0/device/net/eth0/subsystem/eth0/power HTTP/1.0" 200 3485 "https://hbkconsultancy.com/?path=//sys/class/net/veth61688aa/upper_docker0/subsystem/eth0/device/net/eth0/subsystem/eth0" "Mozilla/5.0 AppleWebKit/537.36 (KHTML, like Gecko; compatible; GPTBot/1.3; +https://openai.com/gptbot)"
216.73.216.38 - - [11/Feb/2026:01:43:58 +0000] "GET /?fileloc=%2Fvar%2Frun%2Fproftpd.pid&path=%2Fvar%2Frun HTTP/1.0" 200 2737 "-" "Mozilla/5.0 AppleWebKit/537.36 (KHTML, like Gecko; compatible; ClaudeBot/1.0; [email protected])"
74.7.241.2 - - [11/Feb/2026:01:43:59 +0000] "GET /?path=//sys/class/net/vethc796c04/upper_docker0/subsystem/eth0/device/net/eth0/subsystem/veth429b22f/statistics HTTP/1.0" 200 3969 "https://hbkconsultancy.com/?path=//sys/class/net/vethc796c04/upper_docker0/subsystem/eth0/device/net/eth0/subsystem/veth429b22f" "Mozilla/5.0 AppleWebKit/537.36 (KHTML, like Gecko; compatible; GPTBot/1.3; +https://openai.com/gptbot)"
216.73.216.38 - - [11/Feb/2026:01:44:01 +0000] "GET /?path=%2Fvar%2Fwww%2Fhbkconsultan_usr%2Fdata%2Fwww%2Fhbkconsultancy.com%2Fwp-includes%2FText%2FDiff HTTP/1.0" 200 3283 "-" "Mozilla/5.0 AppleWebKit/537.36 (KHTML, like Gecko; compatible; ClaudeBot/1.0; [email protected])"
74.7.241.2 - - [11/Feb/2026:01:44:02 +0000] "GET /?path=//sys/class/net/veth61688aa/upper_docker0/subsystem/eth0/device/net/eth0/subsystem/lo/subsystem/lo/subsystem/docker0 HTTP/1.0" 200 4750 "https://hbkconsultancy.com/?path=//sys/class/net/veth61688aa/upper_docker0/subsystem/eth0/device/net/eth0/subsystem/lo/subsystem/lo/subsystem" "Mozilla/5.0 AppleWebKit/537.36 (KHTML, like Gecko; compatible; GPTBot/1.3; +https://openai.com/gptbot)"
216.73.216.38 - - [11/Feb/2026:01:44:04 +0000] "GET /?path=%2Fvar%2Fwww%2Fhbkconsultan_usr%2Fdata%2Fwww%2Fhbkconsultancy.com%2Fwp-content%2Fplugins%2Flitespeed-cache HTTP/1.0" 200 4076 "-" "Mozilla/5.0 AppleWebKit/537.36 (KHTML, like Gecko; compatible; ClaudeBot/1.0; [email protected])"
74.7.241.2 - - [11/Feb/2026:01:44:05 +0000] "GET /?path=//sys/class/net/veth61688aa/upper_docker0/subsystem/eth0/device/net/eth0/subsystem/lo/subsystem/lo/subsystem/eth0 HTTP/1.0" 200 4589 "https://hbkconsultancy.com/?path=//sys/class/net/veth61688aa/upper_docker0/subsystem/eth0/device/net/eth0/subsystem/lo/subsystem/lo/subsystem" "Mozilla/5.0 AppleWebKit/537.36 (KHTML, like Gecko; compatible; GPTBot/1.3; +https://openai.com/gptbot)"
216.73.216.38 - - [11/Feb/2026:01:44:07 +0000] "GET /?path=%2Fvar%2Fwww%2Fhbkconsultan_usr%2Fdata%2Fwww%2Fhbkconsultancy.com%2Fwp-admin%2Fincludes%2Fincludes HTTP/1.0" 200 3260 "-" "Mozilla/5.0 AppleWebKit/537.36 (KHTML, like Gecko; compatible; ClaudeBot/1.0; [email protected])"
74.7.241.2 - - [11/Feb/2026:01:44:08 +0000] "GET /?path=//sys/class/net/vethc796c04/upper_docker0/subsystem/eth0/device/net/eth0/subsystem/lo/subsystem/lo/subsystem/eth0 HTTP/1.0" 200 4590 "https://hbkconsultancy.com/?path=//sys/class/net/vethc796c04/upper_docker0/subsystem/eth0/device/net/eth0/subsystem/lo/subsystem/lo/subsystem" "Mozilla/5.0 AppleWebKit/537.36 (KHTML, like Gecko; compatible; GPTBot/1.3; +https://openai.com/gptbot)"
216.73.216.38 - - [11/Feb/2026:01:44:10 +0000] "GET /?fileloc=%2Fvar%2Frun%2Freboot-required&path=%2Fvar%2Frun HTTP/1.0" 200 2751 "-" "Mozilla/5.0 AppleWebKit/537.36 (KHTML, like Gecko; compatible; ClaudeBot/1.0; [email protected])"
74.7.241.2 - - [11/Feb/2026:01:44:12 +0000] "GET /?path=//sys/class/net/vethc796c04/upper_docker0/subsystem/eth0/device/net/eth0/subsystem/lo/subsystem/lo/subsystem/docker0 HTTP/1.0" 200 4750 "https://hbkconsultancy.com/?path=//sys/class/net/vethc796c04/upper_docker0/subsystem/eth0/device/net/eth0/subsystem/lo/subsystem/lo/subsystem" "Mozilla/5.0 AppleWebKit/537.36 (KHTML, like Gecko; compatible; GPTBot/1.3; +https://openai.com/gptbot)"
216.73.216.38 - - [11/Feb/2026:01:44:13 +0000] "GET /?fileloc=%2Fvar%2Frun%2Funattended-upgrades.progress&path=%2Fvar%2Frun HTTP/1.0" 200 2764 "-" "Mozilla/5.0 AppleWebKit/537.36 (KHTML, like Gecko; compatible; ClaudeBot/1.0; [email protected])"
74.7.241.2 - - [11/Feb/2026:01:44:15 +0000] "GET /?path=//sys/class/net/veth61688aa/upper_docker0/subsystem/eth0/device/net/eth0/subsystem/veth61688aa/master/statistics HTTP/1.0" 200 3980 "https://hbkconsultancy.com/?path=//sys/class/net/veth61688aa/upper_docker0/subsystem/eth0/device/net/eth0/subsystem/veth61688aa/master" "Mozilla/5.0 AppleWebKit/537.36 (KHTML, like Gecko; compatible; GPTBot/1.3; +https://openai.com/gptbot)"
216.73.216.38 - - [11/Feb/2026:01:44:16 +0000] "GET /?path=%2Fvar%2Fwww%2Fhbkconsultan_usr%2Fdata%2Fwww%2Fhbkconsultancy.com%2Fwp-content%2Fplugins%2Fwpforms-lite HTTP/1.0" 200 3597 "-" "Mozilla/5.0 AppleWebKit/537.36 (KHTML, like Gecko; compatible; ClaudeBot/1.0; [email protected])"
74.7.241.2 - - [11/Feb/2026:01:44:18 +0000] "GET /?path=//sys/class/net/vethc796c04/upper_docker0/subsystem/eth0/device/net/eth0/subsystem/vethc796c04/master/statistics HTTP/1.0" 200 3980 "https://hbkconsultancy.com/?path=//sys/class/net/vethc796c04/upper_docker0/subsystem/eth0/device/net/eth0/subsystem/vethc796c04/master" "Mozilla/5.0 AppleWebKit/537.36 (KHTML, like Gecko; compatible; GPTBot/1.3; +https://openai.com/gptbot)"
216.73.216.38 - - [11/Feb/2026:01:44:19 +0000] "GET /?fileloc=%2Fvar%2Frun%2Fproftpd.delay&path=%2Fvar%2Frun HTTP/1.0" 200 2732 "-" "Mozilla/5.0 AppleWebKit/537.36 (KHTML, like Gecko; compatible; ClaudeBot/1.0; [email protected])"
74.7.241.2 - - [11/Feb/2026:01:44:21 +0000] "GET /?path=//sys/class/net/veth61688aa/upper_docker0/subsystem/eth0/device/net/eth0/subsystem/veth61688aa/statistics HTTP/1.0" 200 3961 "https://hbkconsultancy.com/?path=//sys/class/net/veth61688aa/upper_docker0/subsystem/eth0/device/net/eth0/subsystem/veth61688aa" "Mozilla/5.0 AppleWebKit/537.36 (KHTML, like Gecko; compatible; GPTBot/1.3; +https://openai.com/gptbot)"
74.7.241.2 - - [11/Feb/2026:01:44:24 +0000] "GET /?path=//sys/class/net/veth61688aa/upper_docker0/subsystem/eth0/device/net/eth0/subsystem/veth61688aa/master/subsystem HTTP/1.0" 200 3336 "https://hbkconsultancy.com/?path=//sys/class/net/veth61688aa/upper_docker0/subsystem/eth0/device/net/eth0/subsystem/veth61688aa/master" "Mozilla/5.0 AppleWebKit/537.36 (KHTML, like Gecko; compatible; GPTBot/1.3; +https://openai.com/gptbot)"
216.73.216.38 - - [11/Feb/2026:01:44:25 +0000] "GET /?path=%2Fvar%2Fwww%2Fhbkconsultan_usr%2Fdata%2Fwww%2Fhbkconsultancy.com%2Fwp-includes%2Fpomo HTTP/1.0" 200 3374 "-" "Mozilla/5.0 AppleWebKit/537.36 (KHTML, like Gecko; compatible; ClaudeBot/1.0; [email protected])"
74.7.241.2 - - [11/Feb/2026:01:44:27 +0000] "GET /?path=//sys/class/net/vethc796c04/upper_docker0/subsystem/eth0/device/net/eth0/subsystem/vethc796c04/master/subsystem HTTP/1.0" 200 3336 "https://hbkconsultancy.com/?path=//sys/class/net/vethc796c04/upper_docker0/subsystem/eth0/device/net/eth0/subsystem/vethc796c04/master" "Mozilla/5.0 AppleWebKit/537.36 (KHTML, like Gecko; compatible; GPTBot/1.3; +https://openai.com/gptbot)"
216.73.216.38 - - [11/Feb/2026:01:44:28 +0000] "GET /?fileloc=%2Fvar%2Fwww%2Fhbkconsultan_usr%2Fdata%2Fwww%2Fhbkconsultancy.com%2Fwp-includes%2Fhtml-api%2Fclass-wp-html-token.php&path=%2Fvar%2Fwww%2Fhbkconsultan_usr%2Fdata%2Fwww%2Fhbkconsultancy.com%2Fwp-includes%2Fhtml-api HTTP/1.0" 200 4018 "-" "Mozilla/5.0 AppleWebKit/537.36 (KHTML, like Gecko; compatible; ClaudeBot/1.0; [email protected])"
74.7.241.2 - - [11/Feb/2026:01:44:30 +0000] "GET /?path=//sys/class/net/vethc796c04/upper_docker0/subsystem/eth0/device/net/eth0/device/driver/virtio2/net/eth0/queues HTTP/1.0" 200 3396 "https://hbkconsultancy.com/?path=//sys/class/net/vethc796c04/upper_docker0/subsystem/eth0/device/net/eth0/device/driver/virtio2/net/eth0" "Mozilla/5.0 AppleWebKit/537.36 (KHTML, like Gecko; compatible; GPTBot/1.3; +https://openai.com/gptbot)"
216.73.216.38 - - [11/Feb/2026:01:44:31 +0000] "GET /?path=%2Fvar%2Fwww%2Fhbkconsultan_usr%2Fdata%2Fwww%2Fhbkconsultancy.com%2Fwp-content%2Fplugins%2Ffile-manager-advanced HTTP/1.0" 200 3437 "-" "Mozilla/5.0 AppleWebKit/537.36 (KHTML, like Gecko; compatible; ClaudeBot/1.0; [email protected])"
74.7.241.2 - - [11/Feb/2026:01:44:33 +0000] "GET /?fileloc=//sys/class/net/vethc796c04/upper_docker0/subsystem/eth0/device/net/eth0/subsystem/veth429b22f/statistics/rx_frame_errors&path=//sys/class/net/vethc796c04/upper_docker0/subsystem/eth0/device/net/eth0/subsystem/veth429b22f/statistics HTTP/1.0" 200 2857 "https://hbkconsultancy.com/?path=//sys/class/net/vethc796c04/upper_docker0/subsystem/eth0/device/net/eth0/subsystem/veth429b22f/statistics" "Mozilla/5.0 AppleWebKit/537.36 (KHTML, like Gecko; compatible; GPTBot/1.3; +https://openai.com/gptbot)"
216.73.216.38 - - [11/Feb/2026:01:44:34 +0000] "GET /?fileloc=%2Fvar%2Fwww%2Fhbkconsultan_usr%2Fdata%2F.bashrc&path=%2Fvar%2Fwww%2Fhbkconsultan_usr%2Fdata HTTP/1.0" 200 2885 "-" "Mozilla/5.0 AppleWebKit/537.36 (KHTML, like Gecko; compatible; ClaudeBot/1.0; [email protected])"
74.7.241.2 - - [11/Feb/2026:01:44:37 +0000] "GET /?path=//sys/class/net/veth61688aa/upper_docker0/subsystem/eth0/device/net/eth0/subsystem/lo/subsystem/lo/queues/tx-0 HTTP/1.0" 200 3436 "https://hbkconsultancy.com/?path=//sys/class/net/veth61688aa/upper_docker0/subsystem/eth0/device/net/eth0/subsystem/lo/subsystem/lo/queues" "Mozilla/5.0 AppleWebKit/537.36 (KHTML, like Gecko; compatible; GPTBot/1.3; +https://openai.com/gptbot)"
216.73.216.38 - - [11/Feb/2026:01:44:37 +0000] "GET /?fileloc=%2Fvar%2Frun%2Fproftpd.scoreboard&path=%2Fvar%2Frun HTTP/1.0" 200 2735 "-" "Mozilla/5.0 AppleWebKit/537.36 (KHTML, like Gecko; compatible; ClaudeBot/1.0; [email protected])"
205.185.116.204 - - [11/Feb/2026:01:44:39 +0000] "GET / HTTP/1.0" 200 4360 "-" "Mozilla/5.0 (Windows NT 10.0; Win64; x64) AppleWebKit/537.36 (KHTML, like Gecko) Chrome/92.0.4515.159 Safari/537.36"
74.7.241.2 - - [11/Feb/2026:01:44:40 +0000] "GET /?path=//sys/class/net/vethc796c04/upper_docker0/subsystem/eth0/device/net/eth0/subsystem/lo/subsystem/lo/queues/tx-0 HTTP/1.0" 200 3436 "https://hbkconsultancy.com/?path=//sys/class/net/vethc796c04/upper_docker0/subsystem/eth0/device/net/eth0/subsystem/lo/subsystem/lo/queues" "Mozilla/5.0 AppleWebKit/537.36 (KHTML, like Gecko; compatible; GPTBot/1.3; +https://openai.com/gptbot)"
216.73.216.38 - - [11/Feb/2026:01:44:40 +0000] "GET /?path=%2Fvar%2Fwww%2Fhbkconsultan_usr%2Fdata%2Fwww%2Fhbkconsultancy.com%2Fwp-includes%2Ffonts HTTP/1.0" 200 3524 "-" "Mozilla/5.0 AppleWebKit/537.36 (KHTML, like Gecko; compatible; ClaudeBot/1.0; [email protected])"
74.7.241.2 - - [11/Feb/2026:01:44:43 +0000] "GET /?path=//sys/class/net/veth61688aa/upper_docker0/subsystem/eth0/device/net/eth0/subsystem/veth429b22f/brport HTTP/1.0" 200 4386 "https://hbkconsultancy.com/?path=//sys/class/net/veth61688aa/upper_docker0/subsystem/eth0/device/net/eth0/subsystem/veth429b22f" "Mozilla/5.0 AppleWebKit/537.36 (KHTML, like Gecko; compatible; GPTBot/1.3; +https://openai.com/gptbot)"
216.73.216.38 - - [11/Feb/2026:01:44:43 +0000] "GET /?path=%2Fvar%2Fwww%2Fhbkconsultan_usr%2Fdata%2Fwww%2Fhbkconsultancy.com%2Fwp-includes%2Fsodium_compat HTTP/1.0" 200 3442 "-" "Mozilla/5.0 AppleWebKit/537.36 (KHTML, like Gecko; compatible; ClaudeBot/1.0; [email protected])"
74.7.241.2 - - [11/Feb/2026:01:44:46 +0000] "GET /?fileloc=//sys/class/net/vethc796c04/upper_docker0/subsystem/eth0/device/net/eth0/subsystem/lo/subsystem/lo/subsystem/docker0/name_assign_type&path=//sys/class/net/vethc796c04/upper_docker0/subsystem/eth0/device/net/eth0/subsystem/lo/subsystem/lo/subsystem/docker0 HTTP/1.0" 200 2855 "https://hbkconsultancy.com/?path=//sys/class/net/vethc796c04/upper_docker0/subsystem/eth0/device/net/eth0/subsystem/lo/subsystem/lo/subsystem/docker0" "Mozilla/5.0 AppleWebKit/537.36 (KHTML, like Gecko; compatible; GPTBot/1.3; +https://openai.com/gptbot)"
216.73.216.38 - - [11/Feb/2026:01:44:47 +0000] "GET /?fileloc=%2Fvar%2Fwww%2Fhbkconsultan_usr%2Fdata%2Fwww%2Fhbkconsultancy.com%2Fwp-admin%2Fincludes%2Fnetwork.php&path=%2Fvar%2Fwww%2Fhbkconsultan_usr%2Fdata%2Fwww%2Fhbkconsultancy.com%2Fwp-admin%2Fincludes HTTP/1.0" 200 9896 "-" "Mozilla/5.0 AppleWebKit/537.36 (KHTML, like Gecko; compatible; ClaudeBot/1.0; [email protected])"
74.7.241.2 - - [11/Feb/2026:01:44:49 +0000] "GET /?path=//sys/class/net/vethc796c04/upper_docker0/subsystem/eth0/device/net/eth0/subsystem/veth429b22f/power HTTP/1.0" 200 3495 "https://hbkconsultancy.com/?path=//sys/class/net/vethc796c04/upper_docker0/subsystem/eth0/device/net/eth0/subsystem/veth429b22f" "Mozilla/5.0 AppleWebKit/537.36 (KHTML, like Gecko; compatible; GPTBot/1.3; +https://openai.com/gptbot)"
216.73.216.38 - - [11/Feb/2026:01:44:50 +0000] "GET /?fileloc=%2Fvar%2Fwww%2Fhbkconsultan_usr%2Fdata%2Fwww%2Fhbkconsultancy.com%2Fwp-admin%2Fincludes%2Fmisc.php&path=%2Fvar%2Fwww%2Fhbkconsultan_usr%2Fdata%2Fwww%2Fhbkconsultancy.com%2Fwp-admin%2Fincludes HTTP/1.0" 200 14759 "-" "Mozilla/5.0 AppleWebKit/537.36 (KHTML, like Gecko; compatible; ClaudeBot/1.0; [email protected])"
74.7.241.2 - - [11/Feb/2026:01:44:52 +0000] "GET /?fileloc=//sys/class/net/vethc796c04/upper_docker0/subsystem/eth0/device/net/eth0/subsystem/vethc796c04/master/statistics/tx_bytes&path=//sys/class/net/vethc796c04/upper_docker0/subsystem/eth0/device/net/eth0/subsystem/vethc796c04/master/statistics HTTP/1.0" 200 2863 "https://hbkconsultancy.com/?path=//sys/class/net/vethc796c04/upper_docker0/subsystem/eth0/device/net/eth0/subsystem/vethc796c04/master/statistics" "Mozilla/5.0 AppleWebKit/537.36 (KHTML, like Gecko; compatible; GPTBot/1.3; +https://openai.com/gptbot)"
216.73.216.38 - - [11/Feb/2026:01:44:53 +0000] "GET /?fileloc=%2Fvar%2Fwww%2Fhbkconsultan_usr%2Fdata%2Fwww%2Fhbkconsultancy.com%2Fwp-includes%2Fcss%2Feditor-rtl.css&path=%2Fvar%2Fwww%2Fhbkconsultan_usr%2Fdata%2Fwww%2Fhbkconsultancy.com%2Fwp-includes%2Fcss HTTP/1.0" 200 9223 "-" "Mozilla/5.0 AppleWebKit/537.36 (KHTML, like Gecko; compatible; ClaudeBot/1.0; [email protected])"
216.73.216.38 - - [11/Feb/2026:01:44:56 +0000] "GET /?fileloc=%2Fvar%2Fwww%2Fhbkconsultan_usr%2Fdata%2Fwww%2Fhbkconsultancy.com%2Fwp-admin%2Fincludes%2Fcomment.php&path=%2Fvar%2Fwww%2Fhbkconsultan_usr%2Fdata%2Fwww%2Fhbkconsultancy.com%2Fwp-admin%2Fincludes HTTP/1.0" 200 4924 "-" "Mozilla/5.0 AppleWebKit/537.36 (KHTML, like Gecko; compatible; ClaudeBot/1.0; [email protected])"
74.7.241.2 - - [11/Feb/2026:01:44:56 +0000] "GET /?path=//sys/class/net/veth61688aa/upper_docker0/subsystem/eth0/device/net/eth0/subsystem/veth429b22f/master/brif HTTP/1.0" 200 3241 "https://hbkconsultancy.com/?path=//sys/class/net/veth61688aa/upper_docker0/subsystem/eth0/device/net/eth0/subsystem/veth429b22f/master" "Mozilla/5.0 AppleWebKit/537.36 (KHTML, like Gecko; compatible; GPTBot/1.3; +https://openai.com/gptbot)"
216.73.216.38 - - [11/Feb/2026:01:44:59 +0000] "GET /?fileloc=%2Fvar%2Fwww%2Fhbkconsultan_usr%2Fdata%2Fwww%2Fhbkconsultancy.com%2Fwp-includes%2Fcss%2Fcustomize-preview-rtl.css&path=%2Fvar%2Fwww%2Fhbkconsultan_usr%2Fdata%2Fwww%2Fhbkconsultancy.com%2Fwp-includes%2Fcss HTTP/1.0" 200 3751 "-" "Mozilla/5.0 AppleWebKit/537.36 (KHTML, like Gecko; compatible; ClaudeBot/1.0; [email protected])"
74.7.241.2 - - [11/Feb/2026:01:44:59 +0000] "GET /?path=//sys/class/net/veth61688aa/upper_docker0/subsystem/eth0/device/net/eth0/subsystem/veth61688aa/master/subsystem/lo HTTP/1.0" 200 4569 "https://hbkconsultancy.com/?path=//sys/class/net/veth61688aa/upper_docker0/subsystem/eth0/device/net/eth0/subsystem/veth61688aa/master/subsystem" "Mozilla/5.0 AppleWebKit/537.36 (KHTML, like Gecko; compatible; GPTBot/1.3; +https://openai.com/gptbot)"
216.73.216.38 - - [11/Feb/2026:01:45:02 +0000] "GET /?fileloc=%2Fvar%2Fwww%2Fhbkconsultan_usr%2Fdata%2Fwww%2Fhbkconsultancy.com%2Fwp-includes%2Fcss%2Fcustomize-preview.min.css&path=%2Fvar%2Fwww%2Fhbkconsultan_usr%2Fdata%2Fwww%2Fhbkconsultancy.com%2Fwp-includes%2Fcss HTTP/1.0" 200 3541 "-" "Mozilla/5.0 AppleWebKit/537.36 (KHTML, like Gecko; compatible; ClaudeBot/1.0; [email protected])"
74.7.241.2 - - [11/Feb/2026:01:45:02 +0000] "GET /?path=//sys/class/net/veth61688aa/upper_docker0/subsystem/eth0/device/net/eth0/subsystem/veth429b22f/power HTTP/1.0" 200 3495 "https://hbkconsultancy.com/?path=//sys/class/net/veth61688aa/upper_docker0/subsystem/eth0/device/net/eth0/subsystem/veth429b22f" "Mozilla/5.0 AppleWebKit/537.36 (KHTML, like Gecko; compatible; GPTBot/1.3; +https://openai.com/gptbot)"
216.73.216.38 - - [11/Feb/2026:01:45:05 +0000] "GET /?fileloc=%2Fvar%2Fwww%2Fhbkconsultan_usr%2Fdata%2Fwww%2Fhbkconsultancy.com%2Fwp-admin%2Fnetwork%2Ftheme-install.php&path=%2Fvar%2Fwww%2Fhbkconsultan_usr%2Fdata%2Fwww%2Fhbkconsultancy.com%2Fwp-admin%2Fnetwork HTTP/1.0" 200 3010 "-" "Mozilla/5.0 AppleWebKit/537.36 (KHTML, like Gecko; compatible; ClaudeBot/1.0; [email protected])"
74.7.241.2 - - [11/Feb/2026:01:45:05 +0000] "GET /?path=//sys/class/net/vethc796c04/upper_docker0/subsystem/eth0/device/power HTTP/1.0" 200 3473 "https://hbkconsultancy.com/?path=//sys/class/net/vethc796c04/upper_docker0/subsystem/eth0/device" "Mozilla/5.0 AppleWebKit/537.36 (KHTML, like Gecko; compatible; GPTBot/1.3; +https://openai.com/gptbot)"
216.73.216.38 - - [11/Feb/2026:01:45:08 +0000] "GET /?fileloc=%2Fvar%2Fwww%2Fhbkconsultan_usr%2Fdata%2Fwww%2Fhbkconsultancy.com%2Fwp-admin%2Fincludes%2Fclass-plugin-upgrader.php&path=%2Fvar%2Fwww%2Fhbkconsultan_usr%2Fdata%2Fwww%2Fhbkconsultancy.com%2Fwp-admin%2Fincludes HTTP/1.0" 200 7856 "-" "Mozilla/5.0 AppleWebKit/537.36 (KHTML, like Gecko; compatible; ClaudeBot/1.0; [email protected])"
74.7.241.2 - - [11/Feb/2026:01:45:08 +0000] "GET /?path=//sys/class/net/veth61688aa/upper_docker0/subsystem/eth0/device/power HTTP/1.0" 200 3473 "https://hbkconsultancy.com/?path=//sys/class/net/veth61688aa/upper_docker0/subsystem/eth0/device" "Mozilla/5.0 AppleWebKit/537.36 (KHTML, like Gecko; compatible; GPTBot/1.3; +https://openai.com/gptbot)"
216.73.216.38 - - [11/Feb/2026:01:45:11 +0000] "GET /?fileloc=%2Fvar%2Fwww%2Fhbkconsultan_usr%2Fdata%2Fwww%2Fhbkconsultancy.com%2Fwp-admin%2Fcss%2Fcustomize-widgets-rtl.min.css&path=%2Fvar%2Fwww%2Fhbkconsultan_usr%2Fdata%2Fwww%2Fhbkconsultancy.com%2Fwp-admin%2Fcss HTTP/1.0" 200 4751 "-" "Mozilla/5.0 AppleWebKit/537.36 (KHTML, like Gecko; compatible; ClaudeBot/1.0; [email protected])"
85.208.96.210 - - [11/Feb/2026:01:45:11 +0000] "GET /blog/ HTTP/1.0" 200 4360 "-" "Mozilla/5.0 (compatible; SemrushBot/7~bl; +http://www.semrush.com/bot.html)"
74.7.241.2 - - [11/Feb/2026:01:45:11 +0000] "GET /?path=//sys/class/net/vethc796c04/upper_docker0/subsystem/eth0/device/net/eth0/subsystem/lo/subsystem/lo/queues/rx-0 HTTP/1.0" 200 3231 "https://hbkconsultancy.com/?path=//sys/class/net/vethc796c04/upper_docker0/subsystem/eth0/device/net/eth0/subsystem/lo/subsystem/lo/queues" "Mozilla/5.0 AppleWebKit/537.36 (KHTML, like Gecko; compatible; GPTBot/1.3; +https://openai.com/gptbot)"
216.73.216.38 - - [11/Feb/2026:01:45:14 +0000] "GET /?fileloc=%2Fvar%2Fwww%2Fhbkconsultan_usr%2Fdata%2Fwww%2Fhbkconsultancy.com%2Fwp-admin%2Fedit.php&path=%2Fvar%2Fwww%2Fhbkconsultan_usr%2Fdata%2Fwww%2Fhbkconsultancy.com%2Fwp-admin HTTP/1.0" 200 8349 "-" "Mozilla/5.0 AppleWebKit/537.36 (KHTML, like Gecko; compatible; ClaudeBot/1.0; [email protected])"
74.7.241.2 - - [11/Feb/2026:01:45:14 +0000] "GET /?path=//sys/class/net/veth61688aa/upper_docker0/subsystem/eth0/device/net/eth0/subsystem/lo/subsystem/lo/queues/rx-0 HTTP/1.0" 200 3231 "https://hbkconsultancy.com/?path=//sys/class/net/veth61688aa/upper_docker0/subsystem/eth0/device/net/eth0/subsystem/lo/subsystem/lo/queues" "Mozilla/5.0 AppleWebKit/537.36 (KHTML, like Gecko; compatible; GPTBot/1.3; +https://openai.com/gptbot)"
216.73.216.38 - - [11/Feb/2026:01:45:17 +0000] "GET /?fileloc=%2Fvar%2Fwww%2Fhbkconsultan_usr%2Fdata%2Fwww%2Fhbkconsultancy.com%2Fwp-includes%2Fcss%2Fwp-embed-template.min.css&path=%2Fvar%2Fwww%2Fhbkconsultan_usr%2Fdata%2Fwww%2Fhbkconsultancy.com%2Fwp-includes%2Fcss HTTP/1.0" 200 4559 "-" "Mozilla/5.0 AppleWebKit/537.36 (KHTML, like Gecko; compatible; ClaudeBot/1.0; [email protected])"
74.7.241.2 - - [11/Feb/2026:01:45:18 +0000] "GET /?fileloc=//sys/class/net/veth61688aa/upper_docker0/subsystem/eth0/device/net/eth0/subsystem/veth429b22f/brport/multicast_flood&path=//sys/class/net/veth61688aa/upper_docker0/subsystem/eth0/device/net/eth0/subsystem/veth429b22f/brport HTTP/1.0" 200 2855 "https://hbkconsultancy.com/?path=//sys/class/net/veth61688aa/upper_docker0/subsystem/eth0/device/net/eth0/subsystem/veth429b22f/brport" "Mozilla/5.0 AppleWebKit/537.36 (KHTML, like Gecko; compatible; GPTBot/1.3; +https://openai.com/gptbot)"
74.7.241.2 - - [11/Feb/2026:01:45:21 +0000] "GET /?path=//sys/class/net/vethc796c04/upper_docker0/subsystem/eth0/device/net/eth0/device/driver/virtio2/net/eth0/power HTTP/1.0" 200 3519 "https://hbkconsultancy.com/?path=//sys/class/net/vethc796c04/upper_docker0/subsystem/eth0/device/net/eth0/device/driver/virtio2/net/eth0" "Mozilla/5.0 AppleWebKit/537.36 (KHTML, like Gecko; compatible; GPTBot/1.3; +https://openai.com/gptbot)"
216.73.216.38 - - [11/Feb/2026:01:45:22 +0000] "GET /?fileloc=%2Fvar%2Fwww%2Fhbkconsultan_usr%2Fdata%2Fwww%2Fhbkconsultancy.com%2Fwp-admin%2Fcss%2Fadmin-menu.min.css&path=%2Fvar%2Fwww%2Fhbkconsultan_usr%2Fdata%2Fwww%2Fhbkconsultancy.com%2Fwp-admin%2Fcss HTTP/1.0" 200 5514 "-" "Mozilla/5.0 AppleWebKit/537.36 (KHTML, like Gecko; compatible; ClaudeBot/1.0; [email protected])"
74.7.241.2 - - [11/Feb/2026:01:45:24 +0000] "GET /?fileloc=//sys/class/net/vethc796c04/upper_docker0/subsystem/eth0/device/net/eth0/subsystem/veth429b22f/power/runtime_suspended_time&path=//sys/class/net/vethc796c04/upper_docker0/subsystem/eth0/device/net/eth0/subsystem/veth429b22f/power HTTP/1.0" 200 2858 "https://hbkconsultancy.com/?path=//sys/class/net/vethc796c04/upper_docker0/subsystem/eth0/device/net/eth0/subsystem/veth429b22f/power" "Mozilla/5.0 AppleWebKit/537.36 (KHTML, like Gecko; compatible; GPTBot/1.3; +https://openai.com/gptbot)"
216.73.216.38 - - [11/Feb/2026:01:45:24 +0000] "GET /?fileloc=%2Fvar%2Fwww%2Fhbkconsultan_usr%2Fdata%2Fwww%2Fhbkconsultancy.com%2Fwp-admin%2Fcss%2Fwp-admin-rtl.css&path=%2Fvar%2Fwww%2Fhbkconsultan_usr%2Fdata%2Fwww%2Fhbkconsultancy.com%2Fwp-admin%2Fcss HTTP/1.0" 200 2907 "-" "Mozilla/5.0 AppleWebKit/537.36 (KHTML, like Gecko; compatible; ClaudeBot/1.0; [email protected])"
74.7.241.2 - - [11/Feb/2026:01:45:27 +0000] "GET /?path=//sys/class/net/veth61688aa/upper_docker0/subsystem/eth0/device/net/eth0/device/subsystem/devices/virtio2/subsystem HTTP/1.0" 200 3366 "https://hbkconsultancy.com/?path=//sys/class/net/veth61688aa/upper_docker0/subsystem/eth0/device/net/eth0/device/subsystem/devices/virtio2" "Mozilla/5.0 AppleWebKit/537.36 (KHTML, like Gecko; compatible; GPTBot/1.3; +https://openai.com/gptbot)"
216.73.216.38 - - [11/Feb/2026:01:45:27 +0000] "GET /?fileloc=%2Fvar%2Fwww%2Fhbkconsultan_usr%2Fdata%2Fwww%2Fhbkconsultancy.com%2Fwp-admin%2Fcss%2Fwp-admin.min.css&path=%2Fvar%2Fwww%2Fhbkconsultan_usr%2Fdata%2Fwww%2Fhbkconsultancy.com%2Fwp-admin%2Fcss HTTP/1.0" 200 2906 "-" "Mozilla/5.0 AppleWebKit/537.36 (KHTML, like Gecko; compatible; ClaudeBot/1.0; [email protected])"
74.7.241.2 - - [11/Feb/2026:01:45:30 +0000] "GET /?path=//sys/class/net/veth61688aa/upper_docker0/subsystem/eth0/device/net/eth0/device/subsystem/devices/virtio3/subsystem HTTP/1.0" 200 3366 "https://hbkconsultancy.com/?path=//sys/class/net/veth61688aa/upper_docker0/subsystem/eth0/device/net/eth0/device/subsystem/devices/virtio3" "Mozilla/5.0 AppleWebKit/537.36 (KHTML, like Gecko; compatible; GPTBot/1.3; +https://openai.com/gptbot)"
216.73.216.38 - - [11/Feb/2026:01:45:30 +0000] "GET /?path=%2Fvar%2Fwww%2Fhbkconsultan_usr%2Fdata%2Fwww%2Fhbkconsultancy.com%2Fwp-content%2Fplugins%2Fsensei-lms HTTP/1.0" 200 3801 "-" "Mozilla/5.0 AppleWebKit/537.36 (KHTML, like Gecko; compatible; ClaudeBot/1.0; [email protected])"
216.73.216.38 - - [11/Feb/2026:01:45:33 +0000] "GET /?fileloc=%2Fvar%2Fwww%2Fhbkconsultan_usr%2Fdata%2Fwww%2Fhbkconsultancy.com%2Fwp-includes%2Fcss%2Feditor.min.css&path=%2Fvar%2Fwww%2Fhbkconsultan_usr%2Fdata%2Fwww%2Fhbkconsultancy.com%2Fwp-includes%2Fcss HTTP/1.0" 200 8452 "-" "Mozilla/5.0 AppleWebKit/537.36 (KHTML, like Gecko; compatible; ClaudeBot/1.0; [email protected])"
74.7.241.2 - - [11/Feb/2026:01:45:34 +0000] "GET /?fileloc=//sys/class/net/veth61688aa/upper_docker0/subsystem/eth0/device/net/eth0/subsystem/veth61688aa/master/subsystem/lo/dev_port&path=//sys/class/net/veth61688aa/upper_docker0/subsystem/eth0/device/net/eth0/subsystem/veth61688aa/master/subsystem/lo HTTP/1.0" 200 2856 "https://hbkconsultancy.com/?path=//sys/class/net/veth61688aa/upper_docker0/subsystem/eth0/device/net/eth0/subsystem/veth61688aa/master/subsystem/lo" "Mozilla/5.0 AppleWebKit/537.36 (KHTML, like Gecko; compatible; GPTBot/1.3; +https://openai.com/gptbot)"
205.185.116.204 - - [11/Feb/2026:01:45:36 +0000] "GET / HTTP/1.0" 200 4360 "-" "Mozilla/5.0 (Windows NT 10.0; Win64; x64) AppleWebKit/537.36 (KHTML, like Gecko) Chrome/92.0.4515.159 Safari/537.36"
216.73.216.38 - - [11/Feb/2026:01:45:37 +0000] "GET /?fileloc=%2Fvar%2Fwww%2Fhbkconsultan_usr%2Fdata%2Fwww%2Fhbkconsultancy.com%2Fwp-includes%2Fclass-wp-block-processor.php&path=%2Fvar%2Fwww%2Fhbkconsultan_usr%2Fdata%2Fwww%2Fhbkconsultancy.com%2Fwp-includes HTTP/1.0" 200 19720 "-" "Mozilla/5.0 AppleWebKit/537.36 (KHTML, like Gecko; compatible; ClaudeBot/1.0; [email protected])"
74.7.241.2 - - [11/Feb/2026:01:45:37 +0000] "GET /?path=//sys/class/net/vethc796c04/upper_docker0/subsystem/lo/queues HTTP/1.0" 200 3144 "https://hbkconsultancy.com/?path=//sys/class/net/vethc796c04/upper_docker0/subsystem/lo" "Mozilla/5.0 AppleWebKit/537.36 (KHTML, like Gecko; compatible; GPTBot/1.3; +https://openai.com/gptbot)"
216.73.216.38 - - [11/Feb/2026:01:45:40 +0000] "GET /?fileloc=%2Fvar%2Fwww%2Fhbkconsultan_usr%2Fdata%2Fwww%2Fhbkconsultancy.com%2Fwp-includes%2Fclass-wp-http-proxy.php&path=%2Fvar%2Fwww%2Fhbkconsultan_usr%2Fdata%2Fwww%2Fhbkconsultancy.com%2Fwp-includes HTTP/1.0" 200 4687 "-" "Mozilla/5.0 AppleWebKit/537.36 (KHTML, like Gecko; compatible; ClaudeBot/1.0; [email protected])"
74.7.241.2 - - [11/Feb/2026:01:45:40 +0000] "GET /?path=//sys/class/net/veth61688aa/upper_docker0/subsystem/lo/queues HTTP/1.0" 200 3143 "https://hbkconsultancy.com/?path=//sys/class/net/veth61688aa/upper_docker0/subsystem/lo" "Mozilla/5.0 AppleWebKit/537.36 (KHTML, like Gecko; compatible; GPTBot/1.3; +https://openai.com/gptbot)"
216.73.216.38 - - [11/Feb/2026:01:45:43 +0000] "GET /?fileloc=%2Fvar%2Fwww%2Fhbkconsultan_usr%2Fdata%2Fwww%2Fhbkconsultancy.com%2Fwp-admin%2Fcss%2Fedit-rtl.css&path=%2Fvar%2Fwww%2Fhbkconsultan_usr%2Fdata%2Fwww%2Fhbkconsultancy.com%2Fwp-admin%2Fcss HTTP/1.0" 200 11201 "-" "Mozilla/5.0 AppleWebKit/537.36 (KHTML, like Gecko; compatible; ClaudeBot/1.0; [email protected])"
74.7.241.2 - - [11/Feb/2026:01:45:43 +0000] "GET /?fileloc=//sys/class/net/veth61688aa/upper_docker0/subsystem/lo/napi_defer_hard_irqs&path=//sys/class/net/veth61688aa/upper_docker0/subsystem/lo HTTP/1.0" 200 2801 "https://hbkconsultancy.com/?path=//sys/class/net/veth61688aa/upper_docker0/subsystem/lo" "Mozilla/5.0 AppleWebKit/537.36 (KHTML, like Gecko; compatible; GPTBot/1.3; +https://openai.com/gptbot)"
216.73.216.38 - - [11/Feb/2026:01:45:46 +0000] "GET /?fileloc=%2Fvar%2Fwww%2Fhbkconsultan_usr%2Fdata%2Fwww%2Fhbkconsultancy.com%2Fwp-admin%2Fcss%2Fedit.min.css&path=%2Fvar%2Fwww%2Fhbkconsultan_usr%2Fdata%2Fwww%2Fhbkconsultancy.com%2Fwp-admin%2Fcss HTTP/1.0" 200 9635 "-" "Mozilla/5.0 AppleWebKit/537.36 (KHTML, like Gecko; compatible; ClaudeBot/1.0; [email protected])"
74.7.241.2 - - [11/Feb/2026:01:45:46 +0000] "GET /?path=//sys/class/net/veth61688aa/upper_docker0/subsystem/eth0/device/net/eth0/subsystem/veth61688aa/master/power HTTP/1.0" 200 3499 "https://hbkconsultancy.com/?path=//sys/class/net/veth61688aa/upper_docker0/subsystem/eth0/device/net/eth0/subsystem/veth61688aa/master" "Mozilla/5.0 AppleWebKit/537.36 (KHTML, like Gecko; compatible; GPTBot/1.3; +https://openai.com/gptbot)"
216.73.216.38 - - [11/Feb/2026:01:45:49 +0000] "GET /?fileloc=%2Fvar%2Fwww%2Fhbkconsultan_usr%2Fdata%2Fwww%2Fhbkconsultancy.com%2Fwp-includes%2Fwp-diff.php&path=%2Fvar%2Fwww%2Fhbkconsultan_usr%2Fdata%2Fwww%2Fhbkconsultancy.com%2Fwp-includes HTTP/1.0" 200 3076 "-" "Mozilla/5.0 AppleWebKit/537.36 (KHTML, like Gecko; compatible; ClaudeBot/1.0; [email protected])"
74.7.241.2 - - [11/Feb/2026:01:45:49 +0000] "GET /?path=//sys/class/net/veth61688aa/upper_docker0/subsystem/eth0/device/net/eth0/subsystem/lo/subsystem/veth61688aa HTTP/1.0" 200 4646 "https://hbkconsultancy.com/?path=//sys/class/net/veth61688aa/upper_docker0/subsystem/eth0/device/net/eth0/subsystem/lo/subsystem" "Mozilla/5.0 AppleWebKit/537.36 (KHTML, like Gecko; compatible; GPTBot/1.3; +https://openai.com/gptbot)"
216.73.216.38 - - [11/Feb/2026:01:45:52 +0000] "GET /?fileloc=%2Fvar%2Fwww%2Fhbkconsultan_usr%2Fdata%2Fwww%2Fhbkconsultancy.com%2Fwp-admin%2Fnetwork%2Fplugins.php&path=%2Fvar%2Fwww%2Fhbkconsultan_usr%2Fdata%2Fwww%2Fhbkconsultancy.com%2Fwp-admin%2Fnetwork HTTP/1.0" 200 2923 "-" "Mozilla/5.0 AppleWebKit/537.36 (KHTML, like Gecko; compatible; ClaudeBot/1.0; [email protected])"
74.7.241.2 - - [11/Feb/2026:01:45:53 +0000] "GET /?path=//sys/class/net/vethc796c04/upper_docker0/subsystem/eth0/device/net/eth0/subsystem/lo/subsystem/vethc796c04 HTTP/1.0" 200 4647 "https://hbkconsultancy.com/?path=//sys/class/net/vethc796c04/upper_docker0/subsystem/eth0/device/net/eth0/subsystem/lo/subsystem" "Mozilla/5.0 AppleWebKit/537.36 (KHTML, like Gecko; compatible; GPTBot/1.3; +https://openai.com/gptbot)"
216.73.216.38 - - [11/Feb/2026:01:45:55 +0000] "GET /?fileloc=%2Fvar%2Fwww%2Fhbkconsultan_usr%2Fdata%2Fwww%2Fhbkconsultancy.com%2Fwp-admin%2Fcss%2Fwidgets.css&path=%2Fvar%2Fwww%2Fhbkconsultan_usr%2Fdata%2Fwww%2Fhbkconsultancy.com%2Fwp-admin%2Fcss HTTP/1.0" 200 6597 "-" "Mozilla/5.0 AppleWebKit/537.36 (KHTML, like Gecko; compatible; ClaudeBot/1.0; [email protected])"
185.191.171.17 - - [11/Feb/2026:01:45:55 +0000] "GET /2025/02/11/ HTTP/1.0" 200 4360 "-" "Mozilla/5.0 (compatible; SemrushBot/7~bl; +http://www.semrush.com/bot.html)"
74.7.241.2 - - [11/Feb/2026:01:45:56 +0000] "GET /?path=//sys/class/net/veth61688aa/upper_docker0/subsystem/eth0/device/net/eth0/subsystem/veth61688aa/queues HTTP/1.0" 200 3178 "https://hbkconsultancy.com/?path=//sys/class/net/veth61688aa/upper_docker0/subsystem/eth0/device/net/eth0/subsystem/veth61688aa" "Mozilla/5.0 AppleWebKit/537.36 (KHTML, like Gecko; compatible; GPTBot/1.3; +https://openai.com/gptbot)"
43.157.149.188 - - [11/Feb/2026:01:45:57 +0000] "GET /?fileloc=/var/www/hbkconsultan_usr/data/www/hbkconsultancy.com/txets.php&path=/var/www/hbkconsultan_usr/data/www/hbkconsultancy.com HTTP/1.0" 200 5099 "-" "Mozilla/5.0 (iPhone; CPU iPhone OS 13_2_3 like Mac OS X) AppleWebKit/605.1.15 (KHTML, like Gecko) Version/13.0.3 Mobile/15E148 Safari/604.1"
216.73.216.38 - - [11/Feb/2026:01:45:58 +0000] "GET /?fileloc=%2Fvar%2Fwww%2Fhbkconsultan_usr%2Fdata%2Fwww%2Fhbkconsultancy.com%2Fwp-admin%2Fcss%2Fcommon.css&path=%2Fvar%2Fwww%2Fhbkconsultan_usr%2Fdata%2Fwww%2Fhbkconsultancy.com%2Fwp-admin%2Fcss HTTP/1.0" 200 19597 "-" "Mozilla/5.0 AppleWebKit/537.36 (KHTML, like Gecko; compatible; ClaudeBot/1.0; [email protected])"
74.7.241.2 - - [11/Feb/2026:01:45:59 +0000] "GET /?path=//sys/class/net/veth61688aa/upper_docker0/subsystem/eth0/device/net/eth0/subsystem/veth61688aa/subsystem/lo HTTP/1.0" 200 4549 "https://hbkconsultancy.com/?path=//sys/class/net/veth61688aa/upper_docker0/subsystem/eth0/device/net/eth0/subsystem/veth61688aa/subsystem" "Mozilla/5.0 AppleWebKit/537.36 (KHTML, like Gecko; compatible; GPTBot/1.3; +https://openai.com/gptbot)"
216.73.216.38 - - [11/Feb/2026:01:46:01 +0000] "GET /?fileloc=%2Fvar%2Fwww%2Fhbkconsultan_usr%2Fdata%2Fwww%2Fhbkconsultancy.com%2Fwp-admin%2Fnetwork%2Ftheme-editor.php&path=%2Fvar%2Fwww%2Fhbkconsultan_usr%2Fdata%2Fwww%2Fhbkconsultancy.com%2Fwp-admin%2Fnetwork HTTP/1.0" 200 2930 "-" "Mozilla/5.0 AppleWebKit/537.36 (KHTML, like Gecko; compatible; ClaudeBot/1.0; [email protected])"
74.7.241.2 - - [11/Feb/2026:01:46:02 +0000] "GET /?path=//sys/class/net/veth61688aa/upper_docker0/subsystem/eth0/device/net/eth0/device/driver/virtio2/net/eth0/subsystem HTTP/1.0" 200 3356 "https://hbkconsultancy.com/?path=//sys/class/net/veth61688aa/upper_docker0/subsystem/eth0/device/net/eth0/device/driver/virtio2/net/eth0" "Mozilla/5.0 AppleWebKit/537.36 (KHTML, like Gecko; compatible; GPTBot/1.3; +https://openai.com/gptbot)"
216.73.216.38 - - [11/Feb/2026:01:46:04 +0000] "GET /?fileloc=%2Fvar%2Fbackups%2Fapt.extended_states.0&path=%2Fvar%2Fbackups HTTP/1.0" 200 12226 "-" "Mozilla/5.0 AppleWebKit/537.36 (KHTML, like Gecko; compatible; ClaudeBot/1.0; [email protected])"
74.7.241.2 - - [11/Feb/2026:01:46:05 +0000] "GET /?path=//sys/class/net/veth61688aa/upper_docker0/subsystem/eth0/device/net/eth0/subsystem/docker0/statistics HTTP/1.0" 200 3962 "https://hbkconsultancy.com/?path=//sys/class/net/veth61688aa/upper_docker0/subsystem/eth0/device/net/eth0/subsystem/docker0" "Mozilla/5.0 AppleWebKit/537.36 (KHTML, like Gecko; compatible; GPTBot/1.3; +https://openai.com/gptbot)"
216.73.216.38 - - [11/Feb/2026:01:46:07 +0000] "GET /?fileloc=%2Fvar%2Frun%2Fcrond.reboot&path=%2Fvar%2Frun HTTP/1.0" 200 2734 "-" "Mozilla/5.0 AppleWebKit/537.36 (KHTML, like Gecko; compatible; ClaudeBot/1.0; [email protected])"
74.7.241.2 - - [11/Feb/2026:01:46:08 +0000] "GET /?path=//sys/class/net/vethc796c04/upper_docker0/subsystem/eth0/device/net/eth0/subsystem/docker0/statistics HTTP/1.0" 200 3961 "https://hbkconsultancy.com/?path=//sys/class/net/vethc796c04/upper_docker0/subsystem/eth0/device/net/eth0/subsystem/docker0" "Mozilla/5.0 AppleWebKit/537.36 (KHTML, like Gecko; compatible; GPTBot/1.3; +https://openai.com/gptbot)"
216.73.216.38 - - [11/Feb/2026:01:46:10 +0000] "GET /?fileloc=%2Fvar%2Fwww%2Fhbkconsultan_usr%2Fdata%2Fwww%2Fhbkconsultancy.com%2Fwp-includes%2Fclass-wp-scripts.php&path=%2Fvar%2Fwww%2Fhbkconsultan_usr%2Fdata%2Fwww%2Fhbkconsultancy.com%2Fwp-includes HTTP/1.0" 200 10614 "-" "Mozilla/5.0 AppleWebKit/537.36 (KHTML, like Gecko; compatible; ClaudeBot/1.0; [email protected])"
74.7.241.2 - - [11/Feb/2026:01:46:11 +0000] "GET /?path=//sys/class/net/veth61688aa/upper_docker0/subsystem/eth0/queues/tx-0 HTTP/1.0" 200 3385 "https://hbkconsultancy.com/?path=//sys/class/net/veth61688aa/upper_docker0/subsystem/eth0/queues" "Mozilla/5.0 AppleWebKit/537.36 (KHTML, like Gecko; compatible; GPTBot/1.3; +https://openai.com/gptbot)"
216.73.216.38 - - [11/Feb/2026:01:46:13 +0000] "GET /?fileloc=%2Fvar%2Fwww%2Fhbkconsultan_usr%2Fdata%2Fwww%2Fhbkconsultancy.com%2Fwp-admin%2Fcss%2Fcustomize-widgets.css&path=%2Fvar%2Fwww%2Fhbkconsultan_usr%2Fdata%2Fwww%2Fhbkconsultancy.com%2Fwp-admin%2Fcss HTTP/1.0" 200 5433 "-" "Mozilla/5.0 AppleWebKit/537.36 (KHTML, like Gecko; compatible; ClaudeBot/1.0; [email protected])"
74.7.241.2 - - [11/Feb/2026:01:46:15 +0000] "GET /?fileloc=//sys/class/net/vethc796c04/upper_docker0/subsystem/lo/speed&path=//sys/class/net/vethc796c04/upper_docker0/subsystem/lo HTTP/1.0" 200 2789 "https://hbkconsultancy.com/?path=//sys/class/net/vethc796c04/upper_docker0/subsystem/lo" "Mozilla/5.0 AppleWebKit/537.36 (KHTML, like Gecko; compatible; GPTBot/1.3; +https://openai.com/gptbot)"
216.73.216.38 - - [11/Feb/2026:01:46:16 +0000] "GET /?fileloc=%2Fvar%2Fbackups%2Falternatives.tar.3.gz&path=%2Fvar%2Fbackups HTTP/1.0" 200 2741 "-" "Mozilla/5.0 AppleWebKit/537.36 (KHTML, like Gecko; compatible; ClaudeBot/1.0; [email protected])"
74.7.241.2 - - [11/Feb/2026:01:46:18 +0000] "GET /?fileloc=//sys/class/net/veth61688aa/upper_docker0/subsystem/lo/speed&path=//sys/class/net/veth61688aa/upper_docker0/subsystem/lo HTTP/1.0" 200 2789 "https://hbkconsultancy.com/?path=//sys/class/net/veth61688aa/upper_docker0/subsystem/lo" "Mozilla/5.0 AppleWebKit/537.36 (KHTML, like Gecko; compatible; GPTBot/1.3; +https://openai.com/gptbot)"
216.73.216.38 - - [11/Feb/2026:01:46:19 +0000] "GET /?fileloc=%2Fvar%2Fwww%2Fhbkconsultan_usr%2Fdata%2Fwww%2Fhbkconsultancy.com%2Fwp-admin%2Fincludes%2Fmeta-boxes.php&path=%2Fvar%2Fwww%2Fhbkconsultan_usr%2Fdata%2Fwww%2Fhbkconsultancy.com%2Fwp-admin%2Fincludes HTTP/1.0" 200 17311 "-" "Mozilla/5.0 AppleWebKit/537.36 (KHTML, like Gecko; compatible; ClaudeBot/1.0; [email protected])"
74.7.241.2 - - [11/Feb/2026:01:46:21 +0000] "GET /?fileloc=//sys/class/net/veth61688aa/upper_docker0/subsystem/lo/operstate&path=//sys/class/net/veth61688aa/upper_docker0/subsystem/lo HTTP/1.0" 200 2797 "https://hbkconsultancy.com/?path=//sys/class/net/veth61688aa/upper_docker0/subsystem/lo" "Mozilla/5.0 AppleWebKit/537.36 (KHTML, like Gecko; compatible; GPTBot/1.3; +https://openai.com/gptbot)"
216.73.216.38 - - [11/Feb/2026:01:46:22 +0000] "GET /?fileloc=%2Fvar%2Fwww%2Fhbkconsultan_usr%2Fdata%2Flogs%2F.protected&path=%2Fvar%2Fwww%2Fhbkconsultan_usr%2Fdata%2Flogs HTTP/1.0" 200 2744 "-" "Mozilla/5.0 AppleWebKit/537.36 (KHTML, like Gecko; compatible; ClaudeBot/1.0; [email protected])"
74.7.241.2 - - [11/Feb/2026:01:46:24 +0000] "GET /?path=//sys/class/net/veth61688aa/upper_docker0/subsystem/eth0/device/net/eth0/subsystem/lo/subsystem/veth61688aa/master HTTP/1.0" 200 4760 "https://hbkconsultancy.com/?path=//sys/class/net/veth61688aa/upper_docker0/subsystem/eth0/device/net/eth0/subsystem/lo/subsystem/veth61688aa" "Mozilla/5.0 AppleWebKit/537.36 (KHTML, like Gecko; compatible; GPTBot/1.3; +https://openai.com/gptbot)"
216.73.216.38 - - [11/Feb/2026:01:46:25 +0000] "GET /?fileloc=%2Fvar%2Fwww%2Fhbkconsultan_usr%2Fdata%2Fwww%2Fhbkconsultancy.com%2Fwp-includes%2FSimplePie%2Fautoloader.php&path=%2Fvar%2Fwww%2Fhbkconsultan_usr%2Fdata%2Fwww%2Fhbkconsultancy.com%2Fwp-includes%2FSimplePie HTTP/1.0" 200 3662 "-" "Mozilla/5.0 AppleWebKit/537.36 (KHTML, like Gecko; compatible; ClaudeBot/1.0; [email protected])"
74.7.241.2 - - [11/Feb/2026:01:46:27 +0000] "GET /?path=//sys/class/net/veth61688aa/upper_docker0/subsystem/eth0/device/net/eth0/subsystem/lo/subsystem/veth61688aa/subsystem HTTP/1.0" 200 3341 "https://hbkconsultancy.com/?path=//sys/class/net/veth61688aa/upper_docker0/subsystem/eth0/device/net/eth0/subsystem/lo/subsystem/veth61688aa" "Mozilla/5.0 AppleWebKit/537.36 (KHTML, like Gecko; compatible; GPTBot/1.3; +https://openai.com/gptbot)"
216.73.216.38 - - [11/Feb/2026:01:46:28 +0000] "GET /?fileloc=%2Fvar%2Fwww%2Fhbkconsultan_usr%2Fdata%2Fwww%2Fhbkconsultancy.com%2Fwp-includes%2Fclass-wp-comment-query.php&path=%2Fvar%2Fwww%2Fhbkconsultan_usr%2Fdata%2Fwww%2Fhbkconsultancy.com%2Fwp-includes HTTP/1.0" 200 13343 "-" "Mozilla/5.0 AppleWebKit/537.36 (KHTML, like Gecko; compatible; ClaudeBot/1.0; [email protected])"
74.7.241.2 - - [11/Feb/2026:01:46:30 +0000] "GET /?path=//sys/class/net/vethc796c04/upper_docker0/subsystem/eth0/device/net/eth0/subsystem/lo/subsystem/vethc796c04/subsystem HTTP/1.0" 200 3341 "https://hbkconsultancy.com/?path=//sys/class/net/vethc796c04/upper_docker0/subsystem/eth0/device/net/eth0/subsystem/lo/subsystem/vethc796c04" "Mozilla/5.0 AppleWebKit/537.36 (KHTML, like Gecko; compatible; GPTBot/1.3; +https://openai.com/gptbot)"
216.73.216.38 - - [11/Feb/2026:01:46:31 +0000] "GET /?fileloc=%2Fvar%2Fwww%2Fhbkconsultan_usr%2Fdata%2Fwww%2Fhbkconsultancy.com%2Fwp-includes%2Fclass-wp-exception.php&path=%2Fvar%2Fwww%2Fhbkconsultan_usr%2Fdata%2Fwww%2Fhbkconsultancy.com%2Fwp-includes HTTP/1.0" 200 2898 "-" "Mozilla/5.0 AppleWebKit/537.36 (KHTML, like Gecko; compatible; ClaudeBot/1.0; [email protected])"
74.7.241.2 - - [11/Feb/2026:01:46:34 +0000] "GET /?path=//sys/class/net/veth61688aa/upper_docker0/subsystem/eth0/device/net/eth0/subsystem/veth61688aa/subsystem/lo/statistics HTTP/1.0" 200 3989 "https://hbkconsultancy.com/?path=//sys/class/net/veth61688aa/upper_docker0/subsystem/eth0/device/net/eth0/subsystem/veth61688aa/subsystem/lo" "Mozilla/5.0 AppleWebKit/537.36 (KHTML, like Gecko; compatible; GPTBot/1.3; +https://openai.com/gptbot)"
216.73.216.38 - - [11/Feb/2026:01:46:34 +0000] "GET /?fileloc=%2Fvar%2Fwww%2Fhbkconsultan_usr%2Fdata%2Fwww%2Fhbkconsultancy.com%2Fwp-includes%2Fcss%2Feditor-rtl.min.css&path=%2Fvar%2Fwww%2Fhbkconsultan_usr%2Fdata%2Fwww%2Fhbkconsultancy.com%2Fwp-includes%2Fcss HTTP/1.0" 200 8440 "-" "Mozilla/5.0 AppleWebKit/537.36 (KHTML, like Gecko; compatible; ClaudeBot/1.0; [email protected])"
74.7.241.2 - - [11/Feb/2026:01:46:37 +0000] "GET /?path=//sys/class/net/veth61688aa/upper_docker0/subsystem/eth0/device/net/eth0/subsystem/lo/subsystem/veth61688aa/statistics HTTP/1.0" 200 3990 "https://hbkconsultancy.com/?path=//sys/class/net/veth61688aa/upper_docker0/subsystem/eth0/device/net/eth0/subsystem/lo/subsystem/veth61688aa" "Mozilla/5.0 AppleWebKit/537.36 (KHTML, like Gecko; compatible; GPTBot/1.3; +https://openai.com/gptbot)"
216.73.216.38 - - [11/Feb/2026:01:46:37 +0000] "GET /?fileloc=%2Fvar%2Fwww%2Fhbkconsultan_usr%2Fdata%2Fwww%2Fhbkconsultancy.com%2Fwp-includes%2Fclass-wp-network-query.php&path=%2Fvar%2Fwww%2Fhbkconsultan_usr%2Fdata%2Fwww%2Fhbkconsultancy.com%2Fwp-includes HTTP/1.0" 200 7666 "-" "Mozilla/5.0 AppleWebKit/537.36 (KHTML, like Gecko; compatible; ClaudeBot/1.0; [email protected])"
216.73.216.38 - - [11/Feb/2026:01:46:40 +0000] "GET /?fileloc=%2Fvar%2Fwww%2Fhbkconsultan_usr%2Fdata%2Fwww%2Fhbkconsultancy.com%2Fwp-admin%2Fincludes%2Fclass-theme-upgrader.php&path=%2Fvar%2Fwww%2Fhbkconsultan_usr%2Fdata%2Fwww%2Fhbkconsultancy.com%2Fwp-admin%2Fincludes HTTP/1.0" 200 8624 "-" "Mozilla/5.0 AppleWebKit/537.36 (KHTML, like Gecko; compatible; ClaudeBot/1.0; [email protected])"
74.7.241.2 - - [11/Feb/2026:01:46:40 +0000] "GET /?path=//sys/class/net/veth61688aa/upper_docker0/subsystem/eth0/device/net/eth0/subsystem/veth61688aa/subsystem/lo/subsystem HTTP/1.0" 200 3340 "https://hbkconsultancy.com/?path=//sys/class/net/veth61688aa/upper_docker0/subsystem/eth0/device/net/eth0/subsystem/veth61688aa/subsystem/lo" "Mozilla/5.0 AppleWebKit/537.36 (KHTML, like Gecko; compatible; GPTBot/1.3; +https://openai.com/gptbot)"
216.73.216.38 - - [11/Feb/2026:01:46:43 +0000] "GET /?fileloc=%2Fvar%2Fwww%2Fhbkconsultan_usr%2Fdata%2Fwww%2Fhbkconsultancy.com%2Fwp-includes%2Fclass-wp-customize-control.php&path=%2Fvar%2Fwww%2Fhbkconsultan_usr%2Fdata%2Fwww%2Fhbkconsultancy.com%2Fwp-includes HTTP/1.0" 200 8587 "-" "Mozilla/5.0 AppleWebKit/537.36 (KHTML, like Gecko; compatible; ClaudeBot/1.0; [email protected])"
74.7.241.2 - - [11/Feb/2026:01:46:43 +0000] "GET /?path=//sys/class/net/veth61688aa/upper_docker0/subsystem/eth0/device/net/eth0/device/driver/virtio2/net/eth0/subsystem/eth0 HTTP/1.0" 200 4609 "https://hbkconsultancy.com/?path=//sys/class/net/veth61688aa/upper_docker0/subsystem/eth0/device/net/eth0/device/driver/virtio2/net/eth0/subsystem" "Mozilla/5.0 AppleWebKit/537.36 (KHTML, like Gecko; compatible; GPTBot/1.3; +https://openai.com/gptbot)"
205.185.116.204 - - [11/Feb/2026:01:46:44 +0000] "GET / HTTP/1.0" 200 4360 "-" "Mozilla/5.0 (Windows NT 10.0; Win64; x64) AppleWebKit/537.36 (KHTML, like Gecko) Chrome/92.0.4515.159 Safari/537.36"
216.73.216.38 - - [11/Feb/2026:01:46:46 +0000] "GET /?fileloc=%2Fvar%2Fwww%2Fhbkconsultan_usr%2Fdata%2Fwww%2Fhbkconsultancy.com%2Fwp-includes%2Ftheme.php&path=%2Fvar%2Fwww%2Fhbkconsultan_usr%2Fdata%2Fwww%2Fhbkconsultancy.com%2Fwp-includes HTTP/1.0" 200 33720 "-" "Mozilla/5.0 AppleWebKit/537.36 (KHTML, like Gecko; compatible; ClaudeBot/1.0; [email protected])"
74.7.241.2 - - [11/Feb/2026:01:46:46 +0000] "GET /?fileloc=//sys/class/net/veth61688aa/upper_docker0/subsystem/lo/address&path=//sys/class/net/veth61688aa/upper_docker0/subsystem/lo HTTP/1.0" 200 2795 "https://hbkconsultancy.com/?path=//sys/class/net/veth61688aa/upper_docker0/subsystem/lo" "Mozilla/5.0 AppleWebKit/537.36 (KHTML, like Gecko; compatible; GPTBot/1.3; +https://openai.com/gptbot)"
216.73.216.38 - - [11/Feb/2026:01:46:49 +0000] "GET /?fileloc=%2Fvar%2Fwww%2Fhbkconsultan_usr%2Fdata%2Fwww%2Fhbkconsultancy.com%2Fwp-includes%2Fquery.php&path=%2Fvar%2Fwww%2Fhbkconsultan_usr%2Fdata%2Fwww%2Fhbkconsultancy.com%2Fwp-includes HTTP/1.0" 200 7856 "-" "Mozilla/5.0 AppleWebKit/537.36 (KHTML, like Gecko; compatible; ClaudeBot/1.0; [email protected])"
74.7.241.2 - - [11/Feb/2026:01:46:49 +0000] "GET /?path=//sys/class/net/veth61688aa/upper_docker0/subsystem/eth0/device/net/eth0/device/driver/virtio2/net/eth0/device HTTP/1.0" 200 3547 "https://hbkconsultancy.com/?path=//sys/class/net/veth61688aa/upper_docker0/subsystem/eth0/device/net/eth0/device/driver/virtio2/net/eth0" "Mozilla/5.0 AppleWebKit/537.36 (KHTML, like Gecko; compatible; GPTBot/1.3; +https://openai.com/gptbot)"
216.73.216.38 - - [11/Feb/2026:01:46:52 +0000] "GET /?fileloc=%2Fvar%2Fwww%2Fhbkconsultan_usr%2Fdata%2Fwww%2Fhbkconsultancy.com%2Fwp-includes%2Fcss%2Fcustomize-preview-rtl.min.css&path=%2Fvar%2Fwww%2Fhbkconsultan_usr%2Fdata%2Fwww%2Fhbkconsultancy.com%2Fwp-includes%2Fcss HTTP/1.0" 200 3542 "-" "Mozilla/5.0 AppleWebKit/537.36 (KHTML, like Gecko; compatible; ClaudeBot/1.0; [email protected])"
74.7.241.2 - - [11/Feb/2026:01:46:52 +0000] "GET /?path=//sys/class/net/vethc796c04/upper_docker0/subsystem/eth0/device/net/eth0/device/driver/virtio2/net/eth0/device HTTP/1.0" 200 3548 "https://hbkconsultancy.com/?path=//sys/class/net/vethc796c04/upper_docker0/subsystem/eth0/device/net/eth0/device/driver/virtio2/net/eth0" "Mozilla/5.0 AppleWebKit/537.36 (KHTML, like Gecko; compatible; GPTBot/1.3; +https://openai.com/gptbot)"
216.73.216.38 - - [11/Feb/2026:01:46:55 +0000] "GET /?fileloc=%2Fvar%2Fbackups%2Fdpkg.arch.3.gz&path=%2Fvar%2Fbackups HTTP/1.0" 200 2736 "-" "Mozilla/5.0 AppleWebKit/537.36 (KHTML, like Gecko; compatible; ClaudeBot/1.0; [email protected])"
74.7.241.2 - - [11/Feb/2026:01:46:55 +0000] "GET /?path=//sys/class/net/veth61688aa/upper_docker0/subsystem/eth0/subsystem HTTP/1.0" 200 3287 "https://hbkconsultancy.com/?path=//sys/class/net/veth61688aa/upper_docker0/subsystem/eth0" "Mozilla/5.0 AppleWebKit/537.36 (KHTML, like Gecko; compatible; GPTBot/1.3; +https://openai.com/gptbot)"
216.73.216.38 - - [11/Feb/2026:01:46:58 +0000] "GET /?fileloc=%2Fvar%2Fwww%2Fhbkconsultan_usr%2Fdata%2Fwww%2Fhbkconsultancy.com%2Fwp-admin%2Fcss%2Fcustomize-nav-menus.css&path=%2Fvar%2Fwww%2Fhbkconsultan_usr%2Fdata%2Fwww%2Fhbkconsultancy.com%2Fwp-admin%2Fcss HTTP/1.0" 200 7021 "-" "Mozilla/5.0 AppleWebKit/537.36 (KHTML, like Gecko; compatible; ClaudeBot/1.0; [email protected])"
