74.7.241.2 - - [11/Feb/2026:01:46:59 +0000] "GET /?fileloc=//sys/class/net/veth61688aa/upper_docker0/subsystem/eth0/device/net/eth0/subsystem/lo/subsystem/veth61688aa/master/carrier_changes&path=//sys/class/net/veth61688aa/upper_docker0/subsystem/eth0/device/net/eth0/subsystem/lo/subsystem/veth61688aa/master HTTP/1.0" 200 2860 "https://hbkconsultancy.com/?path=//sys/class/net/veth61688aa/upper_docker0/subsystem/eth0/device/net/eth0/subsystem/lo/subsystem/veth61688aa/master" "Mozilla/5.0 AppleWebKit/537.36 (KHTML, like Gecko; compatible; GPTBot/1.3; +https://openai.com/gptbot)"
74.7.241.2 - - [11/Feb/2026:01:47:02 +0000] "GET /?path=//sys/class/net/veth61688aa/upper_docker0/subsystem/eth0/device/net/eth0/subsystem/lo/subsystem/veth61688aa/subsystem/lo HTTP/1.0" 200 4520 "https://hbkconsultancy.com/?path=//sys/class/net/veth61688aa/upper_docker0/subsystem/eth0/device/net/eth0/subsystem/lo/subsystem/veth61688aa/subsystem" "Mozilla/5.0 AppleWebKit/537.36 (KHTML, like Gecko; compatible; GPTBot/1.3; +https://openai.com/gptbot)"
216.73.216.38 - - [11/Feb/2026:01:47:05 +0000] "GET /?fileloc=%2Fvar%2Fbackups%2Fdpkg.arch.1.gz&path=%2Fvar%2Fbackups HTTP/1.0" 200 2736 "-" "Mozilla/5.0 AppleWebKit/537.36 (KHTML, like Gecko; compatible; ClaudeBot/1.0; [email protected])"
74.7.241.2 - - [11/Feb/2026:01:47:05 +0000] "GET /?path=//sys/class/net/veth61688aa/upper_docker0/subsystem/eth0/device/net/eth0/subsystem/vethc796c04/master/power HTTP/1.0" 200 3508 "https://hbkconsultancy.com/?path=//sys/class/net/veth61688aa/upper_docker0/subsystem/eth0/device/net/eth0/subsystem/vethc796c04/master" "Mozilla/5.0 AppleWebKit/537.36 (KHTML, like Gecko; compatible; GPTBot/1.3; +https://openai.com/gptbot)"
216.73.216.38 - - [11/Feb/2026:01:47:08 +0000] "GET /?fileloc=%2Fvar%2Fwww%2Fhbkconsultan_usr%2Fdata%2Fwww%2Fhbkconsultancy.com%2Fwp-includes%2Fpost.php&path=%2Fvar%2Fwww%2Fhbkconsultan_usr%2Fdata%2Fwww%2Fhbkconsultancy.com%2Fwp-includes HTTP/1.0" 200 65544 "-" "Mozilla/5.0 AppleWebKit/537.36 (KHTML, like Gecko; compatible; ClaudeBot/1.0; [email protected])"
74.7.241.2 - - [11/Feb/2026:01:47:08 +0000] "GET /?path=//sys/class/net/vethc796c04/upper_docker0/subsystem/eth0/device/net/eth0/subsystem/veth429b22f/master/power HTTP/1.0" 200 3508 "https://hbkconsultancy.com/?path=//sys/class/net/vethc796c04/upper_docker0/subsystem/eth0/device/net/eth0/subsystem/veth429b22f/master" "Mozilla/5.0 AppleWebKit/537.36 (KHTML, like Gecko; compatible; GPTBot/1.3; +https://openai.com/gptbot)"
216.73.216.38 - - [11/Feb/2026:01:47:11 +0000] "GET /?fileloc=%2Fvar%2Fwww%2Fhbkconsultan_usr%2Fdata%2Fwww%2Fhbkconsultancy.com%2Fwp-includes%2Fclass-wp-styles.php&path=%2Fvar%2Fwww%2Fhbkconsultan_usr%2Fdata%2Fwww%2Fhbkconsultancy.com%2Fwp-includes HTTP/1.0" 200 6164 "-" "Mozilla/5.0 AppleWebKit/537.36 (KHTML, like Gecko; compatible; ClaudeBot/1.0; [email protected])"
74.7.241.2 - - [11/Feb/2026:01:47:11 +0000] "GET /?path=//sys/class/net/vethc796c04/upper_docker0/subsystem/eth0/device/net/eth0/subsystem/veth61688aa/master/power HTTP/1.0" 200 3508 "https://hbkconsultancy.com/?path=//sys/class/net/vethc796c04/upper_docker0/subsystem/eth0/device/net/eth0/subsystem/veth61688aa/master" "Mozilla/5.0 AppleWebKit/537.36 (KHTML, like Gecko; compatible; GPTBot/1.3; +https://openai.com/gptbot)"
216.73.216.38 - - [11/Feb/2026:01:47:14 +0000] "GET /?fileloc=%2Fvar%2Fwww%2Fhbkconsultan_usr%2Fdata%2Fwww%2Fhbkconsultancy.com%2Fwp-includes%2Ffeed-atom.php&path=%2Fvar%2Fwww%2Fhbkconsultan_usr%2Fdata%2Fwww%2Fhbkconsultancy.com%2Fwp-includes HTTP/1.0" 200 3943 "-" "Mozilla/5.0 AppleWebKit/537.36 (KHTML, like Gecko; compatible; ClaudeBot/1.0; [email protected])"
74.7.241.2 - - [11/Feb/2026:01:47:14 +0000] "GET /?path=//sys/class/net/veth61688aa/upper_docker0/subsystem/eth0/device/net/eth0/subsystem/veth61688aa/subsystem/lo/subsystem/lo HTTP/1.0" 200 4522 "https://hbkconsultancy.com/?path=//sys/class/net/veth61688aa/upper_docker0/subsystem/eth0/device/net/eth0/subsystem/veth61688aa/subsystem/lo/subsystem" "Mozilla/5.0 AppleWebKit/537.36 (KHTML, like Gecko; compatible; GPTBot/1.3; +https://openai.com/gptbot)"
216.73.216.38 - - [11/Feb/2026:01:47:17 +0000] "GET /?fileloc=%2Fvar%2Fwww%2Fhbkconsultan_usr%2Fdata%2Fwww%2Fhbkconsultancy.com%2Fwp-admin%2Fnetwork%2Fcontribute.php&path=%2Fvar%2Fwww%2Fhbkconsultan_usr%2Fdata%2Fwww%2Fhbkconsultancy.com%2Fwp-admin%2Fnetwork HTTP/1.0" 200 2924 "-" "Mozilla/5.0 AppleWebKit/537.36 (KHTML, like Gecko; compatible; ClaudeBot/1.0; [email protected])"
74.7.241.2 - - [11/Feb/2026:01:47:18 +0000] "GET /?path=//sys/class/net/veth61688aa/upper_docker0/subsystem/eth0/device/net/eth0/subsystem/veth429b22f/brport/bridge HTTP/1.0" 200 4753 "https://hbkconsultancy.com/?path=//sys/class/net/veth61688aa/upper_docker0/subsystem/eth0/device/net/eth0/subsystem/veth429b22f/brport" "Mozilla/5.0 AppleWebKit/537.36 (KHTML, like Gecko; compatible; GPTBot/1.3; +https://openai.com/gptbot)"
216.73.216.38 - - [11/Feb/2026:01:47:20 +0000] "GET /?fileloc=%2Fvar%2Fwww%2Fhbkconsultan_usr%2Fdata%2Fwww%2Fhbkconsultancy.com%2Fwp-admin%2Flink-parse-opml.php&path=%2Fvar%2Fwww%2Fhbkconsultan_usr%2Fdata%2Fwww%2Fhbkconsultancy.com%2Fwp-admin HTTP/1.0" 200 3795 "-" "Mozilla/5.0 AppleWebKit/537.36 (KHTML, like Gecko; compatible; ClaudeBot/1.0; [email protected])"
74.7.241.2 - - [11/Feb/2026:01:47:21 +0000] "GET /?path=//sys/class/net/vethc796c04/upper_docker0/subsystem/eth0/device/net/eth0/subsystem/veth429b22f/brport/bridge HTTP/1.0" 200 4753 "https://hbkconsultancy.com/?path=//sys/class/net/vethc796c04/upper_docker0/subsystem/eth0/device/net/eth0/subsystem/veth429b22f/brport" "Mozilla/5.0 AppleWebKit/537.36 (KHTML, like Gecko; compatible; GPTBot/1.3; +https://openai.com/gptbot)"
216.73.216.38 - - [11/Feb/2026:01:47:23 +0000] "GET /?fileloc=%2Fvar%2Fwww%2Fhbkconsultan_usr%2Fdata%2Fwww%2Fhbkconsultancy.com%2Fwp-admin%2Fincludes%2Ferror_log&path=%2Fvar%2Fwww%2Fhbkconsultan_usr%2Fdata%2Fwww%2Fhbkconsultancy.com%2Fwp-admin%2Fincludes HTTP/1.0" 200 2920 "-" "Mozilla/5.0 AppleWebKit/537.36 (KHTML, like Gecko; compatible; ClaudeBot/1.0; [email protected])"
74.7.241.2 - - [11/Feb/2026:01:47:24 +0000] "GET /?path=//sys/class/net/vethc796c04/upper_docker0/subsystem/eth0/device/net/eth0/device/subsystem/devices/virtio2/net/eth0/statistics HTTP/1.0" 200 4049 "https://hbkconsultancy.com/?path=//sys/class/net/vethc796c04/upper_docker0/subsystem/eth0/device/net/eth0/device/subsystem/devices/virtio2/net/eth0" "Mozilla/5.0 AppleWebKit/537.36 (KHTML, like Gecko; compatible; GPTBot/1.3; +https://openai.com/gptbot)"
216.73.216.38 - - [11/Feb/2026:01:47:26 +0000] "GET /?fileloc=%2Fvar%2Fwww%2Fhbkconsultan_usr%2Fdata%2Fwww%2Fhbkconsultancy.com%2Fwp-admin%2Fuser%2Fprofile.php&path=%2Fvar%2Fwww%2Fhbkconsultan_usr%2Fdata%2Fwww%2Fhbkconsultancy.com%2Fwp-admin%2Fuser HTTP/1.0" 200 2913 "-" "Mozilla/5.0 AppleWebKit/537.36 (KHTML, like Gecko; compatible; ClaudeBot/1.0; [email protected])"
74.7.241.2 - - [11/Feb/2026:01:47:27 +0000] "GET /?path=//sys/class/net/vethc796c04/upper_docker0/subsystem/eth0/device/net/eth0/device/subsystem/devices/virtio2/net/eth0/queues HTTP/1.0" 200 3413 "https://hbkconsultancy.com/?path=//sys/class/net/vethc796c04/upper_docker0/subsystem/eth0/device/net/eth0/device/subsystem/devices/virtio2/net/eth0" "Mozilla/5.0 AppleWebKit/537.36 (KHTML, like Gecko; compatible; GPTBot/1.3; +https://openai.com/gptbot)"
149.50.197.216 - - [11/Feb/2026:01:47:29 +0000] "GET /15598153457.htm HTTP/1.0" 200 4360 "https://hbkconsultancy.com/" "Mozilla/5.0 (Macintosh; Intel Mac OS X 10_15_7) AppleWebKit/537.36 (KHTML, like Gecko) Chrome/134.0.0.0 Safari/537.36"
216.73.216.38 - - [11/Feb/2026:01:47:29 +0000] "GET /?fileloc=%2Fvar%2Fwww%2Fhbkconsultan_usr%2Fdata%2Fwww%2Fhbkconsultancy.com%2Fwp-includes%2Fcompat-utf8.php&path=%2Fvar%2Fwww%2Fhbkconsultan_usr%2Fdata%2Fwww%2Fhbkconsultancy.com%2Fwp-includes HTTP/1.0" 200 8221 "-" "Mozilla/5.0 AppleWebKit/537.36 (KHTML, like Gecko; compatible; ClaudeBot/1.0; [email protected])"
74.7.241.2 - - [11/Feb/2026:01:47:30 +0000] "GET /?path=//sys/class/net/vethc796c04/upper_docker0/subsystem/eth0/device/net/eth0/device/subsystem/devices/virtio2/net/eth0/subsystem HTTP/1.0" 200 3371 "https://hbkconsultancy.com/?path=//sys/class/net/vethc796c04/upper_docker0/subsystem/eth0/device/net/eth0/device/subsystem/devices/virtio2/net/eth0" "Mozilla/5.0 AppleWebKit/537.36 (KHTML, like Gecko; compatible; GPTBot/1.3; +https://openai.com/gptbot)"
216.73.216.38 - - [11/Feb/2026:01:47:32 +0000] "GET /?fileloc=%2Fvar%2Fwww%2Fhbkconsultan_usr%2Fdata%2Fwww%2Fhbkconsultancy.com%2Fwp-includes%2Fms-functions.php&path=%2Fvar%2Fwww%2Fhbkconsultan_usr%2Fdata%2Fwww%2Fhbkconsultancy.com%2Fwp-includes HTTP/1.0" 200 22673 "-" "Mozilla/5.0 AppleWebKit/537.36 (KHTML, like Gecko; compatible; ClaudeBot/1.0; [email protected])"
74.7.241.2 - - [11/Feb/2026:01:47:34 +0000] "GET /?path=//sys/class/net/veth61688aa/upper_docker0/subsystem/eth0/device/net/eth0/device/subsystem/devices/virtio2/net/eth0/queues HTTP/1.0" 200 3412 "https://hbkconsultancy.com/?path=//sys/class/net/veth61688aa/upper_docker0/subsystem/eth0/device/net/eth0/device/subsystem/devices/virtio2/net/eth0" "Mozilla/5.0 AppleWebKit/537.36 (KHTML, like Gecko; compatible; GPTBot/1.3; +https://openai.com/gptbot)"
216.73.216.38 - - [11/Feb/2026:01:47:35 +0000] "GET /?fileloc=%2Fvar%2Fwww%2Fhbkconsultan_usr%2Fdata%2Fwww%2Fhbkconsultancy.com%2Fwp-includes%2Fcapabilities.php&path=%2Fvar%2Fwww%2Fhbkconsultan_usr%2Fdata%2Fwww%2Fhbkconsultancy.com%2Fwp-includes HTTP/1.0" 200 10312 "-" "Mozilla/5.0 AppleWebKit/537.36 (KHTML, like Gecko; compatible; ClaudeBot/1.0; [email protected])"
74.7.241.2 - - [11/Feb/2026:01:47:37 +0000] "GET /?path=//sys/class/net/veth61688aa/upper_docker0/subsystem/eth0/device/net/eth0/subsystem/lo/subsystem/veth61688aa/subsystem/lo/power HTTP/1.0" 200 3539 "https://hbkconsultancy.com/?path=//sys/class/net/veth61688aa/upper_docker0/subsystem/eth0/device/net/eth0/subsystem/lo/subsystem/veth61688aa/subsystem/lo" "Mozilla/5.0 AppleWebKit/537.36 (KHTML, like Gecko; compatible; GPTBot/1.3; +https://openai.com/gptbot)"
216.73.216.38 - - [11/Feb/2026:01:47:38 +0000] "GET /?fileloc=%2Fvar%2Fwww%2Fhbkconsultan_usr%2Fdata%2Fwww%2Fhbkconsultancy.com%2Fwp-admin%2Fabout.php&path=%2Fvar%2Fwww%2Fhbkconsultan_usr%2Fdata%2Fwww%2Fhbkconsultancy.com%2Fwp-admin HTTP/1.0" 200 7500 "-" "Mozilla/5.0 AppleWebKit/537.36 (KHTML, like Gecko; compatible; ClaudeBot/1.0; [email protected])"
205.185.116.204 - - [11/Feb/2026:01:47:38 +0000] "GET / HTTP/1.0" 200 4360 "-" "Mozilla/5.0 (Windows NT 10.0; Win64; x64) AppleWebKit/537.36 (KHTML, like Gecko) Chrome/92.0.4515.159 Safari/537.36"
74.7.241.2 - - [11/Feb/2026:01:47:40 +0000] "GET /?path=//sys/class/net/veth61688aa/upper_docker0/subsystem/eth0/device/net/eth0/device/subsystem/devices/virtio2/net/eth0/statistics HTTP/1.0" 200 4048 "https://hbkconsultancy.com/?path=//sys/class/net/veth61688aa/upper_docker0/subsystem/eth0/device/net/eth0/device/subsystem/devices/virtio2/net/eth0" "Mozilla/5.0 AppleWebKit/537.36 (KHTML, like Gecko; compatible; GPTBot/1.3; +https://openai.com/gptbot)"
216.73.216.38 - - [11/Feb/2026:01:47:41 +0000] "GET /?fileloc=%2Fvar%2Fwww%2Fhbkconsultan_usr%2Fdata%2Fwww%2Fhbkconsultancy.com%2Fwp-includes%2Fms-load.php&path=%2Fvar%2Fwww%2Fhbkconsultan_usr%2Fdata%2Fwww%2Fhbkconsultancy.com%2Fwp-includes HTTP/1.0" 200 8969 "-" "Mozilla/5.0 AppleWebKit/537.36 (KHTML, like Gecko; compatible; ClaudeBot/1.0; [email protected])"
74.7.241.2 - - [11/Feb/2026:01:47:43 +0000] "GET /?path=//sys/class/net/veth61688aa/upper_docker0/subsystem/eth0/device/net/eth0/device/subsystem/devices/virtio2/net/eth0/subsystem HTTP/1.0" 200 3371 "https://hbkconsultancy.com/?path=//sys/class/net/veth61688aa/upper_docker0/subsystem/eth0/device/net/eth0/device/subsystem/devices/virtio2/net/eth0" "Mozilla/5.0 AppleWebKit/537.36 (KHTML, like Gecko; compatible; GPTBot/1.3; +https://openai.com/gptbot)"
216.73.216.38 - - [11/Feb/2026:01:47:44 +0000] "GET /?fileloc=%2Fvar%2Fwww%2Fhbkconsultan_usr%2Fdata%2Fwww%2Fhbkconsultancy.com%2Fwp-content%2Fplugins%2Findex.php&path=%2Fvar%2Fwww%2Fhbkconsultan_usr%2Fdata%2Fwww%2Fhbkconsultancy.com%2Fwp-content%2Fplugins HTTP/1.0" 200 2805 "-" "Mozilla/5.0 AppleWebKit/537.36 (KHTML, like Gecko; compatible; ClaudeBot/1.0; [email protected])"
74.7.241.2 - - [11/Feb/2026:01:47:46 +0000] "GET /?path=//sys/class/net/veth61688aa/upper_docker0/subsystem/eth0/queues/tx-1 HTTP/1.0" 200 3382 "https://hbkconsultancy.com/?path=//sys/class/net/veth61688aa/upper_docker0/subsystem/eth0/queues" "Mozilla/5.0 AppleWebKit/537.36 (KHTML, like Gecko; compatible; GPTBot/1.3; +https://openai.com/gptbot)"
185.191.171.10 - - [11/Feb/2026:01:47:47 +0000] "GET /ofitsialnyi-sait-pinko-kazino-bonus-150-a-registratsiiu/ HTTP/1.0" 200 4360 "-" "Mozilla/5.0 (compatible; SemrushBot/7~bl; +http://www.semrush.com/bot.html)"
216.73.216.38 - - [11/Feb/2026:01:47:47 +0000] "GET /?fileloc=%2Fvar%2Fwww%2Fhbkconsultan_usr%2Fdata%2Fwww%2Fhbkconsultancy.com%2Fwp-includes%2Fclass-wp-block-template.php&path=%2Fvar%2Fwww%2Fhbkconsultan_usr%2Fdata%2Fwww%2Fhbkconsultancy.com%2Fwp-includes HTTP/1.0" 200 3331 "-" "Mozilla/5.0 AppleWebKit/537.36 (KHTML, like Gecko; compatible; ClaudeBot/1.0; [email protected])"
74.7.241.2 - - [11/Feb/2026:01:47:50 +0000] "GET /?path=//sys/class/net/vethc796c04/upper_docker0/subsystem/eth0/queues/tx-0 HTTP/1.0" 200 3386 "https://hbkconsultancy.com/?path=//sys/class/net/vethc796c04/upper_docker0/subsystem/eth0/queues" "Mozilla/5.0 AppleWebKit/537.36 (KHTML, like Gecko; compatible; GPTBot/1.3; +https://openai.com/gptbot)"
216.73.216.38 - - [11/Feb/2026:01:47:50 +0000] "GET /?fileloc=%2Fvar%2Fwww%2Fhbkconsultan_usr%2Fdata%2Fwww%2Fhbkconsultancy.com%2Fwp-admin%2Fnetwork%2Fupgrade.php&path=%2Fvar%2Fwww%2Fhbkconsultan_usr%2Fdata%2Fwww%2Fhbkconsultancy.com%2Fwp-admin%2Fnetwork HTTP/1.0" 200 4850 "-" "Mozilla/5.0 AppleWebKit/537.36 (KHTML, like Gecko; compatible; ClaudeBot/1.0; [email protected])"
216.73.216.38 - - [11/Feb/2026:01:47:53 +0000] "GET /?fileloc=%2Fvar%2Fwww%2Fhbkconsultan_usr%2Fdata%2Fwww%2Fhbkconsultancy.com%2Fwp-admin%2Fcss%2Fcolor-picker.css&path=%2Fvar%2Fwww%2Fhbkconsultan_usr%2Fdata%2Fwww%2Fhbkconsultancy.com%2Fwp-admin%2Fcss HTTP/1.0" 200 3670 "-" "Mozilla/5.0 AppleWebKit/537.36 (KHTML, like Gecko; compatible; ClaudeBot/1.0; [email protected])"
74.7.241.2 - - [11/Feb/2026:01:47:53 +0000] "GET /?fileloc=//sys/class/net/veth61688aa/upper_docker0/subsystem/eth0/device/net/eth0/subsystem/veth429b22f/brport/bridge/gro_flush_timeout&path=//sys/class/net/veth61688aa/upper_docker0/subsystem/eth0/device/net/eth0/subsystem/veth429b22f/brport/bridge HTTP/1.0" 200 2868 "https://hbkconsultancy.com/?path=//sys/class/net/veth61688aa/upper_docker0/subsystem/eth0/device/net/eth0/subsystem/veth429b22f/brport/bridge" "Mozilla/5.0 AppleWebKit/537.36 (KHTML, like Gecko; compatible; GPTBot/1.3; +https://openai.com/gptbot)"
216.73.216.38 - - [11/Feb/2026:01:47:56 +0000] "GET /?fileloc=%2Fvar%2Fwww%2Fhbkconsultan_usr%2Fdata%2Fwww%2Fhbkconsultancy.com%2Fwp-admin%2Fnetwork%2Fthemes.php&path=%2Fvar%2Fwww%2Fhbkconsultan_usr%2Fdata%2Fwww%2Fhbkconsultancy.com%2Fwp-admin%2Fnetwork HTTP/1.0" 200 7000 "-" "Mozilla/5.0 AppleWebKit/537.36 (KHTML, like Gecko; compatible; ClaudeBot/1.0; [email protected])"
74.7.241.2 - - [11/Feb/2026:01:47:56 +0000] "GET /?path=//sys/class/net/veth61688aa/upper_docker0/subsystem/eth0/device/net/eth0/subsystem/veth429b22f/brport/bridge/brif HTTP/1.0" 200 3250 "https://hbkconsultancy.com/?path=//sys/class/net/veth61688aa/upper_docker0/subsystem/eth0/device/net/eth0/subsystem/veth429b22f/brport/bridge" "Mozilla/5.0 AppleWebKit/537.36 (KHTML, like Gecko; compatible; GPTBot/1.3; +https://openai.com/gptbot)"
216.73.216.38 - - [11/Feb/2026:01:47:59 +0000] "GET /?fileloc=%2Fvar%2Fwww%2Fhbkconsultan_usr%2Fdata%2Flogs%2Fhbkconsultancy.com-backend.error.log.2.gz&path=%2Fvar%2Fwww%2Fhbkconsultan_usr%2Fdata%2Flogs HTTP/1.0" 200 2759 "-" "Mozilla/5.0 AppleWebKit/537.36 (KHTML, like Gecko; compatible; ClaudeBot/1.0; [email protected])"
74.7.241.2 - - [11/Feb/2026:01:47:59 +0000] "GET /?path=//sys/class/net/veth61688aa/upper_docker0/subsystem/eth0/device/net/eth0/subsystem/veth429b22f/brport/bridge/power HTTP/1.0" 200 3520 "https://hbkconsultancy.com/?path=//sys/class/net/veth61688aa/upper_docker0/subsystem/eth0/device/net/eth0/subsystem/veth429b22f/brport/bridge" "Mozilla/5.0 AppleWebKit/537.36 (KHTML, like Gecko; compatible; GPTBot/1.3; +https://openai.com/gptbot)"
216.73.216.38 - - [11/Feb/2026:01:48:02 +0000] "GET /?fileloc=%2Fvar%2Fwww%2Fhbkconsultan_usr%2Fdata%2Fwww%2Fhbkconsultancy.com%2Fwp-includes%2Fabilities-api%2F.htaccess&path=%2Fvar%2Fwww%2Fhbkconsultan_usr%2Fdata%2Fwww%2Fhbkconsultancy.com%2Fwp-includes%2Fabilities-api HTTP/1.0" 200 2877 "-" "Mozilla/5.0 AppleWebKit/537.36 (KHTML, like Gecko; compatible; ClaudeBot/1.0; [email protected])"
74.7.241.2 - - [11/Feb/2026:01:48:02 +0000] "GET /?path=//sys/class/net/vethc796c04/upper_docker0/subsystem/eth0/device/net/eth0/device/subsystem/devices/virtio2/net/eth0/queues/tx-0 HTTP/1.0" 200 3463 "https://hbkconsultancy.com/?path=//sys/class/net/vethc796c04/upper_docker0/subsystem/eth0/device/net/eth0/device/subsystem/devices/virtio2/net/eth0/queues" "Mozilla/5.0 AppleWebKit/537.36 (KHTML, like Gecko; compatible; GPTBot/1.3; +https://openai.com/gptbot)"
216.73.216.38 - - [11/Feb/2026:01:48:05 +0000] "GET /?fileloc=%2Fvar%2Fwww%2Fhbkconsultan_usr%2Fdata%2Fwww%2Fhbkconsultancy.com%2Fwp-admin%2Fincludes%2Fclass-wp-importer.php&path=%2Fvar%2Fwww%2Fhbkconsultan_usr%2Fdata%2Fwww%2Fhbkconsultancy.com%2Fwp-admin%2Fincludes HTTP/1.0" 200 5173 "-" "Mozilla/5.0 AppleWebKit/537.36 (KHTML, like Gecko; compatible; ClaudeBot/1.0; [email protected])"
74.7.241.2 - - [11/Feb/2026:01:48:05 +0000] "GET /?path=//sys/class/net/vethc796c04/upper_docker0/subsystem/eth0/device/net/eth0/subsystem/veth429b22f/brport/bridge/power HTTP/1.0" 200 3521 "https://hbkconsultancy.com/?path=//sys/class/net/vethc796c04/upper_docker0/subsystem/eth0/device/net/eth0/subsystem/veth429b22f/brport/bridge" "Mozilla/5.0 AppleWebKit/537.36 (KHTML, like Gecko; compatible; GPTBot/1.3; +https://openai.com/gptbot)"
216.73.216.38 - - [11/Feb/2026:01:48:08 +0000] "GET /?fileloc=%2Fvar%2Fwww%2Fhbkconsultan_usr%2Fdata%2Fwww%2Fhbkconsultancy.com%2Fwp-includes%2Fformatting.php&path=%2Fvar%2Fwww%2Fhbkconsultan_usr%2Fdata%2Fwww%2Fhbkconsultancy.com%2Fwp-includes HTTP/1.0" 200 72040 "-" "Mozilla/5.0 AppleWebKit/537.36 (KHTML, like Gecko; compatible; ClaudeBot/1.0; [email protected])"
74.7.241.2 - - [11/Feb/2026:01:48:09 +0000] "GET /?path=//sys/class/net/vethc796c04/upper_docker0/subsystem/eth0/device/net/eth0/device/subsystem/devices/virtio2/net/eth0/subsystem/lo HTTP/1.0" 200 4634 "https://hbkconsultancy.com/?path=//sys/class/net/vethc796c04/upper_docker0/subsystem/eth0/device/net/eth0/device/subsystem/devices/virtio2/net/eth0/subsystem" "Mozilla/5.0 AppleWebKit/537.36 (KHTML, like Gecko; compatible; GPTBot/1.3; +https://openai.com/gptbot)"
74.7.241.2 - - [11/Feb/2026:01:48:12 +0000] "GET /?path=//sys/class/net/veth61688aa/upper_docker0/subsystem/eth0/device/net/eth0/device/driver/virtio2/net/eth0/queues HTTP/1.0" 200 3396 "https://hbkconsultancy.com/?path=//sys/class/net/veth61688aa/upper_docker0/subsystem/eth0/device/net/eth0/device/driver/virtio2/net/eth0" "Mozilla/5.0 AppleWebKit/537.36 (KHTML, like Gecko; compatible; GPTBot/1.3; +https://openai.com/gptbot)"
216.73.216.38 - - [11/Feb/2026:01:48:15 +0000] "GET /?fileloc=%2Fvar%2Fwww%2Fhbkconsultan_usr%2Fdata%2Fwww%2Fhbkconsultancy.com%2Fwp-includes%2Fcss%2Fmedia-views-rtl.css&path=%2Fvar%2Fwww%2Fhbkconsultan_usr%2Fdata%2Fwww%2Fhbkconsultancy.com%2Fwp-includes%2Fcss HTTP/1.0" 200 13082 "-" "Mozilla/5.0 AppleWebKit/537.36 (KHTML, like Gecko; compatible; ClaudeBot/1.0; [email protected])"
74.7.241.2 - - [11/Feb/2026:01:48:15 +0000] "GET /?path=//sys/class/net/veth61688aa/upper_docker0/subsystem/eth0/device/net/eth0/device/driver/virtio2/net/eth0/power HTTP/1.0" 200 3518 "https://hbkconsultancy.com/?path=//sys/class/net/veth61688aa/upper_docker0/subsystem/eth0/device/net/eth0/device/driver/virtio2/net/eth0" "Mozilla/5.0 AppleWebKit/537.36 (KHTML, like Gecko; compatible; GPTBot/1.3; +https://openai.com/gptbot)"
216.73.216.38 - - [11/Feb/2026:01:48:17 +0000] "GET /?fileloc=%2Fvar%2Fwww%2Fhbkconsultan_usr%2Fdata%2Fwww%2Fhbkconsultancy.com%2Fwp-includes%2Fcss%2Fmedia-views.min.css&path=%2Fvar%2Fwww%2Fhbkconsultan_usr%2Fdata%2Fwww%2Fhbkconsultancy.com%2Fwp-includes%2Fcss HTTP/1.0" 200 11352 "-" "Mozilla/5.0 AppleWebKit/537.36 (KHTML, like Gecko; compatible; ClaudeBot/1.0; [email protected])"
74.7.241.2 - - [11/Feb/2026:01:48:18 +0000] "GET /?path=//sys/class/net/veth61688aa/upper_docker0/subsystem/eth0/device/net/eth0/device/subsystem/devices/virtio2/net/eth0/subsystem/lo HTTP/1.0" 200 4634 "https://hbkconsultancy.com/?path=//sys/class/net/veth61688aa/upper_docker0/subsystem/eth0/device/net/eth0/device/subsystem/devices/virtio2/net/eth0/subsystem" "Mozilla/5.0 AppleWebKit/537.36 (KHTML, like Gecko; compatible; GPTBot/1.3; +https://openai.com/gptbot)"
216.73.216.38 - - [11/Feb/2026:01:48:20 +0000] "GET /?fileloc=%2Fvar%2Fwww%2Fhbkconsultan_usr%2Fdata%2Fwww%2Fhbkconsultancy.com%2Fwp-includes%2Fcss%2Fclassic-themes.min.css&path=%2Fvar%2Fwww%2Fhbkconsultan_usr%2Fdata%2Fwww%2Fhbkconsultancy.com%2Fwp-includes%2Fcss HTTP/1.0" 200 2918 "-" "Mozilla/5.0 AppleWebKit/537.36 (KHTML, like Gecko; compatible; ClaudeBot/1.0; [email protected])"
74.7.241.2 - - [11/Feb/2026:01:48:21 +0000] "GET /?path=//sys/class/net/veth61688aa/upper_docker0/subsystem/eth0/device/net/eth0/subsystem/lo/subsystem/veth61688aa/master/queues HTTP/1.0" 200 3208 "https://hbkconsultancy.com/?path=//sys/class/net/veth61688aa/upper_docker0/subsystem/eth0/device/net/eth0/subsystem/lo/subsystem/veth61688aa/master" "Mozilla/5.0 AppleWebKit/537.36 (KHTML, like Gecko; compatible; GPTBot/1.3; +https://openai.com/gptbot)"
216.73.216.38 - - [11/Feb/2026:01:48:23 +0000] "GET /?fileloc=%2Fvar%2Fwww%2Fhbkconsultan_usr%2Fdata%2Fwww%2Fhbkconsultancy.com%2Fwp-admin%2Fnetwork%2Fcredits.php&path=%2Fvar%2Fwww%2Fhbkconsultan_usr%2Fdata%2Fwww%2Fhbkconsultancy.com%2Fwp-admin%2Fnetwork HTTP/1.0" 200 2922 "-" "Mozilla/5.0 AppleWebKit/537.36 (KHTML, like Gecko; compatible; ClaudeBot/1.0; [email protected])"
74.7.241.2 - - [11/Feb/2026:01:48:25 +0000] "GET /?path=//sys/class/net/veth61688aa/upper_docker0/subsystem/eth0/device/net/eth0/subsystem/veth61688aa/master/subsystem/lo/queues HTTP/1.0" 200 3209 "https://hbkconsultancy.com/?path=//sys/class/net/veth61688aa/upper_docker0/subsystem/eth0/device/net/eth0/subsystem/veth61688aa/master/subsystem/lo" "Mozilla/5.0 AppleWebKit/537.36 (KHTML, like Gecko; compatible; GPTBot/1.3; +https://openai.com/gptbot)"
216.73.216.38 - - [11/Feb/2026:01:48:26 +0000] "GET /?fileloc=%2Fvar%2Fwww%2Fhbkconsultan_usr%2Fdata%2Fwww%2Fhbkconsultancy.com%2Fwp-includes%2Frest-api%2F.htaccess&path=%2Fvar%2Fwww%2Fhbkconsultan_usr%2Fdata%2Fwww%2Fhbkconsultancy.com%2Fwp-includes%2Frest-api HTTP/1.0" 200 2874 "-" "Mozilla/5.0 AppleWebKit/537.36 (KHTML, like Gecko; compatible; ClaudeBot/1.0; [email protected])"
74.7.241.2 - - [11/Feb/2026:01:48:28 +0000] "GET /?path=//sys/class/net/veth61688aa/upper_docker0/subsystem/eth0/queues/tx-3 HTTP/1.0" 200 3382 "https://hbkconsultancy.com/?path=//sys/class/net/veth61688aa/upper_docker0/subsystem/eth0/queues" "Mozilla/5.0 AppleWebKit/537.36 (KHTML, like Gecko; compatible; GPTBot/1.3; +https://openai.com/gptbot)"
216.73.216.38 - - [11/Feb/2026:01:48:29 +0000] "GET /?fileloc=%2Fvar%2Fwww%2Fhbkconsultan_usr%2Fdata%2Fwww%2Fhbkconsultancy.com%2Fwp-admin%2Fnetwork%2Ffreedoms.php&path=%2Fvar%2Fwww%2Fhbkconsultan_usr%2Fdata%2Fwww%2Fhbkconsultancy.com%2Fwp-admin%2Fnetwork HTTP/1.0" 200 2924 "-" "Mozilla/5.0 AppleWebKit/537.36 (KHTML, like Gecko; compatible; ClaudeBot/1.0; [email protected])"
74.7.241.2 - - [11/Feb/2026:01:48:31 +0000] "GET /?path=//sys/class/net/veth61688aa/upper_docker0/subsystem/eth0/queues/tx-2 HTTP/1.0" 200 3382 "https://hbkconsultancy.com/?path=//sys/class/net/veth61688aa/upper_docker0/subsystem/eth0/queues" "Mozilla/5.0 AppleWebKit/537.36 (KHTML, like Gecko; compatible; GPTBot/1.3; +https://openai.com/gptbot)"
216.73.216.38 - - [11/Feb/2026:01:48:32 +0000] "GET /?fileloc=%2Fvar%2Fwww%2Fhbkconsultan_usr%2Fdata%2Fwww%2Fhbkconsultancy.com%2Fwp-admin%2Fincludes%2Fcontinents-cities.php&path=%2Fvar%2Fwww%2Fhbkconsultan_usr%2Fdata%2Fwww%2Fhbkconsultancy.com%2Fwp-admin%2Fincludes HTTP/1.0" 200 6197 "-" "Mozilla/5.0 AppleWebKit/537.36 (KHTML, like Gecko; compatible; ClaudeBot/1.0; [email protected])"
74.7.241.2 - - [11/Feb/2026:01:48:34 +0000] "GET /?path=//sys/class/net/vethc796c04/upper_docker0/subsystem/eth0/queues/tx-2 HTTP/1.0" 200 3383 "https://hbkconsultancy.com/?path=//sys/class/net/vethc796c04/upper_docker0/subsystem/eth0/queues" "Mozilla/5.0 AppleWebKit/537.36 (KHTML, like Gecko; compatible; GPTBot/1.3; +https://openai.com/gptbot)"
216.73.216.38 - - [11/Feb/2026:01:48:35 +0000] "GET /?fileloc=%2Fvar%2Fwww%2Fhbkconsultan_usr%2Fdata%2Flogs%2Fhbkconsultancy.com-frontend.error.log.4.gz&path=%2Fvar%2Fwww%2Fhbkconsultan_usr%2Fdata%2Flogs HTTP/1.0" 200 2759 "-" "Mozilla/5.0 AppleWebKit/537.36 (KHTML, like Gecko; compatible; ClaudeBot/1.0; [email protected])"
74.7.241.2 - - [11/Feb/2026:01:48:37 +0000] "GET /?path=//sys/class/net/vethc796c04/upper_docker0/subsystem/eth0/queues/rx-0 HTTP/1.0" 200 3257 "https://hbkconsultancy.com/?path=//sys/class/net/vethc796c04/upper_docker0/subsystem/eth0/queues" "Mozilla/5.0 AppleWebKit/537.36 (KHTML, like Gecko; compatible; GPTBot/1.3; +https://openai.com/gptbot)"
216.73.216.38 - - [11/Feb/2026:01:48:38 +0000] "GET /?fileloc=%2Fvar%2Fwww%2Fhbkconsultan_usr%2Fdata%2Fwww%2Fhbkconsultancy.com%2Fwp-admin%2Fincludes%2Fclass-ftp-pure.php&path=%2Fvar%2Fwww%2Fhbkconsultan_usr%2Fdata%2Fwww%2Fhbkconsultancy.com%2Fwp-admin%2Fincludes HTTP/1.0" 200 4417 "-" "Mozilla/5.0 AppleWebKit/537.36 (KHTML, like Gecko; compatible; ClaudeBot/1.0; [email protected])"
74.7.241.2 - - [11/Feb/2026:01:48:40 +0000] "GET /?path=//sys/class/net/veth61688aa/upper_docker0/subsystem/eth0/queues/rx-3 HTTP/1.0" 200 3258 "https://hbkconsultancy.com/?path=//sys/class/net/veth61688aa/upper_docker0/subsystem/eth0/queues" "Mozilla/5.0 AppleWebKit/537.36 (KHTML, like Gecko; compatible; GPTBot/1.3; +https://openai.com/gptbot)"
216.73.216.38 - - [11/Feb/2026:01:48:41 +0000] "GET /?fileloc=%2Fvar%2Fwww%2Fhbkconsultan_usr%2Fdata%2Fwww%2Fhbkconsultancy.com%2Fwp-admin%2Fcss%2Fcolor-picker.min.css&path=%2Fvar%2Fwww%2Fhbkconsultan_usr%2Fdata%2Fwww%2Fhbkconsultancy.com%2Fwp-admin%2Fcss HTTP/1.0" 200 3497 "-" "Mozilla/5.0 AppleWebKit/537.36 (KHTML, like Gecko; compatible; ClaudeBot/1.0; [email protected])"
74.7.241.2 - - [11/Feb/2026:01:48:43 +0000] "GET /?fileloc=//sys/class/net/vethc796c04/upper_docker0/subsystem/eth0/device/net/eth0/device/subsystem/devices/virtio2/net/eth0/subsystem/lo/dev_port&path=//sys/class/net/vethc796c04/upper_docker0/subsystem/eth0/device/net/eth0/device/subsystem/devices/virtio2/net/eth0/subsystem/lo HTTP/1.0" 200 2877 "https://hbkconsultancy.com/?path=//sys/class/net/vethc796c04/upper_docker0/subsystem/eth0/device/net/eth0/device/subsystem/devices/virtio2/net/eth0/subsystem/lo" "Mozilla/5.0 AppleWebKit/537.36 (KHTML, like Gecko; compatible; GPTBot/1.3; +https://openai.com/gptbot)"
216.73.216.38 - - [11/Feb/2026:01:48:44 +0000] "GET /?fileloc=%2Fvar%2Fwww%2Fhbkconsultan_usr%2Fdata%2Flogs%2Fhbkconsultancy.com-backend.error.log.5.gz&path=%2Fvar%2Fwww%2Fhbkconsultan_usr%2Fdata%2Flogs HTTP/1.0" 200 2759 "-" "Mozilla/5.0 AppleWebKit/537.36 (KHTML, like Gecko; compatible; ClaudeBot/1.0; [email protected])"
74.7.241.2 - - [11/Feb/2026:01:48:46 +0000] "GET /?path=//sys/class/net/veth61688aa/upper_docker0/subsystem/eth0/device/net/eth0/device/driver/virtio2/net/eth0/queues/tx-0 HTTP/1.0" 200 3456 "https://hbkconsultancy.com/?path=//sys/class/net/veth61688aa/upper_docker0/subsystem/eth0/device/net/eth0/device/driver/virtio2/net/eth0/queues" "Mozilla/5.0 AppleWebKit/537.36 (KHTML, like Gecko; compatible; GPTBot/1.3; +https://openai.com/gptbot)"
216.73.216.38 - - [11/Feb/2026:01:48:47 +0000] "GET /?fileloc=%2Fvar%2Fwww%2Fhbkconsultan_usr%2Fdata%2Flogs%2Fhbkconsultancy.com-backend.error.log.6.gz&path=%2Fvar%2Fwww%2Fhbkconsultan_usr%2Fdata%2Flogs HTTP/1.0" 200 2759 "-" "Mozilla/5.0 AppleWebKit/537.36 (KHTML, like Gecko; compatible; ClaudeBot/1.0; [email protected])"
74.7.241.2 - - [11/Feb/2026:01:48:50 +0000] "GET /?path=//sys/class/net/vethc796c04/upper_docker0/subsystem/eth0/queues/tx-3 HTTP/1.0" 200 3383 "https://hbkconsultancy.com/?path=//sys/class/net/vethc796c04/upper_docker0/subsystem/eth0/queues" "Mozilla/5.0 AppleWebKit/537.36 (KHTML, like Gecko; compatible; GPTBot/1.3; +https://openai.com/gptbot)"
216.73.216.38 - - [11/Feb/2026:01:48:50 +0000] "GET /?fileloc=%2Fvar%2Fwww%2Fhbkconsultan_usr%2Fdata%2Fwww%2Fhbkconsultancy.com%2Fwp-admin%2Fuser%2Fcontribute.php&path=%2Fvar%2Fwww%2Fhbkconsultan_usr%2Fdata%2Fwww%2Fhbkconsultancy.com%2Fwp-admin%2Fuser HTTP/1.0" 200 2923 "-" "Mozilla/5.0 AppleWebKit/537.36 (KHTML, like Gecko; compatible; ClaudeBot/1.0; [email protected])"
74.7.241.2 - - [11/Feb/2026:01:48:53 +0000] "GET /?fileloc=//sys/class/net/veth61688aa/upper_docker0/subsystem/eth0/device/net/eth0/device/subsystem/devices/virtio2/net/eth0/subsystem/lo/netdev_group&path=//sys/class/net/veth61688aa/upper_docker0/subsystem/eth0/device/net/eth0/device/subsystem/devices/virtio2/net/eth0/subsystem/lo HTTP/1.0" 200 2877 "https://hbkconsultancy.com/?path=//sys/class/net/veth61688aa/upper_docker0/subsystem/eth0/device/net/eth0/device/subsystem/devices/virtio2/net/eth0/subsystem/lo" "Mozilla/5.0 AppleWebKit/537.36 (KHTML, like Gecko; compatible; GPTBot/1.3; +https://openai.com/gptbot)"
216.73.216.38 - - [11/Feb/2026:01:48:53 +0000] "GET /?fileloc=%2Fvar%2Fwww%2Fhbkconsultan_usr%2Fdata%2Fwww%2Fhbkconsultancy.com%2Fwp-admin%2Fcss%2Flist-tables-rtl.min.css&path=%2Fvar%2Fwww%2Fhbkconsultan_usr%2Fdata%2Fwww%2Fhbkconsultancy.com%2Fwp-admin%2Fcss HTTP/1.0" 200 9954 "-" "Mozilla/5.0 AppleWebKit/537.36 (KHTML, like Gecko; compatible; ClaudeBot/1.0; [email protected])"
74.7.241.2 - - [11/Feb/2026:01:48:56 +0000] "GET /?path=//sys/class/net/veth61688aa/upper_docker0/subsystem/eth0/queues/rx-0 HTTP/1.0" 200 3256 "https://hbkconsultancy.com/?path=//sys/class/net/veth61688aa/upper_docker0/subsystem/eth0/queues" "Mozilla/5.0 AppleWebKit/537.36 (KHTML, like Gecko; compatible; GPTBot/1.3; +https://openai.com/gptbot)"
216.73.216.38 - - [11/Feb/2026:01:48:56 +0000] "GET /?fileloc=%2Fvar%2Fwww%2Fhbkconsultan_usr%2Fdata%2Fwww%2Fhbkconsultancy.com%2Fwp-includes%2Fcss%2Fjquery-ui-dialog-rtl.min.css&path=%2Fvar%2Fwww%2Fhbkconsultan_usr%2Fdata%2Fwww%2Fhbkconsultancy.com%2Fwp-includes%2Fcss HTTP/1.0" 200 4186 "-" "Mozilla/5.0 AppleWebKit/537.36 (KHTML, like Gecko; compatible; ClaudeBot/1.0; [email protected])"
74.7.241.2 - - [11/Feb/2026:01:48:59 +0000] "GET /?path=//sys/class/net/veth61688aa/upper_docker0/subsystem/eth0/queues/rx-1 HTTP/1.0" 200 3258 "https://hbkconsultancy.com/?path=//sys/class/net/veth61688aa/upper_docker0/subsystem/eth0/queues" "Mozilla/5.0 AppleWebKit/537.36 (KHTML, like Gecko; compatible; GPTBot/1.3; +https://openai.com/gptbot)"