74.7.241.23 - - [11/Feb/2026:00:53:17 +0000] "GET /?fileloc=//sys/class/net/eth0/subsystem/veth429b22f/master/subsystem/eth0/device/status&path=//sys/class/net/eth0/subsystem/veth429b22f/master/subsystem/eth0/device HTTP/1.0" 200 2816 "https://hbkconsultancy.com/?path=//sys/class/net/eth0/subsystem/veth429b22f/master/subsystem/eth0/device" "Mozilla/5.0 AppleWebKit/537.36 (KHTML, like Gecko; compatible; GPTBot/1.3; +https://openai.com/gptbot)"
74.7.241.23 - - [11/Feb/2026:00:53:20 +0000] "GET /?fileloc=//sys/class/net/eth0/subsystem/vethc796c04/master/subsystem/eth0/device/device&path=//sys/class/net/eth0/subsystem/vethc796c04/master/subsystem/eth0/device HTTP/1.0" 200 2814 "https://hbkconsultancy.com/?path=//sys/class/net/eth0/subsystem/vethc796c04/master/subsystem/eth0/device" "Mozilla/5.0 AppleWebKit/537.36 (KHTML, like Gecko; compatible; GPTBot/1.3; +https://openai.com/gptbot)"
74.7.241.23 - - [11/Feb/2026:00:53:23 +0000] "GET /?fileloc=//sys/class/net/eth0/subsystem/veth429b22f/master/subsystem/eth0/device/uevent&path=//sys/class/net/eth0/subsystem/veth429b22f/master/subsystem/eth0/device HTTP/1.0" 200 2849 "https://hbkconsultancy.com/?path=//sys/class/net/eth0/subsystem/veth429b22f/master/subsystem/eth0/device" "Mozilla/5.0 AppleWebKit/537.36 (KHTML, like Gecko; compatible; GPTBot/1.3; +https://openai.com/gptbot)"
74.7.241.23 - - [11/Feb/2026:00:53:26 +0000] "GET /?path=//sys/class/net/eth0/subsystem/vethc796c04/master/subsystem/eth0/device/net/eth0/queues HTTP/1.0" 200 3347 "https://hbkconsultancy.com/?path=//sys/class/net/eth0/subsystem/vethc796c04/master/subsystem/eth0/device/net/eth0" "Mozilla/5.0 AppleWebKit/537.36 (KHTML, like Gecko; compatible; GPTBot/1.3; +https://openai.com/gptbot)"
74.7.241.23 - - [11/Feb/2026:00:53:29 +0000] "GET /?path=//sys/class/net/eth0/subsystem/vethc796c04/master/subsystem/eth0/device/net/eth0/power HTTP/1.0" 200 3491 "https://hbkconsultancy.com/?path=//sys/class/net/eth0/subsystem/vethc796c04/master/subsystem/eth0/device/net/eth0" "Mozilla/5.0 AppleWebKit/537.36 (KHTML, like Gecko; compatible; GPTBot/1.3; +https://openai.com/gptbot)"
74.7.241.23 - - [11/Feb/2026:00:53:32 +0000] "GET /?path=//sys/class/net/eth0/subsystem/vethc796c04/master/subsystem/eth0/device/net/eth0/device HTTP/1.0" 200 3521 "https://hbkconsultancy.com/?path=//sys/class/net/eth0/subsystem/vethc796c04/master/subsystem/eth0/device/net/eth0" "Mozilla/5.0 AppleWebKit/537.36 (KHTML, like Gecko; compatible; GPTBot/1.3; +https://openai.com/gptbot)"
85.208.96.203 - - [11/Feb/2026:00:53:34 +0000] "GET /program-details/ HTTP/1.0" 200 4360 "-" "Mozilla/5.0 (compatible; SemrushBot/7~bl; +http://www.semrush.com/bot.html)"
74.7.241.23 - - [11/Feb/2026:00:53:36 +0000] "GET /?path=//sys/class/net/eth0/subsystem/vethc796c04/master/subsystem/eth0/device/net/eth0/statistics HTTP/1.0" 200 3948 "https://hbkconsultancy.com/?path=//sys/class/net/eth0/subsystem/vethc796c04/master/subsystem/eth0/device/net/eth0" "Mozilla/5.0 AppleWebKit/537.36 (KHTML, like Gecko; compatible; GPTBot/1.3; +https://openai.com/gptbot)"
205.185.116.204 - - [11/Feb/2026:00:53:38 +0000] "GET / HTTP/1.0" 200 4360 "-" "Mozilla/5.0 (Windows NT 10.0; Win64; x64) AppleWebKit/537.36 (KHTML, like Gecko) Chrome/92.0.4515.159 Safari/537.36"
74.7.241.23 - - [11/Feb/2026:00:53:39 +0000] "GET /?path=//sys/class/net/eth0/subsystem/veth429b22f/master/subsystem/eth0/device/net/eth0/queues/tx-0 HTTP/1.0" 200 3415 "https://hbkconsultancy.com/?path=//sys/class/net/eth0/subsystem/veth429b22f/master/subsystem/eth0/device/net/eth0/queues" "Mozilla/5.0 AppleWebKit/537.36 (KHTML, like Gecko; compatible; GPTBot/1.3; +https://openai.com/gptbot)"
74.7.241.23 - - [11/Feb/2026:00:53:42 +0000] "GET /?path=//sys/class/net/eth0/subsystem/veth429b22f/master/subsystem/eth0/device/net/eth0/queues/rx-1 HTTP/1.0" 200 3281 "https://hbkconsultancy.com/?path=//sys/class/net/eth0/subsystem/veth429b22f/master/subsystem/eth0/device/net/eth0/queues" "Mozilla/5.0 AppleWebKit/537.36 (KHTML, like Gecko; compatible; GPTBot/1.3; +https://openai.com/gptbot)"
74.7.241.23 - - [11/Feb/2026:00:53:45 +0000] "GET /?path=//sys/class/net/eth0/subsystem/veth429b22f/master/subsystem/eth0/device/net/eth0/queues/rx-3 HTTP/1.0" 200 3281 "https://hbkconsultancy.com/?path=//sys/class/net/eth0/subsystem/veth429b22f/master/subsystem/eth0/device/net/eth0/queues" "Mozilla/5.0 AppleWebKit/537.36 (KHTML, like Gecko; compatible; GPTBot/1.3; +https://openai.com/gptbot)"
74.7.241.23 - - [11/Feb/2026:00:53:48 +0000] "GET /?path=//sys/class/net/eth0/subsystem/veth429b22f/master/subsystem/eth0/device/net/eth0/queues/tx-1 HTTP/1.0" 200 3416 "https://hbkconsultancy.com/?path=//sys/class/net/eth0/subsystem/veth429b22f/master/subsystem/eth0/device/net/eth0/queues" "Mozilla/5.0 AppleWebKit/537.36 (KHTML, like Gecko; compatible; GPTBot/1.3; +https://openai.com/gptbot)"
74.7.241.23 - - [11/Feb/2026:00:53:52 +0000] "GET /?path=//sys/class/net/eth0/subsystem/veth429b22f/master/subsystem/eth0/device/net/eth0/queues/tx-2 HTTP/1.0" 200 3416 "https://hbkconsultancy.com/?path=//sys/class/net/eth0/subsystem/veth429b22f/master/subsystem/eth0/device/net/eth0/queues" "Mozilla/5.0 AppleWebKit/537.36 (KHTML, like Gecko; compatible; GPTBot/1.3; +https://openai.com/gptbot)"
74.7.241.23 - - [11/Feb/2026:00:53:55 +0000] "GET /?path=//sys/class/net/eth0/subsystem/veth429b22f/master/subsystem/eth0/device/net/eth0/queues/rx-0 HTTP/1.0" 200 3279 "https://hbkconsultancy.com/?path=//sys/class/net/eth0/subsystem/veth429b22f/master/subsystem/eth0/device/net/eth0/queues" "Mozilla/5.0 AppleWebKit/537.36 (KHTML, like Gecko; compatible; GPTBot/1.3; +https://openai.com/gptbot)"
95.108.213.195 - - [11/Feb/2026:00:53:58 +0000] "GET / HTTP/1.0" 200 4360 "-" "Mozilla/5.0 (compatible; YandexBot/3.0; +http://yandex.com/bots)"
74.7.241.23 - - [11/Feb/2026:00:53:58 +0000] "GET /?path=//sys/class/net/eth0/subsystem/veth429b22f/master/subsystem/eth0/device/net/eth0/queues/rx-2 HTTP/1.0" 200 3281 "https://hbkconsultancy.com/?path=//sys/class/net/eth0/subsystem/veth429b22f/master/subsystem/eth0/device/net/eth0/queues" "Mozilla/5.0 AppleWebKit/537.36 (KHTML, like Gecko; compatible; GPTBot/1.3; +https://openai.com/gptbot)"
74.7.241.23 - - [11/Feb/2026:00:54:01 +0000] "GET /?path=//sys/class/net/eth0/subsystem/vethc796c04/master/subsystem/eth0/device/net/eth0/queues/rx-0 HTTP/1.0" 200 3280 "https://hbkconsultancy.com/?path=//sys/class/net/eth0/subsystem/vethc796c04/master/subsystem/eth0/device/net/eth0/queues" "Mozilla/5.0 AppleWebKit/537.36 (KHTML, like Gecko; compatible; GPTBot/1.3; +https://openai.com/gptbot)"
74.7.241.23 - - [11/Feb/2026:00:54:05 +0000] "GET /?path=//sys/class/net/eth0/subsystem/vethc796c04/master/subsystem/eth0/device/net/eth0/queues/rx-1 HTTP/1.0" 200 3281 "https://hbkconsultancy.com/?path=//sys/class/net/eth0/subsystem/vethc796c04/master/subsystem/eth0/device/net/eth0/queues" "Mozilla/5.0 AppleWebKit/537.36 (KHTML, like Gecko; compatible; GPTBot/1.3; +https://openai.com/gptbot)"
17.22.253.92 - - [11/Feb/2026:00:54:07 +0000] "GET /2025/02/18/ HTTP/1.0" 200 4360 "-" "Mozilla/5.0 (Macintosh; Intel Mac OS X 10_15_7) AppleWebKit/605.1.15 (KHTML, like Gecko) Version/17.4 Safari/605.1.15 (Applebot/0.1; +http://www.apple.com/go/applebot)"
74.7.241.23 - - [11/Feb/2026:00:54:08 +0000] "GET /?path=//sys/class/net/eth0/subsystem/vethc796c04/master/subsystem/eth0/device/net/eth0/queues/rx-3 HTTP/1.0" 200 3281 "https://hbkconsultancy.com/?path=//sys/class/net/eth0/subsystem/vethc796c04/master/subsystem/eth0/device/net/eth0/queues" "Mozilla/5.0 AppleWebKit/537.36 (KHTML, like Gecko; compatible; GPTBot/1.3; +https://openai.com/gptbot)"
74.7.241.23 - - [11/Feb/2026:00:54:11 +0000] "GET /?path=//sys/class/net/eth0/subsystem/vethc796c04/master/subsystem/eth0/device/net/eth0/queues/rx-2 HTTP/1.0" 200 3281 "https://hbkconsultancy.com/?path=//sys/class/net/eth0/subsystem/vethc796c04/master/subsystem/eth0/device/net/eth0/queues" "Mozilla/5.0 AppleWebKit/537.36 (KHTML, like Gecko; compatible; GPTBot/1.3; +https://openai.com/gptbot)"
74.7.241.23 - - [11/Feb/2026:00:54:14 +0000] "GET /?path=//sys/class/net/eth0/subsystem/veth429b22f/master/subsystem/eth0/device/net/eth0/queues/tx-0/byte_queue_limits HTTP/1.0" 200 3349 "https://hbkconsultancy.com/?path=//sys/class/net/eth0/subsystem/veth429b22f/master/subsystem/eth0/device/net/eth0/queues/tx-0" "Mozilla/5.0 AppleWebKit/537.36 (KHTML, like Gecko; compatible; GPTBot/1.3; +https://openai.com/gptbot)"
74.7.241.23 - - [11/Feb/2026:00:54:17 +0000] "GET /?path=//sys/class/net/eth0/subsystem/vethc796c04/master/subsystem/eth0/device/net/eth0/queues/tx-1 HTTP/1.0" 200 3417 "https://hbkconsultancy.com/?path=//sys/class/net/eth0/subsystem/vethc796c04/master/subsystem/eth0/device/net/eth0/queues" "Mozilla/5.0 AppleWebKit/537.36 (KHTML, like Gecko; compatible; GPTBot/1.3; +https://openai.com/gptbot)"
74.7.241.23 - - [11/Feb/2026:00:54:20 +0000] "GET /?path=//sys/class/net/eth0/subsystem/vethc796c04/master/subsystem/eth0/device/net/eth0/queues/tx-3 HTTP/1.0" 200 3417 "https://hbkconsultancy.com/?path=//sys/class/net/eth0/subsystem/vethc796c04/master/subsystem/eth0/device/net/eth0/queues" "Mozilla/5.0 AppleWebKit/537.36 (KHTML, like Gecko; compatible; GPTBot/1.3; +https://openai.com/gptbot)"
114.119.130.54 - - [11/Feb/2026:00:54:23 +0000] "GET /lp-filter-left-sidebar HTTP/1.0" 200 4360 "-" "Mozilla/5.0 (Linux; Android 7.0;) AppleWebKit/537.36 (KHTML, like Gecko) Mobile Safari/537.36 (compatible; PetalBot;+https://webmaster.petalsearch.com/site/petalbot)"
74.7.241.23 - - [11/Feb/2026:00:54:23 +0000] "GET /?path=//sys/class/net/eth0/subsystem/veth429b22f/master/subsystem/eth0/device/net/eth0/queues/tx-1/byte_queue_limits HTTP/1.0" 200 3350 "https://hbkconsultancy.com/?path=//sys/class/net/eth0/subsystem/veth429b22f/master/subsystem/eth0/device/net/eth0/queues/tx-1" "Mozilla/5.0 AppleWebKit/537.36 (KHTML, like Gecko; compatible; GPTBot/1.3; +https://openai.com/gptbot)"
74.7.241.23 - - [11/Feb/2026:00:54:26 +0000] "GET /?path=//sys/class/net/eth0/subsystem/veth429b22f/master/subsystem/eth0/device/net/eth0/queues/tx-2/byte_queue_limits HTTP/1.0" 200 3350 "https://hbkconsultancy.com/?path=//sys/class/net/eth0/subsystem/veth429b22f/master/subsystem/eth0/device/net/eth0/queues/tx-2" "Mozilla/5.0 AppleWebKit/537.36 (KHTML, like Gecko; compatible; GPTBot/1.3; +https://openai.com/gptbot)"
74.7.241.23 - - [11/Feb/2026:00:54:30 +0000] "GET /?path=//sys/class/net/eth0/subsystem/veth429b22f/master/subsystem/eth0/device/net/eth0/queues/tx-3 HTTP/1.0" 200 3416 "https://hbkconsultancy.com/?path=//sys/class/net/eth0/subsystem/veth429b22f/master/subsystem/eth0/device/net/eth0/queues" "Mozilla/5.0 AppleWebKit/537.36 (KHTML, like Gecko; compatible; GPTBot/1.3; +https://openai.com/gptbot)"
205.185.116.204 - - [11/Feb/2026:00:54:31 +0000] "GET / HTTP/1.0" 200 4360 "-" "Mozilla/5.0 (Windows NT 10.0; Win64; x64) AppleWebKit/537.36 (KHTML, like Gecko) Chrome/92.0.4515.159 Safari/537.36"
74.7.241.23 - - [11/Feb/2026:00:54:33 +0000] "GET /?path=//sys/class/net/eth0/subsystem/vethc796c04/master/subsystem/eth0/device/net/eth0/queues/tx-0 HTTP/1.0" 200 3415 "https://hbkconsultancy.com/?path=//sys/class/net/eth0/subsystem/vethc796c04/master/subsystem/eth0/device/net/eth0/queues" "Mozilla/5.0 AppleWebKit/537.36 (KHTML, like Gecko; compatible; GPTBot/1.3; +https://openai.com/gptbot)"
74.7.241.23 - - [11/Feb/2026:00:54:36 +0000] "GET /?path=//sys/class/net/eth0/subsystem/vethc796c04/master/subsystem/eth0/device/net/eth0/queues/tx-2 HTTP/1.0" 200 3417 "https://hbkconsultancy.com/?path=//sys/class/net/eth0/subsystem/vethc796c04/master/subsystem/eth0/device/net/eth0/queues" "Mozilla/5.0 AppleWebKit/537.36 (KHTML, like Gecko; compatible; GPTBot/1.3; +https://openai.com/gptbot)"
74.7.241.23 - - [11/Feb/2026:00:54:39 +0000] "GET /?path=//sys/class/net/eth0/subsystem/vethc796c04/master/subsystem/eth0/device/net/eth0/device/driver HTTP/1.0" 200 3303 "https://hbkconsultancy.com/?path=//sys/class/net/eth0/subsystem/vethc796c04/master/subsystem/eth0/device/net/eth0/device" "Mozilla/5.0 AppleWebKit/537.36 (KHTML, like Gecko; compatible; GPTBot/1.3; +https://openai.com/gptbot)"
74.7.241.23 - - [11/Feb/2026:00:54:43 +0000] "GET /?path=//sys/class/net/eth0/subsystem/veth429b22f/master/subsystem/eth0/device/net/eth0/device/driver HTTP/1.0" 200 3303 "https://hbkconsultancy.com/?path=//sys/class/net/eth0/subsystem/veth429b22f/master/subsystem/eth0/device/net/eth0/device" "Mozilla/5.0 AppleWebKit/537.36 (KHTML, like Gecko; compatible; GPTBot/1.3; +https://openai.com/gptbot)"
74.7.241.23 - - [11/Feb/2026:00:54:46 +0000] "GET /?path=//sys/class/net/eth0/subsystem/veth429b22f/master/subsystem/eth0/device/net/eth0/device/power HTTP/1.0" 200 3486 "https://hbkconsultancy.com/?path=//sys/class/net/eth0/subsystem/veth429b22f/master/subsystem/eth0/device/net/eth0/device" "Mozilla/5.0 AppleWebKit/537.36 (KHTML, like Gecko; compatible; GPTBot/1.3; +https://openai.com/gptbot)"
74.7.241.23 - - [11/Feb/2026:00:54:49 +0000] "GET /?path=//sys/class/net/eth0/subsystem/vethc796c04/master/subsystem/eth0/device/net/eth0/device/power HTTP/1.0" 200 3486 "https://hbkconsultancy.com/?path=//sys/class/net/eth0/subsystem/vethc796c04/master/subsystem/eth0/device/net/eth0/device" "Mozilla/5.0 AppleWebKit/537.36 (KHTML, like Gecko; compatible; GPTBot/1.3; +https://openai.com/gptbot)"
74.7.241.23 - - [11/Feb/2026:00:54:52 +0000] "GET /?path=//sys/class/net/eth0/subsystem/vethc796c04/master/subsystem/eth0/device/net/eth0/queues/tx-1/byte_queue_limits HTTP/1.0" 200 3351 "https://hbkconsultancy.com/?path=//sys/class/net/eth0/subsystem/vethc796c04/master/subsystem/eth0/device/net/eth0/queues/tx-1" "Mozilla/5.0 AppleWebKit/537.36 (KHTML, like Gecko; compatible; GPTBot/1.3; +https://openai.com/gptbot)"
74.7.241.23 - - [11/Feb/2026:00:54:55 +0000] "GET /?path=//sys/class/net/eth0/subsystem/vethc796c04/master/subsystem/eth0/device/net/eth0/queues/tx-3/byte_queue_limits HTTP/1.0" 200 3351 "https://hbkconsultancy.com/?path=//sys/class/net/eth0/subsystem/vethc796c04/master/subsystem/eth0/device/net/eth0/queues/tx-3" "Mozilla/5.0 AppleWebKit/537.36 (KHTML, like Gecko; compatible; GPTBot/1.3; +https://openai.com/gptbot)"
74.7.241.23 - - [11/Feb/2026:00:54:58 +0000] "GET /?path=//sys/class/net/eth0/subsystem/veth429b22f/master/subsystem/eth0/device/net/eth0/device/subsystem HTTP/1.0" 200 3337 "https://hbkconsultancy.com/?path=//sys/class/net/eth0/subsystem/veth429b22f/master/subsystem/eth0/device/net/eth0/device" "Mozilla/5.0 AppleWebKit/537.36 (KHTML, like Gecko; compatible; GPTBot/1.3; +https://openai.com/gptbot)"
74.7.241.23 - - [11/Feb/2026:00:55:01 +0000] "GET /?path=//sys/class/net/eth0/subsystem/vethc796c04/master/subsystem/eth0/device/net/eth0/device/subsystem HTTP/1.0" 200 3337 "https://hbkconsultancy.com/?path=//sys/class/net/eth0/subsystem/vethc796c04/master/subsystem/eth0/device/net/eth0/device" "Mozilla/5.0 AppleWebKit/537.36 (KHTML, like Gecko; compatible; GPTBot/1.3; +https://openai.com/gptbot)"
74.7.241.23 - - [11/Feb/2026:00:55:05 +0000] "GET /?path=//sys/class/net/eth0/subsystem/veth429b22f/master/subsystem/eth0/device/net/eth0/queues/tx-3/byte_queue_limits HTTP/1.0" 200 3350 "https://hbkconsultancy.com/?path=//sys/class/net/eth0/subsystem/veth429b22f/master/subsystem/eth0/device/net/eth0/queues/tx-3" "Mozilla/5.0 AppleWebKit/537.36 (KHTML, like Gecko; compatible; GPTBot/1.3; +https://openai.com/gptbot)"
74.7.241.23 - - [11/Feb/2026:00:55:08 +0000] "GET /?path=//sys/class/net/eth0/subsystem/vethc796c04/master/subsystem/eth0/device/net/eth0/queues/tx-0/byte_queue_limits HTTP/1.0" 200 3350 "https://hbkconsultancy.com/?path=//sys/class/net/eth0/subsystem/vethc796c04/master/subsystem/eth0/device/net/eth0/queues/tx-0" "Mozilla/5.0 AppleWebKit/537.36 (KHTML, like Gecko; compatible; GPTBot/1.3; +https://openai.com/gptbot)"
74.7.241.23 - - [11/Feb/2026:00:55:11 +0000] "GET /?path=//sys/class/net/eth0/subsystem/vethc796c04/master/subsystem/eth0/device/net/eth0/queues/tx-2/byte_queue_limits HTTP/1.0" 200 3351 "https://hbkconsultancy.com/?path=//sys/class/net/eth0/subsystem/vethc796c04/master/subsystem/eth0/device/net/eth0/queues/tx-2" "Mozilla/5.0 AppleWebKit/537.36 (KHTML, like Gecko; compatible; GPTBot/1.3; +https://openai.com/gptbot)"
114.119.151.5 - - [11/Feb/2026:00:55:46 +0000] "GET /lp-checkout-2/ HTTP/1.0" 200 4360 "http://hbkconsultancy.com/lp-checkout-2/" "Mozilla/5.0 (Linux; Android 7.0;) AppleWebKit/537.36 (KHTML, like Gecko) Mobile Safari/537.36 (compatible; PetalBot;+https://webmaster.petalsearch.com/site/petalbot)"
205.185.116.204 - - [11/Feb/2026:00:55:53 +0000] "GET / HTTP/1.0" 200 4360 "-" "Mozilla/5.0 (Windows NT 10.0; Win64; x64) AppleWebKit/537.36 (KHTML, like Gecko) Chrome/92.0.4515.159 Safari/537.36"
170.106.167.214 - - [11/Feb/2026:00:55:58 +0000] "GET /?path=/var/www/hbkconsultan_usr/data/www HTTP/1.0" 200 3044 "-" "Mozilla/5.0 (iPhone; CPU iPhone OS 13_2_3 like Mac OS X) AppleWebKit/605.1.15 (KHTML, like Gecko) Version/13.0.3 Mobile/15E148 Safari/604.1"
147.93.58.212 - - [11/Feb/2026:00:56:01 +0000] "GET / HTTP/1.0" 200 4360 "-" "Mozilla/5.0 (X11; Linux x86_64) AppleWebKit/537.36 (KHTML, like Gecko) Chrome/44.0.2403.157 Safari/537.36"
205.185.116.204 - - [11/Feb/2026:00:57:03 +0000] "GET / HTTP/1.0" 200 4360 "-" "Mozilla/5.0 (Windows NT 10.0; Win64; x64) AppleWebKit/537.36 (KHTML, like Gecko) Chrome/92.0.4515.159 Safari/537.36"
114.119.151.1 - - [11/Feb/2026:00:57:10 +0000] "GET /legalne-sterydy-anaboliczne-18 HTTP/1.0" 200 4360 "http://hbkconsultancy.com/2-columns-sidebar/page/47" "Mozilla/5.0 (Linux; Android 7.0;) AppleWebKit/537.36 (KHTML, like Gecko) Mobile Safari/537.36 (compatible; PetalBot;+https://webmaster.petalsearch.com/site/petalbot)"
185.191.171.10 - - [11/Feb/2026:00:58:16 +0000] "GET /2025/02/page/2/ HTTP/1.0" 200 4360 "-" "Mozilla/5.0 (compatible; SemrushBot/7~bl; +http://www.semrush.com/bot.html)"
205.185.116.204 - - [11/Feb/2026:00:58:18 +0000] "GET / HTTP/1.0" 200 4360 "-" "Mozilla/5.0 (Windows NT 10.0; Win64; x64) AppleWebKit/537.36 (KHTML, like Gecko) Chrome/92.0.4515.159 Safari/537.36"
74.7.243.214 - - [11/Feb/2026:00:58:30 +0000] "GET /?fileloc=//sys/class/net/eth0/subsystem/vethc796c04/master/subsystem/eth0/device/modalias&path=//sys/class/net/eth0/subsystem/vethc796c04/master/subsystem/eth0/device HTTP/1.0" 200 2827 "https://hbkconsultancy.com/?path=//sys/class/net/eth0/subsystem/vethc796c04/master/subsystem/eth0/device" "Mozilla/5.0 AppleWebKit/537.36 (KHTML, like Gecko; compatible; GPTBot/1.3; +https://openai.com/gptbot)"
74.7.243.214 - - [11/Feb/2026:00:58:32 +0000] "GET /?fileloc=//sys/class/net/eth0/subsystem/veth429b22f/master/subsystem/eth0/device/device&path=//sys/class/net/eth0/subsystem/veth429b22f/master/subsystem/eth0/device HTTP/1.0" 200 2814 "https://hbkconsultancy.com/?path=//sys/class/net/eth0/subsystem/veth429b22f/master/subsystem/eth0/device" "Mozilla/5.0 AppleWebKit/537.36 (KHTML, like Gecko; compatible; GPTBot/1.3; +https://openai.com/gptbot)"
74.7.243.214 - - [11/Feb/2026:00:58:35 +0000] "GET /?fileloc=//sys/class/net/eth0/subsystem/veth429b22f/master/subsystem/eth0/power/control&path=//sys/class/net/eth0/subsystem/veth429b22f/master/subsystem/eth0/power HTTP/1.0" 200 2814 "https://hbkconsultancy.com/?path=//sys/class/net/eth0/subsystem/veth429b22f/master/subsystem/eth0/power" "Mozilla/5.0 AppleWebKit/537.36 (KHTML, like Gecko; compatible; GPTBot/1.3; +https://openai.com/gptbot)"
74.7.243.214 - - [11/Feb/2026:00:58:38 +0000] "GET /?path=//sys/class/net/eth0/subsystem/veth429b22f/master/subsystem/eth0/device/net/eth0/device/subsystem/devices HTTP/1.0" 200 3245 "https://hbkconsultancy.com/?path=//sys/class/net/eth0/subsystem/veth429b22f/master/subsystem/eth0/device/net/eth0/device/subsystem" "Mozilla/5.0 AppleWebKit/537.36 (KHTML, like Gecko; compatible; GPTBot/1.3; +https://openai.com/gptbot)"
74.7.243.214 - - [11/Feb/2026:00:58:41 +0000] "GET /?path=//sys/class/net/eth0/subsystem/vethc796c04/master/subsystem/eth0/device/net/eth0/device/subsystem/devices HTTP/1.0" 200 3245 "https://hbkconsultancy.com/?path=//sys/class/net/eth0/subsystem/vethc796c04/master/subsystem/eth0/device/net/eth0/device/subsystem" "Mozilla/5.0 AppleWebKit/537.36 (KHTML, like Gecko; compatible; GPTBot/1.3; +https://openai.com/gptbot)"
74.7.243.214 - - [11/Feb/2026:00:58:45 +0000] "GET /?path=//sys/class/net/eth0/subsystem/vethc796c04/master/subsystem/eth0/device/net/eth0/device/subsystem/drivers HTTP/1.0" 200 3383 "https://hbkconsultancy.com/?path=//sys/class/net/eth0/subsystem/vethc796c04/master/subsystem/eth0/device/net/eth0/device/subsystem" "Mozilla/5.0 AppleWebKit/537.36 (KHTML, like Gecko; compatible; GPTBot/1.3; +https://openai.com/gptbot)"
74.7.243.214 - - [11/Feb/2026:00:58:48 +0000] "GET /?path=//sys/class/net/eth0/subsystem/veth429b22f/master/subsystem/eth0/device/net/eth0/device/subsystem/drivers HTTP/1.0" 200 3383 "https://hbkconsultancy.com/?path=//sys/class/net/eth0/subsystem/veth429b22f/master/subsystem/eth0/device/net/eth0/device/subsystem" "Mozilla/5.0 AppleWebKit/537.36 (KHTML, like Gecko; compatible; GPTBot/1.3; +https://openai.com/gptbot)"
74.7.243.214 - - [11/Feb/2026:00:58:51 +0000] "GET /?fileloc=//sys/class/net/eth0/subsystem/vethc796c04/master/subsystem/eth0/device/vendor&path=//sys/class/net/eth0/subsystem/vethc796c04/master/subsystem/eth0/device HTTP/1.0" 200 2816 "https://hbkconsultancy.com/?path=//sys/class/net/eth0/subsystem/vethc796c04/master/subsystem/eth0/device" "Mozilla/5.0 AppleWebKit/537.36 (KHTML, like Gecko; compatible; GPTBot/1.3; +https://openai.com/gptbot)"
74.7.243.214 - - [11/Feb/2026:00:58:54 +0000] "GET /?fileloc=//sys/class/net/eth0/subsystem/vethc796c04/master/subsystem/eth0/device/features&path=//sys/class/net/eth0/subsystem/vethc796c04/master/subsystem/eth0/device HTTP/1.0" 200 2832 "https://hbkconsultancy.com/?path=//sys/class/net/eth0/subsystem/vethc796c04/master/subsystem/eth0/device" "Mozilla/5.0 AppleWebKit/537.36 (KHTML, like Gecko; compatible; GPTBot/1.3; +https://openai.com/gptbot)"
185.191.171.14 - - [11/Feb/2026:00:58:56 +0000] "GET /author/hbk/ HTTP/1.0" 200 4360 "-" "Mozilla/5.0 (compatible; SemrushBot/7~bl; +http://www.semrush.com/bot.html)"
74.7.243.214 - - [11/Feb/2026:00:58:57 +0000] "GET /?fileloc=//sys/class/net/eth0/subsystem/veth429b22f/master/subsystem/eth0/device/modalias&path=//sys/class/net/eth0/subsystem/veth429b22f/master/subsystem/eth0/device HTTP/1.0" 200 2827 "https://hbkconsultancy.com/?path=//sys/class/net/eth0/subsystem/veth429b22f/master/subsystem/eth0/device" "Mozilla/5.0 AppleWebKit/537.36 (KHTML, like Gecko; compatible; GPTBot/1.3; +https://openai.com/gptbot)"
74.7.243.214 - - [11/Feb/2026:00:59:00 +0000] "GET /?fileloc=//sys/class/net/eth0/subsystem/veth429b22f/master/subsystem/eth0/device/vendor&path=//sys/class/net/eth0/subsystem/veth429b22f/master/subsystem/eth0/device HTTP/1.0" 200 2816 "https://hbkconsultancy.com/?path=//sys/class/net/eth0/subsystem/veth429b22f/master/subsystem/eth0/device" "Mozilla/5.0 AppleWebKit/537.36 (KHTML, like Gecko; compatible; GPTBot/1.3; +https://openai.com/gptbot)"
74.7.243.214 - - [11/Feb/2026:00:59:03 +0000] "GET /?fileloc=//sys/class/net/eth0/subsystem/veth429b22f/brport/bridge/subsystem/eth0/speed&path=//sys/class/net/eth0/subsystem/veth429b22f/brport/bridge/subsystem/eth0 HTTP/1.0" 200 2810 "https://hbkconsultancy.com/?path=//sys/class/net/eth0/subsystem/veth429b22f/brport/bridge/subsystem/eth0" "Mozilla/5.0 AppleWebKit/537.36 (KHTML, like Gecko; compatible; GPTBot/1.3; +https://openai.com/gptbot)"
74.7.243.214 - - [11/Feb/2026:00:59:07 +0000] "GET /?path=//sys/class/net/eth0/subsystem/vethc796c04/master/subsystem/eth0/device/subsystem HTTP/1.0" 200 3325 "https://hbkconsultancy.com/?path=//sys/class/net/eth0/subsystem/vethc796c04/master/subsystem/eth0/device" "Mozilla/5.0 AppleWebKit/537.36 (KHTML, like Gecko; compatible; GPTBot/1.3; +https://openai.com/gptbot)"
74.7.243.214 - - [11/Feb/2026:00:59:10 +0000] "GET /?path=//sys/class/net/eth0/subsystem/veth429b22f/master/subsystem/eth0/device/subsystem HTTP/1.0" 200 3324 "https://hbkconsultancy.com/?path=//sys/class/net/eth0/subsystem/veth429b22f/master/subsystem/eth0/device" "Mozilla/5.0 AppleWebKit/537.36 (KHTML, like Gecko; compatible; GPTBot/1.3; +https://openai.com/gptbot)"
74.7.243.214 - - [11/Feb/2026:00:59:13 +0000] "GET /?path=//sys/class/net/eth0/subsystem/vethc796c04/master/subsystem/eth0/device/power HTTP/1.0" 200 3478 "https://hbkconsultancy.com/?path=//sys/class/net/eth0/subsystem/vethc796c04/master/subsystem/eth0/device" "Mozilla/5.0 AppleWebKit/537.36 (KHTML, like Gecko; compatible; GPTBot/1.3; +https://openai.com/gptbot)"
74.7.243.214 - - [11/Feb/2026:00:59:16 +0000] "GET /?path=//sys/class/net/eth0/subsystem/veth61688aa/brport/bridge/subsystem/eth0/queues HTTP/1.0" 200 3345 "https://hbkconsultancy.com/?path=//sys/class/net/eth0/subsystem/veth61688aa/brport/bridge/subsystem/eth0" "Mozilla/5.0 AppleWebKit/537.36 (KHTML, like Gecko; compatible; GPTBot/1.3; +https://openai.com/gptbot)"
74.7.243.214 - - [11/Feb/2026:00:59:19 +0000] "GET /?path=//sys/class/net/eth0/subsystem/veth429b22f/master/subsystem/eth0/device/net/eth0/device/subsystem/devices/virtio3 HTTP/1.0" 200 3548 "https://hbkconsultancy.com/?path=//sys/class/net/eth0/subsystem/veth429b22f/master/subsystem/eth0/device/net/eth0/device/subsystem/devices" "Mozilla/5.0 AppleWebKit/537.36 (KHTML, like Gecko; compatible; GPTBot/1.3; +https://openai.com/gptbot)"
74.7.243.214 - - [11/Feb/2026:00:59:22 +0000] "GET /?path=//sys/class/net/eth0/subsystem/veth429b22f/master/subsystem/eth0/device/net/eth0/device/subsystem/devices/virtio0 HTTP/1.0" 200 3512 "https://hbkconsultancy.com/?path=//sys/class/net/eth0/subsystem/veth429b22f/master/subsystem/eth0/device/net/eth0/device/subsystem/devices" "Mozilla/5.0 AppleWebKit/537.36 (KHTML, like Gecko; compatible; GPTBot/1.3; +https://openai.com/gptbot)"
74.7.243.214 - - [11/Feb/2026:00:59:26 +0000] "GET /?path=//sys/class/net/eth0/subsystem/vethc796c04/master/subsystem/eth0/device/net/eth0/device/subsystem/drivers/virtio_scsi HTTP/1.0" 200 3331 "https://hbkconsultancy.com/?path=//sys/class/net/eth0/subsystem/vethc796c04/master/subsystem/eth0/device/net/eth0/device/subsystem/drivers" "Mozilla/5.0 AppleWebKit/537.36 (KHTML, like Gecko; compatible; GPTBot/1.3; +https://openai.com/gptbot)"
74.7.243.214 - - [11/Feb/2026:00:59:29 +0000] "GET /?path=//sys/class/net/eth0/subsystem/veth429b22f/master/subsystem/eth0/device/net/eth0/device/subsystem/drivers/virtio_scsi HTTP/1.0" 200 3332 "https://hbkconsultancy.com/?path=//sys/class/net/eth0/subsystem/veth429b22f/master/subsystem/eth0/device/net/eth0/device/subsystem/drivers" "Mozilla/5.0 AppleWebKit/537.36 (KHTML, like Gecko; compatible; GPTBot/1.3; +https://openai.com/gptbot)"
205.185.116.204 - - [11/Feb/2026:00:59:31 +0000] "GET / HTTP/1.0" 200 4360 "-" "Mozilla/5.0 (Windows NT 10.0; Win64; x64) AppleWebKit/537.36 (KHTML, like Gecko) Chrome/92.0.4515.159 Safari/537.36"
74.7.243.214 - - [11/Feb/2026:00:59:32 +0000] "GET /?path=//sys/class/net/eth0/subsystem/vethc796c04/master/subsystem/eth0/device/net/eth0/device/subsystem/drivers/virtio_net HTTP/1.0" 200 3328 "https://hbkconsultancy.com/?path=//sys/class/net/eth0/subsystem/vethc796c04/master/subsystem/eth0/device/net/eth0/device/subsystem/drivers" "Mozilla/5.0 AppleWebKit/537.36 (KHTML, like Gecko; compatible; GPTBot/1.3; +https://openai.com/gptbot)"
74.7.243.214 - - [11/Feb/2026:00:59:35 +0000] "GET /?path=//sys/class/net/eth0/subsystem/vethc796c04/master/subsystem/eth0/device/net/eth0/device/subsystem/drivers/virtio_blk HTTP/1.0" 200 3264 "https://hbkconsultancy.com/?path=//sys/class/net/eth0/subsystem/vethc796c04/master/subsystem/eth0/device/net/eth0/device/subsystem/drivers" "Mozilla/5.0 AppleWebKit/537.36 (KHTML, like Gecko; compatible; GPTBot/1.3; +https://openai.com/gptbot)"
74.7.243.214 - - [11/Feb/2026:00:59:38 +0000] "GET /?path=//sys/class/net/eth0/subsystem/veth429b22f/master/subsystem/eth0/device/net/eth0/device/subsystem/drivers/virtio_iommu HTTP/1.0" 200 3265 "https://hbkconsultancy.com/?path=//sys/class/net/eth0/subsystem/veth429b22f/master/subsystem/eth0/device/net/eth0/device/subsystem/drivers" "Mozilla/5.0 AppleWebKit/537.36 (KHTML, like Gecko; compatible; GPTBot/1.3; +https://openai.com/gptbot)"
74.7.243.214 - - [11/Feb/2026:00:59:41 +0000] "GET /?path=//sys/class/net/eth0/subsystem/vethc796c04/master/subsystem/eth0/device/net/eth0/device/subsystem/drivers/virtio_iommu HTTP/1.0" 200 3266 "https://hbkconsultancy.com/?path=//sys/class/net/eth0/subsystem/vethc796c04/master/subsystem/eth0/device/net/eth0/device/subsystem/drivers" "Mozilla/5.0 AppleWebKit/537.36 (KHTML, like Gecko; compatible; GPTBot/1.3; +https://openai.com/gptbot)"
74.7.243.214 - - [11/Feb/2026:00:59:44 +0000] "GET /?path=//sys/class/net/eth0/subsystem/veth429b22f/master/subsystem/eth0/device/net/eth0/device/subsystem/drivers/virtio_net HTTP/1.0" 200 3328 "https://hbkconsultancy.com/?path=//sys/class/net/eth0/subsystem/veth429b22f/master/subsystem/eth0/device/net/eth0/device/subsystem/drivers" "Mozilla/5.0 AppleWebKit/537.36 (KHTML, like Gecko; compatible; GPTBot/1.3; +https://openai.com/gptbot)"
74.7.243.214 - - [11/Feb/2026:00:59:47 +0000] "GET /?path=//sys/class/net/eth0/subsystem/veth429b22f/master/subsystem/eth0/device/net/eth0/device/subsystem/drivers/virtio_blk HTTP/1.0" 200 3263 "https://hbkconsultancy.com/?path=//sys/class/net/eth0/subsystem/veth429b22f/master/subsystem/eth0/device/net/eth0/device/subsystem/drivers" "Mozilla/5.0 AppleWebKit/537.36 (KHTML, like Gecko; compatible; GPTBot/1.3; +https://openai.com/gptbot)"
74.7.243.214 - - [11/Feb/2026:00:59:51 +0000] "GET /?path=//sys/class/net/eth0/subsystem/vethc796c04/master/subsystem/eth0/device/net/eth0/device/subsystem/devices/virtio2 HTTP/1.0" 200 3546 "https://hbkconsultancy.com/?path=//sys/class/net/eth0/subsystem/vethc796c04/master/subsystem/eth0/device/net/eth0/device/subsystem/devices" "Mozilla/5.0 AppleWebKit/537.36 (KHTML, like Gecko; compatible; GPTBot/1.3; +https://openai.com/gptbot)"
74.7.243.214 - - [11/Feb/2026:00:59:54 +0000] "GET /?path=//sys/class/net/eth0/subsystem/vethc796c04/master/subsystem/eth0/device/net/eth0/device/subsystem/devices/virtio1 HTTP/1.0" 200 3551 "https://hbkconsultancy.com/?path=//sys/class/net/eth0/subsystem/vethc796c04/master/subsystem/eth0/device/net/eth0/device/subsystem/devices" "Mozilla/5.0 AppleWebKit/537.36 (KHTML, like Gecko; compatible; GPTBot/1.3; +https://openai.com/gptbot)"
74.7.243.214 - - [11/Feb/2026:00:59:57 +0000] "GET /?path=//sys/class/net/eth0/subsystem/veth429b22f/master/subsystem/eth0/device/net/eth0/device/subsystem/devices/virtio1 HTTP/1.0" 200 3551 "https://hbkconsultancy.com/?path=//sys/class/net/eth0/subsystem/veth429b22f/master/subsystem/eth0/device/net/eth0/device/subsystem/devices" "Mozilla/5.0 AppleWebKit/537.36 (KHTML, like Gecko; compatible; GPTBot/1.3; +https://openai.com/gptbot)"
74.7.243.214 - - [11/Feb/2026:01:00:00 +0000] "GET /?path=//sys/class/net/eth0/subsystem/veth429b22f/master/subsystem/eth0/device/net/eth0/device/subsystem/devices/virtio2 HTTP/1.0" 200 3546 "https://hbkconsultancy.com/?path=//sys/class/net/eth0/subsystem/veth429b22f/master/subsystem/eth0/device/net/eth0/device/subsystem/devices" "Mozilla/5.0 AppleWebKit/537.36 (KHTML, like Gecko; compatible; GPTBot/1.3; +https://openai.com/gptbot)"
147.93.58.212 - - [11/Feb/2026:01:00:01 +0000] "GET / HTTP/1.0" 200 4360 "-" "Mozilla/5.0 (X11; Linux x86_64) AppleWebKit/537.36 (KHTML, like Gecko) Chrome/44.0.2403.157 Safari/537.36"
74.7.243.214 - - [11/Feb/2026:01:00:04 +0000] "GET /?path=//sys/class/net/eth0/subsystem/vethc796c04/master/subsystem/eth0/device/net/eth0/device/subsystem/devices/virtio3 HTTP/1.0" 200 3548 "https://hbkconsultancy.com/?path=//sys/class/net/eth0/subsystem/vethc796c04/master/subsystem/eth0/device/net/eth0/device/subsystem/devices" "Mozilla/5.0 AppleWebKit/537.36 (KHTML, like Gecko; compatible; GPTBot/1.3; +https://openai.com/gptbot)"
74.7.243.214 - - [11/Feb/2026:01:00:07 +0000] "GET /?fileloc=//sys/class/net/eth0/subsystem/vethc796c04/master/subsystem/eth0/device/net/eth0/device/subsystem/drivers/virtio_net/bind&path=//sys/class/net/eth0/subsystem/vethc796c04/master/subsystem/eth0/device/net/eth0/device/subsystem/drivers/virtio_net HTTP/1.0" 200 2856 "https://hbkconsultancy.com/?path=//sys/class/net/eth0/subsystem/vethc796c04/master/subsystem/eth0/device/net/eth0/device/subsystem/drivers/virtio_net" "Mozilla/5.0 AppleWebKit/537.36 (KHTML, like Gecko; compatible; GPTBot/1.3; +https://openai.com/gptbot)"
74.7.243.214 - - [11/Feb/2026:01:00:10 +0000] "GET /?path=//sys/class/net/eth0/subsystem/vethc796c04/master/subsystem/eth0/device/net/eth0/device/subsystem/devices/virtio0 HTTP/1.0" 200 3512 "https://hbkconsultancy.com/?path=//sys/class/net/eth0/subsystem/vethc796c04/master/subsystem/eth0/device/net/eth0/device/subsystem/devices" "Mozilla/5.0 AppleWebKit/537.36 (KHTML, like Gecko; compatible; GPTBot/1.3; +https://openai.com/gptbot)"
74.7.243.214 - - [11/Feb/2026:01:00:13 +0000] "GET /?path=//sys/class/net/eth0/subsystem/vethc796c04/master/subsystem/eth0/device/net/eth0/device/subsystem/drivers/virtio_rproc_serial HTTP/1.0" 200 3274 "https://hbkconsultancy.com/?path=//sys/class/net/eth0/subsystem/vethc796c04/master/subsystem/eth0/device/net/eth0/device/subsystem/drivers" "Mozilla/5.0 AppleWebKit/537.36 (KHTML, like Gecko; compatible; GPTBot/1.3; +https://openai.com/gptbot)"
74.7.243.214 - - [11/Feb/2026:01:00:16 +0000] "GET /?path=//sys/class/net/eth0/subsystem/veth429b22f/master/subsystem/eth0/device/net/eth0/device/subsystem/drivers/virtio_rproc_serial HTTP/1.0" 200 3273 "https://hbkconsultancy.com/?path=//sys/class/net/eth0/subsystem/veth429b22f/master/subsystem/eth0/device/net/eth0/device/subsystem/drivers" "Mozilla/5.0 AppleWebKit/537.36 (KHTML, like Gecko; compatible; GPTBot/1.3; +https://openai.com/gptbot)"
74.7.243.214 - - [11/Feb/2026:01:00:19 +0000] "GET /?path=//sys/class/net/eth0/subsystem/vethc796c04/master/subsystem/eth0/device/driver HTTP/1.0" 200 3292 "https://hbkconsultancy.com/?path=//sys/class/net/eth0/subsystem/vethc796c04/master/subsystem/eth0/device" "Mozilla/5.0 AppleWebKit/537.36 (KHTML, like Gecko; compatible; GPTBot/1.3; +https://openai.com/gptbot)"
74.7.243.214 - - [11/Feb/2026:01:00:22 +0000] "GET /?path=//sys/class/net/eth0/subsystem/veth429b22f/master/subsystem/eth0/device/power HTTP/1.0" 200 3477 "https://hbkconsultancy.com/?path=//sys/class/net/eth0/subsystem/veth429b22f/master/subsystem/eth0/device" "Mozilla/5.0 AppleWebKit/537.36 (KHTML, like Gecko; compatible; GPTBot/1.3; +https://openai.com/gptbot)"
74.7.243.214 - - [11/Feb/2026:01:00:25 +0000] "GET /?path=//sys/class/net/eth0/subsystem/vethc796c04/master/subsystem/eth0/device/net/eth0/device/subsystem/devices/virtio2/net HTTP/1.0" 200 3162 "https://hbkconsultancy.com/?path=//sys/class/net/eth0/subsystem/vethc796c04/master/subsystem/eth0/device/net/eth0/device/subsystem/devices/virtio2" "Mozilla/5.0 AppleWebKit/537.36 (KHTML, like Gecko; compatible; GPTBot/1.3; +https://openai.com/gptbot)"
74.7.243.214 - - [11/Feb/2026:01:00:29 +0000] "GET /?path=//sys/class/net/eth0/subsystem/veth429b22f/master/subsystem/eth0/device/driver HTTP/1.0" 200 3291 "https://hbkconsultancy.com/?path=//sys/class/net/eth0/subsystem/veth429b22f/master/subsystem/eth0/device" "Mozilla/5.0 AppleWebKit/537.36 (KHTML, like Gecko; compatible; GPTBot/1.3; +https://openai.com/gptbot)"
74.7.243.214 - - [11/Feb/2026:01:00:32 +0000] "GET /?path=//sys/class/net/eth0/subsystem/veth429b22f/master/subsystem/eth0/device/net/eth0/device/subsystem/drivers/virtio_balloon HTTP/1.0" 200 3334 "https://hbkconsultancy.com/?path=//sys/class/net/eth0/subsystem/veth429b22f/master/subsystem/eth0/device/net/eth0/device/subsystem/drivers" "Mozilla/5.0 AppleWebKit/537.36 (KHTML, like Gecko; compatible; GPTBot/1.3; +https://openai.com/gptbot)"
74.7.243.214 - - [11/Feb/2026:01:00:35 +0000] "GET /?path=//sys/class/net/eth0/subsystem/veth429b22f/master/subsystem/eth0/device/net/eth0/device/subsystem/devices/virtio2/net HTTP/1.0" 200 3162 "https://hbkconsultancy.com/?path=//sys/class/net/eth0/subsystem/veth429b22f/master/subsystem/eth0/device/net/eth0/device/subsystem/devices/virtio2" "Mozilla/5.0 AppleWebKit/537.36 (KHTML, like Gecko; compatible; GPTBot/1.3; +https://openai.com/gptbot)"
74.7.243.214 - - [11/Feb/2026:01:00:38 +0000] "GET /?path=//sys/class/net/eth0/subsystem/veth429b22f/master/subsystem/eth0/device/net/eth0/device/subsystem/drivers/virtio_console HTTP/1.0" 200 3332 "https://hbkconsultancy.com/?path=//sys/class/net/eth0/subsystem/veth429b22f/master/subsystem/eth0/device/net/eth0/device/subsystem/drivers" "Mozilla/5.0 AppleWebKit/537.36 (KHTML, like Gecko; compatible; GPTBot/1.3; +https://openai.com/gptbot)"
205.185.116.204 - - [11/Feb/2026:01:00:40 +0000] "GET / HTTP/1.0" 200 4360 "-" "Mozilla/5.0 (Windows NT 10.0; Win64; x64) AppleWebKit/537.36 (KHTML, like Gecko) Chrome/92.0.4515.159 Safari/537.36"
74.7.243.214 - - [11/Feb/2026:01:00:41 +0000] "GET /?path=//sys/class/net/eth0/subsystem/vethc796c04/master/subsystem/eth0/device/net/eth0/device/subsystem/drivers/virtio_balloon HTTP/1.0" 200 3334 "https://hbkconsultancy.com/?path=//sys/class/net/eth0/subsystem/vethc796c04/master/subsystem/eth0/device/net/eth0/device/subsystem/drivers" "Mozilla/5.0 AppleWebKit/537.36 (KHTML, like Gecko; compatible; GPTBot/1.3; +https://openai.com/gptbot)"
74.7.243.214 - - [11/Feb/2026:01:00:44 +0000] "GET /?path=//sys/class/net/eth0/subsystem/vethc796c04/master/subsystem/eth0/device/net/eth0/device/subsystem/drivers/virtio_console HTTP/1.0" 200 3332 "https://hbkconsultancy.com/?path=//sys/class/net/eth0/subsystem/vethc796c04/master/subsystem/eth0/device/net/eth0/device/subsystem/drivers" "Mozilla/5.0 AppleWebKit/537.36 (KHTML, like Gecko; compatible; GPTBot/1.3; +https://openai.com/gptbot)"
74.7.243.214 - - [11/Feb/2026:01:00:47 +0000] "GET /?path=//sys/class/net/eth0/subsystem/vethc796c04/master/subsystem/eth0/device/net/eth0/device/net HTTP/1.0" 200 3129 "https://hbkconsultancy.com/?path=//sys/class/net/eth0/subsystem/vethc796c04/master/subsystem/eth0/device/net/eth0/device" "Mozilla/5.0 AppleWebKit/537.36 (KHTML, like Gecko; compatible; GPTBot/1.3; +https://openai.com/gptbot)"
74.7.243.214 - - [11/Feb/2026:01:00:51 +0000] "GET /?path=//sys/class/net/eth0/subsystem/veth429b22f/master/subsystem/eth0/device/net/eth0/device/net HTTP/1.0" 200 3128 "https://hbkconsultancy.com/?path=//sys/class/net/eth0/subsystem/veth429b22f/master/subsystem/eth0/device/net/eth0/device" "Mozilla/5.0 AppleWebKit/537.36 (KHTML, like Gecko; compatible; GPTBot/1.3; +https://openai.com/gptbot)"
74.7.243.214 - - [11/Feb/2026:01:00:54 +0000] "GET /?path=//sys/class/net/eth0/subsystem/veth61688aa/brport/bridge/subsystem/eth0/statistics HTTP/1.0" 200 3976 "https://hbkconsultancy.com/?path=//sys/class/net/eth0/subsystem/veth61688aa/brport/bridge/subsystem/eth0" "Mozilla/5.0 AppleWebKit/537.36 (KHTML, like Gecko; compatible; GPTBot/1.3; +https://openai.com/gptbot)"
74.7.243.214 - - [11/Feb/2026:01:00:57 +0000] "GET /?path=//sys/class/net/eth0/subsystem/veth429b22f/brport/bridge/subsystem/eth0/statistics HTTP/1.0" 200 3975 "https://hbkconsultancy.com/?path=//sys/class/net/eth0/subsystem/veth429b22f/brport/bridge/subsystem/eth0" "Mozilla/5.0 AppleWebKit/537.36 (KHTML, like Gecko; compatible; GPTBot/1.3; +https://openai.com/gptbot)"
74.7.243.214 - - [11/Feb/2026:01:01:00 +0000] "GET /?path=//sys/class/net/lo/subsystem/veth61688aa/upper_docker0/queues HTTP/1.0" 200 3142 "https://hbkconsultancy.com/?path=//sys/class/net/lo/subsystem/veth61688aa/upper_docker0" "Mozilla/5.0 AppleWebKit/537.36 (KHTML, like Gecko; compatible; GPTBot/1.3; +https://openai.com/gptbot)"
74.7.243.214 - - [11/Feb/2026:01:01:03 +0000] "GET /?fileloc=//sys/class/net/lo/subsystem/veth61688aa/upper_docker0/napi_defer_hard_irqs&path=//sys/class/net/lo/subsystem/veth61688aa/upper_docker0 HTTP/1.0" 200 2801 "https://hbkconsultancy.com/?path=//sys/class/net/lo/subsystem/veth61688aa/upper_docker0" "Mozilla/5.0 AppleWebKit/537.36 (KHTML, like Gecko; compatible; GPTBot/1.3; +https://openai.com/gptbot)"
74.7.243.214 - - [11/Feb/2026:01:01:07 +0000] "GET /?path=//sys/class/net/eth0/subsystem/vethc796c04/master/subsystem/eth0/device/net/eth0/queues/rx-3/virtio_net HTTP/1.0" 200 3190 "https://hbkconsultancy.com/?path=//sys/class/net/eth0/subsystem/vethc796c04/master/subsystem/eth0/device/net/eth0/queues/rx-3" "Mozilla/5.0 AppleWebKit/537.36 (KHTML, like Gecko; compatible; GPTBot/1.3; +https://openai.com/gptbot)"
74.7.243.214 - - [11/Feb/2026:01:01:10 +0000] "GET /?path=//sys/class/net/eth0/subsystem/vethc796c04/master/subsystem/eth0/device/net/eth0/queues/rx-1/virtio_net HTTP/1.0" 200 3190 "https://hbkconsultancy.com/?path=//sys/class/net/eth0/subsystem/vethc796c04/master/subsystem/eth0/device/net/eth0/queues/rx-1" "Mozilla/5.0 AppleWebKit/537.36 (KHTML, like Gecko; compatible; GPTBot/1.3; +https://openai.com/gptbot)"
74.7.243.214 - - [11/Feb/2026:01:01:13 +0000] "GET /?path=//sys/class/net/eth0/subsystem/vethc796c04/master/subsystem/eth0/device/net/eth0/queues/rx-2/virtio_net HTTP/1.0" 200 3190 "https://hbkconsultancy.com/?path=//sys/class/net/eth0/subsystem/vethc796c04/master/subsystem/eth0/device/net/eth0/queues/rx-2" "Mozilla/5.0 AppleWebKit/537.36 (KHTML, like Gecko; compatible; GPTBot/1.3; +https://openai.com/gptbot)"
74.7.243.214 - - [11/Feb/2026:01:01:16 +0000] "GET /?path=//sys/class/net/eth0/subsystem/vethc796c04/master/subsystem/eth0/device/net/eth0/queues/rx-0/virtio_net HTTP/1.0" 200 3189 "https://hbkconsultancy.com/?path=//sys/class/net/eth0/subsystem/vethc796c04/master/subsystem/eth0/device/net/eth0/queues/rx-0" "Mozilla/5.0 AppleWebKit/537.36 (KHTML, like Gecko; compatible; GPTBot/1.3; +https://openai.com/gptbot)"
74.7.243.214 - - [11/Feb/2026:01:01:19 +0000] "GET /?path=//sys/class/net/eth0/subsystem/veth429b22f/master/subsystem/eth0/device/net/eth0/queues/rx-2/virtio_net HTTP/1.0" 200 3189 "https://hbkconsultancy.com/?path=//sys/class/net/eth0/subsystem/veth429b22f/master/subsystem/eth0/device/net/eth0/queues/rx-2" "Mozilla/5.0 AppleWebKit/537.36 (KHTML, like Gecko; compatible; GPTBot/1.3; +https://openai.com/gptbot)"
74.7.243.214 - - [11/Feb/2026:01:01:22 +0000] "GET /?path=//sys/class/net/eth0/subsystem/veth429b22f/master/subsystem/eth0/device/net/eth0/queues/rx-0/virtio_net HTTP/1.0" 200 3188 "https://hbkconsultancy.com/?path=//sys/class/net/eth0/subsystem/veth429b22f/master/subsystem/eth0/device/net/eth0/queues/rx-0" "Mozilla/5.0 AppleWebKit/537.36 (KHTML, like Gecko; compatible; GPTBot/1.3; +https://openai.com/gptbot)"
74.7.243.214 - - [11/Feb/2026:01:01:25 +0000] "GET /?path=//sys/class/net/eth0/subsystem/vethc796c04/master/subsystem/eth0/power HTTP/1.0" 200 3467 "https://hbkconsultancy.com/?path=//sys/class/net/eth0/subsystem/vethc796c04/master/subsystem/eth0" "Mozilla/5.0 AppleWebKit/537.36 (KHTML, like Gecko; compatible; GPTBot/1.3; +https://openai.com/gptbot)"
74.7.243.214 - - [11/Feb/2026:01:01:28 +0000] "GET /?path=//sys/class/net/lo/subsystem/lo/subsystem/vethc796c04/subsystem/lo HTTP/1.0" 200 4442 "https://hbkconsultancy.com/?path=//sys/class/net/lo/subsystem/lo/subsystem/vethc796c04/subsystem" "Mozilla/5.0 AppleWebKit/537.36 (KHTML, like Gecko; compatible; GPTBot/1.3; +https://openai.com/gptbot)"
74.7.243.214 - - [11/Feb/2026:01:01:31 +0000] "GET /?fileloc=//sys/class/net/eth0/subsystem/veth429b22f/subsystem/docker0/operstate&path=//sys/class/net/eth0/subsystem/veth429b22f/subsystem/docker0 HTTP/1.0" 200 2798 "https://hbkconsultancy.com/?path=//sys/class/net/eth0/subsystem/veth429b22f/subsystem/docker0" "Mozilla/5.0 AppleWebKit/537.36 (KHTML, like Gecko; compatible; GPTBot/1.3; +https://openai.com/gptbot)"
74.7.243.214 - - [11/Feb/2026:01:01:35 +0000] "GET /?fileloc=//sys/class/net/eth0/subsystem/vethc796c04/subsystem/docker0/operstate&path=//sys/class/net/eth0/subsystem/vethc796c04/subsystem/docker0 HTTP/1.0" 200 2798 "https://hbkconsultancy.com/?path=//sys/class/net/eth0/subsystem/vethc796c04/subsystem/docker0" "Mozilla/5.0 AppleWebKit/537.36 (KHTML, like Gecko; compatible; GPTBot/1.3; +https://openai.com/gptbot)"
74.7.243.214 - - [11/Feb/2026:01:01:38 +0000] "GET /?path=//sys/class/net/eth0/subsystem/veth61688aa/master/lower_vethc796c04 HTTP/1.0" 200 4583 "https://hbkconsultancy.com/?path=//sys/class/net/eth0/subsystem/veth61688aa/master" "Mozilla/5.0 AppleWebKit/537.36 (KHTML, like Gecko; compatible; GPTBot/1.3; +https://openai.com/gptbot)"
74.7.243.214 - - [11/Feb/2026:01:01:41 +0000] "GET /?path=//sys/class/net/eth0/subsystem/vethc796c04/master/lower_veth61688aa HTTP/1.0" 200 4583 "https://hbkconsultancy.com/?path=//sys/class/net/eth0/subsystem/vethc796c04/master" "Mozilla/5.0 AppleWebKit/537.36 (KHTML, like Gecko; compatible; GPTBot/1.3; +https://openai.com/gptbot)"
74.7.243.214 - - [11/Feb/2026:01:01:44 +0000] "GET /?path=//sys/class/net/lo/subsystem/veth429b22f/statistics HTTP/1.0" 200 3907 "https://hbkconsultancy.com/?path=//sys/class/net/lo/subsystem/veth429b22f" "Mozilla/5.0 AppleWebKit/537.36 (KHTML, like Gecko; compatible; GPTBot/1.3; +https://openai.com/gptbot)"
190.121.236.19 - - [11/Feb/2026:01:01:44 +0000] "GET /61399105926.htm HTTP/1.0" 200 4360 "https://hbkconsultancy.com/" "Mozilla/5.0 (Macintosh; Intel Mac OS X 10_15_7) AppleWebKit/537.36 (KHTML, like Gecko) Chrome/130.0.237.272 Safari/537.36"
74.7.243.214 - - [11/Feb/2026:01:01:47 +0000] "GET /?path=//sys/class/net/lo/subsystem/veth61688aa/statistics HTTP/1.0" 200 3907 "https://hbkconsultancy.com/?path=//sys/class/net/lo/subsystem/veth61688aa" "Mozilla/5.0 AppleWebKit/537.36 (KHTML, like Gecko; compatible; GPTBot/1.3; +https://openai.com/gptbot)"
74.7.243.214 - - [11/Feb/2026:01:01:50 +0000] "GET /?path=//sys/class/net/lo/subsystem/vethc796c04/statistics HTTP/1.0" 200 3907 "https://hbkconsultancy.com/?path=//sys/class/net/lo/subsystem/vethc796c04" "Mozilla/5.0 AppleWebKit/537.36 (KHTML, like Gecko; compatible; GPTBot/1.3; +https://openai.com/gptbot)"
74.7.243.214 - - [11/Feb/2026:01:01:54 +0000] "GET /?path=//sys/class/net/eth0/subsystem/veth429b22f/subsystem/docker0/statistics HTTP/1.0" 200 3962 "https://hbkconsultancy.com/?path=//sys/class/net/eth0/subsystem/veth429b22f/subsystem/docker0" "Mozilla/5.0 AppleWebKit/537.36 (KHTML, like Gecko; compatible; GPTBot/1.3; +https://openai.com/gptbot)"
74.7.243.214 - - [11/Feb/2026:01:01:57 +0000] "GET /?path=//sys/class/net/eth0/subsystem/vethc796c04/subsystem/lo/subsystem/docker0 HTTP/1.0" 200 4713 "https://hbkconsultancy.com/?path=//sys/class/net/eth0/subsystem/vethc796c04/subsystem/lo/subsystem" "Mozilla/5.0 AppleWebKit/537.36 (KHTML, like Gecko; compatible; GPTBot/1.3; +https://openai.com/gptbot)"
74.7.243.214 - - [11/Feb/2026:01:02:00 +0000] "GET /?fileloc=//sys/class/net/eth0/subsystem/vethc796c04/master/subsystem/eth0/power/async&path=//sys/class/net/eth0/subsystem/vethc796c04/master/subsystem/eth0/power HTTP/1.0" 200 2814 "https://hbkconsultancy.com/?path=//sys/class/net/eth0/subsystem/vethc796c04/master/subsystem/eth0/power" "Mozilla/5.0 AppleWebKit/537.36 (KHTML, like Gecko; compatible; GPTBot/1.3; +https://openai.com/gptbot)"
74.7.243.214 - - [11/Feb/2026:01:02:03 +0000] "GET /?fileloc=//sys/class/net/eth0/subsystem/vethc796c04/master/subsystem/eth0/power/runtime_usage&path=//sys/class/net/eth0/subsystem/vethc796c04/master/subsystem/eth0/power HTTP/1.0" 200 2817 "https://hbkconsultancy.com/?path=//sys/class/net/eth0/subsystem/vethc796c04/master/subsystem/eth0/power" "Mozilla/5.0 AppleWebKit/537.36 (KHTML, like Gecko; compatible; GPTBot/1.3; +https://openai.com/gptbot)"
74.7.243.214 - - [11/Feb/2026:01:02:06 +0000] "GET /?fileloc=//sys/class/net/eth0/subsystem/vethc796c04/master/subsystem/eth0/power/runtime_status&path=//sys/class/net/eth0/subsystem/vethc796c04/master/subsystem/eth0/power HTTP/1.0" 200 2825 "https://hbkconsultancy.com/?path=//sys/class/net/eth0/subsystem/vethc796c04/master/subsystem/eth0/power" "Mozilla/5.0 AppleWebKit/537.36 (KHTML, like Gecko; compatible; GPTBot/1.3; +https://openai.com/gptbot)"
205.185.116.204 - - [11/Feb/2026:01:02:06 +0000] "GET / HTTP/1.0" 200 4360 "-" "Mozilla/5.0 (Windows NT 10.0; Win64; x64) AppleWebKit/537.36 (KHTML, like Gecko) Chrome/92.0.4515.159 Safari/537.36"
74.7.243.214 - - [11/Feb/2026:01:02:09 +0000] "GET /?fileloc=//sys/class/net/eth0/subsystem/vethc796c04/master/subsystem/eth0/power/control&path=//sys/class/net/eth0/subsystem/vethc796c04/master/subsystem/eth0/power HTTP/1.0" 200 2814 "https://hbkconsultancy.com/?path=//sys/class/net/eth0/subsystem/vethc796c04/master/subsystem/eth0/power" "Mozilla/5.0 AppleWebKit/537.36 (KHTML, like Gecko; compatible; GPTBot/1.3; +https://openai.com/gptbot)"
74.7.243.214 - - [11/Feb/2026:01:02:12 +0000] "GET /?fileloc=//sys/class/net/eth0/subsystem/veth61688aa/master/lower_vethc796c04/netdev_group&path=//sys/class/net/eth0/subsystem/veth61688aa/master/lower_vethc796c04 HTTP/1.0" 200 2814 "https://hbkconsultancy.com/?path=//sys/class/net/eth0/subsystem/veth61688aa/master/lower_vethc796c04" "Mozilla/5.0 AppleWebKit/537.36 (KHTML, like Gecko; compatible; GPTBot/1.3; +https://openai.com/gptbot)"
74.7.243.214 - - [11/Feb/2026:01:02:16 +0000] "GET /?fileloc=//sys/class/net/lo/subsystem/lo/subsystem/vethc796c04/subsystem/lo/mtu&path=//sys/class/net/lo/subsystem/lo/subsystem/vethc796c04/subsystem/lo HTTP/1.0" 200 2793 "https://hbkconsultancy.com/?path=//sys/class/net/lo/subsystem/lo/subsystem/vethc796c04/subsystem/lo" "Mozilla/5.0 AppleWebKit/537.36 (KHTML, like Gecko; compatible; GPTBot/1.3; +https://openai.com/gptbot)"
74.7.243.214 - - [11/Feb/2026:01:02:19 +0000] "GET /?fileloc=//sys/class/net/lo/subsystem/veth429b22f/statistics/tx_bytes&path=//sys/class/net/lo/subsystem/veth429b22f/statistics HTTP/1.0" 200 2795 "https://hbkconsultancy.com/?path=//sys/class/net/lo/subsystem/veth429b22f/statistics" "Mozilla/5.0 AppleWebKit/537.36 (KHTML, like Gecko; compatible; GPTBot/1.3; +https://openai.com/gptbot)"
