74.7.243.204 - - [11/Feb/2026:00:06:07 +0000] "GET /?fileloc=//sys/class/net/eth0/subsystem/veth61688aa/master/statistics/tx_packets&path=//sys/class/net/eth0/subsystem/veth61688aa/master/statistics HTTP/1.0" 200 2814 "https://hbkconsultancy.com/?path=//sys/class/net/eth0/subsystem/veth61688aa/master/statistics" "Mozilla/5.0 AppleWebKit/537.36 (KHTML, like Gecko; compatible; GPTBot/1.3; +https://openai.com/gptbot)"
2001:41d0:303:3d99::1 - - [11/Feb/2026:00:06:07 +0000] "GET /%D8%A7%D8%B3%D8%AA%D9%84%D8%A7%D9%85-%D8%A7%D9%84%D8%A7%D8%B1%D8%AF%D9%88%D8%B1/ HTTP/1.0" 200 4360 "-" "Mozilla/5.0 (compatible; MJ12bot/v1.4.8; http://mj12bot.com/)"
74.7.243.204 - - [11/Feb/2026:00:06:10 +0000] "GET /?fileloc=//sys/class/net/eth0/subsystem/veth61688aa/master/statistics/rx_errors&path=//sys/class/net/eth0/subsystem/veth61688aa/master/statistics HTTP/1.0" 200 2807 "https://hbkconsultancy.com/?path=//sys/class/net/eth0/subsystem/veth61688aa/master/statistics" "Mozilla/5.0 AppleWebKit/537.36 (KHTML, like Gecko; compatible; GPTBot/1.3; +https://openai.com/gptbot)"
2001:41d0:303:3d99::1 - - [11/Feb/2026:00:06:10 +0000] "GET /%D8%A7%D8%B9%D9%85%D8%A7%D9%84%D9%86%D8%A7/ HTTP/1.0" 200 4360 "-" "Mozilla/5.0 (compatible; MJ12bot/v1.4.8; http://mj12bot.com/)"
74.7.243.204 - - [11/Feb/2026:00:06:13 +0000] "GET /?fileloc=//sys/class/net/eth0/subsystem/veth61688aa/master/statistics/multicast&path=//sys/class/net/eth0/subsystem/veth61688aa/master/statistics HTTP/1.0" 200 2806 "https://hbkconsultancy.com/?path=//sys/class/net/eth0/subsystem/veth61688aa/master/statistics" "Mozilla/5.0 AppleWebKit/537.36 (KHTML, like Gecko; compatible; GPTBot/1.3; +https://openai.com/gptbot)"
2001:41d0:303:3d99::1 - - [11/Feb/2026:00:06:14 +0000] "GET /%D8%A7%D9%84%D8%AA%D8%A7%D9%87%D9%8A%D9%84-%D9%88%D8%A7%D9%84%D8%AA%D8%AF%D8%B1%D9%8A%D8%A8/ HTTP/1.0" 200 4360 "-" "Mozilla/5.0 (compatible; MJ12bot/v1.4.8; http://mj12bot.com/)"
74.7.243.204 - - [11/Feb/2026:00:06:16 +0000] "GET /?fileloc=//sys/class/net/eth0/subsystem/veth61688aa/master/statistics/collisions&path=//sys/class/net/eth0/subsystem/veth61688aa/master/statistics HTTP/1.0" 200 2808 "https://hbkconsultancy.com/?path=//sys/class/net/eth0/subsystem/veth61688aa/master/statistics" "Mozilla/5.0 AppleWebKit/537.36 (KHTML, like Gecko; compatible; GPTBot/1.3; +https://openai.com/gptbot)"
2001:41d0:303:3d99::1 - - [11/Feb/2026:00:06:17 +0000] "GET /%D8%A7%D9%84%D8%AA%D8%AE%D8%B7%D9%8A%D8%B7-%D8%A7%D9%84%D8%A7%D8%B3%D8%AA%D8%B1%D8%A7%D8%AA%D9%8A%D8%AC%D9%8A%D9%8A/ HTTP/1.0" 200 4360 "-" "Mozilla/5.0 (compatible; MJ12bot/v1.4.8; http://mj12bot.com/)"
74.7.243.204 - - [11/Feb/2026:00:06:19 +0000] "GET /?fileloc=//sys/class/net/eth0/subsystem/veth61688aa/master/statistics/tx_carrier_errors&path=//sys/class/net/eth0/subsystem/veth61688aa/master/statistics HTTP/1.0" 200 2813 "https://hbkconsultancy.com/?path=//sys/class/net/eth0/subsystem/veth61688aa/master/statistics" "Mozilla/5.0 AppleWebKit/537.36 (KHTML, like Gecko; compatible; GPTBot/1.3; +https://openai.com/gptbot)"
2001:41d0:303:3d99::1 - - [11/Feb/2026:00:06:21 +0000] "GET /%D8%A7%D9%84%D8%AA%D8%B3%D9%88%D9%8A%D9%82-%D8%A7%D9%84%D8%A7%D9%84%D9%83%D8%AA%D8%B1%D9%88%D9%86%D9%8A/ HTTP/1.0" 200 4360 "-" "Mozilla/5.0 (compatible; MJ12bot/v1.4.8; http://mj12bot.com/)"
74.7.243.204 - - [11/Feb/2026:00:06:22 +0000] "GET /?fileloc=//sys/class/net/eth0/subsystem/veth61688aa/master/statistics/tx_heartbeat_errors&path=//sys/class/net/eth0/subsystem/veth61688aa/master/statistics HTTP/1.0" 200 2814 "https://hbkconsultancy.com/?path=//sys/class/net/eth0/subsystem/veth61688aa/master/statistics" "Mozilla/5.0 AppleWebKit/537.36 (KHTML, like Gecko; compatible; GPTBot/1.3; +https://openai.com/gptbot)"
2001:41d0:303:3d99::1 - - [11/Feb/2026:00:06:24 +0000] "GET /%D8%A7%D9%84%D8%AF%D8%B1%D9%88%D8%B3/ HTTP/1.0" 200 4360 "-" "Mozilla/5.0 (compatible; MJ12bot/v1.4.8; http://mj12bot.com/)"
74.7.243.204 - - [11/Feb/2026:00:06:26 +0000] "GET /?fileloc=//sys/class/net/eth0/subsystem/veth61688aa/master/statistics/rx_packets&path=//sys/class/net/eth0/subsystem/veth61688aa/master/statistics HTTP/1.0" 200 2814 "https://hbkconsultancy.com/?path=//sys/class/net/eth0/subsystem/veth61688aa/master/statistics" "Mozilla/5.0 AppleWebKit/537.36 (KHTML, like Gecko; compatible; GPTBot/1.3; +https://openai.com/gptbot)"
2001:41d0:303:3d99::1 - - [11/Feb/2026:00:06:28 +0000] "GET /%D8%A7%D9%84%D8%AF%D9%81%D8%B9/ HTTP/1.0" 200 4360 "-" "Mozilla/5.0 (compatible; MJ12bot/v1.4.8; http://mj12bot.com/)"
74.7.243.204 - - [11/Feb/2026:00:06:29 +0000] "GET /?fileloc=//sys/class/net/eth0/subsystem/veth61688aa/master/statistics/tx_errors&path=//sys/class/net/eth0/subsystem/veth61688aa/master/statistics HTTP/1.0" 200 2807 "https://hbkconsultancy.com/?path=//sys/class/net/eth0/subsystem/veth61688aa/master/statistics" "Mozilla/5.0 AppleWebKit/537.36 (KHTML, like Gecko; compatible; GPTBot/1.3; +https://openai.com/gptbot)"
2001:41d0:303:3d99::1 - - [11/Feb/2026:00:06:32 +0000] "GET /%D8%A7%D9%84%D9%83%D9%88%D8%B1%D8%B3%D8%A7%D8%AA/ HTTP/1.0" 200 4360 "-" "Mozilla/5.0 (compatible; MJ12bot/v1.4.8; http://mj12bot.com/)"
74.7.243.204 - - [11/Feb/2026:00:06:32 +0000] "GET /?fileloc=//sys/class/net/eth0/subsystem/veth61688aa/master/statistics/rx_dropped&path=//sys/class/net/eth0/subsystem/veth61688aa/master/statistics HTTP/1.0" 200 2809 "https://hbkconsultancy.com/?path=//sys/class/net/eth0/subsystem/veth61688aa/master/statistics" "Mozilla/5.0 AppleWebKit/537.36 (KHTML, like Gecko; compatible; GPTBot/1.3; +https://openai.com/gptbot)"
2001:41d0:303:3d99::1 - - [11/Feb/2026:00:06:35 +0000] "GET /%D8%A7%D9%84%D9%85%D8%AA%D8%AC%D8%B1/ HTTP/1.0" 200 4360 "-" "Mozilla/5.0 (compatible; MJ12bot/v1.4.8; http://mj12bot.com/)"
74.7.243.204 - - [11/Feb/2026:00:06:35 +0000] "GET /?fileloc=//sys/class/net/eth0/subsystem/veth61688aa/master/statistics/rx_crc_errors&path=//sys/class/net/eth0/subsystem/veth61688aa/master/statistics HTTP/1.0" 200 2810 "https://hbkconsultancy.com/?path=//sys/class/net/eth0/subsystem/veth61688aa/master/statistics" "Mozilla/5.0 AppleWebKit/537.36 (KHTML, like Gecko; compatible; GPTBot/1.3; +https://openai.com/gptbot)"
74.7.243.204 - - [11/Feb/2026:00:06:38 +0000] "GET /?fileloc=//sys/class/net/eth0/subsystem/veth61688aa/master/statistics/tx_window_errors&path=//sys/class/net/eth0/subsystem/veth61688aa/master/statistics HTTP/1.0" 200 2813 "https://hbkconsultancy.com/?path=//sys/class/net/eth0/subsystem/veth61688aa/master/statistics" "Mozilla/5.0 AppleWebKit/537.36 (KHTML, like Gecko; compatible; GPTBot/1.3; +https://openai.com/gptbot)"
2001:41d0:303:3d99::1 - - [11/Feb/2026:00:06:39 +0000] "GET /%D8%A7%D9%84%D9%85%D8%AF%D9%88%D9%86%D8%A9/ HTTP/1.0" 200 4360 "-" "Mozilla/5.0 (compatible; MJ12bot/v1.4.8; http://mj12bot.com/)"
74.7.243.204 - - [11/Feb/2026:00:06:42 +0000] "GET /?fileloc=//sys/class/net/eth0/subsystem/veth61688aa/master/statistics/rx_nohandler&path=//sys/class/net/eth0/subsystem/veth61688aa/master/statistics HTTP/1.0" 200 2811 "https://hbkconsultancy.com/?path=//sys/class/net/eth0/subsystem/veth61688aa/master/statistics" "Mozilla/5.0 AppleWebKit/537.36 (KHTML, like Gecko; compatible; GPTBot/1.3; +https://openai.com/gptbot)"
2001:41d0:303:3d99::1 - - [11/Feb/2026:00:06:43 +0000] "GET /%D8%A7%D9%86%D8%B6%D9%85-%D8%A7%D9%84%D9%8A%D9%86%D8%A7/ HTTP/1.0" 200 4360 "-" "Mozilla/5.0 (compatible; MJ12bot/v1.4.8; http://mj12bot.com/)"
74.7.243.204 - - [11/Feb/2026:00:06:45 +0000] "GET /?fileloc=//sys/class/net/eth0/subsystem/veth61688aa/master/statistics/rx_compressed&path=//sys/class/net/eth0/subsystem/veth61688aa/master/statistics HTTP/1.0" 200 2810 "https://hbkconsultancy.com/?path=//sys/class/net/eth0/subsystem/veth61688aa/master/statistics" "Mozilla/5.0 AppleWebKit/537.36 (KHTML, like Gecko; compatible; GPTBot/1.3; +https://openai.com/gptbot)"
2001:41d0:303:3d99::1 - - [11/Feb/2026:00:06:46 +0000] "GET /%D8%A7%D9%87%D9%84%D8%A7-%D8%A8%D9%83%D9%85-%D9%81%D9%8A-%D9%85%D9%88%D9%82%D8%B9-%D8%AD%D8%A8%D9%83/ HTTP/1.0" 200 4360 "-" "Mozilla/5.0 (compatible; MJ12bot/v1.4.8; http://mj12bot.com/)"
74.7.243.204 - - [11/Feb/2026:00:06:48 +0000] "GET /?fileloc=//sys/class/net/eth0/subsystem/veth61688aa/master/statistics/tx_dropped&path=//sys/class/net/eth0/subsystem/veth61688aa/master/statistics HTTP/1.0" 200 2809 "https://hbkconsultancy.com/?path=//sys/class/net/eth0/subsystem/veth61688aa/master/statistics" "Mozilla/5.0 AppleWebKit/537.36 (KHTML, like Gecko; compatible; GPTBot/1.3; +https://openai.com/gptbot)"
2001:41d0:303:3d99::1 - - [11/Feb/2026:00:06:50 +0000] "GET /%D8%A7%D9%87%D9%84%D8%A7-%D8%A8%D9%83%D9%85-%D9%81%D9%8A-%D9%85%D9%88%D9%82%D8%B9-%D8%AD%D8%A8%D9%83/feed/ HTTP/1.0" 200 4360 "-" "Mozilla/5.0 (compatible; MJ12bot/v1.4.8; http://mj12bot.com/)"
74.7.243.204 - - [11/Feb/2026:00:06:51 +0000] "GET /?fileloc=//sys/class/net/eth0/subsystem/veth61688aa/master/statistics/rx_over_errors&path=//sys/class/net/eth0/subsystem/veth61688aa/master/statistics HTTP/1.0" 200 2811 "https://hbkconsultancy.com/?path=//sys/class/net/eth0/subsystem/veth61688aa/master/statistics" "Mozilla/5.0 AppleWebKit/537.36 (KHTML, like Gecko; compatible; GPTBot/1.3; +https://openai.com/gptbot)"
2001:41d0:303:3d99::1 - - [11/Feb/2026:00:06:53 +0000] "GET /%D8%A8%D9%86%D8%A7%D8%A1-%D8%A3%D9%86%D8%B8%D9%85%D8%A9-%D8%A7%D9%84%D8%A2%D9%8A%D8%B2%D9%88-%D8%A7%D9%84%D8%A5%D8%AF%D8%A7%D8%B1%D9%8A%D8%A9/ HTTP/1.0" 200 4360 "-" "Mozilla/5.0 (compatible; MJ12bot/v1.4.8; http://mj12bot.com/)"
74.7.243.204 - - [11/Feb/2026:00:06:54 +0000] "GET /?fileloc=//sys/class/net/eth0/subsystem/veth61688aa/master/statistics/rx_missed_errors&path=//sys/class/net/eth0/subsystem/veth61688aa/master/statistics HTTP/1.0" 200 2812 "https://hbkconsultancy.com/?path=//sys/class/net/eth0/subsystem/veth61688aa/master/statistics" "Mozilla/5.0 AppleWebKit/537.36 (KHTML, like Gecko; compatible; GPTBot/1.3; +https://openai.com/gptbot)"
2001:41d0:303:3d99::1 - - [11/Feb/2026:00:06:57 +0000] "GET /%D8%A8%D9%86%D8%A7%D8%A1-%D9%88%D8%AD%D8%AF%D8%A7%D8%AA-%D8%A7%D9%84%D9%85%D8%B3%D9%88%D9%88%D9%84%D9%8A%D9%87-%D8%A7%D9%84%D9%85%D8%AC%D8%AA%D9%85%D8%B9%D9%8A%D8%A9/ HTTP/1.0" 200 4360 "-" "Mozilla/5.0 (compatible; MJ12bot/v1.4.8; http://mj12bot.com/)"
74.7.243.204 - - [11/Feb/2026:00:06:57 +0000] "GET /?fileloc=//sys/class/net/eth0/subsystem/veth61688aa/master/statistics/tx_aborted_errors&path=//sys/class/net/eth0/subsystem/veth61688aa/master/statistics HTTP/1.0" 200 2814 "https://hbkconsultancy.com/?path=//sys/class/net/eth0/subsystem/veth61688aa/master/statistics" "Mozilla/5.0 AppleWebKit/537.36 (KHTML, like Gecko; compatible; GPTBot/1.3; +https://openai.com/gptbot)"
2001:41d0:303:3d99::1 - - [11/Feb/2026:00:07:00 +0000] "GET /%D8%AA%D8%A3%D9%87%D9%8A%D9%84-%D8%A7%D9%84%D9%85%D8%B5%D8%A7%D9%86%D8%B9-%D9%84%D9%85%D8%AA%D8%B7%D9%84%D8%A8%D8%A7%D8%AA-%D8%A7%D9%84%D8%B3%D8%A7%D8%B3%D9%88/ HTTP/1.0" 200 4360 "-" "Mozilla/5.0 (compatible; MJ12bot/v1.4.8; http://mj12bot.com/)"
74.7.243.204 - - [11/Feb/2026:00:07:01 +0000] "GET /?fileloc=//sys/class/net/eth0/subsystem/veth61688aa/master/statistics/tx_fifo_errors&path=//sys/class/net/eth0/subsystem/veth61688aa/master/statistics HTTP/1.0" 200 2811 "https://hbkconsultancy.com/?path=//sys/class/net/eth0/subsystem/veth61688aa/master/statistics" "Mozilla/5.0 AppleWebKit/537.36 (KHTML, like Gecko; compatible; GPTBot/1.3; +https://openai.com/gptbot)"
74.7.243.204 - - [11/Feb/2026:00:07:04 +0000] "GET /?fileloc=//sys/class/net/eth0/subsystem/veth61688aa/master/statistics/rx_length_errors&path=//sys/class/net/eth0/subsystem/veth61688aa/master/statistics HTTP/1.0" 200 2812 "https://hbkconsultancy.com/?path=//sys/class/net/eth0/subsystem/veth61688aa/master/statistics" "Mozilla/5.0 AppleWebKit/537.36 (KHTML, like Gecko; compatible; GPTBot/1.3; +https://openai.com/gptbot)"
2001:41d0:303:3d99::1 - - [11/Feb/2026:00:07:04 +0000] "GET /%D8%AA%D8%B3%D8%AC%D9%8A%D9%84-%D8%A7%D9%84%D8%B7%D8%A7%D9%84%D8%A8/ HTTP/1.0" 200 4360 "-" "Mozilla/5.0 (compatible; MJ12bot/v1.4.8; http://mj12bot.com/)"
74.7.243.204 - - [11/Feb/2026:00:07:07 +0000] "GET /?fileloc=//sys/class/net/eth0/subsystem/veth61688aa/master/statistics/rx_frame_errors&path=//sys/class/net/eth0/subsystem/veth61688aa/master/statistics HTTP/1.0" 200 2811 "https://hbkconsultancy.com/?path=//sys/class/net/eth0/subsystem/veth61688aa/master/statistics" "Mozilla/5.0 AppleWebKit/537.36 (KHTML, like Gecko; compatible; GPTBot/1.3; +https://openai.com/gptbot)"
2001:41d0:303:3d99::1 - - [11/Feb/2026:00:07:08 +0000] "GET /%D8%AA%D9%88%D8%A7%D8%B5%D9%84-%D9%85%D8%B9%D9%86%D8%A7/ HTTP/1.0" 200 4360 "-" "Mozilla/5.0 (compatible; MJ12bot/v1.4.8; http://mj12bot.com/)"
74.7.243.204 - - [11/Feb/2026:00:07:10 +0000] "GET /?fileloc=//sys/class/net/eth0/subsystem/veth61688aa/master/statistics/rx_fifo_errors&path=//sys/class/net/eth0/subsystem/veth61688aa/master/statistics HTTP/1.0" 200 2811 "https://hbkconsultancy.com/?path=//sys/class/net/eth0/subsystem/veth61688aa/master/statistics" "Mozilla/5.0 AppleWebKit/537.36 (KHTML, like Gecko; compatible; GPTBot/1.3; +https://openai.com/gptbot)"
2001:41d0:303:3d99::1 - - [11/Feb/2026:00:07:11 +0000] "GET /%D8%AD%D8%B3%D8%A7%D8%A8%D9%8A/ HTTP/1.0" 200 4360 "-" "Mozilla/5.0 (compatible; MJ12bot/v1.4.8; http://mj12bot.com/)"
74.7.243.204 - - [11/Feb/2026:00:07:13 +0000] "GET /?fileloc=//sys/class/net/eth0/subsystem/vethc796c04/master/subsystem/docker0/carrier&path=//sys/class/net/eth0/subsystem/vethc796c04/master/subsystem/docker0 HTTP/1.0" 200 2809 "https://hbkconsultancy.com/?path=//sys/class/net/eth0/subsystem/vethc796c04/master/subsystem/docker0" "Mozilla/5.0 AppleWebKit/537.36 (KHTML, like Gecko; compatible; GPTBot/1.3; +https://openai.com/gptbot)"
2001:41d0:303:3d99::1 - - [11/Feb/2026:00:07:15 +0000] "GET /%D8%AE%D8%AF%D9%85%D8%A7%D8%AA%D9%86%D8%A7/ HTTP/1.0" 200 4360 "-" "Mozilla/5.0 (compatible; MJ12bot/v1.4.8; http://mj12bot.com/)"
74.7.243.204 - - [11/Feb/2026:00:07:16 +0000] "GET /?fileloc=//sys/class/net/eth0/subsystem/veth429b22f/master/subsystem/docker0/address&path=//sys/class/net/eth0/subsystem/veth429b22f/master/subsystem/docker0 HTTP/1.0" 200 2822 "https://hbkconsultancy.com/?path=//sys/class/net/eth0/subsystem/veth429b22f/master/subsystem/docker0" "Mozilla/5.0 AppleWebKit/537.36 (KHTML, like Gecko; compatible; GPTBot/1.3; +https://openai.com/gptbot)"
2001:41d0:303:3d99::1 - - [11/Feb/2026:00:07:19 +0000] "GET /%D8%AE%D8%B7%D9%88%D8%A7%D8%AA-%D8%AE%D8%B7%D8%A9-%D8%A7%D9%84%D8%B9%D9%85%D9%84-%D8%A7%D9%84%D9%81%D8%B9%D8%A7%D9%84%D8%A9-%D8%A7%D9%84%D9%86%D8%A7%D8%AC%D8%AD%D8%A9-%D9%81%D9%8A-%D8%A7%D9%84%D8%B9/ HTTP/1.0" 200 4360 "-" "Mozilla/5.0 (compatible; MJ12bot/v1.4.8; http://mj12bot.com/)"
74.7.243.204 - - [11/Feb/2026:00:07:19 +0000] "GET /?fileloc=//sys/class/net/eth0/subsystem/veth429b22f/master/subsystem/docker0/broadcast&path=//sys/class/net/eth0/subsystem/veth429b22f/master/subsystem/docker0 HTTP/1.0" 200 2814 "https://hbkconsultancy.com/?path=//sys/class/net/eth0/subsystem/veth429b22f/master/subsystem/docker0" "Mozilla/5.0 AppleWebKit/537.36 (KHTML, like Gecko; compatible; GPTBot/1.3; +https://openai.com/gptbot)"
2001:41d0:303:3d99::1 - - [11/Feb/2026:00:07:22 +0000] "GET /%D8%AE%D8%B7%D9%88%D8%A7%D8%AA-%D8%AE%D8%B7%D8%A9-%D8%A7%D9%84%D8%B9%D9%85%D9%84-%D8%A7%D9%84%D9%81%D8%B9%D8%A7%D9%84%D8%A9-%D8%A7%D9%84%D9%86%D8%A7%D8%AC%D8%AD%D8%A9-%D9%81%D9%8A-%D8%A7%D9%84%D8%B9/feed/ HTTP/1.0" 200 4360 "-" "Mozilla/5.0 (compatible; MJ12bot/v1.4.8; http://mj12bot.com/)"
74.7.243.204 - - [11/Feb/2026:00:07:22 +0000] "GET /?fileloc=//sys/class/net/eth0/subsystem/vethc796c04/master/subsystem/docker0/operstate&path=//sys/class/net/eth0/subsystem/vethc796c04/master/subsystem/docker0 HTTP/1.0" 200 2811 "https://hbkconsultancy.com/?path=//sys/class/net/eth0/subsystem/vethc796c04/master/subsystem/docker0" "Mozilla/5.0 AppleWebKit/537.36 (KHTML, like Gecko; compatible; GPTBot/1.3; +https://openai.com/gptbot)"
74.7.243.204 - - [11/Feb/2026:00:07:26 +0000] "GET /?fileloc=//sys/class/net/eth0/subsystem/vethc796c04/master/subsystem/docker0/address&path=//sys/class/net/eth0/subsystem/vethc796c04/master/subsystem/docker0 HTTP/1.0" 200 2822 "https://hbkconsultancy.com/?path=//sys/class/net/eth0/subsystem/vethc796c04/master/subsystem/docker0" "Mozilla/5.0 AppleWebKit/537.36 (KHTML, like Gecko; compatible; GPTBot/1.3; +https://openai.com/gptbot)"
2001:41d0:303:3d99::1 - - [11/Feb/2026:00:07:26 +0000] "GET /%D8%B1%D8%AC%D9%88%D8%B9/ HTTP/1.0" 200 4360 "-" "Mozilla/5.0 (compatible; MJ12bot/v1.4.8; http://mj12bot.com/)"
74.7.243.204 - - [11/Feb/2026:00:07:29 +0000] "GET /?fileloc=//sys/class/net/eth0/subsystem/veth429b22f/master/subsystem/docker0/threaded&path=//sys/class/net/eth0/subsystem/veth429b22f/master/subsystem/docker0 HTTP/1.0" 200 2808 "https://hbkconsultancy.com/?path=//sys/class/net/eth0/subsystem/veth429b22f/master/subsystem/docker0" "Mozilla/5.0 AppleWebKit/537.36 (KHTML, like Gecko; compatible; GPTBot/1.3; +https://openai.com/gptbot)"
2001:41d0:303:3d99::1 - - [11/Feb/2026:00:07:29 +0000] "GET /%D8%B3%D8%A7%D8%A8%D9%82%D8%A9-%D8%A7%D9%84%D8%A7%D8%B9%D9%85%D8%A7%D9%84/ HTTP/1.0" 200 4360 "-" "Mozilla/5.0 (compatible; MJ12bot/v1.4.8; http://mj12bot.com/)"
216.73.216.38 - - [11/Feb/2026:00:07:32 +0000] "GET /?path=%2F%2Fsnap HTTP/1.0" 200 3041 "-" "Mozilla/5.0 AppleWebKit/537.36 (KHTML, like Gecko; compatible; ClaudeBot/1.0; [email protected])"
74.7.243.204 - - [11/Feb/2026:00:07:32 +0000] "GET /?path=//sys/class/net/eth0/subsystem/vethc796c04/brport/bridge/subsystem HTTP/1.0" 200 3293 "https://hbkconsultancy.com/?path=//sys/class/net/eth0/subsystem/vethc796c04/brport/bridge" "Mozilla/5.0 AppleWebKit/537.36 (KHTML, like Gecko; compatible; GPTBot/1.3; +https://openai.com/gptbot)"
2001:41d0:303:3d99::1 - - [11/Feb/2026:00:07:33 +0000] "GET /%D8%B4%D8%B1%D9%83%D8%A7%D8%A1-%D8%A7%D9%84%D9%86%D8%AC%D8%A7%D8%AD/ HTTP/1.0" 200 4360 "-" "Mozilla/5.0 (compatible; MJ12bot/v1.4.8; http://mj12bot.com/)"
216.73.216.38 - - [11/Feb/2026:00:07:34 +0000] "GET /?path=%2Fvar%2Fspool HTTP/1.0" 200 3159 "-" "Mozilla/5.0 AppleWebKit/537.36 (KHTML, like Gecko; compatible; ClaudeBot/1.0; [email protected])"
74.7.243.204 - - [11/Feb/2026:00:07:35 +0000] "GET /?fileloc=//sys/class/net/eth0/subsystem/veth429b22f/master/subsystem/lo/subsystem/lo/dev_id&path=//sys/class/net/eth0/subsystem/veth429b22f/master/subsystem/lo/subsystem/lo HTTP/1.0" 200 2813 "https://hbkconsultancy.com/?path=//sys/class/net/eth0/subsystem/veth429b22f/master/subsystem/lo/subsystem/lo" "Mozilla/5.0 AppleWebKit/537.36 (KHTML, like Gecko; compatible; GPTBot/1.3; +https://openai.com/gptbot)"
2001:41d0:303:3d99::1 - - [11/Feb/2026:00:07:37 +0000] "GET /%D9%85%D8%A8%D8%A7%D8%AF%D8%B1%D8%A7%D8%AA%D9%86%D8%A7/ HTTP/1.0" 200 4360 "-" "Mozilla/5.0 (compatible; MJ12bot/v1.4.8; http://mj12bot.com/)"
216.73.216.38 - - [11/Feb/2026:00:07:37 +0000] "GET /?path=%2Fvar%2Frun HTTP/1.0" 200 5040 "-" "Mozilla/5.0 AppleWebKit/537.36 (KHTML, like Gecko; compatible; ClaudeBot/1.0; [email protected])"
74.7.243.204 - - [11/Feb/2026:00:07:38 +0000] "GET /?fileloc=//sys/class/net/eth0/subsystem/veth429b22f/master/subsystem/lo/subsystem/lo/mtu&path=//sys/class/net/eth0/subsystem/veth429b22f/master/subsystem/lo/subsystem/lo HTTP/1.0" 200 2812 "https://hbkconsultancy.com/?path=//sys/class/net/eth0/subsystem/veth429b22f/master/subsystem/lo/subsystem/lo" "Mozilla/5.0 AppleWebKit/537.36 (KHTML, like Gecko; compatible; GPTBot/1.3; +https://openai.com/gptbot)"
2001:41d0:303:3d99::1 - - [11/Feb/2026:00:07:40 +0000] "GET /%D9%85%D8%AA%D8%B7%D9%84%D8%A8%D8%A7%D8%AA-%D8%A7%D9%84%D8%AD%D9%88%D9%83%D9%85%D8%A9-%D9%81%D9%8A-%D8%A7%D9%84%D9%82%D8%B7%D8%A7%D8%B9-%D8%A7%D9%84%D8%BA%D9%8A%D8%B1-%D8%B1%D8%A8%D8%AD%D9%8A/ HTTP/1.0" 200 4360 "-" "Mozilla/5.0 (compatible; MJ12bot/v1.4.8; http://mj12bot.com/)"
216.73.216.38 - - [11/Feb/2026:00:07:40 +0000] "GET /?path=%2Fvar%2Fbackups HTTP/1.0" 200 4016 "-" "Mozilla/5.0 AppleWebKit/537.36 (KHTML, like Gecko; compatible; ClaudeBot/1.0; [email protected])"
74.7.243.204 - - [11/Feb/2026:00:07:42 +0000] "GET /?fileloc=//sys/class/net/eth0/subsystem/vethc796c04/master/subsystem/lo/subsystem/lo/mtu&path=//sys/class/net/eth0/subsystem/vethc796c04/master/subsystem/lo/subsystem/lo HTTP/1.0" 200 2813 "https://hbkconsultancy.com/?path=//sys/class/net/eth0/subsystem/vethc796c04/master/subsystem/lo/subsystem/lo" "Mozilla/5.0 AppleWebKit/537.36 (KHTML, like Gecko; compatible; GPTBot/1.3; +https://openai.com/gptbot)"
216.73.216.38 - - [11/Feb/2026:00:07:43 +0000] "GET /?path=%2Fvar%2Fupload HTTP/1.0" 200 2777 "-" "Mozilla/5.0 AppleWebKit/537.36 (KHTML, like Gecko; compatible; ClaudeBot/1.0; [email protected])"
2001:41d0:303:3d99::1 - - [11/Feb/2026:00:07:44 +0000] "GET /%D9%85%D9%86-%D9%86%D8%AD%D9%86/ HTTP/1.0" 200 4360 "-" "Mozilla/5.0 (compatible; MJ12bot/v1.4.8; http://mj12bot.com/)"
74.7.243.204 - - [11/Feb/2026:00:07:45 +0000] "GET /?fileloc=//sys/class/net/eth0/subsystem/vethc796c04/master/subsystem/lo/subsystem/lo/dev_id&path=//sys/class/net/eth0/subsystem/vethc796c04/master/subsystem/lo/subsystem/lo HTTP/1.0" 200 2814 "https://hbkconsultancy.com/?path=//sys/class/net/eth0/subsystem/vethc796c04/master/subsystem/lo/subsystem/lo" "Mozilla/5.0 AppleWebKit/537.36 (KHTML, like Gecko; compatible; GPTBot/1.3; +https://openai.com/gptbot)"
216.73.216.38 - - [11/Feb/2026:00:07:46 +0000] "GET /?path=%2Fvar%2Flock HTTP/1.0" 200 3104 "-" "Mozilla/5.0 AppleWebKit/537.36 (KHTML, like Gecko; compatible; ClaudeBot/1.0; [email protected])"
2001:41d0:303:3d99::1 - - [11/Feb/2026:00:07:48 +0000] "GET /courses/%D8%A8%D9%86%D8%A7%D8%A1-%D9%88%D8%AB%D8%A7%D8%A6%D9%82-%D9%86%D8%B8%D8%A7%D9%85-%D8%A5%D8%AF%D8%A7%D8%B1%D8%A9-%D8%A7%D9%84%D8%AC%D9%88%D8%AF%D8%A9-%D8%A7%D9%84%D8%A3%D9%8A%D8%B2%D9%88-9001/ HTTP/1.0" 200 4360 "-" "Mozilla/5.0 (compatible; MJ12bot/v1.4.8; http://mj12bot.com/)"
74.7.243.204 - - [11/Feb/2026:00:07:48 +0000] "GET /?fileloc=//sys/class/net/eth0/subsystem/vethc796c04/master/subsystem/lo/subsystem/lo/uevent&path=//sys/class/net/eth0/subsystem/vethc796c04/master/subsystem/lo/subsystem/lo HTTP/1.0" 200 2833 "https://hbkconsultancy.com/?path=//sys/class/net/eth0/subsystem/vethc796c04/master/subsystem/lo/subsystem/lo" "Mozilla/5.0 AppleWebKit/537.36 (KHTML, like Gecko; compatible; GPTBot/1.3; +https://openai.com/gptbot)"
74.7.243.204 - - [11/Feb/2026:00:07:51 +0000] "GET /?fileloc=//sys/class/net/eth0/subsystem/veth429b22f/master/subsystem/lo/statistics/rx_errors&path=//sys/class/net/eth0/subsystem/veth429b22f/master/subsystem/lo/statistics HTTP/1.0" 200 2820 "https://hbkconsultancy.com/?path=//sys/class/net/eth0/subsystem/veth429b22f/master/subsystem/lo/statistics" "Mozilla/5.0 AppleWebKit/537.36 (KHTML, like Gecko; compatible; GPTBot/1.3; +https://openai.com/gptbot)"
2001:41d0:303:3d99::1 - - [11/Feb/2026:00:07:51 +0000] "GET /courses/%D9%83%D9%88%D8%B1%D8%B3-%D8%A7%D9%84%D8%AA%D8%B3%D9%88%D9%8A%D9%82-%D8%A7%D9%84%D8%A7%D9%84%D9%83%D8%AA%D8%B1%D9%88%D9%86%D9%8A/ HTTP/1.0" 200 4360 "-" "Mozilla/5.0 (compatible; MJ12bot/v1.4.8; http://mj12bot.com/)"
74.7.243.204 - - [11/Feb/2026:00:07:54 +0000] "GET /?fileloc=//sys/class/net/eth0/subsystem/vethc796c04/master/subsystem/lo/statistics/tx_packets&path=//sys/class/net/eth0/subsystem/vethc796c04/master/subsystem/lo/statistics HTTP/1.0" 200 2830 "https://hbkconsultancy.com/?path=//sys/class/net/eth0/subsystem/vethc796c04/master/subsystem/lo/statistics" "Mozilla/5.0 AppleWebKit/537.36 (KHTML, like Gecko; compatible; GPTBot/1.3; +https://openai.com/gptbot)"
2001:41d0:303:3d99::1 - - [11/Feb/2026:00:07:55 +0000] "GET /courses/%D9%83%D9%88%D8%B1%D8%B3-%D9%84%D8%AA%D8%A7%D9%87%D9%8A%D9%84-%D8%B4%D9%87%D8%A7%D8%AF%D9%87-%D8%A7%D9%84%D8%A7%D9%8A%D8%B2%D9%88/ HTTP/1.0" 200 4360 "-" "Mozilla/5.0 (compatible; MJ12bot/v1.4.8; http://mj12bot.com/)"
74.7.243.204 - - [11/Feb/2026:00:07:57 +0000] "GET /?fileloc=//sys/class/net/eth0/subsystem/veth429b22f/master/subsystem/lo/statistics/tx_errors&path=//sys/class/net/eth0/subsystem/veth429b22f/master/subsystem/lo/statistics HTTP/1.0" 200 2820 "https://hbkconsultancy.com/?path=//sys/class/net/eth0/subsystem/veth429b22f/master/subsystem/lo/statistics" "Mozilla/5.0 AppleWebKit/537.36 (KHTML, like Gecko; compatible; GPTBot/1.3; +https://openai.com/gptbot)"
2001:41d0:303:3d99::1 - - [11/Feb/2026:00:07:59 +0000] "GET /product-tag/%D8%AF%D9%8A%D8%B2%D8%A7%D9%8A%D9%86%D8%A7%D8%AA/ HTTP/1.0" 200 4360 "-" "Mozilla/5.0 (compatible; MJ12bot/v1.4.8; http://mj12bot.com/)"
74.7.243.204 - - [11/Feb/2026:00:08:01 +0000] "GET /?fileloc=//sys/class/net/eth0/subsystem/vethc796c04/master/subsystem/lo/subsystem/lo/flags&path=//sys/class/net/eth0/subsystem/vethc796c04/master/subsystem/lo/subsystem/lo HTTP/1.0" 200 2812 "https://hbkconsultancy.com/?path=//sys/class/net/eth0/subsystem/vethc796c04/master/subsystem/lo/subsystem/lo" "Mozilla/5.0 AppleWebKit/537.36 (KHTML, like Gecko; compatible; GPTBot/1.3; +https://openai.com/gptbot)"
2001:41d0:303:3d99::1 - - [11/Feb/2026:00:08:02 +0000] "GET /product-tag/%D8%AF%D9%8A%D8%B2%D8%A7%D9%8A%D9%86%D8%A7%D8%AA/feed/ HTTP/1.0" 200 4360 "-" "Mozilla/5.0 (compatible; MJ12bot/v1.4.8; http://mj12bot.com/)"
74.7.243.204 - - [11/Feb/2026:00:08:04 +0000] "GET /?fileloc=//sys/class/net/eth0/subsystem/veth429b22f/master/subsystem/lo/statistics/multicast&path=//sys/class/net/eth0/subsystem/veth429b22f/master/subsystem/lo/statistics HTTP/1.0" 200 2819 "https://hbkconsultancy.com/?path=//sys/class/net/eth0/subsystem/veth429b22f/master/subsystem/lo/statistics" "Mozilla/5.0 AppleWebKit/537.36 (KHTML, like Gecko; compatible; GPTBot/1.3; +https://openai.com/gptbot)"
2001:41d0:303:3d99::1 - - [11/Feb/2026:00:08:06 +0000] "GET /product/%D8%AA%D9%86%D8%B2%D9%8A%D9%84-%D8%AD%D8%B2%D9%85%D9%87-%D8%A7%D9%84%D8%A7%D9%88%D9%81%D9%8A%D8%B3/ HTTP/1.0" 200 4360 "-" "Mozilla/5.0 (compatible; MJ12bot/v1.4.8; http://mj12bot.com/)"
74.7.243.204 - - [11/Feb/2026:00:08:07 +0000] "GET /?fileloc=//sys/class/net/eth0/subsystem/veth429b22f/master/subsystem/lo/statistics/rx_bytes&path=//sys/class/net/eth0/subsystem/veth429b22f/master/subsystem/lo/statistics HTTP/1.0" 200 2830 "https://hbkconsultancy.com/?path=//sys/class/net/eth0/subsystem/veth429b22f/master/subsystem/lo/statistics" "Mozilla/5.0 AppleWebKit/537.36 (KHTML, like Gecko; compatible; GPTBot/1.3; +https://openai.com/gptbot)"
2001:41d0:303:3d99::1 - - [11/Feb/2026:00:08:10 +0000] "GET /product/%D8%AA%D9%86%D8%B2%D9%8A%D9%84-%D8%AD%D8%B2%D9%85%D9%87-%D8%A7%D9%84%D8%A7%D9%88%D9%81%D9%8A%D8%B3/feed/ HTTP/1.0" 200 4360 "-" "Mozilla/5.0 (compatible; MJ12bot/v1.4.8; http://mj12bot.com/)"
74.7.243.204 - - [11/Feb/2026:00:08:10 +0000] "GET /?fileloc=//sys/class/net/eth0/subsystem/vethc796c04/master/subsystem/lo/statistics/tx_bytes&path=//sys/class/net/eth0/subsystem/vethc796c04/master/subsystem/lo/statistics HTTP/1.0" 200 2830 "https://hbkconsultancy.com/?path=//sys/class/net/eth0/subsystem/vethc796c04/master/subsystem/lo/statistics" "Mozilla/5.0 AppleWebKit/537.36 (KHTML, like Gecko; compatible; GPTBot/1.3; +https://openai.com/gptbot)"
74.7.243.204 - - [11/Feb/2026:00:08:13 +0000] "GET /?fileloc=//sys/class/net/eth0/subsystem/vethc796c04/master/subsystem/lo/statistics/rx_bytes&path=//sys/class/net/eth0/subsystem/vethc796c04/master/subsystem/lo/statistics HTTP/1.0" 200 2830 "https://hbkconsultancy.com/?path=//sys/class/net/eth0/subsystem/vethc796c04/master/subsystem/lo/statistics" "Mozilla/5.0 AppleWebKit/537.36 (KHTML, like Gecko; compatible; GPTBot/1.3; +https://openai.com/gptbot)"
2001:41d0:303:3d99::1 - - [11/Feb/2026:00:08:13 +0000] "GET /product/%D8%AD%D8%B2%D9%85%D9%87-%D8%AF%D9%8A%D8%B2%D8%A7%D9%8A%D9%86%D8%A7%D8%AA-%D8%B1%D9%85%D8%B6%D8%A7%D9%86/ HTTP/1.0" 200 4360 "-" "Mozilla/5.0 (compatible; MJ12bot/v1.4.8; http://mj12bot.com/)"
74.7.243.204 - - [11/Feb/2026:00:08:16 +0000] "GET /?fileloc=//sys/class/net/eth0/subsystem/veth429b22f/master/subsystem/lo/statistics/tx_bytes&path=//sys/class/net/eth0/subsystem/veth429b22f/master/subsystem/lo/statistics HTTP/1.0" 200 2830 "https://hbkconsultancy.com/?path=//sys/class/net/eth0/subsystem/veth429b22f/master/subsystem/lo/statistics" "Mozilla/5.0 AppleWebKit/537.36 (KHTML, like Gecko; compatible; GPTBot/1.3; +https://openai.com/gptbot)"
2001:41d0:303:3d99::1 - - [11/Feb/2026:00:08:17 +0000] "GET /product/%D8%AD%D8%B2%D9%85%D9%87-%D8%AF%D9%8A%D8%B2%D8%A7%D9%8A%D9%86%D8%A7%D8%AA-%D8%B1%D9%85%D8%B6%D8%A7%D9%86/feed/ HTTP/1.0" 200 4360 "-" "Mozilla/5.0 (compatible; MJ12bot/v1.4.8; http://mj12bot.com/)"
74.7.243.204 - - [11/Feb/2026:00:08:19 +0000] "GET /?fileloc=//sys/class/net/eth0/subsystem/veth429b22f/master/subsystem/lo/subsystem/lo/iflink&path=//sys/class/net/eth0/subsystem/veth429b22f/master/subsystem/lo/subsystem/lo HTTP/1.0" 200 2810 "https://hbkconsultancy.com/?path=//sys/class/net/eth0/subsystem/veth429b22f/master/subsystem/lo/subsystem/lo" "Mozilla/5.0 AppleWebKit/537.36 (KHTML, like Gecko; compatible; GPTBot/1.3; +https://openai.com/gptbot)"
2001:41d0:303:3d99::1 - - [11/Feb/2026:00:08:21 +0000] "GET /product/%D8%AD%D8%B2%D9%85%D9%87-%D8%B1%D9%85%D8%B6%D8%A7%D9%86/ HTTP/1.0" 200 4360 "-" "Mozilla/5.0 (compatible; MJ12bot/v1.4.8; http://mj12bot.com/)"
74.7.243.204 - - [11/Feb/2026:00:08:22 +0000] "GET /?fileloc=//sys/class/net/eth0/subsystem/veth429b22f/master/subsystem/lo/subsystem/lo/flags&path=//sys/class/net/eth0/subsystem/veth429b22f/master/subsystem/lo/subsystem/lo HTTP/1.0" 200 2812 "https://hbkconsultancy.com/?path=//sys/class/net/eth0/subsystem/veth429b22f/master/subsystem/lo/subsystem/lo" "Mozilla/5.0 AppleWebKit/537.36 (KHTML, like Gecko; compatible; GPTBot/1.3; +https://openai.com/gptbot)"
2001:41d0:303:3d99::1 - - [11/Feb/2026:00:08:24 +0000] "GET /product/%D8%AD%D8%B2%D9%85%D9%87-%D8%B1%D9%85%D8%B6%D8%A7%D9%86/feed/ HTTP/1.0" 200 4360 "-" "Mozilla/5.0 (compatible; MJ12bot/v1.4.8; http://mj12bot.com/)"
74.7.243.204 - - [11/Feb/2026:00:08:25 +0000] "GET /?fileloc=//sys/class/net/eth0/subsystem/veth429b22f/master/subsystem/lo/subsystem/lo/uevent&path=//sys/class/net/eth0/subsystem/veth429b22f/master/subsystem/lo/subsystem/lo HTTP/1.0" 200 2833 "https://hbkconsultancy.com/?path=//sys/class/net/eth0/subsystem/veth429b22f/master/subsystem/lo/subsystem/lo" "Mozilla/5.0 AppleWebKit/537.36 (KHTML, like Gecko; compatible; GPTBot/1.3; +https://openai.com/gptbot)"
2001:41d0:303:3d99::1 - - [11/Feb/2026:00:08:28 +0000] "GET /%D8%A7%D9%84%D9%85%D8%AA%D8%AC%D8%B1/uncategorized/%D8%AA%D9%86%D8%B2%D9%8A%D9%84-%D8%AD%D8%B2%D9%85%D9%87-%D8%A7%D9%84%D8%A7%D9%88%D9%81%D9%8A%D8%B3/feed/ HTTP/1.0" 200 4360 "-" "Mozilla/5.0 (compatible; MJ12bot/v1.4.8; http://mj12bot.com/)"
74.7.243.204 - - [11/Feb/2026:00:08:29 +0000] "GET /?fileloc=//sys/class/net/eth0/subsystem/vethc796c04/master/subsystem/lo/statistics/rx_errors&path=//sys/class/net/eth0/subsystem/vethc796c04/master/subsystem/lo/statistics HTTP/1.0" 200 2821 "https://hbkconsultancy.com/?path=//sys/class/net/eth0/subsystem/vethc796c04/master/subsystem/lo/statistics" "Mozilla/5.0 AppleWebKit/537.36 (KHTML, like Gecko; compatible; GPTBot/1.3; +https://openai.com/gptbot)"
2001:41d0:303:3d99::1 - - [11/Feb/2026:00:08:32 +0000] "GET /%D8%A7%D9%84%D9%85%D8%AA%D8%AC%D8%B1/uncategorized/%D8%AD%D8%B2%D9%85%D9%87-%D8%AF%D9%8A%D8%B2%D8%A7%D9%8A%D9%86%D8%A7%D8%AA-%D8%B1%D9%85%D8%B6%D8%A7%D9%86/feed/ HTTP/1.0" 200 4360 "-" "Mozilla/5.0 (compatible; MJ12bot/v1.4.8; http://mj12bot.com/)"
74.7.243.204 - - [11/Feb/2026:00:08:32 +0000] "GET /?fileloc=//sys/class/net/eth0/subsystem/vethc796c04/master/subsystem/lo/subsystem/lo/duplex&path=//sys/class/net/eth0/subsystem/vethc796c04/master/subsystem/lo/subsystem/lo HTTP/1.0" 200 2810 "https://hbkconsultancy.com/?path=//sys/class/net/eth0/subsystem/vethc796c04/master/subsystem/lo/subsystem/lo" "Mozilla/5.0 AppleWebKit/537.36 (KHTML, like Gecko; compatible; GPTBot/1.3; +https://openai.com/gptbot)"
74.7.243.204 - - [11/Feb/2026:00:08:35 +0000] "GET /?fileloc=//sys/class/net/eth0/subsystem/veth429b22f/master/subsystem/lo/subsystem/lo/duplex&path=//sys/class/net/eth0/subsystem/veth429b22f/master/subsystem/lo/subsystem/lo HTTP/1.0" 200 2809 "https://hbkconsultancy.com/?path=//sys/class/net/eth0/subsystem/veth429b22f/master/subsystem/lo/subsystem/lo" "Mozilla/5.0 AppleWebKit/537.36 (KHTML, like Gecko; compatible; GPTBot/1.3; +https://openai.com/gptbot)"
2001:41d0:303:3d99::1 - - [11/Feb/2026:00:08:35 +0000] "GET /%D8%A7%D9%84%D9%85%D8%AA%D8%AC%D8%B1/uncategorized/%D8%AD%D8%B2%D9%85%D9%87-%D8%B1%D9%85%D8%B6%D8%A7%D9%86/ HTTP/1.0" 200 4360 "-" "Mozilla/5.0 (compatible; MJ12bot/v1.4.8; http://mj12bot.com/)"
170.106.165.76 - - [11/Feb/2026:00:08:35 +0000] "GET /?fileloc=/var/www/hbkconsultan_usr/data/www/hbkconsultancy.com/readme.html&path=/var/www/hbkconsultan_usr/data/www/hbkconsultancy.com HTTP/1.0" 200 5804 "-" "Mozilla/5.0 (iPhone; CPU iPhone OS 13_2_3 like Mac OS X) AppleWebKit/605.1.15 (KHTML, like Gecko) Version/13.0.3 Mobile/15E148 Safari/604.1"
74.7.243.204 - - [11/Feb/2026:00:08:38 +0000] "GET /?fileloc=//sys/class/net/eth0/subsystem/veth429b22f/master/subsystem/lo/subsystem/lo/speed&path=//sys/class/net/eth0/subsystem/veth429b22f/master/subsystem/lo/subsystem/lo HTTP/1.0" 200 2808 "https://hbkconsultancy.com/?path=//sys/class/net/eth0/subsystem/veth429b22f/master/subsystem/lo/subsystem/lo" "Mozilla/5.0 AppleWebKit/537.36 (KHTML, like Gecko; compatible; GPTBot/1.3; +https://openai.com/gptbot)"
2001:41d0:303:3d99::1 - - [11/Feb/2026:00:08:39 +0000] "GET /%D8%A7%D9%84%D9%85%D8%AA%D8%AC%D8%B1/uncategorized/%D8%AD%D8%B2%D9%85%D9%87-%D8%B1%D9%85%D8%B6%D8%A7%D9%86/feed/ HTTP/1.0" 200 4360 "-" "Mozilla/5.0 (compatible; MJ12bot/v1.4.8; http://mj12bot.com/)"
74.7.243.204 - - [11/Feb/2026:00:08:41 +0000] "GET /?fileloc=//sys/class/net/eth0/subsystem/vethc796c04/master/subsystem/lo/subsystem/lo/speed&path=//sys/class/net/eth0/subsystem/vethc796c04/master/subsystem/lo/subsystem/lo HTTP/1.0" 200 2809 "https://hbkconsultancy.com/?path=//sys/class/net/eth0/subsystem/vethc796c04/master/subsystem/lo/subsystem/lo" "Mozilla/5.0 AppleWebKit/537.36 (KHTML, like Gecko; compatible; GPTBot/1.3; +https://openai.com/gptbot)"
2001:41d0:303:3d99::1 - - [11/Feb/2026:00:08:42 +0000] "GET /%D8%A7%D9%84%D9%85%D8%AA%D8%AC%D8%B1/uncategorized/%D9%85%D9%86%D8%AA%D8%AC-%D8%B1%D9%82%D9%85%D9%8A/ HTTP/1.0" 200 4360 "-" "Mozilla/5.0 (compatible; MJ12bot/v1.4.8; http://mj12bot.com/)"
74.7.243.204 - - [11/Feb/2026:00:08:44 +0000] "GET /?fileloc=//sys/class/net/eth0/subsystem/veth429b22f/master/subsystem/lo/statistics/tx_packets&path=//sys/class/net/eth0/subsystem/veth429b22f/master/subsystem/lo/statistics HTTP/1.0" 200 2830 "https://hbkconsultancy.com/?path=//sys/class/net/eth0/subsystem/veth429b22f/master/subsystem/lo/statistics" "Mozilla/5.0 AppleWebKit/537.36 (KHTML, like Gecko; compatible; GPTBot/1.3; +https://openai.com/gptbot)"
2001:41d0:303:3d99::1 - - [11/Feb/2026:00:08:46 +0000] "GET /%D8%A7%D9%84%D9%85%D8%AA%D8%AC%D8%B1/uncategorized/%D9%85%D9%86%D8%AA%D8%AC-%D8%B1%D9%82%D9%85%D9%8A/feed/ HTTP/1.0" 200 4360 "-" "Mozilla/5.0 (compatible; MJ12bot/v1.4.8; http://mj12bot.com/)"
74.7.243.204 - - [11/Feb/2026:00:08:47 +0000] "GET /?fileloc=//sys/class/net/eth0/subsystem/vethc796c04/master/subsystem/lo/statistics/tx_errors&path=//sys/class/net/eth0/subsystem/vethc796c04/master/subsystem/lo/statistics HTTP/1.0" 200 2821 "https://hbkconsultancy.com/?path=//sys/class/net/eth0/subsystem/vethc796c04/master/subsystem/lo/statistics" "Mozilla/5.0 AppleWebKit/537.36 (KHTML, like Gecko; compatible; GPTBot/1.3; +https://openai.com/gptbot)"
216.73.216.38 - - [11/Feb/2026:00:08:48 +0000] "GET /?path=%2Fvar%2Fwww%2Fdl_fo_usr HTTP/1.0" 200 2790 "-" "Mozilla/5.0 AppleWebKit/537.36 (KHTML, like Gecko; compatible; ClaudeBot/1.0; [email protected])"
2001:41d0:303:3d99::1 - - [11/Feb/2026:00:08:50 +0000] "GET /%D8%A7%D9%84%D9%85%D8%AA%D8%AC%D8%B1/uncategorized/%D8%AA%D9%86%D8%B2%D9%8A%D9%84-%D8%AD%D8%B2%D9%85%D9%87-%D8%A7%D9%84%D8%A7%D9%88%D9%81%D9%8A%D8%B3/ HTTP/1.0" 200 4360 "-" "Mozilla/5.0 (compatible; MJ12bot/v1.4.8; http://mj12bot.com/)"
74.7.243.204 - - [11/Feb/2026:00:08:50 +0000] "GET /?fileloc=//sys/class/net/eth0/subsystem/vethc796c04/master/subsystem/lo/subsystem/lo/iflink&path=//sys/class/net/eth0/subsystem/vethc796c04/master/subsystem/lo/subsystem/lo HTTP/1.0" 200 2810 "https://hbkconsultancy.com/?path=//sys/class/net/eth0/subsystem/vethc796c04/master/subsystem/lo/subsystem/lo" "Mozilla/5.0 AppleWebKit/537.36 (KHTML, like Gecko; compatible; GPTBot/1.3; +https://openai.com/gptbot)"
216.73.216.38 - - [11/Feb/2026:00:08:51 +0000] "GET /?path=%2F%2Flib.usr-is-merged HTTP/1.0" 200 2776 "-" "Mozilla/5.0 AppleWebKit/537.36 (KHTML, like Gecko; compatible; ClaudeBot/1.0; [email protected])"
2001:41d0:303:3d99::1 - - [11/Feb/2026:00:08:53 +0000] "GET /%D8%A7%D9%84%D9%85%D8%AA%D8%AC%D8%B1/uncategorized/%D8%AD%D8%B2%D9%85%D9%87-%D8%AF%D9%8A%D8%B2%D8%A7%D9%8A%D9%86%D8%A7%D8%AA-%D8%B1%D9%85%D8%B6%D8%A7%D9%86/ HTTP/1.0" 200 4360 "-" "Mozilla/5.0 (compatible; MJ12bot/v1.4.8; http://mj12bot.com/)"
74.7.243.204 - - [11/Feb/2026:00:08:53 +0000] "GET /?fileloc=//sys/class/net/eth0/subsystem/vethc796c04/master/subsystem/lo/statistics/multicast&path=//sys/class/net/eth0/subsystem/vethc796c04/master/subsystem/lo/statistics HTTP/1.0" 200 2819 "https://hbkconsultancy.com/?path=//sys/class/net/eth0/subsystem/vethc796c04/master/subsystem/lo/statistics" "Mozilla/5.0 AppleWebKit/537.36 (KHTML, like Gecko; compatible; GPTBot/1.3; +https://openai.com/gptbot)"
216.73.216.38 - - [11/Feb/2026:00:08:54 +0000] "GET /?path=%2F%2Fsbin.usr-is-merged HTTP/1.0" 200 2778 "-" "Mozilla/5.0 AppleWebKit/537.36 (KHTML, like Gecko; compatible; ClaudeBot/1.0; [email protected])"
74.7.243.204 - - [11/Feb/2026:00:08:57 +0000] "GET /?path=//sys/class/net/eth0/subsystem/veth429b22f/master/subsystem/docker0/queues HTTP/1.0" 200 3156 "https://hbkconsultancy.com/?path=//sys/class/net/eth0/subsystem/veth429b22f/master/subsystem/docker0" "Mozilla/5.0 AppleWebKit/537.36 (KHTML, like Gecko; compatible; GPTBot/1.3; +https://openai.com/gptbot)"
216.73.216.38 - - [11/Feb/2026:00:08:57 +0000] "GET /?path=%2Fvar%2Fwww%2Fhbkconsultan_usr%2Fdata%2Ftmp HTTP/1.0" 200 3164 "-" "Mozilla/5.0 AppleWebKit/537.36 (KHTML, like Gecko; compatible; ClaudeBot/1.0; [email protected])"
2001:41d0:303:3d99::1 - - [11/Feb/2026:00:08:57 +0000] "GET /%D8%AE%D8%AF%D9%85%D8%A7%D8%AA%D9%86%D8%A7/feed/ HTTP/1.0" 200 4360 "-" "Mozilla/5.0 (compatible; MJ12bot/v1.4.8; http://mj12bot.com/)"
74.7.243.204 - - [11/Feb/2026:00:09:00 +0000] "GET /?path=//sys/class/net/eth0/subsystem/vethc796c04/master/subsystem/docker0/queues HTTP/1.0" 200 3157 "https://hbkconsultancy.com/?path=//sys/class/net/eth0/subsystem/vethc796c04/master/subsystem/docker0" "Mozilla/5.0 AppleWebKit/537.36 (KHTML, like Gecko; compatible; GPTBot/1.3; +https://openai.com/gptbot)"
216.73.216.38 - - [11/Feb/2026:00:09:00 +0000] "GET /?path=%2F%2Fbin.usr-is-merged HTTP/1.0" 200 2777 "-" "Mozilla/5.0 AppleWebKit/537.36 (KHTML, like Gecko; compatible; ClaudeBot/1.0; [email protected])"
74.7.243.204 - - [11/Feb/2026:00:09:03 +0000] "GET /?fileloc=//sys/class/net/eth0/subsystem/lo/subsystem/veth61688aa/statistics/multicast&path=//sys/class/net/eth0/subsystem/lo/subsystem/veth61688aa/statistics HTTP/1.0" 200 2806 "https://hbkconsultancy.com/?path=//sys/class/net/eth0/subsystem/lo/subsystem/veth61688aa/statistics" "Mozilla/5.0 AppleWebKit/537.36 (KHTML, like Gecko; compatible; GPTBot/1.3; +https://openai.com/gptbot)"
216.73.216.38 - - [11/Feb/2026:00:09:04 +0000] "GET /?path=%2Fvar%2Fwww%2Fhbkconsultan_usr%2Fdata%2Fwww%2Fhbkconsultancy.com%2Fwp-admin%2Fuser HTTP/1.0" 200 3550 "-" "Mozilla/5.0 AppleWebKit/537.36 (KHTML, like Gecko; compatible; ClaudeBot/1.0; [email protected])"
74.7.243.204 - - [11/Feb/2026:00:09:06 +0000] "GET /?path=//sys/class/net/eth0/subsystem/lo/subsystem/vethc796c04/master/subsystem/eth0 HTTP/1.0" 200 4551 "https://hbkconsultancy.com/?path=//sys/class/net/eth0/subsystem/lo/subsystem/vethc796c04/master/subsystem" "Mozilla/5.0 AppleWebKit/537.36 (KHTML, like Gecko; compatible; GPTBot/1.3; +https://openai.com/gptbot)"
216.73.216.38 - - [11/Feb/2026:00:09:07 +0000] "GET /?fileloc=%2Fvar%2Fwww%2Fhbkconsultan_usr%2Fdata%2Fwww%2Fhbkconsultancy.com%2Fwp-includes%2Fhttps-migration.php&path=%2Fvar%2Fwww%2Fhbkconsultan_usr%2Fdata%2Fwww%2Fhbkconsultancy.com%2Fwp-includes HTTP/1.0" 200 4331 "-" "Mozilla/5.0 AppleWebKit/537.36 (KHTML, like Gecko; compatible; ClaudeBot/1.0; [email protected])"
74.7.243.204 - - [11/Feb/2026:00:09:09 +0000] "GET /?path=//sys/class/net/eth0/subsystem/vethc796c04/master/subsystem/lo/subsystem/eth0 HTTP/1.0" 200 4547 "https://hbkconsultancy.com/?path=//sys/class/net/eth0/subsystem/vethc796c04/master/subsystem/lo/subsystem" "Mozilla/5.0 AppleWebKit/537.36 (KHTML, like Gecko; compatible; GPTBot/1.3; +https://openai.com/gptbot)"
216.73.216.38 - - [11/Feb/2026:00:09:10 +0000] "GET /?path=%2Fvar%2Fwww%2Fhbkconsultan_usr%2Fdata%2Fwww%2Fhbkconsultancy.com%2Fwp-includes%2FSimplePie HTTP/1.0" 200 3277 "-" "Mozilla/5.0 AppleWebKit/537.36 (KHTML, like Gecko; compatible; ClaudeBot/1.0; [email protected])"
114.119.140.186 - - [11/Feb/2026:00:09:11 +0000] "GET /mejores-casinos-con-dinero-real-2025-4 HTTP/1.0" 200 4360 "https://hbkconsultancy.com/2025/02" "Mozilla/5.0 (Linux; Android 7.0;) AppleWebKit/537.36 (KHTML, like Gecko) Mobile Safari/537.36 (compatible; PetalBot;+https://webmaster.petalsearch.com/site/petalbot)"
74.7.243.204 - - [11/Feb/2026:00:09:12 +0000] "GET /?path=//sys/class/net/eth0/subsystem/veth429b22f/master/subsystem/lo/subsystem/eth0 HTTP/1.0" 200 4551 "https://hbkconsultancy.com/?path=//sys/class/net/eth0/subsystem/veth429b22f/master/subsystem/lo/subsystem" "Mozilla/5.0 AppleWebKit/537.36 (KHTML, like Gecko; compatible; GPTBot/1.3; +https://openai.com/gptbot)"
216.73.216.38 - - [11/Feb/2026:00:09:13 +0000] "GET /?path=%2Fvar%2Fwww%2Fhbkconsultan_usr%2Fdata%2Fwww%2Fhbkconsultancy.com%2Fwp-includes%2FRequests HTTP/1.0" 200 3222 "-" "Mozilla/5.0 AppleWebKit/537.36 (KHTML, like Gecko; compatible; ClaudeBot/1.0; [email protected])"
74.7.243.204 - - [11/Feb/2026:00:09:16 +0000] "GET /?path=//sys/class/net/eth0/subsystem/lo/subsystem/veth429b22f/master/subsystem/eth0 HTTP/1.0" 200 4550 "https://hbkconsultancy.com/?path=//sys/class/net/eth0/subsystem/lo/subsystem/veth429b22f/master/subsystem" "Mozilla/5.0 AppleWebKit/537.36 (KHTML, like Gecko; compatible; GPTBot/1.3; +https://openai.com/gptbot)"
216.73.216.38 - - [11/Feb/2026:00:09:16 +0000] "GET /?path=%2Fvar%2Fwww%2Fhbkconsultan_usr%2Fdata%2Fwww%2Fhbkconsultancy.com%2Fwp-content%2Fplugins HTTP/1.0" 200 4590 "-" "Mozilla/5.0 AppleWebKit/537.36 (KHTML, like Gecko; compatible; ClaudeBot/1.0; [email protected])"
74.7.243.204 - - [11/Feb/2026:00:09:19 +0000] "GET /?fileloc=//sys/class/net/eth0/subsystem/lo/subsystem/vethc796c04/subsystem/lo/flags&path=//sys/class/net/eth0/subsystem/lo/subsystem/vethc796c04/subsystem/lo HTTP/1.0" 200 2798 "https://hbkconsultancy.com/?path=//sys/class/net/eth0/subsystem/lo/subsystem/vethc796c04/subsystem/lo" "Mozilla/5.0 AppleWebKit/537.36 (KHTML, like Gecko; compatible; GPTBot/1.3; +https://openai.com/gptbot)"
216.73.216.38 - - [11/Feb/2026:00:09:19 +0000] "GET /?path=%2Fvar%2Fwww%2Fhbkconsultan_usr%2Fdata%2Fwww%2Fhbkconsultancy.com%2Fwp-admin%2Fnetwork HTTP/1.0" 200 4231 "-" "Mozilla/5.0 AppleWebKit/537.36 (KHTML, like Gecko; compatible; ClaudeBot/1.0; [email protected])"
74.7.243.204 - - [11/Feb/2026:00:09:22 +0000] "GET /?fileloc=//sys/class/net/eth0/subsystem/vethc796c04/subsystem/lo/subsystem/lo/duplex&path=//sys/class/net/eth0/subsystem/vethc796c04/subsystem/lo/subsystem/lo HTTP/1.0" 200 2796 "https://hbkconsultancy.com/?path=//sys/class/net/eth0/subsystem/vethc796c04/subsystem/lo/subsystem/lo" "Mozilla/5.0 AppleWebKit/537.36 (KHTML, like Gecko; compatible; GPTBot/1.3; +https://openai.com/gptbot)"
216.73.216.38 - - [11/Feb/2026:00:09:22 +0000] "GET /?path=%2Fvar%2Fwww%2Fhbkconsultan_usr%2Fdata%2Fwww%2Fhbkconsultancy.com%2Fwp-admin%2Fincludes HTTP/1.0" 200 7028 "-" "Mozilla/5.0 AppleWebKit/537.36 (KHTML, like Gecko; compatible; ClaudeBot/1.0; [email protected])"
74.7.243.204 - - [11/Feb/2026:00:09:25 +0000] "GET /?fileloc=//sys/class/net/eth0/subsystem/vethc796c04/subsystem/lo/subsystem/lo/uevent&path=//sys/class/net/eth0/subsystem/vethc796c04/subsystem/lo/subsystem/lo HTTP/1.0" 200 2821 "https://hbkconsultancy.com/?path=//sys/class/net/eth0/subsystem/vethc796c04/subsystem/lo/subsystem/lo" "Mozilla/5.0 AppleWebKit/537.36 (KHTML, like Gecko; compatible; GPTBot/1.3; +https://openai.com/gptbot)"
216.73.216.38 - - [11/Feb/2026:00:09:25 +0000] "GET /?path=%2Fvar%2Fwww%2Fhbkconsultan_usr%2Fdata%2Fwww%2Fhbkconsultancy.com%2Fwp-includes%2Frest-api HTTP/1.0" 200 3416 "-" "Mozilla/5.0 AppleWebKit/537.36 (KHTML, like Gecko; compatible; ClaudeBot/1.0; [email protected])"
74.7.243.204 - - [11/Feb/2026:00:09:28 +0000] "GET /?fileloc=//sys/class/net/eth0/subsystem/lo/subsystem/veth61688aa/brport/state&path=//sys/class/net/eth0/subsystem/lo/subsystem/veth61688aa/brport HTTP/1.0" 200 2801 "https://hbkconsultancy.com/?path=//sys/class/net/eth0/subsystem/lo/subsystem/veth61688aa/brport" "Mozilla/5.0 AppleWebKit/537.36 (KHTML, like Gecko; compatible; GPTBot/1.3; +https://openai.com/gptbot)"
216.73.216.38 - - [11/Feb/2026:00:09:28 +0000] "GET /?path=%2Fvar%2Fwww%2Fhbkconsultan_usr%2Fdata%2Fwww%2Fhbkconsultancy.com%2Fwp-includes%2FText HTTP/1.0" 200 3277 "-" "Mozilla/5.0 AppleWebKit/537.36 (KHTML, like Gecko; compatible; ClaudeBot/1.0; [email protected])"
216.73.216.38 - - [11/Feb/2026:00:09:31 +0000] "GET /?path=%2Fvar%2Fwww%2Fhbkconsultan_usr%2Fdata%2Fwww%2Fhbkconsultancy.com%2Fwp-includes%2Fabilities-api HTTP/1.0" 200 3295 "-" "Mozilla/5.0 AppleWebKit/537.36 (KHTML, like Gecko; compatible; ClaudeBot/1.0; [email protected])"
74.7.243.204 - - [11/Feb/2026:00:09:31 +0000] "GET /?fileloc=//sys/class/net/eth0/subsystem/lo/subsystem/vethc796c04/subsystem/lo/tx_queue_len&path=//sys/class/net/eth0/subsystem/lo/subsystem/vethc796c04/subsystem/lo HTTP/1.0" 200 2805 "https://hbkconsultancy.com/?path=//sys/class/net/eth0/subsystem/lo/subsystem/vethc796c04/subsystem/lo" "Mozilla/5.0 AppleWebKit/537.36 (KHTML, like Gecko; compatible; GPTBot/1.3; +https://openai.com/gptbot)"
216.73.216.38 - - [11/Feb/2026:00:09:34 +0000] "GET /?path=%2Fvar%2Fwww%2Fhbkconsultan_usr%2Fdata%2Fwww%2Fhbkconsultancy.com%2Fwp-includes%2Fblock-patterns HTTP/1.0" 200 3446 "-" "Mozilla/5.0 AppleWebKit/537.36 (KHTML, like Gecko; compatible; ClaudeBot/1.0; [email protected])"
74.7.243.204 - - [11/Feb/2026:00:09:34 +0000] "GET /?fileloc=//sys/class/net/lo/subsystem/lo/subsystem/eth0/subsystem/vethc796c04/iflink&path=//sys/class/net/lo/subsystem/lo/subsystem/eth0/subsystem/vethc796c04 HTTP/1.0" 200 2798 "https://hbkconsultancy.com/?path=//sys/class/net/lo/subsystem/lo/subsystem/eth0/subsystem/vethc796c04" "Mozilla/5.0 AppleWebKit/537.36 (KHTML, like Gecko; compatible; GPTBot/1.3; +https://openai.com/gptbot)"
216.73.216.38 - - [11/Feb/2026:00:09:37 +0000] "GET /?path=%2Fvar%2Fwww%2Fhbkconsultan_usr%2Fdata%2Fwww%2Fhbkconsultancy.com%2Fwp-includes%2Fcss HTTP/1.0" 200 4715 "-" "Mozilla/5.0 AppleWebKit/537.36 (KHTML, like Gecko; compatible; ClaudeBot/1.0; [email protected])"
74.7.243.204 - - [11/Feb/2026:00:09:38 +0000] "GET /?fileloc=//sys/class/net/lo/subsystem/lo/subsystem/vethc796c04/subsystem/eth0/flags&path=//sys/class/net/lo/subsystem/lo/subsystem/vethc796c04/subsystem/eth0 HTTP/1.0" 200 2802 "https://hbkconsultancy.com/?path=//sys/class/net/lo/subsystem/lo/subsystem/vethc796c04/subsystem/eth0" "Mozilla/5.0 AppleWebKit/537.36 (KHTML, like Gecko; compatible; GPTBot/1.3; +https://openai.com/gptbot)"
216.73.216.38 - - [11/Feb/2026:00:09:40 +0000] "GET /?fileloc=%2Fvar%2F.updated&path=%2Fvar HTTP/1.0" 200 2849 "-" "Mozilla/5.0 AppleWebKit/537.36 (KHTML, like Gecko; compatible; ClaudeBot/1.0; [email protected])"
74.7.243.204 - - [11/Feb/2026:00:09:41 +0000] "GET /?path=//sys/class/net/eth0/subsystem/lo/subsystem/vethc796c04/master/subsystem/eth0/queues HTTP/1.0" 200 3347 "https://hbkconsultancy.com/?path=//sys/class/net/eth0/subsystem/lo/subsystem/vethc796c04/master/subsystem/eth0" "Mozilla/5.0 AppleWebKit/537.36 (KHTML, like Gecko; compatible; GPTBot/1.3; +https://openai.com/gptbot)"
216.73.216.38 - - [11/Feb/2026:00:09:43 +0000] "GET /?path=%2Fvar%2Fwww%2Fhbkconsultan_usr%2Fdata%2Fwww%2Fhbkconsultancy.com%2Fwp-includes%2Fphp-compat HTTP/1.0" 200 3165 "-" "Mozilla/5.0 AppleWebKit/537.36 (KHTML, like Gecko; compatible; ClaudeBot/1.0; [email protected])"
74.7.243.204 - - [11/Feb/2026:00:09:44 +0000] "GET /?fileloc=//sys/class/net/eth0/subsystem/vethc796c04/subsystem/lo/subsystem/lo/tx_queue_len&path=//sys/class/net/eth0/subsystem/vethc796c04/subsystem/lo/subsystem/lo HTTP/1.0" 200 2806 "https://hbkconsultancy.com/?path=//sys/class/net/eth0/subsystem/vethc796c04/subsystem/lo/subsystem/lo" "Mozilla/5.0 AppleWebKit/537.36 (KHTML, like Gecko; compatible; GPTBot/1.3; +https://openai.com/gptbot)"
216.73.216.38 - - [11/Feb/2026:00:09:46 +0000] "GET /?path=%2Fvar%2Fwww%2Fhbkconsultan_usr%2Fdata%2Fwww%2Fhbkconsultancy.com%2Fwp-admin%2Fcss HTTP/1.0" 200 6064 "-" "Mozilla/5.0 AppleWebKit/537.36 (KHTML, like Gecko; compatible; ClaudeBot/1.0; [email protected])"
74.7.243.204 - - [11/Feb/2026:00:09:47 +0000] "GET /?fileloc=//sys/class/net/lo/subsystem/lo/subsystem/eth0/subsystem/vethc796c04/speed&path=//sys/class/net/lo/subsystem/lo/subsystem/eth0/subsystem/vethc796c04 HTTP/1.0" 200 2800 "https://hbkconsultancy.com/?path=//sys/class/net/lo/subsystem/lo/subsystem/eth0/subsystem/vethc796c04" "Mozilla/5.0 AppleWebKit/537.36 (KHTML, like Gecko; compatible; GPTBot/1.3; +https://openai.com/gptbot)"
216.73.216.38 - - [11/Feb/2026:00:09:49 +0000] "GET /?path=%2Fvar%2Fwww%2Ffananas_cat_usr HTTP/1.0" 200 2794 "-" "Mozilla/5.0 AppleWebKit/537.36 (KHTML, like Gecko; compatible; ClaudeBot/1.0; [email protected])"
