74.7.241.2 - - [11/Feb/2026:01:29:06 +0000] "GET /?path=//sys/class/net/eth0/subsystem/vethc796c04/master/subsystem/lo/subsystem/lo/power HTTP/1.0" 200 3480 "https://hbkconsultancy.com/?path=//sys/class/net/eth0/subsystem/vethc796c04/master/subsystem/lo/subsystem/lo" "Mozilla/5.0 AppleWebKit/537.36 (KHTML, like Gecko; compatible; GPTBot/1.3; +https://openai.com/gptbot)"
2001:41d0:303:f29::1 - - [11/Feb/2026:01:29:09 +0000] "GET /%D8%A7%D9%86%D8%B6%D9%85-%D8%A7%D9%84%D9%8A%D9%86%D8%A7/?path=/var/www/hbkconsultan_usr/data HTTP/1.0" 200 3348 "-" "Mozilla/5.0 (compatible; MJ12bot/v1.4.8; http://mj12bot.com/)"
74.7.241.2 - - [11/Feb/2026:01:29:09 +0000] "GET /?fileloc=//sys/class/net/eth0/subsystem/veth429b22f/master/subsystem/eth0/device/net/eth0/device/subsystem/devices/virtio3/host0/power/control&path=//sys/class/net/eth0/subsystem/veth429b22f/master/subsystem/eth0/device/net/eth0/device/subsystem/devices/virtio3/host0/power HTTP/1.0" 200 2881 "https://hbkconsultancy.com/?path=//sys/class/net/eth0/subsystem/veth429b22f/master/subsystem/eth0/device/net/eth0/device/subsystem/devices/virtio3/host0/power" "Mozilla/5.0 AppleWebKit/537.36 (KHTML, like Gecko; compatible; GPTBot/1.3; +https://openai.com/gptbot)"
2001:41d0:303:f29::1 - - [11/Feb/2026:01:29:12 +0000] "GET /%D8%A7%D9%86%D8%B6%D9%85-%D8%A7%D9%84%D9%8A%D9%86%D8%A7/?path=/var/www/hbkconsultan_usr/data/www HTTP/1.0" 200 3044 "-" "Mozilla/5.0 (compatible; MJ12bot/v1.4.8; http://mj12bot.com/)"
74.7.241.2 - - [11/Feb/2026:01:29:12 +0000] "GET /?path=//sys/class/net/veth61688aa/upper_docker0/subsystem HTTP/1.0" 200 3261 "https://hbkconsultancy.com/?path=//sys/class/net/veth61688aa/upper_docker0" "Mozilla/5.0 AppleWebKit/537.36 (KHTML, like Gecko; compatible; GPTBot/1.3; +https://openai.com/gptbot)"
205.185.116.204 - - [11/Feb/2026:01:29:14 +0000] "GET / HTTP/1.0" 200 4360 "-" "Mozilla/5.0 (Windows NT 10.0; Win64; x64) AppleWebKit/537.36 (KHTML, like Gecko) Chrome/92.0.4515.159 Safari/537.36"
74.7.241.2 - - [11/Feb/2026:01:29:16 +0000] "GET /?path=//sys/class/net/vethc796c04/upper_docker0/subsystem HTTP/1.0" 200 3261 "https://hbkconsultancy.com/?path=//sys/class/net/vethc796c04/upper_docker0" "Mozilla/5.0 AppleWebKit/537.36 (KHTML, like Gecko; compatible; GPTBot/1.3; +https://openai.com/gptbot)"
2001:41d0:303:f29::1 - - [11/Feb/2026:01:29:16 +0000] "GET /%D8%A7%D9%86%D8%B6%D9%85-%D8%A7%D9%84%D9%8A%D9%86%D8%A7/?path=/var/www/hbkconsultan_usr/data/www/hbkconsultancy.com HTTP/1.0" 200 4360 "-" "Mozilla/5.0 (compatible; MJ12bot/v1.4.8; http://mj12bot.com/)"
74.7.241.2 - - [11/Feb/2026:01:29:19 +0000] "GET /?path=//sys/class/net/veth61688aa/upper_docker0/lower_vethc796c04 HTTP/1.0" 200 4601 "https://hbkconsultancy.com/?path=//sys/class/net/veth61688aa/upper_docker0" "Mozilla/5.0 AppleWebKit/537.36 (KHTML, like Gecko; compatible; GPTBot/1.3; +https://openai.com/gptbot)"
2001:41d0:303:f29::1 - - [11/Feb/2026:01:29:19 +0000] "GET /%D8%A7%D9%86%D8%B6%D9%85-%D8%A7%D9%84%D9%8A%D9%86%D8%A7/?path=/var/www/hbkconsultan_usr/data/www/hbkconsultancy.com/.tmb HTTP/1.0" 200 2809 "-" "Mozilla/5.0 (compatible; MJ12bot/v1.4.8; http://mj12bot.com/)"
74.7.241.2 - - [11/Feb/2026:01:29:22 +0000] "GET /?path=//sys/class/net/vethc796c04/upper_docker0/lower_veth61688aa HTTP/1.0" 200 4601 "https://hbkconsultancy.com/?path=//sys/class/net/vethc796c04/upper_docker0" "Mozilla/5.0 AppleWebKit/537.36 (KHTML, like Gecko; compatible; GPTBot/1.3; +https://openai.com/gptbot)"
2001:41d0:303:f29::1 - - [11/Feb/2026:01:29:23 +0000] "GET /%D8%A7%D9%86%D8%B6%D9%85-%D8%A7%D9%84%D9%8A%D9%86%D8%A7/?path=/var/www/hbkconsultan_usr/data/www/hbkconsultancy.com/images HTTP/1.0" 200 3326 "-" "Mozilla/5.0 (compatible; MJ12bot/v1.4.8; http://mj12bot.com/)"
74.7.241.2 - - [11/Feb/2026:01:29:25 +0000] "GET /?path=//sys/class/net/eth0/subsystem/veth429b22f/upper_docker0/queues/rx-0 HTTP/1.0" 200 3185 "https://hbkconsultancy.com/?path=//sys/class/net/eth0/subsystem/veth429b22f/upper_docker0/queues" "Mozilla/5.0 AppleWebKit/537.36 (KHTML, like Gecko; compatible; GPTBot/1.3; +https://openai.com/gptbot)"
2001:41d0:303:f29::1 - - [11/Feb/2026:01:29:26 +0000] "GET /%D8%A7%D9%86%D8%B6%D9%85-%D8%A7%D9%84%D9%8A%D9%86%D8%A7/?path=/var/www/hbkconsultan_usr/data/www/hbkconsultancy.com/wp-admin HTTP/1.0" 200 6616 "-" "Mozilla/5.0 (compatible; MJ12bot/v1.4.8; http://mj12bot.com/)"
74.7.241.2 - - [11/Feb/2026:01:29:28 +0000] "GET /?path=//sys/class/net/eth0/subsystem/vethc796c04/upper_docker0/queues/rx-0 HTTP/1.0" 200 3185 "https://hbkconsultancy.com/?path=//sys/class/net/eth0/subsystem/vethc796c04/upper_docker0/queues" "Mozilla/5.0 AppleWebKit/537.36 (KHTML, like Gecko; compatible; GPTBot/1.3; +https://openai.com/gptbot)"
2001:41d0:303:f29::1 - - [11/Feb/2026:01:29:30 +0000] "GET /%D8%A7%D9%86%D8%B6%D9%85-%D8%A7%D9%84%D9%8A%D9%86%D8%A7/?path=/var/www/hbkconsultan_usr/data/www/hbkconsultancy.com/wp-content HTTP/1.0" 200 3691 "-" "Mozilla/5.0 (compatible; MJ12bot/v1.4.8; http://mj12bot.com/)"
74.7.241.2 - - [11/Feb/2026:01:29:31 +0000] "GET /?fileloc=//sys/class/net/lo/subsystem/lo/subsystem/eth0/subsystem/vethc796c04/brport/bridge/netdev_group&path=//sys/class/net/lo/subsystem/lo/subsystem/eth0/subsystem/vethc796c04/brport/bridge HTTP/1.0" 200 2821 "https://hbkconsultancy.com/?path=//sys/class/net/lo/subsystem/lo/subsystem/eth0/subsystem/vethc796c04/brport/bridge" "Mozilla/5.0 AppleWebKit/537.36 (KHTML, like Gecko; compatible; GPTBot/1.3; +https://openai.com/gptbot)"
2001:41d0:303:f29::1 - - [11/Feb/2026:01:29:33 +0000] "GET /%D8%A7%D9%86%D8%B6%D9%85-%D8%A7%D9%84%D9%8A%D9%86%D8%A7/?path=/var/www/hbkconsultan_usr/data/www/hbkconsultancy.com/wp-includes HTTP/1.0" 200 12588 "-" "Mozilla/5.0 (compatible; MJ12bot/v1.4.8; http://mj12bot.com/)"
74.7.241.2 - - [11/Feb/2026:01:29:34 +0000] "GET /?fileloc=//sys/class/net/eth0/subsystem/lo/subsystem/veth429b22f/master/subsystem/lo/power/runtime_active_time&path=//sys/class/net/eth0/subsystem/lo/subsystem/veth429b22f/master/subsystem/lo/power HTTP/1.0" 200 2832 "https://hbkconsultancy.com/?path=//sys/class/net/eth0/subsystem/lo/subsystem/veth429b22f/master/subsystem/lo/power" "Mozilla/5.0 AppleWebKit/537.36 (KHTML, like Gecko; compatible; GPTBot/1.3; +https://openai.com/gptbot)"
2001:41d0:303:f29::1 - - [11/Feb/2026:01:29:37 +0000] "GET /%D8%A7%D9%87%D9%84%D8%A7-%D8%A8%D9%83%D9%85-%D9%81%D9%8A-%D9%85%D9%88%D9%82%D8%B9-%D8%AD%D8%A8%D9%83/?fileloc=/var/www/hbkconsultan_usr/data/www/hbkconsultancy.com/.htaccess&path=/var/www/hbkconsultan_usr/data/www/hbkconsultancy.com HTTP/1.0" 200 3540 "-" "Mozilla/5.0 (compatible; MJ12bot/v1.4.8; http://mj12bot.com/)"
74.7.241.2 - - [11/Feb/2026:01:29:38 +0000] "GET /?path=//sys/class/net/eth0/subsystem/veth61688aa/upper_docker0/queues/rx-0 HTTP/1.0" 200 3184 "https://hbkconsultancy.com/?path=//sys/class/net/eth0/subsystem/veth61688aa/upper_docker0/queues" "Mozilla/5.0 AppleWebKit/537.36 (KHTML, like Gecko; compatible; GPTBot/1.3; +https://openai.com/gptbot)"
2001:41d0:303:f29::1 - - [11/Feb/2026:01:29:40 +0000] "GET /%D8%A7%D9%87%D9%84%D8%A7-%D8%A8%D9%83%D9%85-%D9%81%D9%8A-%D9%85%D9%88%D9%82%D8%B9-%D8%AD%D8%A8%D9%83/?fileloc=/var/www/hbkconsultan_usr/data/www/hbkconsultancy.com/bgymj.php&path=/var/www/hbkconsultan_usr/data/www/hbkconsultancy.com HTTP/1.0" 200 8158 "-" "Mozilla/5.0 (compatible; MJ12bot/v1.4.8; http://mj12bot.com/)"
74.7.241.2 - - [11/Feb/2026:01:29:41 +0000] "GET /?path=//sys/class/net/eth0/subsystem/veth429b22f/upper_docker0/queues/tx-0 HTTP/1.0" 200 3380 "https://hbkconsultancy.com/?path=//sys/class/net/eth0/subsystem/veth429b22f/upper_docker0/queues" "Mozilla/5.0 AppleWebKit/537.36 (KHTML, like Gecko; compatible; GPTBot/1.3; +https://openai.com/gptbot)"
2001:41d0:303:f29::1 - - [11/Feb/2026:01:29:44 +0000] "GET /%D8%A7%D9%87%D9%84%D8%A7-%D8%A8%D9%83%D9%85-%D9%81%D9%8A-%D9%85%D9%88%D9%82%D8%B9-%D8%AD%D8%A8%D9%83/?fileloc=/var/www/hbkconsultan_usr/data/www/hbkconsultancy.com/grsiuk.php&path=/var/www/hbkconsultan_usr/data/www/hbkconsultancy.com HTTP/1.0" 200 699372 "-" "Mozilla/5.0 (compatible; MJ12bot/v1.4.8; http://mj12bot.com/)"
74.7.241.2 - - [11/Feb/2026:01:29:44 +0000] "GET /?path=//sys/class/net/eth0/subsystem/veth429b22f/master/lower_veth61688aa HTTP/1.0" 200 4583 "https://hbkconsultancy.com/?path=//sys/class/net/eth0/subsystem/veth429b22f/master" "Mozilla/5.0 AppleWebKit/537.36 (KHTML, like Gecko; compatible; GPTBot/1.3; +https://openai.com/gptbot)"
114.119.130.54 - - [11/Feb/2026:01:29:46 +0000] "GET /2-columns/page/18/ HTTP/1.0" 200 4360 "http://hbkconsultancy.com/2-columns/page/17/" "Mozilla/5.0 (Linux; Android 7.0;) AppleWebKit/537.36 (KHTML, like Gecko) Mobile Safari/537.36 (compatible; PetalBot;+https://webmaster.petalsearch.com/site/petalbot)"
74.7.241.2 - - [11/Feb/2026:01:29:47 +0000] "GET /?path=//sys/class/net/veth61688aa/upper_docker0/subsystem/eth0 HTTP/1.0" 200 4513 "https://hbkconsultancy.com/?path=//sys/class/net/veth61688aa/upper_docker0/subsystem" "Mozilla/5.0 AppleWebKit/537.36 (KHTML, like Gecko; compatible; GPTBot/1.3; +https://openai.com/gptbot)"
2001:41d0:303:f29::1 - - [11/Feb/2026:01:29:48 +0000] "GET /%D8%A7%D9%87%D9%84%D8%A7-%D8%A8%D9%83%D9%85-%D9%81%D9%8A-%D9%85%D9%88%D9%82%D8%B9-%D8%AD%D8%A8%D9%83/?fileloc=/var/www/hbkconsultan_usr/data/www/hbkconsultancy.com/index.php&path=/var/www/hbkconsultan_usr/data/www/hbkconsultancy.com HTTP/1.0" 200 8545 "-" "Mozilla/5.0 (compatible; MJ12bot/v1.4.8; http://mj12bot.com/)"
74.7.241.2 - - [11/Feb/2026:01:29:51 +0000] "GET /?path=//sys/class/net/vethc796c04/upper_docker0/subsystem/lo HTTP/1.0" 200 4397 "https://hbkconsultancy.com/?path=//sys/class/net/vethc796c04/upper_docker0/subsystem" "Mozilla/5.0 AppleWebKit/537.36 (KHTML, like Gecko; compatible; GPTBot/1.3; +https://openai.com/gptbot)"
2001:41d0:303:f29::1 - - [11/Feb/2026:01:29:51 +0000] "GET /%D8%A7%D9%87%D9%84%D8%A7-%D8%A8%D9%83%D9%85-%D9%81%D9%8A-%D9%85%D9%88%D9%82%D8%B9-%D8%AD%D8%A8%D9%83/?fileloc=/var/www/hbkconsultan_usr/data/www/hbkconsultancy.com/inege.php&path=/var/www/hbkconsultan_usr/data/www/hbkconsultancy.com HTTP/1.0" 200 717409 "-" "Mozilla/5.0 (compatible; MJ12bot/v1.4.8; http://mj12bot.com/)"
74.7.241.2 - - [11/Feb/2026:01:29:54 +0000] "GET /?fileloc=//sys/class/net/veth61688aa/upper_docker0/lower_vethc796c04/iflink&path=//sys/class/net/veth61688aa/upper_docker0/lower_vethc796c04 HTTP/1.0" 200 2789 "https://hbkconsultancy.com/?path=//sys/class/net/veth61688aa/upper_docker0/lower_vethc796c04" "Mozilla/5.0 AppleWebKit/537.36 (KHTML, like Gecko; compatible; GPTBot/1.3; +https://openai.com/gptbot)"
2001:41d0:303:f29::1 - - [11/Feb/2026:01:29:55 +0000] "GET /%D8%A7%D9%87%D9%84%D8%A7-%D8%A8%D9%83%D9%85-%D9%81%D9%8A-%D9%85%D9%88%D9%82%D8%B9-%D8%AD%D8%A8%D9%83/?fileloc=/var/www/hbkconsultan_usr/data/www/hbkconsultancy.com/license.txt&path=/var/www/hbkconsultan_usr/data/www/hbkconsultancy.com HTTP/1.0" 200 10092 "-" "Mozilla/5.0 (compatible; MJ12bot/v1.4.8; http://mj12bot.com/)"
74.7.241.2 - - [11/Feb/2026:01:29:57 +0000] "GET /?path=//sys/class/net/vethc796c04/upper_docker0/subsystem/eth0 HTTP/1.0" 200 4514 "https://hbkconsultancy.com/?path=//sys/class/net/vethc796c04/upper_docker0/subsystem" "Mozilla/5.0 AppleWebKit/537.36 (KHTML, like Gecko; compatible; GPTBot/1.3; +https://openai.com/gptbot)"
2001:41d0:303:f29::1 - - [11/Feb/2026:01:29:58 +0000] "GET /%D8%A7%D9%87%D9%84%D8%A7-%D8%A8%D9%83%D9%85-%D9%81%D9%8A-%D9%85%D9%88%D9%82%D8%B9-%D8%AD%D8%A8%D9%83/?fileloc=/var/www/hbkconsultan_usr/data/www/hbkconsultancy.com/readme.html&path=/var/www/hbkconsultan_usr/data/www/hbkconsultancy.com HTTP/1.0" 200 5804 "-" "Mozilla/5.0 (compatible; MJ12bot/v1.4.8; http://mj12bot.com/)"
74.7.241.2 - - [11/Feb/2026:01:30:00 +0000] "GET /?path=//sys/class/net/veth61688aa/upper_docker0/subsystem/lo HTTP/1.0" 200 4396 "https://hbkconsultancy.com/?path=//sys/class/net/veth61688aa/upper_docker0/subsystem" "Mozilla/5.0 AppleWebKit/537.36 (KHTML, like Gecko; compatible; GPTBot/1.3; +https://openai.com/gptbot)"
2001:41d0:303:f29::1 - - [11/Feb/2026:01:30:02 +0000] "GET /%D8%A7%D9%87%D9%84%D8%A7-%D8%A8%D9%83%D9%85-%D9%81%D9%8A-%D9%85%D9%88%D9%82%D8%B9-%D8%AD%D8%A8%D9%83/?fileloc=/var/www/hbkconsultan_usr/data/www/hbkconsultancy.com/robots.txt&path=/var/www/hbkconsultan_usr/data/www/hbkconsultancy.com HTTP/1.0" 200 2820 "-" "Mozilla/5.0 (compatible; MJ12bot/v1.4.8; http://mj12bot.com/)"
74.7.241.2 - - [11/Feb/2026:01:30:03 +0000] "GET /?path=//sys/class/net/eth0/subsystem/vethc796c04/master/lower_veth429b22f HTTP/1.0" 200 4583 "https://hbkconsultancy.com/?path=//sys/class/net/eth0/subsystem/vethc796c04/master" "Mozilla/5.0 AppleWebKit/537.36 (KHTML, like Gecko; compatible; GPTBot/1.3; +https://openai.com/gptbot)"
2001:41d0:303:f29::1 - - [11/Feb/2026:01:30:05 +0000] "GET /%D8%A7%D9%87%D9%84%D8%A7-%D8%A8%D9%83%D9%85-%D9%81%D9%8A-%D9%85%D9%88%D9%82%D8%B9-%D8%AD%D8%A8%D9%83/?fileloc=/var/www/hbkconsultan_usr/data/www/hbkconsultancy.com/todo.php&path=/var/www/hbkconsultan_usr/data/www/hbkconsultancy.com HTTP/1.0" 200 3111 "-" "Mozilla/5.0 (compatible; MJ12bot/v1.4.8; http://mj12bot.com/)"
74.7.241.2 - - [11/Feb/2026:01:30:07 +0000] "GET /?path=//sys/class/net/eth0/subsystem/veth61688aa/master/lower_veth429b22f HTTP/1.0" 200 4583 "https://hbkconsultancy.com/?path=//sys/class/net/eth0/subsystem/veth61688aa/master" "Mozilla/5.0 AppleWebKit/537.36 (KHTML, like Gecko; compatible; GPTBot/1.3; +https://openai.com/gptbot)"
2001:41d0:303:f29::1 - - [11/Feb/2026:01:30:09 +0000] "GET /%D8%A7%D9%87%D9%84%D8%A7-%D8%A8%D9%83%D9%85-%D9%81%D9%8A-%D9%85%D9%88%D9%82%D8%B9-%D8%AD%D8%A8%D9%83/?fileloc=/var/www/hbkconsultan_usr/data/www/hbkconsultancy.com/txets.php&path=/var/www/hbkconsultan_usr/data/www/hbkconsultancy.com HTTP/1.0" 200 5099 "-" "Mozilla/5.0 (compatible; MJ12bot/v1.4.8; http://mj12bot.com/)"
74.7.241.2 - - [11/Feb/2026:01:30:10 +0000] "GET /?path=//sys/class/net/eth0/subsystem/veth429b22f/master/lower_vethc796c04 HTTP/1.0" 200 4583 "https://hbkconsultancy.com/?path=//sys/class/net/eth0/subsystem/veth429b22f/master" "Mozilla/5.0 AppleWebKit/537.36 (KHTML, like Gecko; compatible; GPTBot/1.3; +https://openai.com/gptbot)"
2001:41d0:303:f29::1 - - [11/Feb/2026:01:30:12 +0000] "GET /%D8%A7%D9%87%D9%84%D8%A7-%D8%A8%D9%83%D9%85-%D9%81%D9%8A-%D9%85%D9%88%D9%82%D8%B9-%D8%AD%D8%A8%D9%83/?fileloc=/var/www/hbkconsultan_usr/data/www/hbkconsultancy.com/wakwaw.phtml&path=/var/www/hbkconsultan_usr/data/www/hbkconsultancy.com HTTP/1.0" 200 55248 "-" "Mozilla/5.0 (compatible; MJ12bot/v1.4.8; http://mj12bot.com/)"
74.7.241.2 - - [11/Feb/2026:01:30:13 +0000] "GET /?path=//sys/class/net/vethc796c04/upper_docker0/lower_veth61688aa/power HTTP/1.0" 200 3461 "https://hbkconsultancy.com/?path=//sys/class/net/vethc796c04/upper_docker0/lower_veth61688aa" "Mozilla/5.0 AppleWebKit/537.36 (KHTML, like Gecko; compatible; GPTBot/1.3; +https://openai.com/gptbot)"
74.7.241.2 - - [11/Feb/2026:01:30:16 +0000] "GET /?path=//sys/class/net/veth61688aa/upper_docker0/lower_vethc796c04/power HTTP/1.0" 200 3461 "https://hbkconsultancy.com/?path=//sys/class/net/veth61688aa/upper_docker0/lower_vethc796c04" "Mozilla/5.0 AppleWebKit/537.36 (KHTML, like Gecko; compatible; GPTBot/1.3; +https://openai.com/gptbot)"
2001:41d0:303:f29::1 - - [11/Feb/2026:01:30:16 +0000] "GET /%D8%A7%D9%87%D9%84%D8%A7-%D8%A8%D9%83%D9%85-%D9%81%D9%8A-%D9%85%D9%88%D9%82%D8%B9-%D8%AD%D8%A8%D9%83/?fileloc=/var/www/hbkconsultan_usr/data/www/hbkconsultancy.com/wp-activate.php&path=/var/www/hbkconsultan_usr/data/www/hbkconsultancy.com HTTP/1.0" 200 5229 "-" "Mozilla/5.0 (compatible; MJ12bot/v1.4.8; http://mj12bot.com/)"
74.7.241.2 - - [11/Feb/2026:01:30:19 +0000] "GET /?path=//sys/class/net/eth0/subsystem/vethc796c04/power HTTP/1.0" 200 3427 "https://hbkconsultancy.com/?path=//sys/class/net/eth0/subsystem/vethc796c04" "Mozilla/5.0 AppleWebKit/537.36 (KHTML, like Gecko; compatible; GPTBot/1.3; +https://openai.com/gptbot)"
2001:41d0:303:f29::1 - - [11/Feb/2026:01:30:20 +0000] "GET /%D8%A7%D9%87%D9%84%D8%A7-%D8%A8%D9%83%D9%85-%D9%81%D9%8A-%D9%85%D9%88%D9%82%D8%B9-%D8%AD%D8%A8%D9%83/?fileloc=/var/www/hbkconsultan_usr/data/www/hbkconsultancy.com/wp-blog-header.php&path=/var/www/hbkconsultan_usr/data/www/hbkconsultancy.com HTTP/1.0" 200 3097 "-" "Mozilla/5.0 (compatible; MJ12bot/v1.4.8; http://mj12bot.com/)"
74.7.241.2 - - [11/Feb/2026:01:30:22 +0000] "GET /?path=//sys/class/net/veth61688aa/upper_docker0/subsystem/eth0/statistics HTTP/1.0" 200 3961 "https://hbkconsultancy.com/?path=//sys/class/net/veth61688aa/upper_docker0/subsystem/eth0" "Mozilla/5.0 AppleWebKit/537.36 (KHTML, like Gecko; compatible; GPTBot/1.3; +https://openai.com/gptbot)"
2001:41d0:303:f29::1 - - [11/Feb/2026:01:30:24 +0000] "GET /%D8%A7%D9%87%D9%84%D8%A7-%D8%A8%D9%83%D9%85-%D9%81%D9%8A-%D9%85%D9%88%D9%82%D8%B9-%D8%AD%D8%A8%D9%83/?fileloc=/var/www/hbkconsultan_usr/data/www/hbkconsultancy.com/wp-comments-post.php&path=/var/www/hbkconsultan_usr/data/www/hbkconsultancy.com HTTP/1.0" 200 3799 "-" "Mozilla/5.0 (compatible; MJ12bot/v1.4.8; http://mj12bot.com/)"
74.7.241.2 - - [11/Feb/2026:01:30:25 +0000] "GET /?fileloc=//sys/class/net/vethc796c04/upper_docker0/subsystem/lo/operstate&path=//sys/class/net/vethc796c04/upper_docker0/subsystem/lo HTTP/1.0" 200 2797 "https://hbkconsultancy.com/?path=//sys/class/net/vethc796c04/upper_docker0/subsystem/lo" "Mozilla/5.0 AppleWebKit/537.36 (KHTML, like Gecko; compatible; GPTBot/1.3; +https://openai.com/gptbot)"
2001:41d0:303:f29::1 - - [11/Feb/2026:01:30:27 +0000] "GET /%D8%A7%D9%87%D9%84%D8%A7-%D8%A8%D9%83%D9%85-%D9%81%D9%8A-%D9%85%D9%88%D9%82%D8%B9-%D8%AD%D8%A8%D9%83/?fileloc=/var/www/hbkconsultan_usr/data/www/hbkconsultancy.com/wp-config-sample.php&path=/var/www/hbkconsultan_usr/data/www/hbkconsultancy.com HTTP/1.0" 200 4049 "-" "Mozilla/5.0 (compatible; MJ12bot/v1.4.8; http://mj12bot.com/)"
74.7.241.2 - - [11/Feb/2026:01:30:29 +0000] "GET /?path=//sys/class/net/veth61688aa/upper_docker0/subsystem/eth0/queues HTTP/1.0" 200 3323 "https://hbkconsultancy.com/?path=//sys/class/net/veth61688aa/upper_docker0/subsystem/eth0" "Mozilla/5.0 AppleWebKit/537.36 (KHTML, like Gecko; compatible; GPTBot/1.3; +https://openai.com/gptbot)"
205.185.116.204 - - [11/Feb/2026:01:30:31 +0000] "GET / HTTP/1.0" 200 4360 "-" "Mozilla/5.0 (Windows NT 10.0; Win64; x64) AppleWebKit/537.36 (KHTML, like Gecko) Chrome/92.0.4515.159 Safari/537.36"
74.7.241.2 - - [11/Feb/2026:01:30:32 +0000] "GET /?path=//sys/class/net/vethc796c04/upper_docker0/subsystem/eth0/queues HTTP/1.0" 200 3324 "https://hbkconsultancy.com/?path=//sys/class/net/vethc796c04/upper_docker0/subsystem/eth0" "Mozilla/5.0 AppleWebKit/537.36 (KHTML, like Gecko; compatible; GPTBot/1.3; +https://openai.com/gptbot)"
2001:41d0:303:f29::1 - - [11/Feb/2026:01:30:34 +0000] "GET /%D8%A7%D9%87%D9%84%D8%A7-%D8%A8%D9%83%D9%85-%D9%81%D9%8A-%D9%85%D9%88%D9%82%D8%B9-%D8%AD%D8%A8%D9%83/?fileloc=/var/www/hbkconsultan_usr/data/www/hbkconsultancy.com/wp-cron.php&path=/var/www/hbkconsultan_usr/data/www/hbkconsultancy.com HTTP/1.0" 200 4839 "-" "Mozilla/5.0 (compatible; MJ12bot/v1.4.8; http://mj12bot.com/)"
74.7.241.2 - - [11/Feb/2026:01:30:35 +0000] "GET /?path=//sys/class/net/veth61688aa/upper_docker0/subsystem/eth0/device HTTP/1.0" 200 3497 "https://hbkconsultancy.com/?path=//sys/class/net/veth61688aa/upper_docker0/subsystem/eth0" "Mozilla/5.0 AppleWebKit/537.36 (KHTML, like Gecko; compatible; GPTBot/1.3; +https://openai.com/gptbot)"
2001:41d0:303:f29::1 - - [11/Feb/2026:01:30:38 +0000] "GET /%D8%A7%D9%87%D9%84%D8%A7-%D8%A8%D9%83%D9%85-%D9%81%D9%8A-%D9%85%D9%88%D9%82%D8%B9-%D8%AD%D8%A8%D9%83/?fileloc=/var/www/hbkconsultan_usr/data/www/hbkconsultancy.com/wp-links-opml.php&path=/var/www/hbkconsultan_usr/data/www/hbkconsultancy.com HTTP/1.0" 200 3879 "-" "Mozilla/5.0 (compatible; MJ12bot/v1.4.8; http://mj12bot.com/)"
74.7.241.2 - - [11/Feb/2026:01:30:38 +0000] "GET /?path=//sys/class/net/vethc796c04/upper_docker0/subsystem/eth0/device HTTP/1.0" 200 3498 "https://hbkconsultancy.com/?path=//sys/class/net/vethc796c04/upper_docker0/subsystem/eth0" "Mozilla/5.0 AppleWebKit/537.36 (KHTML, like Gecko; compatible; GPTBot/1.3; +https://openai.com/gptbot)"
74.7.241.2 - - [11/Feb/2026:01:30:41 +0000] "GET /?path=//sys/class/net/vethc796c04/upper_docker0/subsystem/eth0/statistics HTTP/1.0" 200 3961 "https://hbkconsultancy.com/?path=//sys/class/net/vethc796c04/upper_docker0/subsystem/eth0" "Mozilla/5.0 AppleWebKit/537.36 (KHTML, like Gecko; compatible; GPTBot/1.3; +https://openai.com/gptbot)"
2001:41d0:303:f29::1 - - [11/Feb/2026:01:30:42 +0000] "GET /%D8%A7%D9%87%D9%84%D8%A7-%D8%A8%D9%83%D9%85-%D9%81%D9%8A-%D9%85%D9%88%D9%82%D8%B9-%D8%AD%D8%A8%D9%83/?fileloc=/var/www/hbkconsultan_usr/data/www/hbkconsultancy.com/wp-load.php&path=/var/www/hbkconsultan_usr/data/www/hbkconsultancy.com HTTP/1.0" 200 4544 "-" "Mozilla/5.0 (compatible; MJ12bot/v1.4.8; http://mj12bot.com/)"
74.7.241.2 - - [11/Feb/2026:01:30:45 +0000] "GET /?fileloc=//sys/class/net/eth0/subsystem/veth429b22f/master/lower_vethc796c04/tx_queue_len&path=//sys/class/net/eth0/subsystem/veth429b22f/master/lower_vethc796c04 HTTP/1.0" 200 2817 "https://hbkconsultancy.com/?path=//sys/class/net/eth0/subsystem/veth429b22f/master/lower_vethc796c04" "Mozilla/5.0 AppleWebKit/537.36 (KHTML, like Gecko; compatible; GPTBot/1.3; +https://openai.com/gptbot)"
2001:41d0:303:f29::1 - - [11/Feb/2026:01:30:45 +0000] "GET /%D8%A7%D9%87%D9%84%D8%A7-%D8%A8%D9%83%D9%85-%D9%81%D9%8A-%D9%85%D9%88%D9%82%D8%B9-%D8%AD%D8%A8%D9%83/?fileloc=/var/www/hbkconsultan_usr/data/www/hbkconsultancy.com/wp-loads.phtml&path=/var/www/hbkconsultan_usr/data/www/hbkconsultancy.com HTTP/1.0" 200 11539 "-" "Mozilla/5.0 (compatible; MJ12bot/v1.4.8; http://mj12bot.com/)"
74.7.241.2 - - [11/Feb/2026:01:30:48 +0000] "GET /?path=//sys/class/net/veth61688aa/upper_docker0/subsystem/lo/statistics HTTP/1.0" 200 3959 "https://hbkconsultancy.com/?path=//sys/class/net/veth61688aa/upper_docker0/subsystem/lo" "Mozilla/5.0 AppleWebKit/537.36 (KHTML, like Gecko; compatible; GPTBot/1.3; +https://openai.com/gptbot)"
2001:41d0:303:f29::1 - - [11/Feb/2026:01:30:49 +0000] "GET /%D8%A7%D9%87%D9%84%D8%A7-%D8%A8%D9%83%D9%85-%D9%81%D9%8A-%D9%85%D9%88%D9%82%D8%B9-%D8%AD%D8%A8%D9%83/?fileloc=/var/www/hbkconsultan_usr/data/www/hbkconsultancy.com/wp-mail.php&path=/var/www/hbkconsultan_usr/data/www/hbkconsultancy.com HTTP/1.0" 200 5796 "-" "Mozilla/5.0 (compatible; MJ12bot/v1.4.8; http://mj12bot.com/)"
74.7.241.2 - - [11/Feb/2026:01:30:51 +0000] "GET /?fileloc=//sys/class/net/veth61688aa/upper_docker0/subsystem/lo/dev_port&path=//sys/class/net/veth61688aa/upper_docker0/subsystem/lo HTTP/1.0" 200 2793 "https://hbkconsultancy.com/?path=//sys/class/net/veth61688aa/upper_docker0/subsystem/lo" "Mozilla/5.0 AppleWebKit/537.36 (KHTML, like Gecko; compatible; GPTBot/1.3; +https://openai.com/gptbot)"
2001:41d0:303:f29::1 - - [11/Feb/2026:01:30:52 +0000] "GET /%D8%A7%D9%87%D9%84%D8%A7-%D8%A8%D9%83%D9%85-%D9%81%D9%8A-%D9%85%D9%88%D9%82%D8%B9-%D8%AD%D8%A8%D9%83/?fileloc=/var/www/hbkconsultan_usr/data/www/hbkconsultancy.com/wp-settings.php&path=/var/www/hbkconsultan_usr/data/www/hbkconsultancy.com HTTP/1.0" 200 9001 "-" "Mozilla/5.0 (compatible; MJ12bot/v1.4.8; http://mj12bot.com/)"
74.7.241.2 - - [11/Feb/2026:01:30:54 +0000] "GET /?fileloc=//sys/class/net/eth0/subsystem/vethc796c04/power/async&path=//sys/class/net/eth0/subsystem/vethc796c04/power HTTP/1.0" 200 2787 "https://hbkconsultancy.com/?path=//sys/class/net/eth0/subsystem/vethc796c04/power" "Mozilla/5.0 AppleWebKit/537.36 (KHTML, like Gecko; compatible; GPTBot/1.3; +https://openai.com/gptbot)"
2001:41d0:303:f29::1 - - [11/Feb/2026:01:30:56 +0000] "GET /%D8%A7%D9%87%D9%84%D8%A7-%D8%A8%D9%83%D9%85-%D9%81%D9%8A-%D9%85%D9%88%D9%82%D8%B9-%D8%AD%D8%A8%D9%83/?fileloc=/var/www/hbkconsultan_usr/data/www/hbkconsultancy.com/wp-signup.php&path=/var/www/hbkconsultan_usr/data/www/hbkconsultancy.com HTTP/1.0" 200 10813 "-" "Mozilla/5.0 (compatible; MJ12bot/v1.4.8; http://mj12bot.com/)"
74.7.241.2 - - [11/Feb/2026:01:30:57 +0000] "GET /?fileloc=//sys/class/net/eth0/subsystem/vethc796c04/power/control&path=//sys/class/net/eth0/subsystem/vethc796c04/power HTTP/1.0" 200 2788 "https://hbkconsultancy.com/?path=//sys/class/net/eth0/subsystem/vethc796c04/power" "Mozilla/5.0 AppleWebKit/537.36 (KHTML, like Gecko; compatible; GPTBot/1.3; +https://openai.com/gptbot)"
2001:41d0:303:f29::1 - - [11/Feb/2026:01:30:59 +0000] "GET /%D8%A7%D9%87%D9%84%D8%A7-%D8%A8%D9%83%D9%85-%D9%81%D9%8A-%D9%85%D9%88%D9%82%D8%B9-%D8%AD%D8%A8%D9%83/?fileloc=/var/www/hbkconsultan_usr/data/www/hbkconsultancy.com/wp-sx-generator.php&path=/var/www/hbkconsultan_usr/data/www/hbkconsultancy.com HTTP/1.0" 200 3097 "-" "Mozilla/5.0 (compatible; MJ12bot/v1.4.8; http://mj12bot.com/)"
74.7.241.2 - - [11/Feb/2026:01:31:00 +0000] "GET /?fileloc=//sys/class/net/eth0/subsystem/vethc796c04/power/runtime_status&path=//sys/class/net/eth0/subsystem/vethc796c04/power HTTP/1.0" 200 2798 "https://hbkconsultancy.com/?path=//sys/class/net/eth0/subsystem/vethc796c04/power" "Mozilla/5.0 AppleWebKit/537.36 (KHTML, like Gecko; compatible; GPTBot/1.3; +https://openai.com/gptbot)"
2001:41d0:303:f29::1 - - [11/Feb/2026:01:31:03 +0000] "GET /%D8%A7%D9%87%D9%84%D8%A7-%D8%A8%D9%83%D9%85-%D9%81%D9%8A-%D9%85%D9%88%D9%82%D8%B9-%D8%AD%D8%A8%D9%83/?fileloc=/var/www/hbkconsultan_usr/data/www/hbkconsultancy.com/wp-trackback.php&path=/var/www/hbkconsultan_usr/data/www/hbkconsultancy.com HTTP/1.0" 200 4622 "-" "Mozilla/5.0 (compatible; MJ12bot/v1.4.8; http://mj12bot.com/)"
74.7.241.2 - - [11/Feb/2026:01:31:03 +0000] "GET /?fileloc=//sys/class/net/eth0/subsystem/vethc796c04/power/autosuspend_delay_ms&path=//sys/class/net/eth0/subsystem/vethc796c04/power HTTP/1.0" 200 2794 "https://hbkconsultancy.com/?path=//sys/class/net/eth0/subsystem/vethc796c04/power" "Mozilla/5.0 AppleWebKit/537.36 (KHTML, like Gecko; compatible; GPTBot/1.3; +https://openai.com/gptbot)"
2001:41d0:303:f29::1 - - [11/Feb/2026:01:31:06 +0000] "GET /%D8%A7%D9%87%D9%84%D8%A7-%D8%A8%D9%83%D9%85-%D9%81%D9%8A-%D9%85%D9%88%D9%82%D8%B9-%D8%AD%D8%A8%D9%83/?path=/ HTTP/1.0" 200 3786 "-" "Mozilla/5.0 (compatible; MJ12bot/v1.4.8; http://mj12bot.com/)"
74.7.241.2 - - [11/Feb/2026:01:31:06 +0000] "GET /?fileloc=//sys/class/net/eth0/subsystem/vethc796c04/power/runtime_active_time&path=//sys/class/net/eth0/subsystem/vethc796c04/power HTTP/1.0" 200 2795 "https://hbkconsultancy.com/?path=//sys/class/net/eth0/subsystem/vethc796c04/power" "Mozilla/5.0 AppleWebKit/537.36 (KHTML, like Gecko; compatible; GPTBot/1.3; +https://openai.com/gptbot)"
74.7.241.2 - - [11/Feb/2026:01:31:09 +0000] "GET /?path=//sys/class/net/veth61688aa/upper_docker0/subsystem/eth0/device/net HTTP/1.0" 200 3109 "https://hbkconsultancy.com/?path=//sys/class/net/veth61688aa/upper_docker0/subsystem/eth0/device" "Mozilla/5.0 AppleWebKit/537.36 (KHTML, like Gecko; compatible; GPTBot/1.3; +https://openai.com/gptbot)"
2001:41d0:303:f29::1 - - [11/Feb/2026:01:31:10 +0000] "GET /%D8%A7%D9%87%D9%84%D8%A7-%D8%A8%D9%83%D9%85-%D9%81%D9%8A-%D9%85%D9%88%D9%82%D8%B9-%D8%AD%D8%A8%D9%83/?path=/var HTTP/1.0" 200 3567 "-" "Mozilla/5.0 (compatible; MJ12bot/v1.4.8; http://mj12bot.com/)"
74.7.241.2 - - [11/Feb/2026:01:31:13 +0000] "GET /?path=//sys/class/net/vethc796c04/upper_docker0/subsystem/eth0/device/net HTTP/1.0" 200 3110 "https://hbkconsultancy.com/?path=//sys/class/net/vethc796c04/upper_docker0/subsystem/eth0/device" "Mozilla/5.0 AppleWebKit/537.36 (KHTML, like Gecko; compatible; GPTBot/1.3; +https://openai.com/gptbot)"
2001:41d0:303:f29::1 - - [11/Feb/2026:01:31:13 +0000] "GET /%D8%A7%D9%87%D9%84%D8%A7-%D8%A8%D9%83%D9%85-%D9%81%D9%8A-%D9%85%D9%88%D9%82%D8%B9-%D8%AD%D8%A8%D9%83/?path=/var/www HTTP/1.0" 200 3645 "-" "Mozilla/5.0 (compatible; MJ12bot/v1.4.8; http://mj12bot.com/)"
74.7.241.2 - - [11/Feb/2026:01:31:16 +0000] "GET /?fileloc=//sys/class/net/vethc796c04/upper_docker0/subsystem/eth0/statistics/rx_bytes&path=//sys/class/net/vethc796c04/upper_docker0/subsystem/eth0/statistics HTTP/1.0" 200 2821 "https://hbkconsultancy.com/?path=//sys/class/net/vethc796c04/upper_docker0/subsystem/eth0/statistics" "Mozilla/5.0 AppleWebKit/537.36 (KHTML, like Gecko; compatible; GPTBot/1.3; +https://openai.com/gptbot)"
2001:41d0:303:f29::1 - - [11/Feb/2026:01:31:17 +0000] "GET /%D8%A7%D9%87%D9%84%D8%A7-%D8%A8%D9%83%D9%85-%D9%81%D9%8A-%D9%85%D9%88%D9%82%D8%B9-%D8%AD%D8%A8%D9%83/?path=/var/www/hbkconsultan_usr HTTP/1.0" 200 3038 "-" "Mozilla/5.0 (compatible; MJ12bot/v1.4.8; http://mj12bot.com/)"
74.7.241.2 - - [11/Feb/2026:01:31:19 +0000] "GET /?fileloc=//sys/class/net/eth0/subsystem/vethc796c04/power/runtime_suspended_time&path=//sys/class/net/eth0/subsystem/vethc796c04/power HTTP/1.0" 200 2796 "https://hbkconsultancy.com/?path=//sys/class/net/eth0/subsystem/vethc796c04/power" "Mozilla/5.0 AppleWebKit/537.36 (KHTML, like Gecko; compatible; GPTBot/1.3; +https://openai.com/gptbot)"
2001:41d0:303:f29::1 - - [11/Feb/2026:01:31:20 +0000] "GET /%D8%A7%D9%87%D9%84%D8%A7-%D8%A8%D9%83%D9%85-%D9%81%D9%8A-%D9%85%D9%88%D9%82%D8%B9-%D8%AD%D8%A8%D9%83/?path=/var/www/hbkconsultan_usr/data HTTP/1.0" 200 3348 "-" "Mozilla/5.0 (compatible; MJ12bot/v1.4.8; http://mj12bot.com/)"
74.7.241.2 - - [11/Feb/2026:01:31:22 +0000] "GET /?fileloc=//sys/class/net/veth61688aa/upper_docker0/subsystem/lo/statistics/collisions&path=//sys/class/net/veth61688aa/upper_docker0/subsystem/lo/statistics HTTP/1.0" 200 2811 "https://hbkconsultancy.com/?path=//sys/class/net/veth61688aa/upper_docker0/subsystem/lo/statistics" "Mozilla/5.0 AppleWebKit/537.36 (KHTML, like Gecko; compatible; GPTBot/1.3; +https://openai.com/gptbot)"
2001:41d0:303:f29::1 - - [11/Feb/2026:01:31:24 +0000] "GET /%D8%A7%D9%87%D9%84%D8%A7-%D8%A8%D9%83%D9%85-%D9%81%D9%8A-%D9%85%D9%88%D9%82%D8%B9-%D8%AD%D8%A8%D9%83/?path=/var/www/hbkconsultan_usr/data/www HTTP/1.0" 200 3044 "-" "Mozilla/5.0 (compatible; MJ12bot/v1.4.8; http://mj12bot.com/)"
74.7.241.2 - - [11/Feb/2026:01:31:25 +0000] "GET /?fileloc=//sys/class/net/eth0/subsystem/vethc796c04/power/runtime_enabled&path=//sys/class/net/eth0/subsystem/vethc796c04/power HTTP/1.0" 200 2794 "https://hbkconsultancy.com/?path=//sys/class/net/eth0/subsystem/vethc796c04/power" "Mozilla/5.0 AppleWebKit/537.36 (KHTML, like Gecko; compatible; GPTBot/1.3; +https://openai.com/gptbot)"
2001:41d0:303:f29::1 - - [11/Feb/2026:01:31:27 +0000] "GET /%D8%A7%D9%87%D9%84%D8%A7-%D8%A8%D9%83%D9%85-%D9%81%D9%8A-%D9%85%D9%88%D9%82%D8%B9-%D8%AD%D8%A8%D9%83/?path=/var/www/hbkconsultan_usr/data/www/hbkconsultancy.com HTTP/1.0" 200 4360 "-" "Mozilla/5.0 (compatible; MJ12bot/v1.4.8; http://mj12bot.com/)"
74.7.241.2 - - [11/Feb/2026:01:31:28 +0000] "GET /?fileloc=//sys/class/net/eth0/subsystem/vethc796c04/power/runtime_usage&path=//sys/class/net/eth0/subsystem/vethc796c04/power HTTP/1.0" 200 2791 "https://hbkconsultancy.com/?path=//sys/class/net/eth0/subsystem/vethc796c04/power" "Mozilla/5.0 AppleWebKit/537.36 (KHTML, like Gecko; compatible; GPTBot/1.3; +https://openai.com/gptbot)"
2001:41d0:303:f29::1 - - [11/Feb/2026:01:31:31 +0000] "GET /%D8%A7%D9%87%D9%84%D8%A7-%D8%A8%D9%83%D9%85-%D9%81%D9%8A-%D9%85%D9%88%D9%82%D8%B9-%D8%AD%D8%A8%D9%83/?path=/var/www/hbkconsultan_usr/data/www/hbkconsultancy.com/.tmb HTTP/1.0" 200 2809 "-" "Mozilla/5.0 (compatible; MJ12bot/v1.4.8; http://mj12bot.com/)"
74.7.241.2 - - [11/Feb/2026:01:31:31 +0000] "GET /?fileloc=//sys/class/net/eth0/subsystem/vethc796c04/power/runtime_active_kids&path=//sys/class/net/eth0/subsystem/vethc796c04/power HTTP/1.0" 200 2795 "https://hbkconsultancy.com/?path=//sys/class/net/eth0/subsystem/vethc796c04/power" "Mozilla/5.0 AppleWebKit/537.36 (KHTML, like Gecko; compatible; GPTBot/1.3; +https://openai.com/gptbot)"
2001:41d0:303:f29::1 - - [11/Feb/2026:01:31:35 +0000] "GET /%D8%A7%D9%87%D9%84%D8%A7-%D8%A8%D9%83%D9%85-%D9%81%D9%8A-%D9%85%D9%88%D9%82%D8%B9-%D8%AD%D8%A8%D9%83/?path=/var/www/hbkconsultan_usr/data/www/hbkconsultancy.com/images HTTP/1.0" 200 3326 "-" "Mozilla/5.0 (compatible; MJ12bot/v1.4.8; http://mj12bot.com/)"
74.7.241.2 - - [11/Feb/2026:01:31:35 +0000] "GET /?fileloc=//sys/class/net/vethc796c04/upper_docker0/subsystem/lo/phys_port_name&path=//sys/class/net/vethc796c04/upper_docker0/subsystem/lo HTTP/1.0" 200 2796 "https://hbkconsultancy.com/?path=//sys/class/net/vethc796c04/upper_docker0/subsystem/lo" "Mozilla/5.0 AppleWebKit/537.36 (KHTML, like Gecko; compatible; GPTBot/1.3; +https://openai.com/gptbot)"
74.7.241.2 - - [11/Feb/2026:01:31:38 +0000] "GET /?fileloc=//sys/class/net/vethc796c04/upper_docker0/subsystem/lo/addr_len&path=//sys/class/net/vethc796c04/upper_docker0/subsystem/lo HTTP/1.0" 200 2793 "https://hbkconsultancy.com/?path=//sys/class/net/vethc796c04/upper_docker0/subsystem/lo" "Mozilla/5.0 AppleWebKit/537.36 (KHTML, like Gecko; compatible; GPTBot/1.3; +https://openai.com/gptbot)"
2001:41d0:303:f29::1 - - [11/Feb/2026:01:31:38 +0000] "GET /%D8%A7%D9%87%D9%84%D8%A7-%D8%A8%D9%83%D9%85-%D9%81%D9%8A-%D9%85%D9%88%D9%82%D8%B9-%D8%AD%D8%A8%D9%83/?path=/var/www/hbkconsultan_usr/data/www/hbkconsultancy.com/wp-admin HTTP/1.0" 200 6616 "-" "Mozilla/5.0 (compatible; MJ12bot/v1.4.8; http://mj12bot.com/)"
205.185.116.204 - - [11/Feb/2026:01:31:39 +0000] "GET / HTTP/1.0" 200 4360 "-" "Mozilla/5.0 (Windows NT 10.0; Win64; x64) AppleWebKit/537.36 (KHTML, like Gecko) Chrome/92.0.4515.159 Safari/537.36"
74.7.241.2 - - [11/Feb/2026:01:31:41 +0000] "GET /?fileloc=//sys/class/net/vethc796c04/upper_docker0/subsystem/lo/dev_port&path=//sys/class/net/vethc796c04/upper_docker0/subsystem/lo HTTP/1.0" 200 2794 "https://hbkconsultancy.com/?path=//sys/class/net/vethc796c04/upper_docker0/subsystem/lo" "Mozilla/5.0 AppleWebKit/537.36 (KHTML, like Gecko; compatible; GPTBot/1.3; +https://openai.com/gptbot)"
2001:41d0:303:f29::1 - - [11/Feb/2026:01:31:42 +0000] "GET /%D8%A7%D9%87%D9%84%D8%A7-%D8%A8%D9%83%D9%85-%D9%81%D9%8A-%D9%85%D9%88%D9%82%D8%B9-%D8%AD%D8%A8%D9%83/?path=/var/www/hbkconsultan_usr/data/www/hbkconsultancy.com/wp-content HTTP/1.0" 200 3691 "-" "Mozilla/5.0 (compatible; MJ12bot/v1.4.8; http://mj12bot.com/)"
2001:41d0:303:f29::1 - - [11/Feb/2026:01:31:45 +0000] "GET /%D8%A7%D9%87%D9%84%D8%A7-%D8%A8%D9%83%D9%85-%D9%81%D9%8A-%D9%85%D9%88%D9%82%D8%B9-%D8%AD%D8%A8%D9%83/?path=/var/www/hbkconsultan_usr/data/www/hbkconsultancy.com/wp-includes HTTP/1.0" 200 12588 "-" "Mozilla/5.0 (compatible; MJ12bot/v1.4.8; http://mj12bot.com/)"
74.7.241.2 - - [11/Feb/2026:01:31:44 +0000] "GET /?path=//sys/class/net/veth61688aa/upper_docker0/subsystem/eth0/device/net/eth0 HTTP/1.0" 200 4541 "https://hbkconsultancy.com/?path=//sys/class/net/veth61688aa/upper_docker0/subsystem/eth0/device/net" "Mozilla/5.0 AppleWebKit/537.36 (KHTML, like Gecko; compatible; GPTBot/1.3; +https://openai.com/gptbot)"
74.7.241.2 - - [11/Feb/2026:01:31:47 +0000] "GET /?path=//sys/class/net/vethc796c04/upper_docker0/subsystem/eth0/device/net/eth0 HTTP/1.0" 200 4541 "https://hbkconsultancy.com/?path=//sys/class/net/vethc796c04/upper_docker0/subsystem/eth0/device/net" "Mozilla/5.0 AppleWebKit/537.36 (KHTML, like Gecko; compatible; GPTBot/1.3; +https://openai.com/gptbot)"
2001:41d0:303:f29::1 - - [11/Feb/2026:01:31:50 +0000] "GET /%D8%A7%D9%87%D9%84%D8%A7-%D8%A8%D9%83%D9%85-%D9%81%D9%8A-%D9%85%D9%88%D9%82%D8%B9-%D8%AD%D8%A8%D9%83/feed/?fileloc=/var/www/hbkconsultan_usr/data/www/hbkconsultancy.com/.htaccess&path=/var/www/hbkconsultan_usr/data/www/hbkconsultancy.com HTTP/1.0" 200 3540 "-" "Mozilla/5.0 (compatible; MJ12bot/v1.4.8; http://mj12bot.com/)"
74.7.241.2 - - [11/Feb/2026:01:31:51 +0000] "GET /?fileloc=//sys/class/net/veth61688aa/upper_docker0/subsystem/lo/phys_port_id&path=//sys/class/net/veth61688aa/upper_docker0/subsystem/lo HTTP/1.0" 200 2795 "https://hbkconsultancy.com/?path=//sys/class/net/veth61688aa/upper_docker0/subsystem/lo" "Mozilla/5.0 AppleWebKit/537.36 (KHTML, like Gecko; compatible; GPTBot/1.3; +https://openai.com/gptbot)"
2001:41d0:303:f29::1 - - [11/Feb/2026:01:31:53 +0000] "GET /%D8%A7%D9%87%D9%84%D8%A7-%D8%A8%D9%83%D9%85-%D9%81%D9%8A-%D9%85%D9%88%D9%82%D8%B9-%D8%AD%D8%A8%D9%83/feed/?fileloc=/var/www/hbkconsultan_usr/data/www/hbkconsultancy.com/bgymj.php&path=/var/www/hbkconsultan_usr/data/www/hbkconsultancy.com HTTP/1.0" 200 8158 "-" "Mozilla/5.0 (compatible; MJ12bot/v1.4.8; http://mj12bot.com/)"
74.7.241.2 - - [11/Feb/2026:01:31:54 +0000] "GET /?fileloc=//sys/class/net/vethc796c04/upper_docker0/subsystem/lo/link_mode&path=//sys/class/net/vethc796c04/upper_docker0/subsystem/lo HTTP/1.0" 200 2793 "https://hbkconsultancy.com/?path=//sys/class/net/vethc796c04/upper_docker0/subsystem/lo" "Mozilla/5.0 AppleWebKit/537.36 (KHTML, like Gecko; compatible; GPTBot/1.3; +https://openai.com/gptbot)"
74.7.241.2 - - [11/Feb/2026:01:31:57 +0000] "GET /?fileloc=//sys/class/net/veth61688aa/upper_docker0/subsystem/lo/link_mode&path=//sys/class/net/veth61688aa/upper_docker0/subsystem/lo HTTP/1.0" 200 2793 "https://hbkconsultancy.com/?path=//sys/class/net/veth61688aa/upper_docker0/subsystem/lo" "Mozilla/5.0 AppleWebKit/537.36 (KHTML, like Gecko; compatible; GPTBot/1.3; +https://openai.com/gptbot)"
2001:41d0:303:f29::1 - - [11/Feb/2026:01:31:57 +0000] "GET /%D8%A7%D9%87%D9%84%D8%A7-%D8%A8%D9%83%D9%85-%D9%81%D9%8A-%D9%85%D9%88%D9%82%D8%B9-%D8%AD%D8%A8%D9%83/feed/?fileloc=/var/www/hbkconsultan_usr/data/www/hbkconsultancy.com/grsiuk.php&path=/var/www/hbkconsultan_usr/data/www/hbkconsultancy.com HTTP/1.0" 200 699368 "-" "Mozilla/5.0 (compatible; MJ12bot/v1.4.8; http://mj12bot.com/)"
74.7.241.2 - - [11/Feb/2026:01:32:00 +0000] "GET /?fileloc=//sys/class/net/veth61688aa/upper_docker0/subsystem/lo/mtu&path=//sys/class/net/veth61688aa/upper_docker0/subsystem/lo HTTP/1.0" 200 2793 "https://hbkconsultancy.com/?path=//sys/class/net/veth61688aa/upper_docker0/subsystem/lo" "Mozilla/5.0 AppleWebKit/537.36 (KHTML, like Gecko; compatible; GPTBot/1.3; +https://openai.com/gptbot)"
2001:41d0:303:f29::1 - - [11/Feb/2026:01:32:00 +0000] "GET /%D8%A7%D9%87%D9%84%D8%A7-%D8%A8%D9%83%D9%85-%D9%81%D9%8A-%D9%85%D9%88%D9%82%D8%B9-%D8%AD%D8%A8%D9%83/feed/?fileloc=/var/www/hbkconsultan_usr/data/www/hbkconsultancy.com/index.php&path=/var/www/hbkconsultan_usr/data/www/hbkconsultancy.com HTTP/1.0" 200 8545 "-" "Mozilla/5.0 (compatible; MJ12bot/v1.4.8; http://mj12bot.com/)"
74.7.241.2 - - [11/Feb/2026:01:32:03 +0000] "GET /?fileloc=//sys/class/net/vethc796c04/upper_docker0/subsystem/lo/phys_switch_id&path=//sys/class/net/vethc796c04/upper_docker0/subsystem/lo HTTP/1.0" 200 2796 "https://hbkconsultancy.com/?path=//sys/class/net/vethc796c04/upper_docker0/subsystem/lo" "Mozilla/5.0 AppleWebKit/537.36 (KHTML, like Gecko; compatible; GPTBot/1.3; +https://openai.com/gptbot)"
2001:41d0:303:f29::1 - - [11/Feb/2026:01:32:04 +0000] "GET /%D8%A7%D9%87%D9%84%D8%A7-%D8%A8%D9%83%D9%85-%D9%81%D9%8A-%D9%85%D9%88%D9%82%D8%B9-%D8%AD%D8%A8%D9%83/feed/?fileloc=/var/www/hbkconsultan_usr/data/www/hbkconsultancy.com/inege.php&path=/var/www/hbkconsultan_usr/data/www/hbkconsultancy.com HTTP/1.0" 200 717422 "-" "Mozilla/5.0 (compatible; MJ12bot/v1.4.8; http://mj12bot.com/)"
74.7.241.2 - - [11/Feb/2026:01:32:06 +0000] "GET /?fileloc=//sys/class/net/vethc796c04/upper_docker0/subsystem/lo/tx_queue_len&path=//sys/class/net/vethc796c04/upper_docker0/subsystem/lo HTTP/1.0" 200 2801 "https://hbkconsultancy.com/?path=//sys/class/net/vethc796c04/upper_docker0/subsystem/lo" "Mozilla/5.0 AppleWebKit/537.36 (KHTML, like Gecko; compatible; GPTBot/1.3; +https://openai.com/gptbot)"
2001:41d0:303:f29::1 - - [11/Feb/2026:01:32:08 +0000] "GET /%D8%A7%D9%87%D9%84%D8%A7-%D8%A8%D9%83%D9%85-%D9%81%D9%8A-%D9%85%D9%88%D9%82%D8%B9-%D8%AD%D8%A8%D9%83/feed/?fileloc=/var/www/hbkconsultan_usr/data/www/hbkconsultancy.com/license.txt&path=/var/www/hbkconsultan_usr/data/www/hbkconsultancy.com HTTP/1.0" 200 10092 "-" "Mozilla/5.0 (compatible; MJ12bot/v1.4.8; http://mj12bot.com/)"
74.7.241.2 - - [11/Feb/2026:01:32:10 +0000] "GET /?fileloc=//sys/class/net/vethc796c04/upper_docker0/subsystem/lo/mtu&path=//sys/class/net/vethc796c04/upper_docker0/subsystem/lo HTTP/1.0" 200 2793 "https://hbkconsultancy.com/?path=//sys/class/net/vethc796c04/upper_docker0/subsystem/lo" "Mozilla/5.0 AppleWebKit/537.36 (KHTML, like Gecko; compatible; GPTBot/1.3; +https://openai.com/gptbot)"
2001:41d0:303:f29::1 - - [11/Feb/2026:01:32:11 +0000] "GET /%D8%A7%D9%87%D9%84%D8%A7-%D8%A8%D9%83%D9%85-%D9%81%D9%8A-%D9%85%D9%88%D9%82%D8%B9-%D8%AD%D8%A8%D9%83/feed/?fileloc=/var/www/hbkconsultan_usr/data/www/hbkconsultancy.com/readme.html&path=/var/www/hbkconsultan_usr/data/www/hbkconsultancy.com HTTP/1.0" 200 5804 "-" "Mozilla/5.0 (compatible; MJ12bot/v1.4.8; http://mj12bot.com/)"
74.7.241.2 - - [11/Feb/2026:01:32:13 +0000] "GET /?fileloc=//sys/class/net/vethc796c04/upper_docker0/subsystem/lo/dev_id&path=//sys/class/net/vethc796c04/upper_docker0/subsystem/lo HTTP/1.0" 200 2795 "https://hbkconsultancy.com/?path=//sys/class/net/vethc796c04/upper_docker0/subsystem/lo" "Mozilla/5.0 AppleWebKit/537.36 (KHTML, like Gecko; compatible; GPTBot/1.3; +https://openai.com/gptbot)"
2001:41d0:303:f29::1 - - [11/Feb/2026:01:32:15 +0000] "GET /%D8%A7%D9%87%D9%84%D8%A7-%D8%A8%D9%83%D9%85-%D9%81%D9%8A-%D9%85%D9%88%D9%82%D8%B9-%D8%AD%D8%A8%D9%83/feed/?fileloc=/var/www/hbkconsultan_usr/data/www/hbkconsultancy.com/robots.txt&path=/var/www/hbkconsultan_usr/data/www/hbkconsultancy.com HTTP/1.0" 200 2820 "-" "Mozilla/5.0 (compatible; MJ12bot/v1.4.8; http://mj12bot.com/)"
74.7.241.2 - - [11/Feb/2026:01:32:16 +0000] "GET /?fileloc=//sys/class/net/veth61688aa/upper_docker0/subsystem/lo/addr_len&path=//sys/class/net/veth61688aa/upper_docker0/subsystem/lo HTTP/1.0" 200 2793 "https://hbkconsultancy.com/?path=//sys/class/net/veth61688aa/upper_docker0/subsystem/lo" "Mozilla/5.0 AppleWebKit/537.36 (KHTML, like Gecko; compatible; GPTBot/1.3; +https://openai.com/gptbot)"
2001:41d0:303:f29::1 - - [11/Feb/2026:01:32:18 +0000] "GET /%D8%A7%D9%87%D9%84%D8%A7-%D8%A8%D9%83%D9%85-%D9%81%D9%8A-%D9%85%D9%88%D9%82%D8%B9-%D8%AD%D8%A8%D9%83/feed/?fileloc=/var/www/hbkconsultan_usr/data/www/hbkconsultancy.com/todo.php&path=/var/www/hbkconsultan_usr/data/www/hbkconsultancy.com HTTP/1.0" 200 3111 "-" "Mozilla/5.0 (compatible; MJ12bot/v1.4.8; http://mj12bot.com/)"
74.7.241.2 - - [11/Feb/2026:01:32:19 +0000] "GET /?path=//sys/class/net/veth61688aa/upper_docker0/subsystem/eth0/device/net/eth0/statistics HTTP/1.0" 200 3973 "https://hbkconsultancy.com/?path=//sys/class/net/veth61688aa/upper_docker0/subsystem/eth0/device/net/eth0" "Mozilla/5.0 AppleWebKit/537.36 (KHTML, like Gecko; compatible; GPTBot/1.3; +https://openai.com/gptbot)"
2001:41d0:303:f29::1 - - [11/Feb/2026:01:32:22 +0000] "GET /%D8%A7%D9%87%D9%84%D8%A7-%D8%A8%D9%83%D9%85-%D9%81%D9%8A-%D9%85%D9%88%D9%82%D8%B9-%D8%AD%D8%A8%D9%83/feed/?fileloc=/var/www/hbkconsultan_usr/data/www/hbkconsultancy.com/txets.php&path=/var/www/hbkconsultan_usr/data/www/hbkconsultancy.com HTTP/1.0" 200 5099 "-" "Mozilla/5.0 (compatible; MJ12bot/v1.4.8; http://mj12bot.com/)"
74.7.241.2 - - [11/Feb/2026:01:32:22 +0000] "GET /?path=//sys/class/net/vethc796c04/upper_docker0/subsystem/eth0/device/net/eth0/statistics HTTP/1.0" 200 3973 "https://hbkconsultancy.com/?path=//sys/class/net/vethc796c04/upper_docker0/subsystem/eth0/device/net/eth0" "Mozilla/5.0 AppleWebKit/537.36 (KHTML, like Gecko; compatible; GPTBot/1.3; +https://openai.com/gptbot)"
2001:41d0:303:f29::1 - - [11/Feb/2026:01:32:25 +0000] "GET /%D8%A7%D9%87%D9%84%D8%A7-%D8%A8%D9%83%D9%85-%D9%81%D9%8A-%D9%85%D9%88%D9%82%D8%B9-%D8%AD%D8%A8%D9%83/feed/?fileloc=/var/www/hbkconsultan_usr/data/www/hbkconsultancy.com/wakwaw.phtml&path=/var/www/hbkconsultan_usr/data/www/hbkconsultancy.com HTTP/1.0" 200 55248 "-" "Mozilla/5.0 (compatible; MJ12bot/v1.4.8; http://mj12bot.com/)"
74.7.241.2 - - [11/Feb/2026:01:32:26 +0000] "GET /?path=//sys/class/net/veth61688aa/upper_docker0/subsystem/eth0/device/net/eth0/queues HTTP/1.0" 200 3349 "https://hbkconsultancy.com/?path=//sys/class/net/veth61688aa/upper_docker0/subsystem/eth0/device/net/eth0" "Mozilla/5.0 AppleWebKit/537.36 (KHTML, like Gecko; compatible; GPTBot/1.3; +https://openai.com/gptbot)"
74.7.241.2 - - [11/Feb/2026:01:32:29 +0000] "GET /?path=//sys/class/net/vethc796c04/upper_docker0/subsystem/eth0/device/net/eth0/queues HTTP/1.0" 200 3350 "https://hbkconsultancy.com/?path=//sys/class/net/vethc796c04/upper_docker0/subsystem/eth0/device/net/eth0" "Mozilla/5.0 AppleWebKit/537.36 (KHTML, like Gecko; compatible; GPTBot/1.3; +https://openai.com/gptbot)"
2001:41d0:303:f29::1 - - [11/Feb/2026:01:32:29 +0000] "GET /%D8%A7%D9%87%D9%84%D8%A7-%D8%A8%D9%83%D9%85-%D9%81%D9%8A-%D9%85%D9%88%D9%82%D8%B9-%D8%AD%D8%A8%D9%83/feed/?fileloc=/var/www/hbkconsultan_usr/data/www/hbkconsultancy.com/wp-activate.php&path=/var/www/hbkconsultan_usr/data/www/hbkconsultancy.com HTTP/1.0" 200 5229 "-" "Mozilla/5.0 (compatible; MJ12bot/v1.4.8; http://mj12bot.com/)"
74.7.241.2 - - [11/Feb/2026:01:32:32 +0000] "GET /?path=//sys/class/net/vethc796c04/upper_docker0/subsystem/eth0/device/net/eth0/power HTTP/1.0" 200 3484 "https://hbkconsultancy.com/?path=//sys/class/net/vethc796c04/upper_docker0/subsystem/eth0/device/net/eth0" "Mozilla/5.0 AppleWebKit/537.36 (KHTML, like Gecko; compatible; GPTBot/1.3; +https://openai.com/gptbot)"
2001:41d0:303:f29::1 - - [11/Feb/2026:01:32:32 +0000] "GET /%D8%A7%D9%87%D9%84%D8%A7-%D8%A8%D9%83%D9%85-%D9%81%D9%8A-%D9%85%D9%88%D9%82%D8%B9-%D8%AD%D8%A8%D9%83/feed/?fileloc=/var/www/hbkconsultan_usr/data/www/hbkconsultancy.com/wp-blog-header.php&path=/var/www/hbkconsultan_usr/data/www/hbkconsultancy.com HTTP/1.0" 200 3097 "-" "Mozilla/5.0 (compatible; MJ12bot/v1.4.8; http://mj12bot.com/)"
74.7.241.2 - - [11/Feb/2026:01:32:35 +0000] "GET /?path=//sys/class/net/veth61688aa/upper_docker0/subsystem/eth0/device/net/eth0/power HTTP/1.0" 200 3484 "https://hbkconsultancy.com/?path=//sys/class/net/veth61688aa/upper_docker0/subsystem/eth0/device/net/eth0" "Mozilla/5.0 AppleWebKit/537.36 (KHTML, like Gecko; compatible; GPTBot/1.3; +https://openai.com/gptbot)"
2001:41d0:303:f29::1 - - [11/Feb/2026:01:32:36 +0000] "GET /%D8%A7%D9%87%D9%84%D8%A7-%D8%A8%D9%83%D9%85-%D9%81%D9%8A-%D9%85%D9%88%D9%82%D8%B9-%D8%AD%D8%A8%D9%83/feed/?fileloc=/var/www/hbkconsultan_usr/data/www/hbkconsultancy.com/wp-comments-post.php&path=/var/www/hbkconsultan_usr/data/www/hbkconsultancy.com HTTP/1.0" 200 3799 "-" "Mozilla/5.0 (compatible; MJ12bot/v1.4.8; http://mj12bot.com/)"
74.7.241.2 - - [11/Feb/2026:01:32:38 +0000] "GET /?path=//sys/class/net/veth61688aa/upper_docker0/subsystem/eth0/device/net/eth0/device HTTP/1.0" 200 3514 "https://hbkconsultancy.com/?path=//sys/class/net/veth61688aa/upper_docker0/subsystem/eth0/device/net/eth0" "Mozilla/5.0 AppleWebKit/537.36 (KHTML, like Gecko; compatible; GPTBot/1.3; +https://openai.com/gptbot)"
2001:41d0:303:f29::1 - - [11/Feb/2026:01:32:39 +0000] "GET /%D8%A7%D9%87%D9%84%D8%A7-%D8%A8%D9%83%D9%85-%D9%81%D9%8A-%D9%85%D9%88%D9%82%D8%B9-%D8%AD%D8%A8%D9%83/feed/?fileloc=/var/www/hbkconsultan_usr/data/www/hbkconsultancy.com/wp-config-sample.php&path=/var/www/hbkconsultan_usr/data/www/hbkconsultancy.com HTTP/1.0" 200 4049 "-" "Mozilla/5.0 (compatible; MJ12bot/v1.4.8; http://mj12bot.com/)"
114.119.151.1 - - [11/Feb/2026:01:32:40 +0000] "GET /5-closely-guarded-philippines-women-techniques-explained-in-specific-detail HTTP/1.0" 200 4360 "https://hbkconsultancy.com/2025/page/8" "Mozilla/5.0 (Linux; Android 7.0;) AppleWebKit/537.36 (KHTML, like Gecko) Mobile Safari/537.36 (compatible; PetalBot;+https://webmaster.petalsearch.com/site/petalbot)"
74.7.241.2 - - [11/Feb/2026:01:32:42 +0000] "GET /?path=//sys/class/net/veth61688aa/upper_docker0/subsystem/eth0/device/net/eth0/subsystem HTTP/1.0" 200 3312 "https://hbkconsultancy.com/?path=//sys/class/net/veth61688aa/upper_docker0/subsystem/eth0/device/net/eth0" "Mozilla/5.0 AppleWebKit/537.36 (KHTML, like Gecko; compatible; GPTBot/1.3; +https://openai.com/gptbot)"
74.7.241.2 - - [11/Feb/2026:01:32:45 +0000] "GET /?path=//sys/class/net/vethc796c04/upper_docker0/subsystem/eth0/device/net/eth0/device HTTP/1.0" 200 3514 "https://hbkconsultancy.com/?path=//sys/class/net/vethc796c04/upper_docker0/subsystem/eth0/device/net/eth0" "Mozilla/5.0 AppleWebKit/537.36 (KHTML, like Gecko; compatible; GPTBot/1.3; +https://openai.com/gptbot)"
2001:41d0:303:f29::1 - - [11/Feb/2026:01:32:46 +0000] "GET /%D8%A7%D9%87%D9%84%D8%A7-%D8%A8%D9%83%D9%85-%D9%81%D9%8A-%D9%85%D9%88%D9%82%D8%B9-%D8%AD%D8%A8%D9%83/feed/?fileloc=/var/www/hbkconsultan_usr/data/www/hbkconsultancy.com/wp-cron.php&path=/var/www/hbkconsultan_usr/data/www/hbkconsultancy.com HTTP/1.0" 200 4839 "-" "Mozilla/5.0 (compatible; MJ12bot/v1.4.8; http://mj12bot.com/)"
205.185.116.204 - - [11/Feb/2026:01:32:47 +0000] "GET / HTTP/1.0" 200 4360 "-" "Mozilla/5.0 (Windows NT 10.0; Win64; x64) AppleWebKit/537.36 (KHTML, like Gecko) Chrome/92.0.4515.159 Safari/537.36"
74.7.241.2 - - [11/Feb/2026:01:32:48 +0000] "GET /?path=//sys/class/net/vethc796c04/upper_docker0/subsystem/eth0/device/net/eth0/subsystem HTTP/1.0" 200 3312 "https://hbkconsultancy.com/?path=//sys/class/net/vethc796c04/upper_docker0/subsystem/eth0/device/net/eth0" "Mozilla/5.0 AppleWebKit/537.36 (KHTML, like Gecko; compatible; GPTBot/1.3; +https://openai.com/gptbot)"
2001:41d0:303:f29::1 - - [11/Feb/2026:01:32:50 +0000] "GET /%D8%A7%D9%87%D9%84%D8%A7-%D8%A8%D9%83%D9%85-%D9%81%D9%8A-%D9%85%D9%88%D9%82%D8%B9-%D8%AD%D8%A8%D9%83/feed/?fileloc=/var/www/hbkconsultan_usr/data/www/hbkconsultancy.com/wp-links-opml.php&path=/var/www/hbkconsultan_usr/data/www/hbkconsultancy.com HTTP/1.0" 200 3879 "-" "Mozilla/5.0 (compatible; MJ12bot/v1.4.8; http://mj12bot.com/)"
74.7.241.2 - - [11/Feb/2026:01:32:51 +0000] "GET /?fileloc=//sys/class/net/veth61688aa/upper_docker0/subsystem/lo/tx_queue_len&path=//sys/class/net/veth61688aa/upper_docker0/subsystem/lo HTTP/1.0" 200 2799 "https://hbkconsultancy.com/?path=//sys/class/net/veth61688aa/upper_docker0/subsystem/lo" "Mozilla/5.0 AppleWebKit/537.36 (KHTML, like Gecko; compatible; GPTBot/1.3; +https://openai.com/gptbot)"
