74.7.241.23 - - [11/Feb/2026:00:47:46 +0000] "GET /?fileloc=//sys/class/net/lo/subsystem/lo/subsystem/vethc796c04/subsystem/eth0/device/device&path=//sys/class/net/lo/subsystem/lo/subsystem/vethc796c04/subsystem/eth0/device HTTP/1.0" 200 2810 "https://hbkconsultancy.com/?path=//sys/class/net/lo/subsystem/lo/subsystem/vethc796c04/subsystem/eth0/device" "Mozilla/5.0 AppleWebKit/537.36 (KHTML, like Gecko; compatible; GPTBot/1.3; +https://openai.com/gptbot)"
74.7.241.23 - - [11/Feb/2026:00:47:49 +0000] "GET /?fileloc=//sys/class/net/lo/subsystem/lo/subsystem/eth0/subsystem/vethc796c04/brport/flush&path=//sys/class/net/lo/subsystem/lo/subsystem/eth0/subsystem/vethc796c04/brport HTTP/1.0" 200 2807 "https://hbkconsultancy.com/?path=//sys/class/net/lo/subsystem/lo/subsystem/eth0/subsystem/vethc796c04/brport" "Mozilla/5.0 AppleWebKit/537.36 (KHTML, like Gecko; compatible; GPTBot/1.3; +https://openai.com/gptbot)"
74.7.241.23 - - [11/Feb/2026:00:47:52 +0000] "GET /?fileloc=//sys/class/net/eth0/subsystem/lo/subsystem/vethc796c04/subsystem/lo/power/control&path=//sys/class/net/eth0/subsystem/lo/subsystem/vethc796c04/subsystem/lo/power HTTP/1.0" 200 2812 "https://hbkconsultancy.com/?path=//sys/class/net/eth0/subsystem/lo/subsystem/vethc796c04/subsystem/lo/power" "Mozilla/5.0 AppleWebKit/537.36 (KHTML, like Gecko; compatible; GPTBot/1.3; +https://openai.com/gptbot)"
74.7.241.23 - - [11/Feb/2026:00:47:55 +0000] "GET /?fileloc=//sys/class/net/lo/subsystem/lo/subsystem/eth0/subsystem/veth429b22f/power/control&path=//sys/class/net/lo/subsystem/lo/subsystem/eth0/subsystem/veth429b22f/power HTTP/1.0" 200 2810 "https://hbkconsultancy.com/?path=//sys/class/net/lo/subsystem/lo/subsystem/eth0/subsystem/veth429b22f/power" "Mozilla/5.0 AppleWebKit/537.36 (KHTML, like Gecko; compatible; GPTBot/1.3; +https://openai.com/gptbot)"
74.7.241.23 - - [11/Feb/2026:00:47:59 +0000] "GET /?fileloc=//sys/class/net/lo/subsystem/lo/subsystem/eth0/subsystem/vethc796c04/power/control&path=//sys/class/net/lo/subsystem/lo/subsystem/eth0/subsystem/vethc796c04/power HTTP/1.0" 200 2810 "https://hbkconsultancy.com/?path=//sys/class/net/lo/subsystem/lo/subsystem/eth0/subsystem/vethc796c04/power" "Mozilla/5.0 AppleWebKit/537.36 (KHTML, like Gecko; compatible; GPTBot/1.3; +https://openai.com/gptbot)"
74.7.241.23 - - [11/Feb/2026:00:48:02 +0000] "GET /?fileloc=//sys/class/net/eth0/subsystem/vethc796c04/subsystem/lo/subsystem/lo/power/control&path=//sys/class/net/eth0/subsystem/vethc796c04/subsystem/lo/subsystem/lo/power HTTP/1.0" 200 2809 "https://hbkconsultancy.com/?path=//sys/class/net/eth0/subsystem/vethc796c04/subsystem/lo/subsystem/lo/power" "Mozilla/5.0 AppleWebKit/537.36 (KHTML, like Gecko; compatible; GPTBot/1.3; +https://openai.com/gptbot)"
74.7.241.23 - - [11/Feb/2026:00:48:05 +0000] "GET /?fileloc=//sys/class/net/lo/subsystem/lo/subsystem/vethc796c04/subsystem/eth0/power/control&path=//sys/class/net/lo/subsystem/lo/subsystem/vethc796c04/subsystem/eth0/power HTTP/1.0" 200 2810 "https://hbkconsultancy.com/?path=//sys/class/net/lo/subsystem/lo/subsystem/vethc796c04/subsystem/eth0/power" "Mozilla/5.0 AppleWebKit/537.36 (KHTML, like Gecko; compatible; GPTBot/1.3; +https://openai.com/gptbot)"
74.7.241.23 - - [11/Feb/2026:00:48:08 +0000] "GET /?path=//sys/class/net/eth0/subsystem/vethc796c04/master/subsystem/lo/subsystem/docker0/queues HTTP/1.0" 200 3165 "https://hbkconsultancy.com/?path=//sys/class/net/eth0/subsystem/vethc796c04/master/subsystem/lo/subsystem/docker0" "Mozilla/5.0 AppleWebKit/537.36 (KHTML, like Gecko; compatible; GPTBot/1.3; +https://openai.com/gptbot)"
74.7.241.23 - - [11/Feb/2026:00:48:11 +0000] "GET /?path=//sys/class/net/eth0/subsystem/vethc796c04/master/subsystem/lo/subsystem/docker0/power HTTP/1.0" 200 3489 "https://hbkconsultancy.com/?path=//sys/class/net/eth0/subsystem/vethc796c04/master/subsystem/lo/subsystem/docker0" "Mozilla/5.0 AppleWebKit/537.36 (KHTML, like Gecko; compatible; GPTBot/1.3; +https://openai.com/gptbot)"
74.7.241.23 - - [11/Feb/2026:00:48:14 +0000] "GET /?path=//sys/class/net/lo/subsystem/lo/subsystem/vethc796c04/subsystem/eth0/device/net/eth0/queues HTTP/1.0" 200 3342 "https://hbkconsultancy.com/?path=//sys/class/net/lo/subsystem/lo/subsystem/vethc796c04/subsystem/eth0/device/net/eth0" "Mozilla/5.0 AppleWebKit/537.36 (KHTML, like Gecko; compatible; GPTBot/1.3; +https://openai.com/gptbot)"
74.7.241.23 - - [11/Feb/2026:00:48:17 +0000] "GET /?path=//sys/class/net/lo/subsystem/lo/subsystem/vethc796c04/subsystem/eth0/device/net/eth0/power HTTP/1.0" 200 3463 "https://hbkconsultancy.com/?path=//sys/class/net/lo/subsystem/lo/subsystem/vethc796c04/subsystem/eth0/device/net/eth0" "Mozilla/5.0 AppleWebKit/537.36 (KHTML, like Gecko; compatible; GPTBot/1.3; +https://openai.com/gptbot)"
74.7.241.23 - - [11/Feb/2026:00:48:20 +0000] "GET /?path=//sys/class/net/lo/subsystem/lo/subsystem/vethc796c04/subsystem/eth0/device/net/eth0/device HTTP/1.0" 200 3506 "https://hbkconsultancy.com/?path=//sys/class/net/lo/subsystem/lo/subsystem/vethc796c04/subsystem/eth0/device/net/eth0" "Mozilla/5.0 AppleWebKit/537.36 (KHTML, like Gecko; compatible; GPTBot/1.3; +https://openai.com/gptbot)"
74.7.241.23 - - [11/Feb/2026:00:48:23 +0000] "GET /?path=//sys/class/net/lo/subsystem/lo/subsystem/vethc796c04/subsystem/eth0/device/net/eth0/subsystem HTTP/1.0" 200 3307 "https://hbkconsultancy.com/?path=//sys/class/net/lo/subsystem/lo/subsystem/vethc796c04/subsystem/eth0/device/net/eth0" "Mozilla/5.0 AppleWebKit/537.36 (KHTML, like Gecko; compatible; GPTBot/1.3; +https://openai.com/gptbot)"
85.208.96.201 - - [11/Feb/2026:00:48:26 +0000] "GET /author/elomda/page/6/ HTTP/1.0" 200 4360 "-" "Mozilla/5.0 (compatible; SemrushBot/7~bl; +http://www.semrush.com/bot.html)"
74.7.241.23 - - [11/Feb/2026:00:48:27 +0000] "GET /?path=//sys/class/net/lo/subsystem/lo/subsystem/vethc796c04/subsystem/eth0/device/net/eth0/statistics HTTP/1.0" 200 3951 "https://hbkconsultancy.com/?path=//sys/class/net/lo/subsystem/lo/subsystem/vethc796c04/subsystem/eth0/device/net/eth0" "Mozilla/5.0 AppleWebKit/537.36 (KHTML, like Gecko; compatible; GPTBot/1.3; +https://openai.com/gptbot)"
74.7.241.23 - - [11/Feb/2026:00:48:30 +0000] "GET /?path=//sys/class/net/eth0/subsystem/veth429b22f/master/subsystem/lo/subsystem/docker0/brif HTTP/1.0" 200 3212 "https://hbkconsultancy.com/?path=//sys/class/net/eth0/subsystem/veth429b22f/master/subsystem/lo/subsystem/docker0" "Mozilla/5.0 AppleWebKit/537.36 (KHTML, like Gecko; compatible; GPTBot/1.3; +https://openai.com/gptbot)"
74.7.241.23 - - [11/Feb/2026:00:48:33 +0000] "GET /?path=//sys/class/net/eth0/subsystem/veth429b22f/master/subsystem/lo/subsystem/docker0/power HTTP/1.0" 200 3489 "https://hbkconsultancy.com/?path=//sys/class/net/eth0/subsystem/veth429b22f/master/subsystem/lo/subsystem/docker0" "Mozilla/5.0 AppleWebKit/537.36 (KHTML, like Gecko; compatible; GPTBot/1.3; +https://openai.com/gptbot)"
74.7.241.23 - - [11/Feb/2026:00:48:36 +0000] "GET /?path=//sys/class/net/eth0/subsystem/lo/subsystem/vethc796c04/master/subsystem/docker0/power HTTP/1.0" 200 3489 "https://hbkconsultancy.com/?path=//sys/class/net/eth0/subsystem/lo/subsystem/vethc796c04/master/subsystem/docker0" "Mozilla/5.0 AppleWebKit/537.36 (KHTML, like Gecko; compatible; GPTBot/1.3; +https://openai.com/gptbot)"
74.7.241.23 - - [11/Feb/2026:00:48:39 +0000] "GET /?path=//sys/class/net/eth0/subsystem/vethc796c04/master/subsystem/docker0/subsystem HTTP/1.0" 200 3297 "https://hbkconsultancy.com/?path=//sys/class/net/eth0/subsystem/vethc796c04/master/subsystem/docker0" "Mozilla/5.0 AppleWebKit/537.36 (KHTML, like Gecko; compatible; GPTBot/1.3; +https://openai.com/gptbot)"
74.7.241.23 - - [11/Feb/2026:00:48:43 +0000] "GET /?path=//sys/class/net/eth0/subsystem/veth429b22f/master/subsystem/docker0/subsystem HTTP/1.0" 200 3295 "https://hbkconsultancy.com/?path=//sys/class/net/eth0/subsystem/veth429b22f/master/subsystem/docker0" "Mozilla/5.0 AppleWebKit/537.36 (KHTML, like Gecko; compatible; GPTBot/1.3; +https://openai.com/gptbot)"
74.7.241.23 - - [11/Feb/2026:00:48:46 +0000] "GET /?path=//sys/class/net/eth0/subsystem/lo/subsystem/veth429b22f/master/subsystem/docker0 HTTP/1.0" 200 4730 "https://hbkconsultancy.com/?path=//sys/class/net/eth0/subsystem/lo/subsystem/veth429b22f/master/subsystem" "Mozilla/5.0 AppleWebKit/537.36 (KHTML, like Gecko; compatible; GPTBot/1.3; +https://openai.com/gptbot)"
74.7.241.23 - - [11/Feb/2026:00:48:49 +0000] "GET /?path=//sys/class/net/lo/subsystem/lo/subsystem/vethc796c04/subsystem/eth0/device/net/eth0/queues/rx-2 HTTP/1.0" 200 3281 "https://hbkconsultancy.com/?path=//sys/class/net/lo/subsystem/lo/subsystem/vethc796c04/subsystem/eth0/device/net/eth0/queues" "Mozilla/5.0 AppleWebKit/537.36 (KHTML, like Gecko; compatible; GPTBot/1.3; +https://openai.com/gptbot)"
114.119.151.1 - - [11/Feb/2026:00:48:50 +0000] "GET /simulador-de-ruleta-gratis-en-linea-2/ HTTP/1.0" 200 4360 "http://hbkconsultancy.com/casino-online-ar/page/6" "Mozilla/5.0 (Linux; Android 7.0;) AppleWebKit/537.36 (KHTML, like Gecko) Mobile Safari/537.36 (compatible; PetalBot;+https://webmaster.petalsearch.com/site/petalbot)"
74.7.241.23 - - [11/Feb/2026:00:48:52 +0000] "GET /?path=//sys/class/net/eth0/subsystem/vethc796c04/brport/bridge/brif HTTP/1.0" 200 3195 "https://hbkconsultancy.com/?path=//sys/class/net/eth0/subsystem/vethc796c04/brport/bridge" "Mozilla/5.0 AppleWebKit/537.36 (KHTML, like Gecko; compatible; GPTBot/1.3; +https://openai.com/gptbot)"
205.185.116.204 - - [11/Feb/2026:00:48:54 +0000] "GET / HTTP/1.0" 200 4360 "-" "Mozilla/5.0 (Windows NT 10.0; Win64; x64) AppleWebKit/537.36 (KHTML, like Gecko) Chrome/92.0.4515.159 Safari/537.36"
74.7.241.23 - - [11/Feb/2026:00:48:55 +0000] "GET /?path=//sys/class/net/lo/subsystem/lo/subsystem/vethc796c04/subsystem/eth0/device/net/eth0/device/driver HTTP/1.0" 200 3302 "https://hbkconsultancy.com/?path=//sys/class/net/lo/subsystem/lo/subsystem/vethc796c04/subsystem/eth0/device/net/eth0/device" "Mozilla/5.0 AppleWebKit/537.36 (KHTML, like Gecko; compatible; GPTBot/1.3; +https://openai.com/gptbot)"
74.7.241.23 - - [11/Feb/2026:00:48:58 +0000] "GET /?path=//sys/class/net/lo/subsystem/lo/subsystem/vethc796c04/subsystem/eth0/device/net/eth0/subsystem/lo HTTP/1.0" 200 4530 "https://hbkconsultancy.com/?path=//sys/class/net/lo/subsystem/lo/subsystem/vethc796c04/subsystem/eth0/device/net/eth0/subsystem" "Mozilla/5.0 AppleWebKit/537.36 (KHTML, like Gecko; compatible; GPTBot/1.3; +https://openai.com/gptbot)"
74.7.241.23 - - [11/Feb/2026:00:49:01 +0000] "GET /?path=//sys/class/net/lo/subsystem/lo/subsystem/vethc796c04/subsystem/eth0/device/net/eth0/device/power HTTP/1.0" 200 3485 "https://hbkconsultancy.com/?path=//sys/class/net/lo/subsystem/lo/subsystem/vethc796c04/subsystem/eth0/device/net/eth0/device" "Mozilla/5.0 AppleWebKit/537.36 (KHTML, like Gecko; compatible; GPTBot/1.3; +https://openai.com/gptbot)"
74.7.241.23 - - [11/Feb/2026:00:49:04 +0000] "GET /?path=//sys/class/net/lo/subsystem/lo/subsystem/vethc796c04/subsystem/eth0/device/net/eth0/device/net HTTP/1.0" 200 3127 "https://hbkconsultancy.com/?path=//sys/class/net/lo/subsystem/lo/subsystem/vethc796c04/subsystem/eth0/device/net/eth0/device" "Mozilla/5.0 AppleWebKit/537.36 (KHTML, like Gecko; compatible; GPTBot/1.3; +https://openai.com/gptbot)"
74.7.241.23 - - [11/Feb/2026:00:49:07 +0000] "GET /?path=//sys/class/net/lo/subsystem/lo/subsystem/vethc796c04/subsystem/eth0/device/net/eth0/device/subsystem HTTP/1.0" 200 3339 "https://hbkconsultancy.com/?path=//sys/class/net/lo/subsystem/lo/subsystem/vethc796c04/subsystem/eth0/device/net/eth0/device" "Mozilla/5.0 AppleWebKit/537.36 (KHTML, like Gecko; compatible; GPTBot/1.3; +https://openai.com/gptbot)"
74.7.241.23 - - [11/Feb/2026:00:49:11 +0000] "GET /?path=//sys/class/net/lo/subsystem/vethc796c04/upper_docker0/queues HTTP/1.0" 200 3143 "https://hbkconsultancy.com/?path=//sys/class/net/lo/subsystem/vethc796c04/upper_docker0" "Mozilla/5.0 AppleWebKit/537.36 (KHTML, like Gecko; compatible; GPTBot/1.3; +https://openai.com/gptbot)"
74.7.241.23 - - [11/Feb/2026:00:49:14 +0000] "GET /?path=//sys/class/net/eth0/subsystem/vethc796c04/master/subsystem/docker0/subsystem/lo HTTP/1.0" 200 4520 "https://hbkconsultancy.com/?path=//sys/class/net/eth0/subsystem/vethc796c04/master/subsystem/docker0/subsystem" "Mozilla/5.0 AppleWebKit/537.36 (KHTML, like Gecko; compatible; GPTBot/1.3; +https://openai.com/gptbot)"
74.7.241.23 - - [11/Feb/2026:00:49:17 +0000] "GET /?path=//sys/class/net/eth0/subsystem/veth429b22f/master/subsystem/docker0/subsystem/lo HTTP/1.0" 200 4520 "https://hbkconsultancy.com/?path=//sys/class/net/eth0/subsystem/veth429b22f/master/subsystem/docker0/subsystem" "Mozilla/5.0 AppleWebKit/537.36 (KHTML, like Gecko; compatible; GPTBot/1.3; +https://openai.com/gptbot)"
74.7.241.23 - - [11/Feb/2026:00:49:20 +0000] "GET /?path=//sys/class/net/eth0/subsystem/lo/subsystem/veth429b22f/master/subsystem/docker0/brif HTTP/1.0" 200 3212 "https://hbkconsultancy.com/?path=//sys/class/net/eth0/subsystem/lo/subsystem/veth429b22f/master/subsystem/docker0" "Mozilla/5.0 AppleWebKit/537.36 (KHTML, like Gecko; compatible; GPTBot/1.3; +https://openai.com/gptbot)"
74.7.241.23 - - [11/Feb/2026:00:49:23 +0000] "GET /?path=//sys/class/net/eth0/subsystem/lo/subsystem/veth429b22f/master/subsystem/docker0/power HTTP/1.0" 200 3488 "https://hbkconsultancy.com/?path=//sys/class/net/eth0/subsystem/lo/subsystem/veth429b22f/master/subsystem/docker0" "Mozilla/5.0 AppleWebKit/537.36 (KHTML, like Gecko; compatible; GPTBot/1.3; +https://openai.com/gptbot)"
74.7.241.23 - - [11/Feb/2026:00:49:27 +0000] "GET /?path=//sys/class/net/eth0/subsystem/vethc796c04/master/subsystem/lo/subsystem/eth0/queues HTTP/1.0" 200 3348 "https://hbkconsultancy.com/?path=//sys/class/net/eth0/subsystem/vethc796c04/master/subsystem/lo/subsystem/eth0" "Mozilla/5.0 AppleWebKit/537.36 (KHTML, like Gecko; compatible; GPTBot/1.3; +https://openai.com/gptbot)"
74.7.241.23 - - [11/Feb/2026:00:49:30 +0000] "GET /?path=//sys/class/net/lo/subsystem/lo/subsystem/vethc796c04/subsystem/eth0/device/net/eth0/device/driver/virtio2 HTTP/1.0" 200 3535 "https://hbkconsultancy.com/?path=//sys/class/net/lo/subsystem/lo/subsystem/vethc796c04/subsystem/eth0/device/net/eth0/device/driver" "Mozilla/5.0 AppleWebKit/537.36 (KHTML, like Gecko; compatible; GPTBot/1.3; +https://openai.com/gptbot)"
74.7.241.23 - - [11/Feb/2026:00:49:33 +0000] "GET /?path=//sys/class/net/lo/subsystem/lo/subsystem/vethc796c04/subsystem/eth0/device/net/eth0/subsystem/lo/queues HTTP/1.0" 200 3184 "https://hbkconsultancy.com/?path=//sys/class/net/lo/subsystem/lo/subsystem/vethc796c04/subsystem/eth0/device/net/eth0/subsystem/lo" "Mozilla/5.0 AppleWebKit/537.36 (KHTML, like Gecko; compatible; GPTBot/1.3; +https://openai.com/gptbot)"
74.7.241.23 - - [11/Feb/2026:00:49:36 +0000] "GET /?fileloc=//sys/class/net/lo/subsystem/lo/subsystem/vethc796c04/subsystem/eth0/device/net/eth0/device/power/control&path=//sys/class/net/lo/subsystem/lo/subsystem/vethc796c04/subsystem/eth0/device/net/eth0/device/power HTTP/1.0" 200 2837 "https://hbkconsultancy.com/?path=//sys/class/net/lo/subsystem/lo/subsystem/vethc796c04/subsystem/eth0/device/net/eth0/device/power" "Mozilla/5.0 AppleWebKit/537.36 (KHTML, like Gecko; compatible; GPTBot/1.3; +https://openai.com/gptbot)"
74.7.241.23 - - [11/Feb/2026:00:49:39 +0000] "GET /?path=//sys/class/net/lo/subsystem/lo/subsystem/vethc796c04/subsystem/eth0/device/net/eth0/subsystem/lo/power HTTP/1.0" 200 3491 "https://hbkconsultancy.com/?path=//sys/class/net/lo/subsystem/lo/subsystem/vethc796c04/subsystem/eth0/device/net/eth0/subsystem/lo" "Mozilla/5.0 AppleWebKit/537.36 (KHTML, like Gecko; compatible; GPTBot/1.3; +https://openai.com/gptbot)"
74.7.241.23 - - [11/Feb/2026:00:49:43 +0000] "GET /?path=//sys/class/net/lo/subsystem/lo/subsystem/vethc796c04/subsystem/eth0/device/net/eth0/device/subsystem/devices HTTP/1.0" 200 3246 "https://hbkconsultancy.com/?path=//sys/class/net/lo/subsystem/lo/subsystem/vethc796c04/subsystem/eth0/device/net/eth0/device/subsystem" "Mozilla/5.0 AppleWebKit/537.36 (KHTML, like Gecko; compatible; GPTBot/1.3; +https://openai.com/gptbot)"
74.7.241.23 - - [11/Feb/2026:00:49:46 +0000] "GET /?path=//sys/class/net/lo/subsystem/lo/subsystem/vethc796c04/subsystem/eth0/device/net/eth0/device/subsystem/drivers HTTP/1.0" 200 3385 "https://hbkconsultancy.com/?path=//sys/class/net/lo/subsystem/lo/subsystem/vethc796c04/subsystem/eth0/device/net/eth0/device/subsystem" "Mozilla/5.0 AppleWebKit/537.36 (KHTML, like Gecko; compatible; GPTBot/1.3; +https://openai.com/gptbot)"
74.7.241.23 - - [11/Feb/2026:00:49:49 +0000] "GET /?path=//sys/class/net/lo/subsystem/lo/subsystem/vethc796c04/subsystem/eth0/device/net/eth0/subsystem/lo/statistics HTTP/1.0" 200 3969 "https://hbkconsultancy.com/?path=//sys/class/net/lo/subsystem/lo/subsystem/vethc796c04/subsystem/eth0/device/net/eth0/subsystem/lo" "Mozilla/5.0 AppleWebKit/537.36 (KHTML, like Gecko; compatible; GPTBot/1.3; +https://openai.com/gptbot)"
74.7.241.23 - - [11/Feb/2026:00:49:52 +0000] "GET /?path=//sys/class/net/eth0/subsystem/veth429b22f/master/subsystem/docker0/subsystem/lo/power HTTP/1.0" 200 3488 "https://hbkconsultancy.com/?path=//sys/class/net/eth0/subsystem/veth429b22f/master/subsystem/docker0/subsystem/lo" "Mozilla/5.0 AppleWebKit/537.36 (KHTML, like Gecko; compatible; GPTBot/1.3; +https://openai.com/gptbot)"
74.7.241.23 - - [11/Feb/2026:00:49:55 +0000] "GET /?path=//sys/class/net/lo/subsystem/lo/subsystem/vethc796c04/subsystem/eth0/device/net/eth0/subsystem/lo/subsystem HTTP/1.0" 200 3332 "https://hbkconsultancy.com/?path=//sys/class/net/lo/subsystem/lo/subsystem/vethc796c04/subsystem/eth0/device/net/eth0/subsystem/lo" "Mozilla/5.0 AppleWebKit/537.36 (KHTML, like Gecko; compatible; GPTBot/1.3; +https://openai.com/gptbot)"
74.7.241.23 - - [11/Feb/2026:00:49:58 +0000] "GET /?path=//sys/class/net/eth0/subsystem/veth429b22f/master/subsystem/lo/subsystem/eth0/queues HTTP/1.0" 200 3348 "https://hbkconsultancy.com/?path=//sys/class/net/eth0/subsystem/veth429b22f/master/subsystem/lo/subsystem/eth0" "Mozilla/5.0 AppleWebKit/537.36 (KHTML, like Gecko; compatible; GPTBot/1.3; +https://openai.com/gptbot)"
74.7.241.23 - - [11/Feb/2026:00:50:01 +0000] "GET /?path=//sys/class/net/eth0/subsystem/lo/subsystem/veth429b22f/master/subsystem/eth0/queues HTTP/1.0" 200 3347 "https://hbkconsultancy.com/?path=//sys/class/net/eth0/subsystem/lo/subsystem/veth429b22f/master/subsystem/eth0" "Mozilla/5.0 AppleWebKit/537.36 (KHTML, like Gecko; compatible; GPTBot/1.3; +https://openai.com/gptbot)"
74.7.241.23 - - [11/Feb/2026:00:50:04 +0000] "GET /?path=//sys/class/net/lo/subsystem/lo/subsystem/vethc796c04/subsystem/eth0/device/net/eth0/device/driver/virtio2/net HTTP/1.0" 200 3155 "https://hbkconsultancy.com/?path=//sys/class/net/lo/subsystem/lo/subsystem/vethc796c04/subsystem/eth0/device/net/eth0/device/driver/virtio2" "Mozilla/5.0 AppleWebKit/537.36 (KHTML, like Gecko; compatible; GPTBot/1.3; +https://openai.com/gptbot)"
187.111.191.66 - - [11/Feb/2026:00:50:07 +0000] "GET /wp-login.php HTTP/1.0" 200 4360 "-" "Mozilla/5.0 (Windows NT 10.0; Win64; x64) AppleWebKit/537.36 (KHTML, like Gecko) Chrome/131.0.0.0 Safari/537.36"
74.7.241.23 - - [11/Feb/2026:00:50:08 +0000] "GET /?path=//sys/class/net/lo/subsystem/lo/subsystem/vethc796c04/subsystem/eth0/device/net/eth0/subsystem/lo/queues/tx-0 HTTP/1.0" 200 3429 "https://hbkconsultancy.com/?path=//sys/class/net/lo/subsystem/lo/subsystem/vethc796c04/subsystem/eth0/device/net/eth0/subsystem/lo/queues" "Mozilla/5.0 AppleWebKit/537.36 (KHTML, like Gecko; compatible; GPTBot/1.3; +https://openai.com/gptbot)"
187.111.191.66 - - [11/Feb/2026:00:50:10 +0000] "GET /wp-login.php HTTP/1.0" 200 4360 "-" "Mozilla/5.0 (Windows NT 10.0; Win64; x64) AppleWebKit/537.36 (KHTML, like Gecko) Chrome/131.0.0.0 Safari/537.36"
74.7.241.23 - - [11/Feb/2026:00:50:11 +0000] "GET /?path=//sys/class/net/lo/subsystem/lo/subsystem/vethc796c04/subsystem/eth0/device/net/eth0/subsystem/lo/queues/rx-0 HTTP/1.0" 200 3225 "https://hbkconsultancy.com/?path=//sys/class/net/lo/subsystem/lo/subsystem/vethc796c04/subsystem/eth0/device/net/eth0/subsystem/lo/queues" "Mozilla/5.0 AppleWebKit/537.36 (KHTML, like Gecko; compatible; GPTBot/1.3; +https://openai.com/gptbot)"
114.119.137.91 - - [11/Feb/2026:00:50:12 +0000] "GET /2025/page/26/ HTTP/1.0" 200 4360 "https://hbkconsultancy.com/2025/page/24" "Mozilla/5.0 (Linux; Android 7.0;) AppleWebKit/537.36 (KHTML, like Gecko) Mobile Safari/537.36 (compatible; PetalBot;+https://webmaster.petalsearch.com/site/petalbot)"
74.7.241.23 - - [11/Feb/2026:00:50:14 +0000] "GET /?path=//sys/class/net/lo/subsystem/lo/subsystem/vethc796c04/subsystem/eth0/device/net/eth0/device/driver/virtio2/power HTTP/1.0" 200 3512 "https://hbkconsultancy.com/?path=//sys/class/net/lo/subsystem/lo/subsystem/vethc796c04/subsystem/eth0/device/net/eth0/device/driver/virtio2" "Mozilla/5.0 AppleWebKit/537.36 (KHTML, like Gecko; compatible; GPTBot/1.3; +https://openai.com/gptbot)"
179.214.114.34 - - [11/Feb/2026:00:50:15 +0000] "GET /wp-login.php HTTP/1.0" 200 4360 "-" "Mozilla/5.0 (Windows NT 10.0; Win64; x64) AppleWebKit/537.36 (KHTML, like Gecko) Chrome/131.0.0.0 Safari/537.36"
74.7.241.23 - - [11/Feb/2026:00:50:17 +0000] "GET /?path=//sys/class/net/lo/subsystem/lo/subsystem/vethc796c04/subsystem/eth0/device/net/eth0/device/subsystem/devices/virtio0 HTTP/1.0" 200 3511 "https://hbkconsultancy.com/?path=//sys/class/net/lo/subsystem/lo/subsystem/vethc796c04/subsystem/eth0/device/net/eth0/device/subsystem/devices" "Mozilla/5.0 AppleWebKit/537.36 (KHTML, like Gecko; compatible; GPTBot/1.3; +https://openai.com/gptbot)"
179.214.114.34 - - [11/Feb/2026:00:50:18 +0000] "GET /wp-login.php HTTP/1.0" 200 4360 "-" "Mozilla/5.0 (Windows NT 10.0; Win64; x64) AppleWebKit/537.36 (KHTML, like Gecko) Chrome/131.0.0.0 Safari/537.36"
41.188.104.203 - - [11/Feb/2026:00:50:20 +0000] "GET /wp-admin/ HTTP/1.0" 200 6616 "-" "Mozilla/5.0 (Windows NT 10.0; Win64; x64) AppleWebKit/537.36 (KHTML, like Gecko) Chrome/131.0.0.0 Safari/537.36"
74.7.241.23 - - [11/Feb/2026:00:50:20 +0000] "GET /?path=//sys/class/net/lo/subsystem/lo/subsystem/vethc796c04/subsystem/eth0/device/net/eth0/device/subsystem/drivers/virtio_scsi HTTP/1.0" 200 3331 "https://hbkconsultancy.com/?path=//sys/class/net/lo/subsystem/lo/subsystem/vethc796c04/subsystem/eth0/device/net/eth0/device/subsystem/drivers" "Mozilla/5.0 AppleWebKit/537.36 (KHTML, like Gecko; compatible; GPTBot/1.3; +https://openai.com/gptbot)"
41.188.104.203 - - [11/Feb/2026:00:50:22 +0000] "GET /wp-login.php HTTP/1.0" 200 4360 "-" "Mozilla/5.0 (Windows NT 10.0; Win64; x64) AppleWebKit/537.36 (KHTML, like Gecko) Chrome/131.0.0.0 Safari/537.36"
74.7.241.23 - - [11/Feb/2026:00:50:23 +0000] "GET /?path=//sys/class/net/lo/subsystem/lo/subsystem/vethc796c04/subsystem/eth0/device/net/eth0/device/subsystem/drivers/virtio_net HTTP/1.0" 200 3329 "https://hbkconsultancy.com/?path=//sys/class/net/lo/subsystem/lo/subsystem/vethc796c04/subsystem/eth0/device/net/eth0/device/subsystem/drivers" "Mozilla/5.0 AppleWebKit/537.36 (KHTML, like Gecko; compatible; GPTBot/1.3; +https://openai.com/gptbot)"
27.71.53.161 - - [11/Feb/2026:00:50:25 +0000] "GET /wp-login.php HTTP/1.0" 200 4360 "-" "Mozilla/5.0 (Windows NT 10.0; Win64; x64) AppleWebKit/537.36 (KHTML, like Gecko) Chrome/131.0.0.0 Safari/537.36"
74.7.241.23 - - [11/Feb/2026:00:50:27 +0000] "GET /?path=//sys/class/net/lo/subsystem/lo/subsystem/vethc796c04/subsystem/eth0/device/net/eth0/device/subsystem/drivers/virtio_console HTTP/1.0" 200 3335 "https://hbkconsultancy.com/?path=//sys/class/net/lo/subsystem/lo/subsystem/vethc796c04/subsystem/eth0/device/net/eth0/device/subsystem/drivers" "Mozilla/5.0 AppleWebKit/537.36 (KHTML, like Gecko; compatible; GPTBot/1.3; +https://openai.com/gptbot)"
27.71.53.161 - - [11/Feb/2026:00:50:28 +0000] "GET /wp-login.php HTTP/1.0" 200 4360 "-" "Mozilla/5.0 (Windows NT 10.0; Win64; x64) AppleWebKit/537.36 (KHTML, like Gecko) Chrome/131.0.0.0 Safari/537.36"
74.7.241.23 - - [11/Feb/2026:00:50:30 +0000] "GET /?path=//sys/class/net/lo/subsystem/lo/subsystem/vethc796c04/subsystem/eth0/device/net/eth0/device/subsystem/drivers/virtio_iommu HTTP/1.0" 200 3267 "https://hbkconsultancy.com/?path=//sys/class/net/lo/subsystem/lo/subsystem/vethc796c04/subsystem/eth0/device/net/eth0/device/subsystem/drivers" "Mozilla/5.0 AppleWebKit/537.36 (KHTML, like Gecko; compatible; GPTBot/1.3; +https://openai.com/gptbot)"
179.1.121.67 - - [11/Feb/2026:00:50:32 +0000] "GET /wp-login.php HTTP/1.0" 200 4360 "-" "Mozilla/5.0 (Windows NT 10.0; Win64; x64) AppleWebKit/537.36 (KHTML, like Gecko) Chrome/131.0.0.0 Safari/537.36"
74.7.241.23 - - [11/Feb/2026:00:50:33 +0000] "GET /?path=//sys/class/net/lo/subsystem/lo/subsystem/vethc796c04/subsystem/eth0/device/net/eth0/device/driver/virtio2/driver HTTP/1.0" 200 3319 "https://hbkconsultancy.com/?path=//sys/class/net/lo/subsystem/lo/subsystem/vethc796c04/subsystem/eth0/device/net/eth0/device/driver/virtio2" "Mozilla/5.0 AppleWebKit/537.36 (KHTML, like Gecko; compatible; GPTBot/1.3; +https://openai.com/gptbot)"
179.1.121.67 - - [11/Feb/2026:00:50:35 +0000] "GET /wp-login.php HTTP/1.0" 200 4360 "-" "Mozilla/5.0 (Windows NT 10.0; Win64; x64) AppleWebKit/537.36 (KHTML, like Gecko) Chrome/131.0.0.0 Safari/537.36"
74.7.241.23 - - [11/Feb/2026:00:50:36 +0000] "GET /?path=//sys/class/net/lo/subsystem/lo/subsystem/vethc796c04/subsystem/eth0/device/net/eth0/device/subsystem/devices/virtio3 HTTP/1.0" 200 3547 "https://hbkconsultancy.com/?path=//sys/class/net/lo/subsystem/lo/subsystem/vethc796c04/subsystem/eth0/device/net/eth0/device/subsystem/devices" "Mozilla/5.0 AppleWebKit/537.36 (KHTML, like Gecko; compatible; GPTBot/1.3; +https://openai.com/gptbot)"
74.7.241.23 - - [11/Feb/2026:00:50:39 +0000] "GET /?path=//sys/class/net/lo/subsystem/lo/subsystem/vethc796c04/subsystem/eth0/device/net/eth0/device/subsystem/devices/virtio2 HTTP/1.0" 200 3545 "https://hbkconsultancy.com/?path=//sys/class/net/lo/subsystem/lo/subsystem/vethc796c04/subsystem/eth0/device/net/eth0/device/subsystem/devices" "Mozilla/5.0 AppleWebKit/537.36 (KHTML, like Gecko; compatible; GPTBot/1.3; +https://openai.com/gptbot)"
119.93.144.88 - - [11/Feb/2026:00:50:40 +0000] "GET /wp-login.php HTTP/1.0" 200 4360 "-" "Mozilla/5.0 (Windows NT 10.0; Win64; x64) AppleWebKit/537.36 (KHTML, like Gecko) Chrome/131.0.0.0 Safari/537.36"
74.7.241.23 - - [11/Feb/2026:00:50:42 +0000] "GET /?path=//sys/class/net/lo/subsystem/lo/subsystem/vethc796c04/subsystem/eth0/device/net/eth0/device/subsystem/devices/virtio1 HTTP/1.0" 200 3550 "https://hbkconsultancy.com/?path=//sys/class/net/lo/subsystem/lo/subsystem/vethc796c04/subsystem/eth0/device/net/eth0/device/subsystem/devices" "Mozilla/5.0 AppleWebKit/537.36 (KHTML, like Gecko; compatible; GPTBot/1.3; +https://openai.com/gptbot)"
119.93.144.88 - - [11/Feb/2026:00:50:45 +0000] "GET /wp-login.php HTTP/1.0" 200 4360 "-" "Mozilla/5.0 (Windows NT 10.0; Win64; x64) AppleWebKit/537.36 (KHTML, like Gecko) Chrome/131.0.0.0 Safari/537.36"
74.7.241.23 - - [11/Feb/2026:00:50:46 +0000] "GET /?path=//sys/class/net/lo/subsystem/lo/subsystem/vethc796c04/subsystem/eth0/device/net/eth0/device/driver/virtio2/subsystem HTTP/1.0" 200 3364 "https://hbkconsultancy.com/?path=//sys/class/net/lo/subsystem/lo/subsystem/vethc796c04/subsystem/eth0/device/net/eth0/device/driver/virtio2" "Mozilla/5.0 AppleWebKit/537.36 (KHTML, like Gecko; compatible; GPTBot/1.3; +https://openai.com/gptbot)"
102.68.79.131 - - [11/Feb/2026:00:50:47 +0000] "GET /wp-login.php HTTP/1.0" 200 4360 "-" "Mozilla/5.0 (Windows NT 10.0; Win64; x64) AppleWebKit/537.36 (KHTML, like Gecko) Chrome/131.0.0.0 Safari/537.36"
74.7.241.23 - - [11/Feb/2026:00:50:49 +0000] "GET /?path=//sys/class/net/lo/subsystem/lo/subsystem/vethc796c04/subsystem/eth0/device/net/eth0/subsystem/lo/subsystem/lo HTTP/1.0" 200 4556 "https://hbkconsultancy.com/?path=//sys/class/net/lo/subsystem/lo/subsystem/vethc796c04/subsystem/eth0/device/net/eth0/subsystem/lo/subsystem" "Mozilla/5.0 AppleWebKit/537.36 (KHTML, like Gecko; compatible; GPTBot/1.3; +https://openai.com/gptbot)"
102.68.79.131 - - [11/Feb/2026:00:50:50 +0000] "GET /wp-login.php HTTP/1.0" 200 4360 "-" "Mozilla/5.0 (Windows NT 10.0; Win64; x64) AppleWebKit/537.36 (KHTML, like Gecko) Chrome/131.0.0.0 Safari/537.36"
205.185.116.204 - - [11/Feb/2026:00:50:51 +0000] "GET / HTTP/1.0" 200 4360 "-" "Mozilla/5.0 (Windows NT 10.0; Win64; x64) AppleWebKit/537.36 (KHTML, like Gecko) Chrome/92.0.4515.159 Safari/537.36"
74.7.241.23 - - [11/Feb/2026:00:50:52 +0000] "GET /?path=//sys/class/net/lo/subsystem/lo/subsystem/vethc796c04/subsystem/eth0/device/net/eth0/device/subsystem/drivers/virtio_balloon HTTP/1.0" 200 3337 "https://hbkconsultancy.com/?path=//sys/class/net/lo/subsystem/lo/subsystem/vethc796c04/subsystem/eth0/device/net/eth0/device/subsystem/drivers" "Mozilla/5.0 AppleWebKit/537.36 (KHTML, like Gecko; compatible; GPTBot/1.3; +https://openai.com/gptbot)"
185.191.171.18 - - [11/Feb/2026:00:50:54 +0000] "GET /1win-casino-sah-site-bahis-ofisi-slotlar-oyun-makineleri/ HTTP/1.0" 200 4360 "-" "Mozilla/5.0 (compatible; SemrushBot/7~bl; +http://www.semrush.com/bot.html)"
74.7.241.23 - - [11/Feb/2026:00:50:55 +0000] "GET /?path=//sys/class/net/lo/subsystem/lo/subsystem/vethc796c04/subsystem/eth0/device/net/eth0/device/subsystem/drivers/virtio_blk HTTP/1.0" 200 3262 "https://hbkconsultancy.com/?path=//sys/class/net/lo/subsystem/lo/subsystem/vethc796c04/subsystem/eth0/device/net/eth0/device/subsystem/drivers" "Mozilla/5.0 AppleWebKit/537.36 (KHTML, like Gecko; compatible; GPTBot/1.3; +https://openai.com/gptbot)"
190.108.215.36 - - [11/Feb/2026:00:50:58 +0000] "GET /wp-login.php HTTP/1.0" 200 4360 "-" "Mozilla/5.0 (Windows NT 10.0; Win64; x64) AppleWebKit/537.36 (KHTML, like Gecko) Chrome/131.0.0.0 Safari/537.36"
74.7.241.23 - - [11/Feb/2026:00:50:58 +0000] "GET /?path=//sys/class/net/lo/subsystem/lo/subsystem/vethc796c04/subsystem/eth0/device/net/eth0/device/subsystem/drivers/virtio_rproc_serial HTTP/1.0" 200 3274 "https://hbkconsultancy.com/?path=//sys/class/net/lo/subsystem/lo/subsystem/vethc796c04/subsystem/eth0/device/net/eth0/device/subsystem/drivers" "Mozilla/5.0 AppleWebKit/537.36 (KHTML, like Gecko; compatible; GPTBot/1.3; +https://openai.com/gptbot)"
74.7.241.23 - - [11/Feb/2026:00:51:01 +0000] "GET /?path=//sys/class/net/lo/subsystem/lo/subsystem/vethc796c04/subsystem/eth0/device/net/eth0/subsystem/lo/subsystem/eth0 HTTP/1.0" 200 4586 "https://hbkconsultancy.com/?path=//sys/class/net/lo/subsystem/lo/subsystem/vethc796c04/subsystem/eth0/device/net/eth0/subsystem/lo/subsystem" "Mozilla/5.0 AppleWebKit/537.36 (KHTML, like Gecko; compatible; GPTBot/1.3; +https://openai.com/gptbot)"
190.108.215.36 - - [11/Feb/2026:00:51:03 +0000] "GET /wp-login.php HTTP/1.0" 200 4360 "-" "Mozilla/5.0 (Windows NT 10.0; Win64; x64) AppleWebKit/537.36 (KHTML, like Gecko) Chrome/131.0.0.0 Safari/537.36"
74.7.241.23 - - [11/Feb/2026:00:51:05 +0000] "GET /?path=//sys/class/net/lo/subsystem/lo/subsystem/vethc796c04/subsystem/eth0/device/net/eth0/device/driver/virtio2/net/eth0 HTTP/1.0" 200 4610 "https://hbkconsultancy.com/?path=//sys/class/net/lo/subsystem/lo/subsystem/vethc796c04/subsystem/eth0/device/net/eth0/device/driver/virtio2/net" "Mozilla/5.0 AppleWebKit/537.36 (KHTML, like Gecko; compatible; GPTBot/1.3; +https://openai.com/gptbot)"
151.255.120.46 - - [11/Feb/2026:00:51:06 +0000] "GET /wp-login.php HTTP/1.0" 200 4360 "-" "Mozilla/5.0 (Windows NT 10.0; Win64; x64) AppleWebKit/537.36 (KHTML, like Gecko) Chrome/131.0.0.0 Safari/537.36"
151.255.120.46 - - [11/Feb/2026:00:51:07 +0000] "GET /wp-login.php HTTP/1.0" 200 4360 "-" "Mozilla/5.0 (Windows NT 10.0; Win64; x64) AppleWebKit/537.36 (KHTML, like Gecko) Chrome/131.0.0.0 Safari/537.36"
74.7.241.23 - - [11/Feb/2026:00:51:08 +0000] "GET /?path=//sys/class/net/lo/subsystem/lo/subsystem/vethc796c04/subsystem/eth0/device/net/eth0/subsystem/lo/subsystem/docker0 HTTP/1.0" 200 4758 "https://hbkconsultancy.com/?path=//sys/class/net/lo/subsystem/lo/subsystem/vethc796c04/subsystem/eth0/device/net/eth0/subsystem/lo/subsystem" "Mozilla/5.0 AppleWebKit/537.36 (KHTML, like Gecko; compatible; GPTBot/1.3; +https://openai.com/gptbot)"
74.7.241.23 - - [11/Feb/2026:00:51:11 +0000] "GET /?fileloc=//sys/class/net/eth0/subsystem/veth61688aa/master/bridge/hash_elasticity&path=//sys/class/net/eth0/subsystem/veth61688aa/master/bridge HTTP/1.0" 200 2810 "https://hbkconsultancy.com/?path=//sys/class/net/eth0/subsystem/veth61688aa/master/bridge" "Mozilla/5.0 AppleWebKit/537.36 (KHTML, like Gecko; compatible; GPTBot/1.3; +https://openai.com/gptbot)"
74.7.241.23 - - [11/Feb/2026:00:51:14 +0000] "GET /?path=//sys/class/net/lo/subsystem/veth61688aa/upper_docker0 HTTP/1.0" 200 4632 "https://hbkconsultancy.com/?path=//sys/class/net/lo/subsystem/veth61688aa" "Mozilla/5.0 AppleWebKit/537.36 (KHTML, like Gecko; compatible; GPTBot/1.3; +https://openai.com/gptbot)"
74.7.241.23 - - [11/Feb/2026:00:51:17 +0000] "GET /?path=//sys/class/net/eth0/subsystem/veth429b22f/master/subsystem/eth0/device HTTP/1.0" 200 3503 "https://hbkconsultancy.com/?path=//sys/class/net/eth0/subsystem/veth429b22f/master/subsystem/eth0" "Mozilla/5.0 AppleWebKit/537.36 (KHTML, like Gecko; compatible; GPTBot/1.3; +https://openai.com/gptbot)"
74.7.241.23 - - [11/Feb/2026:00:51:20 +0000] "GET /?path=//sys/class/net/eth0/subsystem/veth429b22f/brport/bridge/subsystem/eth0 HTTP/1.0" 200 4535 "https://hbkconsultancy.com/?path=//sys/class/net/eth0/subsystem/veth429b22f/brport/bridge/subsystem" "Mozilla/5.0 AppleWebKit/537.36 (KHTML, like Gecko; compatible; GPTBot/1.3; +https://openai.com/gptbot)"
74.7.241.23 - - [11/Feb/2026:00:51:24 +0000] "GET /?path=//sys/class/net/lo/subsystem/lo/subsystem/vethc796c04/subsystem/eth0/device/net/eth0/subsystem/lo/subsystem/lo/queues HTTP/1.0" 200 3194 "https://hbkconsultancy.com/?path=//sys/class/net/lo/subsystem/lo/subsystem/vethc796c04/subsystem/eth0/device/net/eth0/subsystem/lo/subsystem/lo" "Mozilla/5.0 AppleWebKit/537.36 (KHTML, like Gecko; compatible; GPTBot/1.3; +https://openai.com/gptbot)"
74.7.241.23 - - [11/Feb/2026:00:51:27 +0000] "GET /?path=//sys/class/net/lo/subsystem/lo/subsystem/vethc796c04/subsystem/eth0/device/net/eth0/subsystem/lo/subsystem/lo/power HTTP/1.0" 200 3504 "https://hbkconsultancy.com/?path=//sys/class/net/lo/subsystem/lo/subsystem/vethc796c04/subsystem/eth0/device/net/eth0/subsystem/lo/subsystem/lo" "Mozilla/5.0 AppleWebKit/537.36 (KHTML, like Gecko; compatible; GPTBot/1.3; +https://openai.com/gptbot)"
74.7.241.23 - - [11/Feb/2026:00:51:30 +0000] "GET /?path=//sys/class/net/lo/subsystem/lo/subsystem/vethc796c04/subsystem/eth0/device/net/eth0/subsystem/lo/subsystem/lo/statistics HTTP/1.0" 200 3997 "https://hbkconsultancy.com/?path=//sys/class/net/lo/subsystem/lo/subsystem/vethc796c04/subsystem/eth0/device/net/eth0/subsystem/lo/subsystem/lo" "Mozilla/5.0 AppleWebKit/537.36 (KHTML, like Gecko; compatible; GPTBot/1.3; +https://openai.com/gptbot)"
74.7.241.23 - - [11/Feb/2026:00:51:33 +0000] "GET /?path=//sys/class/net/eth0/subsystem/veth61688aa/brport/bridge/subsystem/eth0 HTTP/1.0" 200 4534 "https://hbkconsultancy.com/?path=//sys/class/net/eth0/subsystem/veth61688aa/brport/bridge/subsystem" "Mozilla/5.0 AppleWebKit/537.36 (KHTML, like Gecko; compatible; GPTBot/1.3; +https://openai.com/gptbot)"
114.119.136.188 - - [11/Feb/2026:00:51:36 +0000] "GET /category/photography/ HTTP/1.0" 200 4360 "https://hbkconsultancy.com/tag/diploma/" "Mozilla/5.0 (Linux; Android 7.0;) AppleWebKit/537.36 (KHTML, like Gecko) Mobile Safari/537.36 (compatible; PetalBot;+https://webmaster.petalsearch.com/site/petalbot)"
74.7.241.23 - - [11/Feb/2026:00:51:36 +0000] "GET /?path=//sys/class/net/lo/subsystem/lo/subsystem/vethc796c04/subsystem/eth0/device/net/eth0/subsystem/lo/subsystem/eth0/power HTTP/1.0" 200 3504 "https://hbkconsultancy.com/?path=//sys/class/net/lo/subsystem/lo/subsystem/vethc796c04/subsystem/eth0/device/net/eth0/subsystem/lo/subsystem/eth0" "Mozilla/5.0 AppleWebKit/537.36 (KHTML, like Gecko; compatible; GPTBot/1.3; +https://openai.com/gptbot)"
74.7.241.23 - - [11/Feb/2026:00:51:39 +0000] "GET /?fileloc=//sys/class/net/lo/subsystem/lo/subsystem/vethc796c04/subsystem/eth0/device/net/eth0/device/driver/virtio2/net/eth0/proto_down&path=//sys/class/net/lo/subsystem/lo/subsystem/vethc796c04/subsystem/eth0/device/net/eth0/device/driver/virtio2/net/eth0 HTTP/1.0" 200 2861 "https://hbkconsultancy.com/?path=//sys/class/net/lo/subsystem/lo/subsystem/vethc796c04/subsystem/eth0/device/net/eth0/device/driver/virtio2/net/eth0" "Mozilla/5.0 AppleWebKit/537.36 (KHTML, like Gecko; compatible; GPTBot/1.3; +https://openai.com/gptbot)"
74.7.241.23 - - [11/Feb/2026:00:51:42 +0000] "GET /?path=//sys/class/net/eth0/subsystem/vethc796c04/master/subsystem/eth0/device HTTP/1.0" 200 3504 "https://hbkconsultancy.com/?path=//sys/class/net/eth0/subsystem/vethc796c04/master/subsystem/eth0" "Mozilla/5.0 AppleWebKit/537.36 (KHTML, like Gecko; compatible; GPTBot/1.3; +https://openai.com/gptbot)"
74.7.241.23 - - [11/Feb/2026:00:51:45 +0000] "GET /?path=//sys/class/net/eth0/subsystem/veth429b22f/master/subsystem/eth0/power HTTP/1.0" 200 3467 "https://hbkconsultancy.com/?path=//sys/class/net/eth0/subsystem/veth429b22f/master/subsystem/eth0" "Mozilla/5.0 AppleWebKit/537.36 (KHTML, like Gecko; compatible; GPTBot/1.3; +https://openai.com/gptbot)"
74.7.241.23 - - [11/Feb/2026:00:51:48 +0000] "GET /?fileloc=//sys/class/net/lo/subsystem/veth61688aa/upper_docker0/dormant&path=//sys/class/net/lo/subsystem/veth61688aa/upper_docker0 HTTP/1.0" 200 2790 "https://hbkconsultancy.com/?path=//sys/class/net/lo/subsystem/veth61688aa/upper_docker0" "Mozilla/5.0 AppleWebKit/537.36 (KHTML, like Gecko; compatible; GPTBot/1.3; +https://openai.com/gptbot)"
74.7.241.23 - - [11/Feb/2026:00:51:52 +0000] "GET /?path=//sys/class/net/eth0/subsystem/veth429b22f/master/subsystem/eth0/device/net HTTP/1.0" 200 3114 "https://hbkconsultancy.com/?path=//sys/class/net/eth0/subsystem/veth429b22f/master/subsystem/eth0/device" "Mozilla/5.0 AppleWebKit/537.36 (KHTML, like Gecko; compatible; GPTBot/1.3; +https://openai.com/gptbot)"
74.7.241.23 - - [11/Feb/2026:00:51:55 +0000] "GET /?path=//sys/class/net/lo/subsystem/veth61688aa/upper_docker0/statistics HTTP/1.0" 200 3959 "https://hbkconsultancy.com/?path=//sys/class/net/lo/subsystem/veth61688aa/upper_docker0" "Mozilla/5.0 AppleWebKit/537.36 (KHTML, like Gecko; compatible; GPTBot/1.3; +https://openai.com/gptbot)"
205.185.116.204 - - [11/Feb/2026:00:51:57 +0000] "GET / HTTP/1.0" 200 4360 "-" "Mozilla/5.0 (Windows NT 10.0; Win64; x64) AppleWebKit/537.36 (KHTML, like Gecko) Chrome/92.0.4515.159 Safari/537.36"
74.7.241.23 - - [11/Feb/2026:00:51:58 +0000] "GET /?fileloc=//sys/class/net/lo/subsystem/veth61688aa/upper_docker0/addr_len&path=//sys/class/net/lo/subsystem/veth61688aa/upper_docker0 HTTP/1.0" 200 2793 "https://hbkconsultancy.com/?path=//sys/class/net/lo/subsystem/veth61688aa/upper_docker0" "Mozilla/5.0 AppleWebKit/537.36 (KHTML, like Gecko; compatible; GPTBot/1.3; +https://openai.com/gptbot)"
74.7.241.23 - - [11/Feb/2026:00:52:01 +0000] "GET /?fileloc=//sys/class/net/lo/subsystem/veth61688aa/upper_docker0/phys_switch_id&path=//sys/class/net/lo/subsystem/veth61688aa/upper_docker0 HTTP/1.0" 200 2795 "https://hbkconsultancy.com/?path=//sys/class/net/lo/subsystem/veth61688aa/upper_docker0" "Mozilla/5.0 AppleWebKit/537.36 (KHTML, like Gecko; compatible; GPTBot/1.3; +https://openai.com/gptbot)"
74.7.241.23 - - [11/Feb/2026:00:52:04 +0000] "GET /?fileloc=//sys/class/net/lo/subsystem/veth61688aa/upper_docker0/phys_port_id&path=//sys/class/net/lo/subsystem/veth61688aa/upper_docker0 HTTP/1.0" 200 2796 "https://hbkconsultancy.com/?path=//sys/class/net/lo/subsystem/veth61688aa/upper_docker0" "Mozilla/5.0 AppleWebKit/537.36 (KHTML, like Gecko; compatible; GPTBot/1.3; +https://openai.com/gptbot)"
74.7.241.23 - - [11/Feb/2026:00:52:07 +0000] "GET /?fileloc=//sys/class/net/lo/subsystem/veth61688aa/upper_docker0/mtu&path=//sys/class/net/lo/subsystem/veth61688aa/upper_docker0 HTTP/1.0" 200 2792 "https://hbkconsultancy.com/?path=//sys/class/net/lo/subsystem/veth61688aa/upper_docker0" "Mozilla/5.0 AppleWebKit/537.36 (KHTML, like Gecko; compatible; GPTBot/1.3; +https://openai.com/gptbot)"
74.7.241.23 - - [11/Feb/2026:00:52:10 +0000] "GET /?fileloc=//sys/class/net/lo/subsystem/veth61688aa/upper_docker0/tx_queue_len&path=//sys/class/net/lo/subsystem/veth61688aa/upper_docker0 HTTP/1.0" 200 2796 "https://hbkconsultancy.com/?path=//sys/class/net/lo/subsystem/veth61688aa/upper_docker0" "Mozilla/5.0 AppleWebKit/537.36 (KHTML, like Gecko; compatible; GPTBot/1.3; +https://openai.com/gptbot)"
136.144.17.3 - - [11/Feb/2026:00:52:12 +0000] "GET / HTTP/1.0" 200 4360 "https://hpk-mec.com/" "Mozilla/5.0 (Windows NT 10.0; WOW64; x64) AppleWebKit/537.36 (KHTML, like Gecko) Chrome/114.0.0.0 Safari/537.36 OPR/89.0.4447.51"
74.7.241.23 - - [11/Feb/2026:00:52:13 +0000] "GET /?fileloc=//sys/class/net/lo/subsystem/veth61688aa/upper_docker0/link_mode&path=//sys/class/net/lo/subsystem/veth61688aa/upper_docker0 HTTP/1.0" 200 2792 "https://hbkconsultancy.com/?path=//sys/class/net/lo/subsystem/veth61688aa/upper_docker0" "Mozilla/5.0 AppleWebKit/537.36 (KHTML, like Gecko; compatible; GPTBot/1.3; +https://openai.com/gptbot)"
74.7.241.23 - - [11/Feb/2026:00:52:17 +0000] "GET /?path=//sys/class/net/eth0/subsystem/vethc796c04/master/subsystem/eth0/device/net HTTP/1.0" 200 3114 "https://hbkconsultancy.com/?path=//sys/class/net/eth0/subsystem/vethc796c04/master/subsystem/eth0/device" "Mozilla/5.0 AppleWebKit/537.36 (KHTML, like Gecko; compatible; GPTBot/1.3; +https://openai.com/gptbot)"
74.7.241.23 - - [11/Feb/2026:00:52:20 +0000] "GET /?fileloc=//sys/class/net/lo/subsystem/veth61688aa/upper_docker0/phys_port_name&path=//sys/class/net/lo/subsystem/veth61688aa/upper_docker0 HTTP/1.0" 200 2796 "https://hbkconsultancy.com/?path=//sys/class/net/lo/subsystem/veth61688aa/upper_docker0" "Mozilla/5.0 AppleWebKit/537.36 (KHTML, like Gecko; compatible; GPTBot/1.3; +https://openai.com/gptbot)"
74.7.241.23 - - [11/Feb/2026:00:52:23 +0000] "GET /?fileloc=//sys/class/net/lo/subsystem/veth61688aa/upper_docker0/dev_port&path=//sys/class/net/lo/subsystem/veth61688aa/upper_docker0 HTTP/1.0" 200 2794 "https://hbkconsultancy.com/?path=//sys/class/net/lo/subsystem/veth61688aa/upper_docker0" "Mozilla/5.0 AppleWebKit/537.36 (KHTML, like Gecko; compatible; GPTBot/1.3; +https://openai.com/gptbot)"
74.7.241.23 - - [11/Feb/2026:00:52:26 +0000] "GET /?path=//sys/class/net/eth0/subsystem/veth429b22f/master/subsystem/eth0/device/net/eth0 HTTP/1.0" 200 4554 "https://hbkconsultancy.com/?path=//sys/class/net/eth0/subsystem/veth429b22f/master/subsystem/eth0/device/net" "Mozilla/5.0 AppleWebKit/537.36 (KHTML, like Gecko; compatible; GPTBot/1.3; +https://openai.com/gptbot)"
74.7.241.23 - - [11/Feb/2026:00:52:29 +0000] "GET /?fileloc=//sys/class/net/lo/subsystem/veth61688aa/upper_docker0/statistics/rx_length_errors&path=//sys/class/net/lo/subsystem/veth61688aa/upper_docker0/statistics HTTP/1.0" 200 2816 "https://hbkconsultancy.com/?path=//sys/class/net/lo/subsystem/veth61688aa/upper_docker0/statistics" "Mozilla/5.0 AppleWebKit/537.36 (KHTML, like Gecko; compatible; GPTBot/1.3; +https://openai.com/gptbot)"
74.7.241.23 - - [11/Feb/2026:00:52:32 +0000] "GET /?fileloc=//sys/class/net/lo/subsystem/veth61688aa/upper_docker0/dev_id&path=//sys/class/net/lo/subsystem/veth61688aa/upper_docker0 HTTP/1.0" 200 2794 "https://hbkconsultancy.com/?path=//sys/class/net/lo/subsystem/veth61688aa/upper_docker0" "Mozilla/5.0 AppleWebKit/537.36 (KHTML, like Gecko; compatible; GPTBot/1.3; +https://openai.com/gptbot)"
74.7.241.23 - - [11/Feb/2026:00:52:35 +0000] "GET /?fileloc=//sys/class/net/eth0/subsystem/veth429b22f/master/subsystem/eth0/power/async&path=//sys/class/net/eth0/subsystem/veth429b22f/master/subsystem/eth0/power HTTP/1.0" 200 2813 "https://hbkconsultancy.com/?path=//sys/class/net/eth0/subsystem/veth429b22f/master/subsystem/eth0/power" "Mozilla/5.0 AppleWebKit/537.36 (KHTML, like Gecko; compatible; GPTBot/1.3; +https://openai.com/gptbot)"
74.7.241.23 - - [11/Feb/2026:00:52:39 +0000] "GET /?fileloc=//sys/class/net/eth0/subsystem/veth429b22f/master/subsystem/eth0/power/runtime_status&path=//sys/class/net/eth0/subsystem/veth429b22f/master/subsystem/eth0/power HTTP/1.0" 200 2824 "https://hbkconsultancy.com/?path=//sys/class/net/eth0/subsystem/veth429b22f/master/subsystem/eth0/power" "Mozilla/5.0 AppleWebKit/537.36 (KHTML, like Gecko; compatible; GPTBot/1.3; +https://openai.com/gptbot)"
74.7.241.23 - - [11/Feb/2026:00:52:42 +0000] "GET /?fileloc=//sys/class/net/eth0/subsystem/veth429b22f/master/subsystem/eth0/power/runtime_usage&path=//sys/class/net/eth0/subsystem/veth429b22f/master/subsystem/eth0/power HTTP/1.0" 200 2817 "https://hbkconsultancy.com/?path=//sys/class/net/eth0/subsystem/veth429b22f/master/subsystem/eth0/power" "Mozilla/5.0 AppleWebKit/537.36 (KHTML, like Gecko; compatible; GPTBot/1.3; +https://openai.com/gptbot)"
74.7.241.23 - - [11/Feb/2026:00:52:45 +0000] "GET /?fileloc=//sys/class/net/eth0/subsystem/veth429b22f/brport/bridge/subsystem/eth0/operstate&path=//sys/class/net/eth0/subsystem/veth429b22f/brport/bridge/subsystem/eth0 HTTP/1.0" 200 2812 "https://hbkconsultancy.com/?path=//sys/class/net/eth0/subsystem/veth429b22f/brport/bridge/subsystem/eth0" "Mozilla/5.0 AppleWebKit/537.36 (KHTML, like Gecko; compatible; GPTBot/1.3; +https://openai.com/gptbot)"
74.7.241.23 - - [11/Feb/2026:00:52:48 +0000] "GET /?fileloc=//sys/class/net/eth0/subsystem/veth61688aa/brport/bridge/subsystem/eth0/operstate&path=//sys/class/net/eth0/subsystem/veth61688aa/brport/bridge/subsystem/eth0 HTTP/1.0" 200 2812 "https://hbkconsultancy.com/?path=//sys/class/net/eth0/subsystem/veth61688aa/brport/bridge/subsystem/eth0" "Mozilla/5.0 AppleWebKit/537.36 (KHTML, like Gecko; compatible; GPTBot/1.3; +https://openai.com/gptbot)"
205.185.116.204 - - [11/Feb/2026:00:52:50 +0000] "GET / HTTP/1.0" 200 4360 "-" "Mozilla/5.0 (Windows NT 10.0; Win64; x64) AppleWebKit/537.36 (KHTML, like Gecko) Chrome/92.0.4515.159 Safari/537.36"
74.7.241.23 - - [11/Feb/2026:00:52:51 +0000] "GET /?path=//sys/class/net/eth0/subsystem/vethc796c04/master/subsystem/eth0/device/net/eth0 HTTP/1.0" 200 4554 "https://hbkconsultancy.com/?path=//sys/class/net/eth0/subsystem/vethc796c04/master/subsystem/eth0/device/net" "Mozilla/5.0 AppleWebKit/537.36 (KHTML, like Gecko; compatible; GPTBot/1.3; +https://openai.com/gptbot)"
74.7.241.23 - - [11/Feb/2026:00:52:54 +0000] "GET /?fileloc=//sys/class/net/eth0/subsystem/veth429b22f/master/subsystem/eth0/device/features&path=//sys/class/net/eth0/subsystem/veth429b22f/master/subsystem/eth0/device HTTP/1.0" 200 2831 "https://hbkconsultancy.com/?path=//sys/class/net/eth0/subsystem/veth429b22f/master/subsystem/eth0/device" "Mozilla/5.0 AppleWebKit/537.36 (KHTML, like Gecko; compatible; GPTBot/1.3; +https://openai.com/gptbot)"
74.7.241.23 - - [11/Feb/2026:00:52:57 +0000] "GET /?fileloc=//sys/class/net/eth0/subsystem/vethc796c04/master/subsystem/eth0/device/status&path=//sys/class/net/eth0/subsystem/vethc796c04/master/subsystem/eth0/device HTTP/1.0" 200 2816 "https://hbkconsultancy.com/?path=//sys/class/net/eth0/subsystem/vethc796c04/master/subsystem/eth0/device" "Mozilla/5.0 AppleWebKit/537.36 (KHTML, like Gecko; compatible; GPTBot/1.3; +https://openai.com/gptbot)"
114.119.137.91 - - [11/Feb/2026:00:52:59 +0000] "GET /my-courses/?cst&query-0-page=36 HTTP/1.0" 200 4360 "http://hbkconsultancy.com/my-courses/?cst&query-0-page=35" "Mozilla/5.0 (Linux; Android 7.0;) AppleWebKit/537.36 (KHTML, like Gecko) Mobile Safari/537.36 (compatible; PetalBot;+https://webmaster.petalsearch.com/site/petalbot)"
74.7.241.23 - - [11/Feb/2026:00:53:01 +0000] "GET /?path=//sys/class/net/eth0/subsystem/veth429b22f/master/subsystem/eth0/device/net/eth0/power HTTP/1.0" 200 3490 "https://hbkconsultancy.com/?path=//sys/class/net/eth0/subsystem/veth429b22f/master/subsystem/eth0/device/net/eth0" "Mozilla/5.0 AppleWebKit/537.36 (KHTML, like Gecko; compatible; GPTBot/1.3; +https://openai.com/gptbot)"
74.7.241.23 - - [11/Feb/2026:00:53:04 +0000] "GET /?path=//sys/class/net/eth0/subsystem/veth429b22f/master/subsystem/eth0/device/net/eth0/queues HTTP/1.0" 200 3347 "https://hbkconsultancy.com/?path=//sys/class/net/eth0/subsystem/veth429b22f/master/subsystem/eth0/device/net/eth0" "Mozilla/5.0 AppleWebKit/537.36 (KHTML, like Gecko; compatible; GPTBot/1.3; +https://openai.com/gptbot)"
74.7.241.23 - - [11/Feb/2026:00:53:07 +0000] "GET /?path=//sys/class/net/eth0/subsystem/veth429b22f/master/subsystem/eth0/device/net/eth0/device HTTP/1.0" 200 3521 "https://hbkconsultancy.com/?path=//sys/class/net/eth0/subsystem/veth429b22f/master/subsystem/eth0/device/net/eth0" "Mozilla/5.0 AppleWebKit/537.36 (KHTML, like Gecko; compatible; GPTBot/1.3; +https://openai.com/gptbot)"
74.7.241.23 - - [11/Feb/2026:00:53:10 +0000] "GET /?path=//sys/class/net/eth0/subsystem/veth429b22f/master/subsystem/eth0/device/net/eth0/statistics HTTP/1.0" 200 3948 "https://hbkconsultancy.com/?path=//sys/class/net/eth0/subsystem/veth429b22f/master/subsystem/eth0/device/net/eth0" "Mozilla/5.0 AppleWebKit/537.36 (KHTML, like Gecko; compatible; GPTBot/1.3; +https://openai.com/gptbot)"
74.7.241.23 - - [11/Feb/2026:00:53:13 +0000] "GET /?fileloc=//sys/class/net/eth0/subsystem/vethc796c04/master/subsystem/eth0/device/uevent&path=//sys/class/net/eth0/subsystem/vethc796c04/master/subsystem/eth0/device HTTP/1.0" 200 2849 "https://hbkconsultancy.com/?path=//sys/class/net/eth0/subsystem/vethc796c04/master/subsystem/eth0/device" "Mozilla/5.0 AppleWebKit/537.36 (KHTML, like Gecko; compatible; GPTBot/1.3; +https://openai.com/gptbot)"
