2001:41d0:303:f29::1 - - [11/Feb/2026:01:20:06 +0000] "GET /%D8%A7%D9%84%D9%85%D8%AA%D8%AC%D8%B1/uncategorized/%D8%AD%D8%B2%D9%85%D9%87-%D8%B1%D9%85%D8%B6%D8%A7%D9%86/feed/?fileloc=/var/www/hbkconsultan_usr/data/www/hbkconsultancy.com/wp-mail.php&path=/var/www/hbkconsultan_usr/data/www/hbkconsultancy.com HTTP/1.0" 200 5796 "-" "Mozilla/5.0 (compatible; MJ12bot/v1.4.8; http://mj12bot.com/)"
74.7.243.214 - - [11/Feb/2026:01:20:09 +0000] "GET /?fileloc=//sys/class/net/lo/subsystem/lo/subsystem/vethc796c04/subsystem/docker0/uevent&path=//sys/class/net/lo/subsystem/lo/subsystem/vethc796c04/subsystem/docker0 HTTP/1.0" 200 2837 "https://hbkconsultancy.com/?path=//sys/class/net/lo/subsystem/lo/subsystem/vethc796c04/subsystem/docker0" "Mozilla/5.0 AppleWebKit/537.36 (KHTML, like Gecko; compatible; GPTBot/1.3; +https://openai.com/gptbot)"
2001:41d0:303:f29::1 - - [11/Feb/2026:01:20:10 +0000] "GET /%D8%A7%D9%84%D9%85%D8%AA%D8%AC%D8%B1/uncategorized/%D8%AD%D8%B2%D9%85%D9%87-%D8%B1%D9%85%D8%B6%D8%A7%D9%86/feed/?fileloc=/var/www/hbkconsultan_usr/data/www/hbkconsultancy.com/wp-settings.php&path=/var/www/hbkconsultan_usr/data/www/hbkconsultancy.com HTTP/1.0" 200 9001 "-" "Mozilla/5.0 (compatible; MJ12bot/v1.4.8; http://mj12bot.com/)"
74.7.243.214 - - [11/Feb/2026:01:20:12 +0000] "GET /?fileloc=//sys/class/net/lo/subsystem/lo/subsystem/vethc796c04/subsystem/docker0/dormant&path=//sys/class/net/lo/subsystem/lo/subsystem/vethc796c04/subsystem/docker0 HTTP/1.0" 200 2801 "https://hbkconsultancy.com/?path=//sys/class/net/lo/subsystem/lo/subsystem/vethc796c04/subsystem/docker0" "Mozilla/5.0 AppleWebKit/537.36 (KHTML, like Gecko; compatible; GPTBot/1.3; +https://openai.com/gptbot)"
2001:41d0:303:f29::1 - - [11/Feb/2026:01:20:13 +0000] "GET /%D8%A7%D9%84%D9%85%D8%AA%D8%AC%D8%B1/uncategorized/%D8%AD%D8%B2%D9%85%D9%87-%D8%B1%D9%85%D8%B6%D8%A7%D9%86/feed/?fileloc=/var/www/hbkconsultan_usr/data/www/hbkconsultancy.com/wp-signup.php&path=/var/www/hbkconsultan_usr/data/www/hbkconsultancy.com HTTP/1.0" 200 10813 "-" "Mozilla/5.0 (compatible; MJ12bot/v1.4.8; http://mj12bot.com/)"
74.7.243.214 - - [11/Feb/2026:01:20:15 +0000] "GET /?fileloc=//sys/class/net/lo/subsystem/lo/subsystem/vethc796c04/subsystem/docker0/threaded&path=//sys/class/net/lo/subsystem/lo/subsystem/vethc796c04/subsystem/docker0 HTTP/1.0" 200 2801 "https://hbkconsultancy.com/?path=//sys/class/net/lo/subsystem/lo/subsystem/vethc796c04/subsystem/docker0" "Mozilla/5.0 AppleWebKit/537.36 (KHTML, like Gecko; compatible; GPTBot/1.3; +https://openai.com/gptbot)"
2001:41d0:303:f29::1 - - [11/Feb/2026:01:20:16 +0000] "GET /%D8%A7%D9%84%D9%85%D8%AA%D8%AC%D8%B1/uncategorized/%D8%AD%D8%B2%D9%85%D9%87-%D8%B1%D9%85%D8%B6%D8%A7%D9%86/feed/?fileloc=/var/www/hbkconsultan_usr/data/www/hbkconsultancy.com/wp-sx-generator.php&path=/var/www/hbkconsultan_usr/data/www/hbkconsultancy.com HTTP/1.0" 200 3097 "-" "Mozilla/5.0 (compatible; MJ12bot/v1.4.8; http://mj12bot.com/)"
74.7.243.214 - - [11/Feb/2026:01:20:18 +0000] "GET /?fileloc=//sys/class/net/lo/subsystem/lo/subsystem/vethc796c04/subsystem/docker0/mtu&path=//sys/class/net/lo/subsystem/lo/subsystem/vethc796c04/subsystem/docker0 HTTP/1.0" 200 2801 "https://hbkconsultancy.com/?path=//sys/class/net/lo/subsystem/lo/subsystem/vethc796c04/subsystem/docker0" "Mozilla/5.0 AppleWebKit/537.36 (KHTML, like Gecko; compatible; GPTBot/1.3; +https://openai.com/gptbot)"
2001:41d0:303:f29::1 - - [11/Feb/2026:01:20:20 +0000] "GET /%D8%A7%D9%84%D9%85%D8%AA%D8%AC%D8%B1/uncategorized/%D8%AD%D8%B2%D9%85%D9%87-%D8%B1%D9%85%D8%B6%D8%A7%D9%86/feed/?fileloc=/var/www/hbkconsultan_usr/data/www/hbkconsultancy.com/wp-trackback.php&path=/var/www/hbkconsultan_usr/data/www/hbkconsultancy.com HTTP/1.0" 200 4622 "-" "Mozilla/5.0 (compatible; MJ12bot/v1.4.8; http://mj12bot.com/)"
74.7.243.214 - - [11/Feb/2026:01:20:21 +0000] "GET /?path=//sys/class/net/eth0/subsystem/lo/subsystem/vethc796c04/subsystem/eth0/device/net/eth0/device/driver/virtio2/net/eth0/queues HTTP/1.0" 200 3420 "https://hbkconsultancy.com/?path=//sys/class/net/eth0/subsystem/lo/subsystem/vethc796c04/subsystem/eth0/device/net/eth0/device/driver/virtio2/net/eth0" "Mozilla/5.0 AppleWebKit/537.36 (KHTML, like Gecko; compatible; GPTBot/1.3; +https://openai.com/gptbot)"
2001:41d0:303:f29::1 - - [11/Feb/2026:01:20:23 +0000] "GET /%D8%A7%D9%84%D9%85%D8%AA%D8%AC%D8%B1/uncategorized/%D8%AD%D8%B2%D9%85%D9%87-%D8%B1%D9%85%D8%B6%D8%A7%D9%86/feed/?path=/ HTTP/1.0" 200 3786 "-" "Mozilla/5.0 (compatible; MJ12bot/v1.4.8; http://mj12bot.com/)"
74.7.243.214 - - [11/Feb/2026:01:20:24 +0000] "GET /?path=//sys/class/net/eth0/subsystem/vethc796c04/master/subsystem/eth0/device/net/eth0/device/subsystem/devices/virtio2/net/eth0 HTTP/1.0" 200 4640 "https://hbkconsultancy.com/?path=//sys/class/net/eth0/subsystem/vethc796c04/master/subsystem/eth0/device/net/eth0/device/subsystem/devices/virtio2/net" "Mozilla/5.0 AppleWebKit/537.36 (KHTML, like Gecko; compatible; GPTBot/1.3; +https://openai.com/gptbot)"
74.7.243.214 - - [11/Feb/2026:01:20:27 +0000] "GET /?path=//sys/class/net/eth0/subsystem/lo/subsystem/vethc796c04/subsystem/eth0/device/net/eth0/device/driver/virtio2/net/eth0/statistics HTTP/1.0" 200 4052 "https://hbkconsultancy.com/?path=//sys/class/net/eth0/subsystem/lo/subsystem/vethc796c04/subsystem/eth0/device/net/eth0/device/driver/virtio2/net/eth0" "Mozilla/5.0 AppleWebKit/537.36 (KHTML, like Gecko; compatible; GPTBot/1.3; +https://openai.com/gptbot)"
2001:41d0:303:f29::1 - - [11/Feb/2026:01:20:27 +0000] "GET /%D8%A7%D9%84%D9%85%D8%AA%D8%AC%D8%B1/uncategorized/%D8%AD%D8%B2%D9%85%D9%87-%D8%B1%D9%85%D8%B6%D8%A7%D9%86/feed/?path=/var/www/hbkconsultan_usr HTTP/1.0" 200 3038 "-" "Mozilla/5.0 (compatible; MJ12bot/v1.4.8; http://mj12bot.com/)"
74.7.243.214 - - [11/Feb/2026:01:20:30 +0000] "GET /?path=//sys/class/net/eth0/subsystem/vethc796c04/subsystem/lo/subsystem/eth0/device/net/eth0/device/driver/virtio2/net/eth0/queues HTTP/1.0" 200 3420 "https://hbkconsultancy.com/?path=//sys/class/net/eth0/subsystem/vethc796c04/subsystem/lo/subsystem/eth0/device/net/eth0/device/driver/virtio2/net/eth0" "Mozilla/5.0 AppleWebKit/537.36 (KHTML, like Gecko; compatible; GPTBot/1.3; +https://openai.com/gptbot)"
2001:41d0:303:f29::1 - - [11/Feb/2026:01:20:30 +0000] "GET /%D8%A7%D9%84%D9%85%D8%AA%D8%AC%D8%B1/uncategorized/%D8%AD%D8%B2%D9%85%D9%87-%D8%B1%D9%85%D8%B6%D8%A7%D9%86/feed/?path=/var/www/hbkconsultan_usr/data HTTP/1.0" 200 3348 "-" "Mozilla/5.0 (compatible; MJ12bot/v1.4.8; http://mj12bot.com/)"
74.7.243.214 - - [11/Feb/2026:01:20:33 +0000] "GET /?path=//sys/class/net/eth0/subsystem/veth429b22f/master/subsystem/eth0/device/net/eth0/device/subsystem/devices/virtio3/host0 HTTP/1.0" 200 3374 "https://hbkconsultancy.com/?path=//sys/class/net/eth0/subsystem/veth429b22f/master/subsystem/eth0/device/net/eth0/device/subsystem/devices/virtio3" "Mozilla/5.0 AppleWebKit/537.36 (KHTML, like Gecko; compatible; GPTBot/1.3; +https://openai.com/gptbot)"
2001:41d0:303:f29::1 - - [11/Feb/2026:01:20:34 +0000] "GET /%D8%A7%D9%84%D9%85%D8%AA%D8%AC%D8%B1/uncategorized/%D8%AD%D8%B2%D9%85%D9%87-%D8%B1%D9%85%D8%B6%D8%A7%D9%86/feed/?path=/var/www/hbkconsultan_usr/data/www HTTP/1.0" 200 3044 "-" "Mozilla/5.0 (compatible; MJ12bot/v1.4.8; http://mj12bot.com/)"
74.7.243.214 - - [11/Feb/2026:01:20:36 +0000] "GET /?path=//sys/class/net/eth0/subsystem/vethc796c04/master/subsystem/eth0/device/net/eth0/device/subsystem/devices/virtio3/host0 HTTP/1.0" 200 3374 "https://hbkconsultancy.com/?path=//sys/class/net/eth0/subsystem/vethc796c04/master/subsystem/eth0/device/net/eth0/device/subsystem/devices/virtio3" "Mozilla/5.0 AppleWebKit/537.36 (KHTML, like Gecko; compatible; GPTBot/1.3; +https://openai.com/gptbot)"
2001:41d0:303:f29::1 - - [11/Feb/2026:01:20:37 +0000] "GET /%D8%A7%D9%84%D9%85%D8%AA%D8%AC%D8%B1/uncategorized/%D8%AD%D8%B2%D9%85%D9%87-%D8%B1%D9%85%D8%B6%D8%A7%D9%86/feed/?path=/var/www/hbkconsultan_usr/data/www/hbkconsultancy.com HTTP/1.0" 200 4360 "-" "Mozilla/5.0 (compatible; MJ12bot/v1.4.8; http://mj12bot.com/)"
74.7.243.214 - - [11/Feb/2026:01:20:39 +0000] "GET /?path=//sys/class/net/eth0/subsystem/vethc796c04/master/subsystem/lo/subsystem/eth0/device/net/eth0/device/driver/virtio2/net HTTP/1.0" 200 3169 "https://hbkconsultancy.com/?path=//sys/class/net/eth0/subsystem/vethc796c04/master/subsystem/lo/subsystem/eth0/device/net/eth0/device/driver/virtio2" "Mozilla/5.0 AppleWebKit/537.36 (KHTML, like Gecko; compatible; GPTBot/1.3; +https://openai.com/gptbot)"
2001:41d0:303:f29::1 - - [11/Feb/2026:01:20:41 +0000] "GET /%D8%A7%D9%84%D9%85%D8%AA%D8%AC%D8%B1/uncategorized/%D8%AD%D8%B2%D9%85%D9%87-%D8%B1%D9%85%D8%B6%D8%A7%D9%86/feed/?path=/var/www/hbkconsultan_usr/data/www/hbkconsultancy.com/.tmb HTTP/1.0" 200 2809 "-" "Mozilla/5.0 (compatible; MJ12bot/v1.4.8; http://mj12bot.com/)"
74.7.243.214 - - [11/Feb/2026:01:20:43 +0000] "GET /?path=//sys/class/net/eth0/subsystem/lo/subsystem/vethc796c04/master/subsystem/eth0/device/net/eth0/device/driver/virtio2/net/eth0 HTTP/1.0" 200 4660 "https://hbkconsultancy.com/?path=//sys/class/net/eth0/subsystem/lo/subsystem/vethc796c04/master/subsystem/eth0/device/net/eth0/device/driver/virtio2/net" "Mozilla/5.0 AppleWebKit/537.36 (KHTML, like Gecko; compatible; GPTBot/1.3; +https://openai.com/gptbot)"
2001:41d0:303:f29::1 - - [11/Feb/2026:01:20:44 +0000] "GET /%D8%A7%D9%84%D9%85%D8%AA%D8%AC%D8%B1/uncategorized/%D8%AD%D8%B2%D9%85%D9%87-%D8%B1%D9%85%D8%B6%D8%A7%D9%86/feed/?path=/var/www/hbkconsultan_usr/data/www/hbkconsultancy.com/images HTTP/1.0" 200 3326 "-" "Mozilla/5.0 (compatible; MJ12bot/v1.4.8; http://mj12bot.com/)"
74.7.243.214 - - [11/Feb/2026:01:20:46 +0000] "GET /?path=//sys/class/net/eth0/subsystem/veth429b22f/master/subsystem/eth0/device/net/eth0/device/subsystem/devices/virtio2/net/eth0 HTTP/1.0" 200 4640 "https://hbkconsultancy.com/?path=//sys/class/net/eth0/subsystem/veth429b22f/master/subsystem/eth0/device/net/eth0/device/subsystem/devices/virtio2/net" "Mozilla/5.0 AppleWebKit/537.36 (KHTML, like Gecko; compatible; GPTBot/1.3; +https://openai.com/gptbot)"
2001:41d0:303:f29::1 - - [11/Feb/2026:01:20:48 +0000] "GET /%D8%A7%D9%84%D9%85%D8%AA%D8%AC%D8%B1/uncategorized/%D8%AD%D8%B2%D9%85%D9%87-%D8%B1%D9%85%D8%B6%D8%A7%D9%86/feed/?path=/var/www/hbkconsultan_usr/data/www/hbkconsultancy.com/wp-admin HTTP/1.0" 200 6616 "-" "Mozilla/5.0 (compatible; MJ12bot/v1.4.8; http://mj12bot.com/)"
74.7.243.214 - - [11/Feb/2026:01:20:49 +0000] "GET /?path=//sys/class/net/eth0/subsystem/lo/subsystem/veth429b22f/master/subsystem/eth0/device/net/eth0/device/driver/virtio2/net/eth0 HTTP/1.0" 200 4659 "https://hbkconsultancy.com/?path=//sys/class/net/eth0/subsystem/lo/subsystem/veth429b22f/master/subsystem/eth0/device/net/eth0/device/driver/virtio2/net" "Mozilla/5.0 AppleWebKit/537.36 (KHTML, like Gecko; compatible; GPTBot/1.3; +https://openai.com/gptbot)"
2001:41d0:303:f29::1 - - [11/Feb/2026:01:20:51 +0000] "GET /%D8%A7%D9%84%D9%85%D8%AA%D8%AC%D8%B1/uncategorized/%D8%AD%D8%B2%D9%85%D9%87-%D8%B1%D9%85%D8%B6%D8%A7%D9%86/feed/?path=/var/www/hbkconsultan_usr/data/www/hbkconsultancy.com/wp-content HTTP/1.0" 200 3691 "-" "Mozilla/5.0 (compatible; MJ12bot/v1.4.8; http://mj12bot.com/)"
74.7.243.214 - - [11/Feb/2026:01:20:52 +0000] "GET /?path=//sys/class/net/eth0/subsystem/veth429b22f/master/subsystem/lo/subsystem/eth0/device/net/eth0/device/driver/virtio2/net HTTP/1.0" 200 3169 "https://hbkconsultancy.com/?path=//sys/class/net/eth0/subsystem/veth429b22f/master/subsystem/lo/subsystem/eth0/device/net/eth0/device/driver/virtio2" "Mozilla/5.0 AppleWebKit/537.36 (KHTML, like Gecko; compatible; GPTBot/1.3; +https://openai.com/gptbot)"
2001:41d0:303:f29::1 - - [11/Feb/2026:01:20:55 +0000] "GET /%D8%A7%D9%84%D9%85%D8%AA%D8%AC%D8%B1/uncategorized/%D8%AD%D8%B2%D9%85%D9%87-%D8%B1%D9%85%D8%B6%D8%A7%D9%86/feed/?path=/var/www/hbkconsultan_usr/data/www/hbkconsultancy.com/wp-includes HTTP/1.0" 200 12588 "-" "Mozilla/5.0 (compatible; MJ12bot/v1.4.8; http://mj12bot.com/)"
74.7.243.214 - - [11/Feb/2026:01:20:55 +0000] "GET /?path=//sys/class/net/eth0/subsystem/lo/subsystem/vethc796c04/subsystem/eth0/device/net/eth0/device/driver/virtio2/net/eth0/queues/tx-2 HTTP/1.0" 200 3470 "https://hbkconsultancy.com/?path=//sys/class/net/eth0/subsystem/lo/subsystem/vethc796c04/subsystem/eth0/device/net/eth0/device/driver/virtio2/net/eth0/queues" "Mozilla/5.0 AppleWebKit/537.36 (KHTML, like Gecko; compatible; GPTBot/1.3; +https://openai.com/gptbot)"
74.7.243.214 - - [11/Feb/2026:01:20:58 +0000] "GET /?fileloc=//sys/class/net/eth0/subsystem/vethc796c04/master/subsystem/eth0/device/net/eth0/device/subsystem/devices/virtio2/net/eth0/testing&path=//sys/class/net/eth0/subsystem/vethc796c04/master/subsystem/eth0/device/net/eth0/device/subsystem/devices/virtio2/net/eth0 HTTP/1.0" 200 2869 "https://hbkconsultancy.com/?path=//sys/class/net/eth0/subsystem/vethc796c04/master/subsystem/eth0/device/net/eth0/device/subsystem/devices/virtio2/net/eth0" "Mozilla/5.0 AppleWebKit/537.36 (KHTML, like Gecko; compatible; GPTBot/1.3; +https://openai.com/gptbot)"
2001:41d0:303:f29::1 - - [11/Feb/2026:01:20:58 +0000] "GET /%D8%A7%D9%84%D9%85%D8%AA%D8%AC%D8%B1/uncategorized/%D9%85%D9%86%D8%AA%D8%AC-%D8%B1%D9%82%D9%85%D9%8A/?fileloc=/var/www/hbkconsultan_usr/data/www/hbkconsultancy.com/.htaccess&path=/var/www/hbkconsultan_usr/data/www/hbkconsultancy.com HTTP/1.0" 200 3540 "-" "Mozilla/5.0 (compatible; MJ12bot/v1.4.8; http://mj12bot.com/)"
74.7.243.214 - - [11/Feb/2026:01:21:01 +0000] "GET /?path=//sys/class/net/eth0/subsystem/lo/subsystem/vethc796c04/subsystem/eth0/device/net/eth0/device/driver/virtio2/net/eth0/queues/tx-3 HTTP/1.0" 200 3471 "https://hbkconsultancy.com/?path=//sys/class/net/eth0/subsystem/lo/subsystem/vethc796c04/subsystem/eth0/device/net/eth0/device/driver/virtio2/net/eth0/queues" "Mozilla/5.0 AppleWebKit/537.36 (KHTML, like Gecko; compatible; GPTBot/1.3; +https://openai.com/gptbot)"
2001:41d0:303:f29::1 - - [11/Feb/2026:01:21:02 +0000] "GET /%D8%A7%D9%84%D9%85%D8%AA%D8%AC%D8%B1/uncategorized/%D9%85%D9%86%D8%AA%D8%AC-%D8%B1%D9%82%D9%85%D9%8A/?fileloc=/var/www/hbkconsultan_usr/data/www/hbkconsultancy.com/bgymj.php&path=/var/www/hbkconsultan_usr/data/www/hbkconsultancy.com HTTP/1.0" 200 8158 "-" "Mozilla/5.0 (compatible; MJ12bot/v1.4.8; http://mj12bot.com/)"
74.7.243.214 - - [11/Feb/2026:01:21:05 +0000] "GET /?path=//sys/class/net/eth0/subsystem/vethc796c04/subsystem/lo/subsystem/eth0/device/net/eth0/device/driver/virtio2/net/eth0/queues/tx-3 HTTP/1.0" 200 3469 "https://hbkconsultancy.com/?path=//sys/class/net/eth0/subsystem/vethc796c04/subsystem/lo/subsystem/eth0/device/net/eth0/device/driver/virtio2/net/eth0/queues" "Mozilla/5.0 AppleWebKit/537.36 (KHTML, like Gecko; compatible; GPTBot/1.3; +https://openai.com/gptbot)"
2001:41d0:303:f29::1 - - [11/Feb/2026:01:21:05 +0000] "GET /%D8%A7%D9%84%D9%85%D8%AA%D8%AC%D8%B1/uncategorized/%D9%85%D9%86%D8%AA%D8%AC-%D8%B1%D9%82%D9%85%D9%8A/?fileloc=/var/www/hbkconsultan_usr/data/www/hbkconsultancy.com/grsiuk.php&path=/var/www/hbkconsultan_usr/data/www/hbkconsultancy.com HTTP/1.0" 200 699291 "-" "Mozilla/5.0 (compatible; MJ12bot/v1.4.8; http://mj12bot.com/)"
74.7.243.214 - - [11/Feb/2026:01:21:08 +0000] "GET /?path=//sys/class/net/eth0/subsystem/veth429b22f/master/subsystem/eth0/device/net/eth0/device/subsystem/devices/virtio3/host0/target0:0:0 HTTP/1.0" 200 3353 "https://hbkconsultancy.com/?path=//sys/class/net/eth0/subsystem/veth429b22f/master/subsystem/eth0/device/net/eth0/device/subsystem/devices/virtio3/host0" "Mozilla/5.0 AppleWebKit/537.36 (KHTML, like Gecko; compatible; GPTBot/1.3; +https://openai.com/gptbot)"
2001:41d0:303:f29::1 - - [11/Feb/2026:01:21:09 +0000] "GET /%D8%A7%D9%84%D9%85%D8%AA%D8%AC%D8%B1/uncategorized/%D9%85%D9%86%D8%AA%D8%AC-%D8%B1%D9%82%D9%85%D9%8A/?fileloc=/var/www/hbkconsultan_usr/data/www/hbkconsultancy.com/index.php&path=/var/www/hbkconsultan_usr/data/www/hbkconsultancy.com HTTP/1.0" 200 8545 "-" "Mozilla/5.0 (compatible; MJ12bot/v1.4.8; http://mj12bot.com/)"
74.7.243.214 - - [11/Feb/2026:01:21:11 +0000] "GET /?path=//sys/class/net/eth0/subsystem/vethc796c04/master/subsystem/eth0/device/net/eth0/device/subsystem/devices/virtio3/host0/target0:0:0 HTTP/1.0" 200 3354 "https://hbkconsultancy.com/?path=//sys/class/net/eth0/subsystem/vethc796c04/master/subsystem/eth0/device/net/eth0/device/subsystem/devices/virtio3/host0" "Mozilla/5.0 AppleWebKit/537.36 (KHTML, like Gecko; compatible; GPTBot/1.3; +https://openai.com/gptbot)"
2001:41d0:303:f29::1 - - [11/Feb/2026:01:21:13 +0000] "GET /%D8%A7%D9%84%D9%85%D8%AA%D8%AC%D8%B1/uncategorized/%D9%85%D9%86%D8%AA%D8%AC-%D8%B1%D9%82%D9%85%D9%8A/?fileloc=/var/www/hbkconsultan_usr/data/www/hbkconsultancy.com/inege.php&path=/var/www/hbkconsultan_usr/data/www/hbkconsultancy.com HTTP/1.0" 200 717409 "-" "Mozilla/5.0 (compatible; MJ12bot/v1.4.8; http://mj12bot.com/)"
74.7.243.214 - - [11/Feb/2026:01:21:14 +0000] "GET /?path=//sys/class/net/eth0/subsystem/vethc796c04/subsystem/lo/subsystem/eth0/device/net/eth0/device/driver/virtio2/net/eth0/queues/rx-1 HTTP/1.0" 200 3333 "https://hbkconsultancy.com/?path=//sys/class/net/eth0/subsystem/vethc796c04/subsystem/lo/subsystem/eth0/device/net/eth0/device/driver/virtio2/net/eth0/queues" "Mozilla/5.0 AppleWebKit/537.36 (KHTML, like Gecko; compatible; GPTBot/1.3; +https://openai.com/gptbot)"
2001:41d0:303:f29::1 - - [11/Feb/2026:01:21:16 +0000] "GET /%D8%A7%D9%84%D9%85%D8%AA%D8%AC%D8%B1/uncategorized/%D9%85%D9%86%D8%AA%D8%AC-%D8%B1%D9%82%D9%85%D9%8A/?fileloc=/var/www/hbkconsultan_usr/data/www/hbkconsultancy.com/license.txt&path=/var/www/hbkconsultan_usr/data/www/hbkconsultancy.com HTTP/1.0" 200 10092 "-" "Mozilla/5.0 (compatible; MJ12bot/v1.4.8; http://mj12bot.com/)"
74.7.243.214 - - [11/Feb/2026:01:21:17 +0000] "GET /?fileloc=//sys/class/net/eth0/subsystem/lo/subsystem/vethc796c04/master/subsystem/eth0/device/net/eth0/device/driver/virtio2/net/eth0/tx_queue_len&path=//sys/class/net/eth0/subsystem/lo/subsystem/vethc796c04/master/subsystem/eth0/device/net/eth0/device/driver/virtio2/net/eth0 HTTP/1.0" 200 2882 "https://hbkconsultancy.com/?path=//sys/class/net/eth0/subsystem/lo/subsystem/vethc796c04/master/subsystem/eth0/device/net/eth0/device/driver/virtio2/net/eth0" "Mozilla/5.0 AppleWebKit/537.36 (KHTML, like Gecko; compatible; GPTBot/1.3; +https://openai.com/gptbot)"
2001:41d0:303:f29::1 - - [11/Feb/2026:01:21:20 +0000] "GET /%D8%A7%D9%84%D9%85%D8%AA%D8%AC%D8%B1/uncategorized/%D9%85%D9%86%D8%AA%D8%AC-%D8%B1%D9%82%D9%85%D9%8A/?fileloc=/var/www/hbkconsultan_usr/data/www/hbkconsultancy.com/readme.html&path=/var/www/hbkconsultan_usr/data/www/hbkconsultancy.com HTTP/1.0" 200 5804 "-" "Mozilla/5.0 (compatible; MJ12bot/v1.4.8; http://mj12bot.com/)"
74.7.243.214 - - [11/Feb/2026:01:21:20 +0000] "GET /?path=//sys/class/net/eth0/subsystem/vethc796c04/subsystem/lo/subsystem/eth0/device/net/eth0/device/driver/virtio2/net/eth0/queues/tx-1 HTTP/1.0" 200 3469 "https://hbkconsultancy.com/?path=//sys/class/net/eth0/subsystem/vethc796c04/subsystem/lo/subsystem/eth0/device/net/eth0/device/driver/virtio2/net/eth0/queues" "Mozilla/5.0 AppleWebKit/537.36 (KHTML, like Gecko; compatible; GPTBot/1.3; +https://openai.com/gptbot)"
2001:41d0:303:f29::1 - - [11/Feb/2026:01:21:23 +0000] "GET /%D8%A7%D9%84%D9%85%D8%AA%D8%AC%D8%B1/uncategorized/%D9%85%D9%86%D8%AA%D8%AC-%D8%B1%D9%82%D9%85%D9%8A/?fileloc=/var/www/hbkconsultan_usr/data/www/hbkconsultancy.com/robots.txt&path=/var/www/hbkconsultan_usr/data/www/hbkconsultancy.com HTTP/1.0" 200 2820 "-" "Mozilla/5.0 (compatible; MJ12bot/v1.4.8; http://mj12bot.com/)"
74.7.243.214 - - [11/Feb/2026:01:21:23 +0000] "GET /?path=//sys/class/net/eth0/subsystem/lo/subsystem/vethc796c04/subsystem/eth0/device/net/eth0/device/driver/virtio2/net/eth0/queues/rx-1 HTTP/1.0" 200 3333 "https://hbkconsultancy.com/?path=//sys/class/net/eth0/subsystem/lo/subsystem/vethc796c04/subsystem/eth0/device/net/eth0/device/driver/virtio2/net/eth0/queues" "Mozilla/5.0 AppleWebKit/537.36 (KHTML, like Gecko; compatible; GPTBot/1.3; +https://openai.com/gptbot)"
114.119.130.54 - - [11/Feb/2026:01:21:25 +0000] "GET /pinup/ HTTP/1.0" 200 4360 "https://hbkconsultancy.com/new-no-deposit-bonus-deals-february-6-2025-2" "Mozilla/5.0 (Linux; Android 7.0;) AppleWebKit/537.36 (KHTML, like Gecko) Mobile Safari/537.36 (compatible; PetalBot;+https://webmaster.petalsearch.com/site/petalbot)"
205.185.116.204 - - [11/Feb/2026:01:21:26 +0000] "GET / HTTP/1.0" 200 4360 "-" "Mozilla/5.0 (Windows NT 10.0; Win64; x64) AppleWebKit/537.36 (KHTML, like Gecko) Chrome/92.0.4515.159 Safari/537.36"
74.7.243.214 - - [11/Feb/2026:01:21:27 +0000] "GET /?path=//sys/class/net/eth0/subsystem/lo/subsystem/vethc796c04/subsystem/eth0/device/net/eth0/device/driver/virtio2/net/eth0/queues/tx-1 HTTP/1.0" 200 3471 "https://hbkconsultancy.com/?path=//sys/class/net/eth0/subsystem/lo/subsystem/vethc796c04/subsystem/eth0/device/net/eth0/device/driver/virtio2/net/eth0/queues" "Mozilla/5.0 AppleWebKit/537.36 (KHTML, like Gecko; compatible; GPTBot/1.3; +https://openai.com/gptbot)"
2001:41d0:303:f29::1 - - [11/Feb/2026:01:21:27 +0000] "GET /%D8%A7%D9%84%D9%85%D8%AA%D8%AC%D8%B1/uncategorized/%D9%85%D9%86%D8%AA%D8%AC-%D8%B1%D9%82%D9%85%D9%8A/?fileloc=/var/www/hbkconsultan_usr/data/www/hbkconsultancy.com/todo.php&path=/var/www/hbkconsultan_usr/data/www/hbkconsultancy.com HTTP/1.0" 200 3111 "-" "Mozilla/5.0 (compatible; MJ12bot/v1.4.8; http://mj12bot.com/)"
74.7.243.214 - - [11/Feb/2026:01:21:30 +0000] "GET /?path=//sys/class/net/eth0/subsystem/lo/subsystem/vethc796c04/subsystem/eth0/device/net/eth0/device/driver/virtio2/net/eth0/queues/rx-2 HTTP/1.0" 200 3333 "https://hbkconsultancy.com/?path=//sys/class/net/eth0/subsystem/lo/subsystem/vethc796c04/subsystem/eth0/device/net/eth0/device/driver/virtio2/net/eth0/queues" "Mozilla/5.0 AppleWebKit/537.36 (KHTML, like Gecko; compatible; GPTBot/1.3; +https://openai.com/gptbot)"
2001:41d0:303:f29::1 - - [11/Feb/2026:01:21:30 +0000] "GET /%D8%A7%D9%84%D9%85%D8%AA%D8%AC%D8%B1/uncategorized/%D9%85%D9%86%D8%AA%D8%AC-%D8%B1%D9%82%D9%85%D9%8A/?fileloc=/var/www/hbkconsultan_usr/data/www/hbkconsultancy.com/txets.php&path=/var/www/hbkconsultan_usr/data/www/hbkconsultancy.com HTTP/1.0" 200 5099 "-" "Mozilla/5.0 (compatible; MJ12bot/v1.4.8; http://mj12bot.com/)"
74.7.243.214 - - [11/Feb/2026:01:21:33 +0000] "GET /?path=//sys/class/net/eth0/subsystem/vethc796c04/subsystem/lo/subsystem/eth0/device/net/eth0/device/driver/virtio2/net/eth0/queues/rx-3 HTTP/1.0" 200 3333 "https://hbkconsultancy.com/?path=//sys/class/net/eth0/subsystem/vethc796c04/subsystem/lo/subsystem/eth0/device/net/eth0/device/driver/virtio2/net/eth0/queues" "Mozilla/5.0 AppleWebKit/537.36 (KHTML, like Gecko; compatible; GPTBot/1.3; +https://openai.com/gptbot)"
2001:41d0:303:f29::1 - - [11/Feb/2026:01:21:34 +0000] "GET /%D8%A7%D9%84%D9%85%D8%AA%D8%AC%D8%B1/uncategorized/%D9%85%D9%86%D8%AA%D8%AC-%D8%B1%D9%82%D9%85%D9%8A/?fileloc=/var/www/hbkconsultan_usr/data/www/hbkconsultancy.com/wakwaw.phtml&path=/var/www/hbkconsultan_usr/data/www/hbkconsultancy.com HTTP/1.0" 200 55248 "-" "Mozilla/5.0 (compatible; MJ12bot/v1.4.8; http://mj12bot.com/)"
74.7.243.214 - - [11/Feb/2026:01:21:36 +0000] "GET /?path=//sys/class/net/eth0/subsystem/lo/subsystem/vethc796c04/subsystem/eth0/device/net/eth0/device/driver/virtio2/net/eth0/queues/tx-0 HTTP/1.0" 200 3469 "https://hbkconsultancy.com/?path=//sys/class/net/eth0/subsystem/lo/subsystem/vethc796c04/subsystem/eth0/device/net/eth0/device/driver/virtio2/net/eth0/queues" "Mozilla/5.0 AppleWebKit/537.36 (KHTML, like Gecko; compatible; GPTBot/1.3; +https://openai.com/gptbot)"
2001:41d0:303:f29::1 - - [11/Feb/2026:01:21:37 +0000] "GET /%D8%A7%D9%84%D9%85%D8%AA%D8%AC%D8%B1/uncategorized/%D9%85%D9%86%D8%AA%D8%AC-%D8%B1%D9%82%D9%85%D9%8A/?fileloc=/var/www/hbkconsultan_usr/data/www/hbkconsultancy.com/wp-activate.php&path=/var/www/hbkconsultan_usr/data/www/hbkconsultancy.com HTTP/1.0" 200 5229 "-" "Mozilla/5.0 (compatible; MJ12bot/v1.4.8; http://mj12bot.com/)"
74.7.243.214 - - [11/Feb/2026:01:21:39 +0000] "GET /?path=//sys/class/net/eth0/subsystem/vethc796c04/subsystem/lo/subsystem/eth0/device/net/eth0/device/driver/virtio2/net/eth0/queues/tx-0 HTTP/1.0" 200 3471 "https://hbkconsultancy.com/?path=//sys/class/net/eth0/subsystem/vethc796c04/subsystem/lo/subsystem/eth0/device/net/eth0/device/driver/virtio2/net/eth0/queues" "Mozilla/5.0 AppleWebKit/537.36 (KHTML, like Gecko; compatible; GPTBot/1.3; +https://openai.com/gptbot)"
2001:41d0:303:f29::1 - - [11/Feb/2026:01:21:41 +0000] "GET /%D8%A7%D9%84%D9%85%D8%AA%D8%AC%D8%B1/uncategorized/%D9%85%D9%86%D8%AA%D8%AC-%D8%B1%D9%82%D9%85%D9%8A/?fileloc=/var/www/hbkconsultan_usr/data/www/hbkconsultancy.com/wp-blog-header.php&path=/var/www/hbkconsultan_usr/data/www/hbkconsultancy.com HTTP/1.0" 200 3097 "-" "Mozilla/5.0 (compatible; MJ12bot/v1.4.8; http://mj12bot.com/)"
74.7.243.214 - - [11/Feb/2026:01:21:42 +0000] "GET /?path=//sys/class/net/eth0/subsystem/vethc796c04/subsystem/lo/subsystem/eth0/device/net/eth0/device/driver/virtio2/net/eth0/queues/rx-0 HTTP/1.0" 200 3331 "https://hbkconsultancy.com/?path=//sys/class/net/eth0/subsystem/vethc796c04/subsystem/lo/subsystem/eth0/device/net/eth0/device/driver/virtio2/net/eth0/queues" "Mozilla/5.0 AppleWebKit/537.36 (KHTML, like Gecko; compatible; GPTBot/1.3; +https://openai.com/gptbot)"
2001:41d0:303:f29::1 - - [11/Feb/2026:01:21:44 +0000] "GET /%D8%A7%D9%84%D9%85%D8%AA%D8%AC%D8%B1/uncategorized/%D9%85%D9%86%D8%AA%D8%AC-%D8%B1%D9%82%D9%85%D9%8A/?fileloc=/var/www/hbkconsultan_usr/data/www/hbkconsultancy.com/wp-config-sample.php&path=/var/www/hbkconsultan_usr/data/www/hbkconsultancy.com HTTP/1.0" 200 4049 "-" "Mozilla/5.0 (compatible; MJ12bot/v1.4.8; http://mj12bot.com/)"
74.7.243.214 - - [11/Feb/2026:01:21:46 +0000] "GET /?path=//sys/class/net/eth0/subsystem/vethc796c04/master/subsystem/eth0/device/net/eth0/device/subsystem/devices/virtio3/host0/target0:0:0/power HTTP/1.0" 200 3571 "https://hbkconsultancy.com/?path=//sys/class/net/eth0/subsystem/vethc796c04/master/subsystem/eth0/device/net/eth0/device/subsystem/devices/virtio3/host0/target0:0:0" "Mozilla/5.0 AppleWebKit/537.36 (KHTML, like Gecko; compatible; GPTBot/1.3; +https://openai.com/gptbot)"
74.7.243.214 - - [11/Feb/2026:01:21:49 +0000] "GET /?path=//sys/class/net/eth0/subsystem/lo/subsystem/vethc796c04/subsystem/eth0/device/net/eth0/device/driver/virtio2/net/eth0/queues/rx-3 HTTP/1.0" 200 3333 "https://hbkconsultancy.com/?path=//sys/class/net/eth0/subsystem/lo/subsystem/vethc796c04/subsystem/eth0/device/net/eth0/device/driver/virtio2/net/eth0/queues" "Mozilla/5.0 AppleWebKit/537.36 (KHTML, like Gecko; compatible; GPTBot/1.3; +https://openai.com/gptbot)"
2001:41d0:303:f29::1 - - [11/Feb/2026:01:21:51 +0000] "GET /%D8%A7%D9%84%D9%85%D8%AA%D8%AC%D8%B1/uncategorized/%D9%85%D9%86%D8%AA%D8%AC-%D8%B1%D9%82%D9%85%D9%8A/?fileloc=/var/www/hbkconsultan_usr/data/www/hbkconsultancy.com/wp-cron.php&path=/var/www/hbkconsultan_usr/data/www/hbkconsultancy.com HTTP/1.0" 200 4839 "-" "Mozilla/5.0 (compatible; MJ12bot/v1.4.8; http://mj12bot.com/)"
74.7.243.214 - - [11/Feb/2026:01:21:52 +0000] "GET /?path=//sys/class/net/eth0/subsystem/vethc796c04/subsystem/lo/subsystem/eth0/device/net/eth0/device/driver/virtio2/net/eth0/queues/tx-2 HTTP/1.0" 200 3469 "https://hbkconsultancy.com/?path=//sys/class/net/eth0/subsystem/vethc796c04/subsystem/lo/subsystem/eth0/device/net/eth0/device/driver/virtio2/net/eth0/queues" "Mozilla/5.0 AppleWebKit/537.36 (KHTML, like Gecko; compatible; GPTBot/1.3; +https://openai.com/gptbot)"
2001:41d0:303:f29::1 - - [11/Feb/2026:01:21:55 +0000] "GET /%D8%A7%D9%84%D9%85%D8%AA%D8%AC%D8%B1/uncategorized/%D9%85%D9%86%D8%AA%D8%AC-%D8%B1%D9%82%D9%85%D9%8A/?fileloc=/var/www/hbkconsultan_usr/data/www/hbkconsultancy.com/wp-links-opml.php&path=/var/www/hbkconsultan_usr/data/www/hbkconsultancy.com HTTP/1.0" 200 3879 "-" "Mozilla/5.0 (compatible; MJ12bot/v1.4.8; http://mj12bot.com/)"
74.7.243.214 - - [11/Feb/2026:01:21:55 +0000] "GET /?fileloc=//sys/class/net/eth0/subsystem/vethc796c04/subsystem/lo/subsystem/eth0/device/net/eth0/device/driver/virtio2/net/eth0/queues/tx-1/traffic_class&path=//sys/class/net/eth0/subsystem/vethc796c04/subsystem/lo/subsystem/eth0/device/net/eth0/device/driver/virtio2/net/eth0/queues/tx-1 HTTP/1.0" 200 2891 "https://hbkconsultancy.com/?path=//sys/class/net/eth0/subsystem/vethc796c04/subsystem/lo/subsystem/eth0/device/net/eth0/device/driver/virtio2/net/eth0/queues/tx-1" "Mozilla/5.0 AppleWebKit/537.36 (KHTML, like Gecko; compatible; GPTBot/1.3; +https://openai.com/gptbot)"
74.7.243.214 - - [11/Feb/2026:01:21:58 +0000] "GET /?path=//sys/class/net/eth0/subsystem/lo/subsystem/vethc796c04/subsystem/eth0/device/net/eth0/device/driver/virtio2/net/eth0/queues/rx-0 HTTP/1.0" 200 3332 "https://hbkconsultancy.com/?path=//sys/class/net/eth0/subsystem/lo/subsystem/vethc796c04/subsystem/eth0/device/net/eth0/device/driver/virtio2/net/eth0/queues" "Mozilla/5.0 AppleWebKit/537.36 (KHTML, like Gecko; compatible; GPTBot/1.3; +https://openai.com/gptbot)"
2001:41d0:303:f29::1 - - [11/Feb/2026:01:21:58 +0000] "GET /%D8%A7%D9%84%D9%85%D8%AA%D8%AC%D8%B1/uncategorized/%D9%85%D9%86%D8%AA%D8%AC-%D8%B1%D9%82%D9%85%D9%8A/?fileloc=/var/www/hbkconsultan_usr/data/www/hbkconsultancy.com/wp-load.php&path=/var/www/hbkconsultan_usr/data/www/hbkconsultancy.com HTTP/1.0" 200 4544 "-" "Mozilla/5.0 (compatible; MJ12bot/v1.4.8; http://mj12bot.com/)"
181.115.171.188 - - [11/Feb/2026:01:22:00 +0000] "GET /84419218048.htm HTTP/1.0" 200 4360 "https://hbkconsultancy.com/" "Mozilla/5.0 (Windows NT 10.0; Win64; x64; rv:137.0) Gecko/20100101 Firefox/137.0"
74.7.243.214 - - [11/Feb/2026:01:22:01 +0000] "GET /?path=//sys/class/net/eth0/subsystem/vethc796c04/subsystem/lo/subsystem/eth0/device/net/eth0/device/driver/virtio2/net/eth0/queues/rx-2 HTTP/1.0" 200 3332 "https://hbkconsultancy.com/?path=//sys/class/net/eth0/subsystem/vethc796c04/subsystem/lo/subsystem/eth0/device/net/eth0/device/driver/virtio2/net/eth0/queues" "Mozilla/5.0 AppleWebKit/537.36 (KHTML, like Gecko; compatible; GPTBot/1.3; +https://openai.com/gptbot)"
2001:41d0:303:f29::1 - - [11/Feb/2026:01:22:02 +0000] "GET /%D8%A7%D9%84%D9%85%D8%AA%D8%AC%D8%B1/uncategorized/%D9%85%D9%86%D8%AA%D8%AC-%D8%B1%D9%82%D9%85%D9%8A/?fileloc=/var/www/hbkconsultan_usr/data/www/hbkconsultancy.com/wp-loads.phtml&path=/var/www/hbkconsultan_usr/data/www/hbkconsultancy.com HTTP/1.0" 200 11539 "-" "Mozilla/5.0 (compatible; MJ12bot/v1.4.8; http://mj12bot.com/)"
74.7.243.214 - - [11/Feb/2026:01:22:05 +0000] "GET /?path=//sys/class/net/eth0/subsystem/veth429b22f/master/subsystem/eth0/device/net/eth0/device/subsystem/devices/virtio2/net/eth0/queues HTTP/1.0" 200 3424 "https://hbkconsultancy.com/?path=//sys/class/net/eth0/subsystem/veth429b22f/master/subsystem/eth0/device/net/eth0/device/subsystem/devices/virtio2/net/eth0" "Mozilla/5.0 AppleWebKit/537.36 (KHTML, like Gecko; compatible; GPTBot/1.3; +https://openai.com/gptbot)"
2001:41d0:303:f29::1 - - [11/Feb/2026:01:22:05 +0000] "GET /%D8%A7%D9%84%D9%85%D8%AA%D8%AC%D8%B1/uncategorized/%D9%85%D9%86%D8%AA%D8%AC-%D8%B1%D9%82%D9%85%D9%8A/?fileloc=/var/www/hbkconsultan_usr/data/www/hbkconsultancy.com/wp-mail.php&path=/var/www/hbkconsultan_usr/data/www/hbkconsultancy.com HTTP/1.0" 200 5796 "-" "Mozilla/5.0 (compatible; MJ12bot/v1.4.8; http://mj12bot.com/)"
74.7.243.214 - - [11/Feb/2026:01:22:08 +0000] "GET /?path=//sys/class/net/eth0/subsystem/lo/subsystem/vethc796c04/master/subsystem/eth0/device/net/eth0/device/driver/virtio2/net/eth0/queues HTTP/1.0" 200 3430 "https://hbkconsultancy.com/?path=//sys/class/net/eth0/subsystem/lo/subsystem/vethc796c04/master/subsystem/eth0/device/net/eth0/device/driver/virtio2/net/eth0" "Mozilla/5.0 AppleWebKit/537.36 (KHTML, like Gecko; compatible; GPTBot/1.3; +https://openai.com/gptbot)"
2001:41d0:303:f29::1 - - [11/Feb/2026:01:22:09 +0000] "GET /%D8%A7%D9%84%D9%85%D8%AA%D8%AC%D8%B1/uncategorized/%D9%85%D9%86%D8%AA%D8%AC-%D8%B1%D9%82%D9%85%D9%8A/?fileloc=/var/www/hbkconsultan_usr/data/www/hbkconsultancy.com/wp-settings.php&path=/var/www/hbkconsultan_usr/data/www/hbkconsultancy.com HTTP/1.0" 200 9001 "-" "Mozilla/5.0 (compatible; MJ12bot/v1.4.8; http://mj12bot.com/)"
74.7.243.214 - - [11/Feb/2026:01:22:11 +0000] "GET /?path=//sys/class/net/eth0/subsystem/vethc796c04/master/subsystem/eth0/device/net/eth0/device/subsystem/devices/virtio3/host0/scsi_host HTTP/1.0" 200 3184 "https://hbkconsultancy.com/?path=//sys/class/net/eth0/subsystem/vethc796c04/master/subsystem/eth0/device/net/eth0/device/subsystem/devices/virtio3/host0" "Mozilla/5.0 AppleWebKit/537.36 (KHTML, like Gecko; compatible; GPTBot/1.3; +https://openai.com/gptbot)"
2001:41d0:303:f29::1 - - [11/Feb/2026:01:22:12 +0000] "GET /%D8%A7%D9%84%D9%85%D8%AA%D8%AC%D8%B1/uncategorized/%D9%85%D9%86%D8%AA%D8%AC-%D8%B1%D9%82%D9%85%D9%8A/?fileloc=/var/www/hbkconsultan_usr/data/www/hbkconsultancy.com/wp-signup.php&path=/var/www/hbkconsultan_usr/data/www/hbkconsultancy.com HTTP/1.0" 200 10813 "-" "Mozilla/5.0 (compatible; MJ12bot/v1.4.8; http://mj12bot.com/)"
74.7.243.214 - - [11/Feb/2026:01:22:14 +0000] "GET /?path=//sys/class/net/eth0/subsystem/veth429b22f/master/subsystem/lo/subsystem/eth0/device/net/eth0/device/driver/virtio2/net/eth0 HTTP/1.0" 200 4659 "https://hbkconsultancy.com/?path=//sys/class/net/eth0/subsystem/veth429b22f/master/subsystem/lo/subsystem/eth0/device/net/eth0/device/driver/virtio2/net" "Mozilla/5.0 AppleWebKit/537.36 (KHTML, like Gecko; compatible; GPTBot/1.3; +https://openai.com/gptbot)"
2001:41d0:303:f29::1 - - [11/Feb/2026:01:22:16 +0000] "GET /%D8%A7%D9%84%D9%85%D8%AA%D8%AC%D8%B1/uncategorized/%D9%85%D9%86%D8%AA%D8%AC-%D8%B1%D9%82%D9%85%D9%8A/?fileloc=/var/www/hbkconsultan_usr/data/www/hbkconsultancy.com/wp-sx-generator.php&path=/var/www/hbkconsultan_usr/data/www/hbkconsultancy.com HTTP/1.0" 200 3097 "-" "Mozilla/5.0 (compatible; MJ12bot/v1.4.8; http://mj12bot.com/)"
74.7.243.214 - - [11/Feb/2026:01:22:17 +0000] "GET /?path=//sys/class/net/eth0/subsystem/vethc796c04/master/subsystem/lo/subsystem/eth0/device/net/eth0/device/driver/virtio2/net/eth0 HTTP/1.0" 200 4659 "https://hbkconsultancy.com/?path=//sys/class/net/eth0/subsystem/vethc796c04/master/subsystem/lo/subsystem/eth0/device/net/eth0/device/driver/virtio2/net" "Mozilla/5.0 AppleWebKit/537.36 (KHTML, like Gecko; compatible; GPTBot/1.3; +https://openai.com/gptbot)"
2001:41d0:303:f29::1 - - [11/Feb/2026:01:22:20 +0000] "GET /%D8%A7%D9%84%D9%85%D8%AA%D8%AC%D8%B1/uncategorized/%D9%85%D9%86%D8%AA%D8%AC-%D8%B1%D9%82%D9%85%D9%8A/?fileloc=/var/www/hbkconsultan_usr/data/www/hbkconsultancy.com/wp-trackback.php&path=/var/www/hbkconsultan_usr/data/www/hbkconsultancy.com HTTP/1.0" 200 4622 "-" "Mozilla/5.0 (compatible; MJ12bot/v1.4.8; http://mj12bot.com/)"
74.7.243.214 - - [11/Feb/2026:01:22:20 +0000] "GET /?path=//sys/class/net/eth0/subsystem/vethc796c04/master/subsystem/eth0/device/net/eth0/device/subsystem/devices/virtio2/net/eth0/queues HTTP/1.0" 200 3424 "https://hbkconsultancy.com/?path=//sys/class/net/eth0/subsystem/vethc796c04/master/subsystem/eth0/device/net/eth0/device/subsystem/devices/virtio2/net/eth0" "Mozilla/5.0 AppleWebKit/537.36 (KHTML, like Gecko; compatible; GPTBot/1.3; +https://openai.com/gptbot)"
2001:41d0:303:f29::1 - - [11/Feb/2026:01:22:23 +0000] "GET /%D8%A7%D9%84%D9%85%D8%AA%D8%AC%D8%B1/uncategorized/%D9%85%D9%86%D8%AA%D8%AC-%D8%B1%D9%82%D9%85%D9%8A/?path=/ HTTP/1.0" 200 3786 "-" "Mozilla/5.0 (compatible; MJ12bot/v1.4.8; http://mj12bot.com/)"
74.7.243.214 - - [11/Feb/2026:01:22:23 +0000] "GET /?path=//sys/class/net/eth0/subsystem/lo/subsystem/veth429b22f/master/subsystem/eth0/device/net/eth0/device/driver/virtio2/net/eth0/queues HTTP/1.0" 200 3429 "https://hbkconsultancy.com/?path=//sys/class/net/eth0/subsystem/lo/subsystem/veth429b22f/master/subsystem/eth0/device/net/eth0/device/driver/virtio2/net/eth0" "Mozilla/5.0 AppleWebKit/537.36 (KHTML, like Gecko; compatible; GPTBot/1.3; +https://openai.com/gptbot)"
205.185.116.204 - - [11/Feb/2026:01:22:25 +0000] "GET / HTTP/1.0" 200 4360 "-" "Mozilla/5.0 (Windows NT 10.0; Win64; x64) AppleWebKit/537.36 (KHTML, like Gecko) Chrome/92.0.4515.159 Safari/537.36"
74.7.243.214 - - [11/Feb/2026:01:22:26 +0000] "GET /?path=//sys/class/net/eth0/subsystem/vethc796c04/master/subsystem/eth0/device/net/eth0/device/subsystem/devices/virtio2/net/eth0/power HTTP/1.0" 200 3557 "https://hbkconsultancy.com/?path=//sys/class/net/eth0/subsystem/vethc796c04/master/subsystem/eth0/device/net/eth0/device/subsystem/devices/virtio2/net/eth0" "Mozilla/5.0 AppleWebKit/537.36 (KHTML, like Gecko; compatible; GPTBot/1.3; +https://openai.com/gptbot)"
2001:41d0:303:f29::1 - - [11/Feb/2026:01:22:27 +0000] "GET /%D8%A7%D9%84%D9%85%D8%AA%D8%AC%D8%B1/uncategorized/%D9%85%D9%86%D8%AA%D8%AC-%D8%B1%D9%82%D9%85%D9%8A/?path=/var HTTP/1.0" 200 3567 "-" "Mozilla/5.0 (compatible; MJ12bot/v1.4.8; http://mj12bot.com/)"
74.7.243.214 - - [11/Feb/2026:01:22:30 +0000] "GET /?path=//sys/class/net/eth0/subsystem/veth429b22f/master/subsystem/eth0/device/net/eth0/device/subsystem/devices/virtio3/host0/scsi_host HTTP/1.0" 200 3183 "https://hbkconsultancy.com/?path=//sys/class/net/eth0/subsystem/veth429b22f/master/subsystem/eth0/device/net/eth0/device/subsystem/devices/virtio3/host0" "Mozilla/5.0 AppleWebKit/537.36 (KHTML, like Gecko; compatible; GPTBot/1.3; +https://openai.com/gptbot)"
2001:41d0:303:f29::1 - - [11/Feb/2026:01:22:30 +0000] "GET /%D8%A7%D9%84%D9%85%D8%AA%D8%AC%D8%B1/uncategorized/%D9%85%D9%86%D8%AA%D8%AC-%D8%B1%D9%82%D9%85%D9%8A/?path=/var/www HTTP/1.0" 200 3645 "-" "Mozilla/5.0 (compatible; MJ12bot/v1.4.8; http://mj12bot.com/)"
74.7.243.214 - - [11/Feb/2026:01:22:33 +0000] "GET /?path=//sys/class/net/eth0/subsystem/veth429b22f/master/subsystem/eth0/device/net/eth0/device/subsystem/devices/virtio2/net/eth0/power HTTP/1.0" 200 3557 "https://hbkconsultancy.com/?path=//sys/class/net/eth0/subsystem/veth429b22f/master/subsystem/eth0/device/net/eth0/device/subsystem/devices/virtio2/net/eth0" "Mozilla/5.0 AppleWebKit/537.36 (KHTML, like Gecko; compatible; GPTBot/1.3; +https://openai.com/gptbot)"
2001:41d0:303:f29::1 - - [11/Feb/2026:01:22:33 +0000] "GET /%D8%A7%D9%84%D9%85%D8%AA%D8%AC%D8%B1/uncategorized/%D9%85%D9%86%D8%AA%D8%AC-%D8%B1%D9%82%D9%85%D9%8A/?path=/var/www/hbkconsultan_usr HTTP/1.0" 200 3038 "-" "Mozilla/5.0 (compatible; MJ12bot/v1.4.8; http://mj12bot.com/)"
74.7.243.214 - - [11/Feb/2026:01:22:36 +0000] "GET /?path=//sys/class/net/lo/subsystem/lo/subsystem/vethc796c04/subsystem/eth0/device/net/eth0/subsystem/docker0 HTTP/1.0" 200 4736 "https://hbkconsultancy.com/?path=//sys/class/net/lo/subsystem/lo/subsystem/vethc796c04/subsystem/eth0/device/net/eth0/subsystem" "Mozilla/5.0 AppleWebKit/537.36 (KHTML, like Gecko; compatible; GPTBot/1.3; +https://openai.com/gptbot)"
2001:41d0:303:f29::1 - - [11/Feb/2026:01:22:37 +0000] "GET /%D8%A7%D9%84%D9%85%D8%AA%D8%AC%D8%B1/uncategorized/%D9%85%D9%86%D8%AA%D8%AC-%D8%B1%D9%82%D9%85%D9%8A/?path=/var/www/hbkconsultan_usr/data HTTP/1.0" 200 3348 "-" "Mozilla/5.0 (compatible; MJ12bot/v1.4.8; http://mj12bot.com/)"
74.7.243.214 - - [11/Feb/2026:01:22:39 +0000] "GET /?path=//sys/class/net/eth0/subsystem/veth429b22f/master/subsystem/eth0/device/net/eth0/device/subsystem/devices/virtio2/net/eth0/queues/tx-0 HTTP/1.0" 200 3473 "https://hbkconsultancy.com/?path=//sys/class/net/eth0/subsystem/veth429b22f/master/subsystem/eth0/device/net/eth0/device/subsystem/devices/virtio2/net/eth0/queues" "Mozilla/5.0 AppleWebKit/537.36 (KHTML, like Gecko; compatible; GPTBot/1.3; +https://openai.com/gptbot)"
2001:41d0:303:f29::1 - - [11/Feb/2026:01:22:41 +0000] "GET /%D8%A7%D9%84%D9%85%D8%AA%D8%AC%D8%B1/uncategorized/%D9%85%D9%86%D8%AA%D8%AC-%D8%B1%D9%82%D9%85%D9%8A/?path=/var/www/hbkconsultan_usr/data/www HTTP/1.0" 200 3044 "-" "Mozilla/5.0 (compatible; MJ12bot/v1.4.8; http://mj12bot.com/)"
74.7.243.214 - - [11/Feb/2026:01:22:42 +0000] "GET /?path=//sys/class/net/eth0/subsystem/veth429b22f/master/subsystem/eth0/device/net/eth0/device/subsystem/devices/virtio2/net/eth0/queues/tx-2 HTTP/1.0" 200 3474 "https://hbkconsultancy.com/?path=//sys/class/net/eth0/subsystem/veth429b22f/master/subsystem/eth0/device/net/eth0/device/subsystem/devices/virtio2/net/eth0/queues" "Mozilla/5.0 AppleWebKit/537.36 (KHTML, like Gecko; compatible; GPTBot/1.3; +https://openai.com/gptbot)"
2001:41d0:303:f29::1 - - [11/Feb/2026:01:22:44 +0000] "GET /%D8%A7%D9%84%D9%85%D8%AA%D8%AC%D8%B1/uncategorized/%D9%85%D9%86%D8%AA%D8%AC-%D8%B1%D9%82%D9%85%D9%8A/?path=/var/www/hbkconsultan_usr/data/www/hbkconsultancy.com HTTP/1.0" 200 4360 "-" "Mozilla/5.0 (compatible; MJ12bot/v1.4.8; http://mj12bot.com/)"
74.7.243.214 - - [11/Feb/2026:01:22:46 +0000] "GET /?path=//sys/class/net/eth0/subsystem/veth429b22f/master/subsystem/eth0/device/net/eth0/device/subsystem/devices/virtio2/net/eth0/queues/rx-0 HTTP/1.0" 200 3337 "https://hbkconsultancy.com/?path=//sys/class/net/eth0/subsystem/veth429b22f/master/subsystem/eth0/device/net/eth0/device/subsystem/devices/virtio2/net/eth0/queues" "Mozilla/5.0 AppleWebKit/537.36 (KHTML, like Gecko; compatible; GPTBot/1.3; +https://openai.com/gptbot)"
2001:41d0:303:f29::1 - - [11/Feb/2026:01:22:48 +0000] "GET /%D8%A7%D9%84%D9%85%D8%AA%D8%AC%D8%B1/uncategorized/%D9%85%D9%86%D8%AA%D8%AC-%D8%B1%D9%82%D9%85%D9%8A/?path=/var/www/hbkconsultan_usr/data/www/hbkconsultancy.com/.tmb HTTP/1.0" 200 2809 "-" "Mozilla/5.0 (compatible; MJ12bot/v1.4.8; http://mj12bot.com/)"
114.119.132.88 - - [11/Feb/2026:01:22:48 +0000] "GET /indiana-personals HTTP/1.0" 200 4360 "https://hbkconsultancy.com/author/hbk/page/22" "Mozilla/5.0 (Linux; Android 7.0;) AppleWebKit/537.36 (KHTML, like Gecko) Mobile Safari/537.36 (compatible; PetalBot;+https://webmaster.petalsearch.com/site/petalbot)"
74.7.243.214 - - [11/Feb/2026:01:22:49 +0000] "GET /?path=//sys/class/net/eth0/subsystem/veth429b22f/master/subsystem/eth0/device/net/eth0/device/subsystem/devices/virtio2/net/eth0/queues/rx-2 HTTP/1.0" 200 3338 "https://hbkconsultancy.com/?path=//sys/class/net/eth0/subsystem/veth429b22f/master/subsystem/eth0/device/net/eth0/device/subsystem/devices/virtio2/net/eth0/queues" "Mozilla/5.0 AppleWebKit/537.36 (KHTML, like Gecko; compatible; GPTBot/1.3; +https://openai.com/gptbot)"
2001:41d0:303:f29::1 - - [11/Feb/2026:01:22:51 +0000] "GET /%D8%A7%D9%84%D9%85%D8%AA%D8%AC%D8%B1/uncategorized/%D9%85%D9%86%D8%AA%D8%AC-%D8%B1%D9%82%D9%85%D9%8A/?path=/var/www/hbkconsultan_usr/data/www/hbkconsultancy.com/images HTTP/1.0" 200 3326 "-" "Mozilla/5.0 (compatible; MJ12bot/v1.4.8; http://mj12bot.com/)"
74.7.243.214 - - [11/Feb/2026:01:22:52 +0000] "GET /?path=//sys/class/net/eth0/subsystem/veth429b22f/master/subsystem/eth0/device/net/eth0/device/subsystem/devices/virtio2/net/eth0/queues/tx-1 HTTP/1.0" 200 3475 "https://hbkconsultancy.com/?path=//sys/class/net/eth0/subsystem/veth429b22f/master/subsystem/eth0/device/net/eth0/device/subsystem/devices/virtio2/net/eth0/queues" "Mozilla/5.0 AppleWebKit/537.36 (KHTML, like Gecko; compatible; GPTBot/1.3; +https://openai.com/gptbot)"
2001:41d0:303:f29::1 - - [11/Feb/2026:01:22:54 +0000] "GET /%D8%A7%D9%84%D9%85%D8%AA%D8%AC%D8%B1/uncategorized/%D9%85%D9%86%D8%AA%D8%AC-%D8%B1%D9%82%D9%85%D9%8A/?path=/var/www/hbkconsultan_usr/data/www/hbkconsultancy.com/wp-admin HTTP/1.0" 200 6616 "-" "Mozilla/5.0 (compatible; MJ12bot/v1.4.8; http://mj12bot.com/)"
74.7.243.214 - - [11/Feb/2026:01:22:55 +0000] "GET /?path=//sys/class/net/eth0/subsystem/vethc796c04/master/subsystem/eth0/device/net/eth0/device/subsystem/devices/virtio2/net/eth0/queues/rx-0 HTTP/1.0" 200 3337 "https://hbkconsultancy.com/?path=//sys/class/net/eth0/subsystem/vethc796c04/master/subsystem/eth0/device/net/eth0/device/subsystem/devices/virtio2/net/eth0/queues" "Mozilla/5.0 AppleWebKit/537.36 (KHTML, like Gecko; compatible; GPTBot/1.3; +https://openai.com/gptbot)"
2001:41d0:303:f29::1 - - [11/Feb/2026:01:22:58 +0000] "GET /%D8%A7%D9%84%D9%85%D8%AA%D8%AC%D8%B1/uncategorized/%D9%85%D9%86%D8%AA%D8%AC-%D8%B1%D9%82%D9%85%D9%8A/?path=/var/www/hbkconsultan_usr/data/www/hbkconsultancy.com/wp-content HTTP/1.0" 200 3691 "-" "Mozilla/5.0 (compatible; MJ12bot/v1.4.8; http://mj12bot.com/)"
74.7.243.214 - - [11/Feb/2026:01:22:58 +0000] "GET /?path=//sys/class/net/eth0/subsystem/vethc796c04/master/subsystem/eth0/device/net/eth0/device/subsystem/devices/virtio2/net/eth0/queues/tx-2 HTTP/1.0" 200 3475 "https://hbkconsultancy.com/?path=//sys/class/net/eth0/subsystem/vethc796c04/master/subsystem/eth0/device/net/eth0/device/subsystem/devices/virtio2/net/eth0/queues" "Mozilla/5.0 AppleWebKit/537.36 (KHTML, like Gecko; compatible; GPTBot/1.3; +https://openai.com/gptbot)"
74.7.243.214 - - [11/Feb/2026:01:23:01 +0000] "GET /?path=//sys/class/net/eth0/subsystem/vethc796c04/master/subsystem/eth0/device/net/eth0/device/subsystem/devices/virtio2/net/eth0/queues/tx-0 HTTP/1.0" 200 3474 "https://hbkconsultancy.com/?path=//sys/class/net/eth0/subsystem/vethc796c04/master/subsystem/eth0/device/net/eth0/device/subsystem/devices/virtio2/net/eth0/queues" "Mozilla/5.0 AppleWebKit/537.36 (KHTML, like Gecko; compatible; GPTBot/1.3; +https://openai.com/gptbot)"
2001:41d0:303:f29::1 - - [11/Feb/2026:01:23:01 +0000] "GET /%D8%A7%D9%84%D9%85%D8%AA%D8%AC%D8%B1/uncategorized/%D9%85%D9%86%D8%AA%D8%AC-%D8%B1%D9%82%D9%85%D9%8A/?path=/var/www/hbkconsultan_usr/data/www/hbkconsultancy.com/wp-includes HTTP/1.0" 200 12588 "-" "Mozilla/5.0 (compatible; MJ12bot/v1.4.8; http://mj12bot.com/)"
161.123.208.200 - - [11/Feb/2026:01:23:04 +0000] "GET /wp-login.php HTTP/1.0" 200 4360 "http://hbkconsultancy.com/wp-login.php" "Mozilla/5.0 (Windows NT 10.0; Win64; x64) AppleWebKit/537.36 (KHTML, like Gecko) Chrome/132.0.0.0 Safari/537.36"
74.7.243.214 - - [11/Feb/2026:01:23:05 +0000] "GET /?path=//sys/class/net/eth0/subsystem/vethc796c04/master/subsystem/eth0/device/net/eth0/device/subsystem/devices/virtio2/net/eth0/queues/rx-1 HTTP/1.0" 200 3338 "https://hbkconsultancy.com/?path=//sys/class/net/eth0/subsystem/vethc796c04/master/subsystem/eth0/device/net/eth0/device/subsystem/devices/virtio2/net/eth0/queues" "Mozilla/5.0 AppleWebKit/537.36 (KHTML, like Gecko; compatible; GPTBot/1.3; +https://openai.com/gptbot)"
161.123.208.200 - - [11/Feb/2026:01:23:06 +0000] "GET /wp-login.php HTTP/1.0" 200 4360 "http://hbkconsultancy.com/wp-login.php" "Mozilla/5.0 (Windows NT 10.0; Win64; x64) AppleWebKit/537.36 (KHTML, like Gecko) Chrome/132.0.0.0 Safari/537.36"
2001:41d0:303:f29::1 - - [11/Feb/2026:01:23:06 +0000] "GET /%D8%A7%D9%84%D9%85%D8%AA%D8%AC%D8%B1/uncategorized/%D9%85%D9%86%D8%AA%D8%AC-%D8%B1%D9%82%D9%85%D9%8A/feed/?fileloc=/var/www/hbkconsultan_usr/data/www/hbkconsultancy.com/.htaccess&path=/var/www/hbkconsultan_usr/data/www/hbkconsultancy.com HTTP/1.0" 200 3540 "-" "Mozilla/5.0 (compatible; MJ12bot/v1.4.8; http://mj12bot.com/)"
74.7.243.214 - - [11/Feb/2026:01:23:08 +0000] "GET /?path=//sys/class/net/eth0/subsystem/veth429b22f/master/subsystem/eth0/device/net/eth0/device/subsystem/devices/virtio2/net/eth0/queues/rx-3 HTTP/1.0" 200 3338 "https://hbkconsultancy.com/?path=//sys/class/net/eth0/subsystem/veth429b22f/master/subsystem/eth0/device/net/eth0/device/subsystem/devices/virtio2/net/eth0/queues" "Mozilla/5.0 AppleWebKit/537.36 (KHTML, like Gecko; compatible; GPTBot/1.3; +https://openai.com/gptbot)"
161.123.208.200 - - [11/Feb/2026:01:23:08 +0000] "POST /wp-login.php HTTP/1.0" 200 4360 "http://hbkconsultancy.com/wp-login.php" "Mozilla/5.0 (Windows NT 10.0; Win64; x64) AppleWebKit/537.36 (KHTML, like Gecko) Chrome/132.0.0.0 Safari/537.36"
2001:41d0:303:f29::1 - - [11/Feb/2026:01:23:10 +0000] "GET /%D8%A7%D9%84%D9%85%D8%AA%D8%AC%D8%B1/uncategorized/%D9%85%D9%86%D8%AA%D8%AC-%D8%B1%D9%82%D9%85%D9%8A/feed/?fileloc=/var/www/hbkconsultan_usr/data/www/hbkconsultancy.com/bgymj.php&path=/var/www/hbkconsultan_usr/data/www/hbkconsultancy.com HTTP/1.0" 200 8158 "-" "Mozilla/5.0 (compatible; MJ12bot/v1.4.8; http://mj12bot.com/)"
74.7.243.214 - - [11/Feb/2026:01:23:11 +0000] "GET /?path=//sys/class/net/eth0/subsystem/vethc796c04/master/subsystem/eth0/device/net/eth0/device/subsystem/devices/virtio2/net/eth0/queues/rx-2 HTTP/1.0" 200 3338 "https://hbkconsultancy.com/?path=//sys/class/net/eth0/subsystem/vethc796c04/master/subsystem/eth0/device/net/eth0/device/subsystem/devices/virtio2/net/eth0/queues" "Mozilla/5.0 AppleWebKit/537.36 (KHTML, like Gecko; compatible; GPTBot/1.3; +https://openai.com/gptbot)"
195.40.123.74 - - [11/Feb/2026:01:23:11 +0000] "POST /wp-login.php HTTP/1.0" 200 4360 "http://hbkconsultancy.com/wp-login.php" "Mozilla/5.0 (Windows NT 10.0; Win64; x64) AppleWebKit/537.36 (KHTML, like Gecko) Chrome/132.0.0.0 Safari/537.36"
2001:41d0:303:f29::1 - - [11/Feb/2026:01:23:13 +0000] "GET /%D8%A7%D9%84%D9%85%D8%AA%D8%AC%D8%B1/uncategorized/%D9%85%D9%86%D8%AA%D8%AC-%D8%B1%D9%82%D9%85%D9%8A/feed/?fileloc=/var/www/hbkconsultan_usr/data/www/hbkconsultancy.com/grsiuk.php&path=/var/www/hbkconsultan_usr/data/www/hbkconsultancy.com HTTP/1.0" 200 699416 "-" "Mozilla/5.0 (compatible; MJ12bot/v1.4.8; http://mj12bot.com/)"
74.7.243.214 - - [11/Feb/2026:01:23:14 +0000] "GET /?path=//sys/class/net/lo/subsystem/lo/subsystem/vethc796c04/subsystem/eth0/device/net/eth0/subsystem/docker0/statistics HTTP/1.0" 200 3982 "https://hbkconsultancy.com/?path=//sys/class/net/lo/subsystem/lo/subsystem/vethc796c04/subsystem/eth0/device/net/eth0/subsystem/docker0" "Mozilla/5.0 AppleWebKit/537.36 (KHTML, like Gecko; compatible; GPTBot/1.3; +https://openai.com/gptbot)"
206.232.74.80 - - [11/Feb/2026:01:23:15 +0000] "POST /wp-login.php HTTP/1.0" 200 4360 "http://hbkconsultancy.com/wp-login.php" "Mozilla/5.0 (Windows NT 10.0; Win64; x64) AppleWebKit/537.36 (KHTML, like Gecko) Chrome/132.0.0.0 Safari/537.36"
2001:41d0:303:f29::1 - - [11/Feb/2026:01:23:17 +0000] "GET /%D8%A7%D9%84%D9%85%D8%AA%D8%AC%D8%B1/uncategorized/%D9%85%D9%86%D8%AA%D8%AC-%D8%B1%D9%82%D9%85%D9%8A/feed/?fileloc=/var/www/hbkconsultan_usr/data/www/hbkconsultancy.com/index.php&path=/var/www/hbkconsultan_usr/data/www/hbkconsultancy.com HTTP/1.0" 200 8545 "-" "Mozilla/5.0 (compatible; MJ12bot/v1.4.8; http://mj12bot.com/)"
