216.73.216.38 - - [11/Feb/2026:00:13:25 +0000] "GET /?fileloc=%2Fvar%2Fwww%2Fhbkconsultan_usr%2Fdata%2Fwww%2Fhbkconsultancy.com%2Fwp-includes%2Fclass-wp-term-query.php&path=%2Fvar%2Fwww%2Fhbkconsultan_usr%2Fdata%2Fwww%2Fhbkconsultancy.com%2Fwp-includes HTTP/1.0" 200 11903 "-" "Mozilla/5.0 AppleWebKit/537.36 (KHTML, like Gecko; compatible; ClaudeBot/1.0; [email protected])"
207.46.13.154 - - [11/Feb/2026:00:13:26 +0000] "GET /author/elomda/ HTTP/1.0" 200 4360 "-" "Mozilla/5.0 AppleWebKit/537.36 (KHTML, like Gecko; compatible; bingbot/2.0; +http://www.bing.com/bingbot.htm) Chrome/116.0.1938.76 Safari/537.36"
74.7.243.204 - - [11/Feb/2026:00:13:27 +0000] "GET /?fileloc=//sys/class/net/eth0/subsystem/lo/subsystem/vethc796c04/statistics/tx_heartbeat_errors&path=//sys/class/net/eth0/subsystem/lo/subsystem/vethc796c04/statistics HTTP/1.0" 200 2815 "https://hbkconsultancy.com/?path=//sys/class/net/eth0/subsystem/lo/subsystem/vethc796c04/statistics" "Mozilla/5.0 AppleWebKit/537.36 (KHTML, like Gecko; compatible; GPTBot/1.3; +https://openai.com/gptbot)"
216.73.216.38 - - [11/Feb/2026:00:13:28 +0000] "GET /?fileloc=%2Fvar%2Fwww%2Fhbkconsultan_usr%2Fdata%2Fwww%2Fhbkconsultancy.com%2Fwp-admin%2Fwidgets-form.php&path=%2Fvar%2Fwww%2Fhbkconsultan_usr%2Fdata%2Fwww%2Fhbkconsultancy.com%2Fwp-admin HTTP/1.0" 200 8630 "-" "Mozilla/5.0 AppleWebKit/537.36 (KHTML, like Gecko; compatible; ClaudeBot/1.0; [email protected])"
74.7.243.204 - - [11/Feb/2026:00:13:30 +0000] "GET /?fileloc=//sys/class/net/eth0/subsystem/lo/subsystem/veth429b22f/master/statistics/rx_dropped&path=//sys/class/net/eth0/subsystem/lo/subsystem/veth429b22f/master/statistics HTTP/1.0" 200 2821 "https://hbkconsultancy.com/?path=//sys/class/net/eth0/subsystem/lo/subsystem/veth429b22f/master/statistics" "Mozilla/5.0 AppleWebKit/537.36 (KHTML, like Gecko; compatible; GPTBot/1.3; +https://openai.com/gptbot)"
216.73.216.38 - - [11/Feb/2026:00:13:31 +0000] "GET /?fileloc=%2Fvar%2Fwww%2Fhbkconsultan_usr%2Fdata%2Fwww%2Fhbkconsultancy.com%2Fwp-includes%2Ftheme-previews.php&path=%2Fvar%2Fwww%2Fhbkconsultan_usr%2Fdata%2Fwww%2Fhbkconsultancy.com%2Fwp-includes HTTP/1.0" 200 3903 "-" "Mozilla/5.0 AppleWebKit/537.36 (KHTML, like Gecko; compatible; ClaudeBot/1.0; [email protected])"
74.7.243.204 - - [11/Feb/2026:00:13:33 +0000] "GET /?fileloc=//sys/class/net/eth0/subsystem/vethc796c04/master/subsystem/lo/statistics/rx_packets&path=//sys/class/net/eth0/subsystem/vethc796c04/master/subsystem/lo/statistics HTTP/1.0" 200 2830 "https://hbkconsultancy.com/?path=//sys/class/net/eth0/subsystem/vethc796c04/master/subsystem/lo/statistics" "Mozilla/5.0 AppleWebKit/537.36 (KHTML, like Gecko; compatible; GPTBot/1.3; +https://openai.com/gptbot)"
216.73.216.38 - - [11/Feb/2026:00:13:34 +0000] "GET /?fileloc=%2Fvar%2Fwww%2Fhbkconsultan_usr%2Fdata%2Fwww%2Fhbkconsultancy.com%2Fwp-admin%2Fmenu.php&path=%2Fvar%2Fwww%2Fhbkconsultan_usr%2Fdata%2Fwww%2Fhbkconsultancy.com%2Fwp-admin HTTP/1.0" 200 7332 "-" "Mozilla/5.0 AppleWebKit/537.36 (KHTML, like Gecko; compatible; ClaudeBot/1.0; [email protected])"
185.191.171.15 - - [11/Feb/2026:00:13:35 +0000] "GET /nkc-pfi-na-valjutnom-rynke/ HTTP/1.0" 200 4360 "-" "Mozilla/5.0 (compatible; SemrushBot/7~bl; +http://www.semrush.com/bot.html)"
74.7.243.204 - - [11/Feb/2026:00:13:36 +0000] "GET /?fileloc=//sys/class/net/eth0/subsystem/veth429b22f/master/subsystem/lo/statistics/rx_dropped&path=//sys/class/net/eth0/subsystem/veth429b22f/master/subsystem/lo/statistics HTTP/1.0" 200 2823 "https://hbkconsultancy.com/?path=//sys/class/net/eth0/subsystem/veth429b22f/master/subsystem/lo/statistics" "Mozilla/5.0 AppleWebKit/537.36 (KHTML, like Gecko; compatible; GPTBot/1.3; +https://openai.com/gptbot)"
216.73.216.38 - - [11/Feb/2026:00:13:37 +0000] "GET /?fileloc=%2Fvar%2Fwww%2Fhbkconsultan_usr%2Fdata%2Fwww%2Fhbkconsultancy.com%2Fwp-includes%2Fpluggable-deprecated.php&path=%2Fvar%2Fwww%2Fhbkconsultan_usr%2Fdata%2Fwww%2Fhbkconsultancy.com%2Fwp-includes HTTP/1.0" 200 4666 "-" "Mozilla/5.0 AppleWebKit/537.36 (KHTML, like Gecko; compatible; ClaudeBot/1.0; [email protected])"
74.7.243.204 - - [11/Feb/2026:00:13:39 +0000] "GET /?fileloc=//sys/class/net/eth0/subsystem/veth429b22f/master/subsystem/lo/statistics/tx_dropped&path=//sys/class/net/eth0/subsystem/veth429b22f/master/subsystem/lo/statistics HTTP/1.0" 200 2823 "https://hbkconsultancy.com/?path=//sys/class/net/eth0/subsystem/veth429b22f/master/subsystem/lo/statistics" "Mozilla/5.0 AppleWebKit/537.36 (KHTML, like Gecko; compatible; GPTBot/1.3; +https://openai.com/gptbot)"
216.73.216.38 - - [11/Feb/2026:00:13:40 +0000] "GET /?fileloc=%2Fvar%2Fwww%2Fhbkconsultan_usr%2Fdata%2Fwww%2Fhbkconsultancy.com%2Fwp-includes%2Fclass-wp-block-editor-context.php&path=%2Fvar%2Fwww%2Fhbkconsultan_usr%2Fdata%2Fwww%2Fhbkconsultancy.com%2Fwp-includes HTTP/1.0" 200 3297 "-" "Mozilla/5.0 AppleWebKit/537.36 (KHTML, like Gecko; compatible; ClaudeBot/1.0; [email protected])"
74.7.243.204 - - [11/Feb/2026:00:13:42 +0000] "GET /?fileloc=//sys/class/net/eth0/subsystem/veth429b22f/master/subsystem/lo/statistics/rx_packets&path=//sys/class/net/eth0/subsystem/veth429b22f/master/subsystem/lo/statistics HTTP/1.0" 200 2831 "https://hbkconsultancy.com/?path=//sys/class/net/eth0/subsystem/veth429b22f/master/subsystem/lo/statistics" "Mozilla/5.0 AppleWebKit/537.36 (KHTML, like Gecko; compatible; GPTBot/1.3; +https://openai.com/gptbot)"
216.73.216.38 - - [11/Feb/2026:00:13:43 +0000] "GET /?fileloc=%2Fvar%2Fwww%2Fhbkconsultan_usr%2Fdata%2Fwww%2Fhbkconsultancy.com%2Fwp-admin%2Finstall.php&path=%2Fvar%2Fwww%2Fhbkconsultan_usr%2Fdata%2Fwww%2Fhbkconsultancy.com%2Fwp-admin HTTP/1.0" 200 8192 "-" "Mozilla/5.0 AppleWebKit/537.36 (KHTML, like Gecko; compatible; ClaudeBot/1.0; [email protected])"
74.7.243.204 - - [11/Feb/2026:00:13:45 +0000] "GET /?fileloc=//sys/class/net/eth0/subsystem/vethc796c04/subsystem/lo/subsystem/lo/carrier_changes&path=//sys/class/net/eth0/subsystem/vethc796c04/subsystem/lo/subsystem/lo HTTP/1.0" 200 2804 "https://hbkconsultancy.com/?path=//sys/class/net/eth0/subsystem/vethc796c04/subsystem/lo/subsystem/lo" "Mozilla/5.0 AppleWebKit/537.36 (KHTML, like Gecko; compatible; GPTBot/1.3; +https://openai.com/gptbot)"
216.73.216.38 - - [11/Feb/2026:00:13:46 +0000] "GET /?fileloc=%2Fvar%2Fwww%2Fhbkconsultan_usr%2Fdata%2Fwww%2Fhbkconsultancy.com%2Fwp-includes%2Fclass-wp-url-pattern-prefixer.php&path=%2Fvar%2Fwww%2Fhbkconsultan_usr%2Fdata%2Fwww%2Fhbkconsultancy.com%2Fwp-includes HTTP/1.0" 200 4368 "-" "Mozilla/5.0 AppleWebKit/537.36 (KHTML, like Gecko; compatible; ClaudeBot/1.0; [email protected])"
74.7.243.204 - - [11/Feb/2026:00:13:49 +0000] "GET /?fileloc=//sys/class/net/eth0/subsystem/lo/subsystem/veth61688aa/master/statistics/rx_dropped&path=//sys/class/net/eth0/subsystem/lo/subsystem/veth61688aa/master/statistics HTTP/1.0" 200 2821 "https://hbkconsultancy.com/?path=//sys/class/net/eth0/subsystem/lo/subsystem/veth61688aa/master/statistics" "Mozilla/5.0 AppleWebKit/537.36 (KHTML, like Gecko; compatible; GPTBot/1.3; +https://openai.com/gptbot)"
216.73.216.38 - - [11/Feb/2026:00:13:49 +0000] "GET /?fileloc=%2Fvar%2Fwww%2Fhbkconsultan_usr%2Fdata%2Fwww%2Fhbkconsultancy.com%2Fwp-includes%2Fsession.php&path=%2Fvar%2Fwww%2Fhbkconsultan_usr%2Fdata%2Fwww%2Fhbkconsultancy.com%2Fwp-includes HTTP/1.0" 200 2907 "-" "Mozilla/5.0 AppleWebKit/537.36 (KHTML, like Gecko; compatible; ClaudeBot/1.0; [email protected])"
216.73.216.38 - - [11/Feb/2026:00:13:52 +0000] "GET /?fileloc=%2Fvar%2Fwww%2Fhbkconsultan_usr%2Fdata%2Fwww%2Fhbkconsultancy.com%2Fwp-includes%2Fclass-wp.php&path=%2Fvar%2Fwww%2Fhbkconsultan_usr%2Fdata%2Fwww%2Fhbkconsultancy.com%2Fwp-includes HTTP/1.0" 200 10170 "-" "Mozilla/5.0 AppleWebKit/537.36 (KHTML, like Gecko; compatible; ClaudeBot/1.0; [email protected])"
74.7.243.204 - - [11/Feb/2026:00:13:52 +0000] "GET /?fileloc=//sys/class/net/eth0/subsystem/vethc796c04/master/subsystem/lo/statistics/rx_dropped&path=//sys/class/net/eth0/subsystem/vethc796c04/master/subsystem/lo/statistics HTTP/1.0" 200 2823 "https://hbkconsultancy.com/?path=//sys/class/net/eth0/subsystem/vethc796c04/master/subsystem/lo/statistics" "Mozilla/5.0 AppleWebKit/537.36 (KHTML, like Gecko; compatible; GPTBot/1.3; +https://openai.com/gptbot)"
74.7.243.204 - - [11/Feb/2026:00:13:55 +0000] "GET /?fileloc=//sys/class/net/lo/subsystem/lo/subsystem/vethc796c04/subsystem/eth0/carrier_changes&path=//sys/class/net/lo/subsystem/lo/subsystem/vethc796c04/subsystem/eth0 HTTP/1.0" 200 2805 "https://hbkconsultancy.com/?path=//sys/class/net/lo/subsystem/lo/subsystem/vethc796c04/subsystem/eth0" "Mozilla/5.0 AppleWebKit/537.36 (KHTML, like Gecko; compatible; GPTBot/1.3; +https://openai.com/gptbot)"
74.7.243.204 - - [11/Feb/2026:00:13:58 +0000] "GET /?fileloc=//sys/class/net/eth0/subsystem/lo/subsystem/veth429b22f/master/statistics/tx_dropped&path=//sys/class/net/eth0/subsystem/lo/subsystem/veth429b22f/master/statistics HTTP/1.0" 200 2821 "https://hbkconsultancy.com/?path=//sys/class/net/eth0/subsystem/lo/subsystem/veth429b22f/master/statistics" "Mozilla/5.0 AppleWebKit/537.36 (KHTML, like Gecko; compatible; GPTBot/1.3; +https://openai.com/gptbot)"
216.73.216.38 - - [11/Feb/2026:00:13:58 +0000] "GET /?fileloc=%2Fvar%2Fwww%2Fhbkconsultan_usr%2Fdata%2Fwww%2Fhbkconsultancy.com%2Fwp-admin%2Fpress-this.php&path=%2Fvar%2Fwww%2Fhbkconsultan_usr%2Fdata%2Fwww%2Fhbkconsultancy.com%2Fwp-admin HTTP/1.0" 200 3728 "-" "Mozilla/5.0 AppleWebKit/537.36 (KHTML, like Gecko; compatible; ClaudeBot/1.0; [email protected])"
74.7.243.204 - - [11/Feb/2026:00:14:01 +0000] "GET /?fileloc=//sys/class/net/eth0/subsystem/lo/subsystem/veth61688aa/master/bridge/multicast_router&path=//sys/class/net/eth0/subsystem/lo/subsystem/veth61688aa/master/bridge HTTP/1.0" 200 2821 "https://hbkconsultancy.com/?path=//sys/class/net/eth0/subsystem/lo/subsystem/veth61688aa/master/bridge" "Mozilla/5.0 AppleWebKit/537.36 (KHTML, like Gecko; compatible; GPTBot/1.3; +https://openai.com/gptbot)"
147.93.58.212 - - [11/Feb/2026:00:14:01 +0000] "GET / HTTP/1.0" 200 4360 "-" "Mozilla/5.0 (X11; Linux x86_64) AppleWebKit/537.36 (KHTML, like Gecko) Chrome/44.0.2403.157 Safari/537.36"
216.73.216.38 - - [11/Feb/2026:00:14:01 +0000] "GET /?fileloc=%2Fvar%2Fwww%2Fhbkconsultan_usr%2Fdata%2Fwww%2Fhbkconsultancy.com%2Fwp-includes%2Fpost-thumbnail-template.php&path=%2Fvar%2Fwww%2Fhbkconsultan_usr%2Fdata%2Fwww%2Fhbkconsultancy.com%2Fwp-includes HTTP/1.0" 200 5092 "-" "Mozilla/5.0 AppleWebKit/537.36 (KHTML, like Gecko; compatible; ClaudeBot/1.0; [email protected])"
74.7.243.204 - - [11/Feb/2026:00:14:04 +0000] "GET /?fileloc=//sys/class/net/eth0/subsystem/vethc796c04/master/subsystem/lo/statistics/tx_dropped&path=//sys/class/net/eth0/subsystem/vethc796c04/master/subsystem/lo/statistics HTTP/1.0" 200 2823 "https://hbkconsultancy.com/?path=//sys/class/net/eth0/subsystem/vethc796c04/master/subsystem/lo/statistics" "Mozilla/5.0 AppleWebKit/537.36 (KHTML, like Gecko; compatible; GPTBot/1.3; +https://openai.com/gptbot)"
216.73.216.38 - - [11/Feb/2026:00:14:04 +0000] "GET /?fileloc=%2Fvar%2Fwww%2Fhbkconsultan_usr%2Fdata%2Fwww%2Fhbkconsultancy.com%2Fwp-includes%2Fclass-walker-page.php&path=%2Fvar%2Fwww%2Fhbkconsultan_usr%2Fdata%2Fwww%2Fhbkconsultancy.com%2Fwp-includes HTTP/1.0" 200 4803 "-" "Mozilla/5.0 AppleWebKit/537.36 (KHTML, like Gecko; compatible; ClaudeBot/1.0; [email protected])"
74.7.243.204 - - [11/Feb/2026:00:14:07 +0000] "GET /?fileloc=//sys/class/net/eth0/subsystem/lo/subsystem/vethc796c04/master/statistics/rx_packets&path=//sys/class/net/eth0/subsystem/lo/subsystem/vethc796c04/master/statistics HTTP/1.0" 200 2826 "https://hbkconsultancy.com/?path=//sys/class/net/eth0/subsystem/lo/subsystem/vethc796c04/master/statistics" "Mozilla/5.0 AppleWebKit/537.36 (KHTML, like Gecko; compatible; GPTBot/1.3; +https://openai.com/gptbot)"
216.73.216.38 - - [11/Feb/2026:00:14:07 +0000] "GET /?fileloc=%2Fvar%2Fwww%2Fhbkconsultan_usr%2Fdata%2Fwww%2Fhbkconsultancy.com%2Fwp-includes%2Fbookmark-template.php&path=%2Fvar%2Fwww%2Fhbkconsultan_usr%2Fdata%2Fwww%2Fhbkconsultancy.com%2Fwp-includes HTTP/1.0" 200 6005 "-" "Mozilla/5.0 AppleWebKit/537.36 (KHTML, like Gecko; compatible; ClaudeBot/1.0; [email protected])"
216.73.216.38 - - [11/Feb/2026:00:14:10 +0000] "GET /?fileloc=%2Fvar%2Fwww%2Fhbkconsultan_usr%2Fdata%2Fwww%2Fhbkconsultancy.com%2Fwp-includes%2Fclass-wp-taxonomy.php&path=%2Fvar%2Fwww%2Fhbkconsultan_usr%2Fdata%2Fwww%2Fhbkconsultancy.com%2Fwp-includes HTTP/1.0" 200 7226 "-" "Mozilla/5.0 AppleWebKit/537.36 (KHTML, like Gecko; compatible; ClaudeBot/1.0; [email protected])"
74.7.243.204 - - [11/Feb/2026:00:14:10 +0000] "GET /?fileloc=//sys/class/net/eth0/subsystem/lo/subsystem/veth61688aa/master/bridge/hash_elasticity&path=//sys/class/net/eth0/subsystem/lo/subsystem/veth61688aa/master/bridge HTTP/1.0" 200 2822 "https://hbkconsultancy.com/?path=//sys/class/net/eth0/subsystem/lo/subsystem/veth61688aa/master/bridge" "Mozilla/5.0 AppleWebKit/537.36 (KHTML, like Gecko; compatible; GPTBot/1.3; +https://openai.com/gptbot)"
216.73.216.38 - - [11/Feb/2026:00:14:13 +0000] "GET /?fileloc=%2Fvar%2Fwww%2Fhbkconsultan_usr%2Fdata%2Fwww%2Fhbkconsultancy.com%2Fwp-includes%2Fclass-walker-category.php&path=%2Fvar%2Fwww%2Fhbkconsultan_usr%2Fdata%2Fwww%2Fhbkconsultancy.com%2Fwp-includes HTTP/1.0" 200 5155 "-" "Mozilla/5.0 AppleWebKit/537.36 (KHTML, like Gecko; compatible; ClaudeBot/1.0; [email protected])"
74.7.243.204 - - [11/Feb/2026:00:14:14 +0000] "GET /?fileloc=//sys/class/net/eth0/subsystem/lo/subsystem/veth429b22f/statistics/tx_heartbeat_errors&path=//sys/class/net/eth0/subsystem/lo/subsystem/veth429b22f/statistics HTTP/1.0" 200 2815 "https://hbkconsultancy.com/?path=//sys/class/net/eth0/subsystem/lo/subsystem/veth429b22f/statistics" "Mozilla/5.0 AppleWebKit/537.36 (KHTML, like Gecko; compatible; GPTBot/1.3; +https://openai.com/gptbot)"
216.73.216.38 - - [11/Feb/2026:00:14:16 +0000] "GET /?fileloc=%2Fvar%2Fwww%2Fhbkconsultan_usr%2Fdata%2Fwww%2Fhbkconsultancy.com%2Fwp-includes%2Fregistration.php&path=%2Fvar%2Fwww%2Fhbkconsultan_usr%2Fdata%2Fwww%2Fhbkconsultancy.com%2Fwp-includes HTTP/1.0" 200 2899 "-" "Mozilla/5.0 AppleWebKit/537.36 (KHTML, like Gecko; compatible; ClaudeBot/1.0; [email protected])"
74.7.243.204 - - [11/Feb/2026:00:14:17 +0000] "GET /?fileloc=//sys/class/net/lo/subsystem/lo/subsystem/eth0/subsystem/vethc796c04/carrier_changes&path=//sys/class/net/lo/subsystem/lo/subsystem/eth0/subsystem/vethc796c04 HTTP/1.0" 200 2805 "https://hbkconsultancy.com/?path=//sys/class/net/lo/subsystem/lo/subsystem/eth0/subsystem/vethc796c04" "Mozilla/5.0 AppleWebKit/537.36 (KHTML, like Gecko; compatible; GPTBot/1.3; +https://openai.com/gptbot)"
216.73.216.38 - - [11/Feb/2026:00:14:19 +0000] "GET /?fileloc=%2Fvar%2Fwww%2Fhbkconsultan_usr%2Fdata%2Fwww%2Fhbkconsultancy.com%2Fwp-admin%2Fcontribute.php&path=%2Fvar%2Fwww%2Fhbkconsultan_usr%2Fdata%2Fwww%2Fhbkconsultancy.com%2Fwp-admin HTTP/1.0" 200 4797 "-" "Mozilla/5.0 AppleWebKit/537.36 (KHTML, like Gecko; compatible; ClaudeBot/1.0; [email protected])"
74.7.243.204 - - [11/Feb/2026:00:14:20 +0000] "GET /?fileloc=//sys/class/net/eth0/subsystem/lo/subsystem/vethc796c04/subsystem/lo/carrier_changes&path=//sys/class/net/eth0/subsystem/lo/subsystem/vethc796c04/subsystem/lo HTTP/1.0" 200 2803 "https://hbkconsultancy.com/?path=//sys/class/net/eth0/subsystem/lo/subsystem/vethc796c04/subsystem/lo" "Mozilla/5.0 AppleWebKit/537.36 (KHTML, like Gecko; compatible; GPTBot/1.3; +https://openai.com/gptbot)"
216.73.216.38 - - [11/Feb/2026:00:14:22 +0000] "GET /?fileloc=%2Fvar%2Fwww%2Fhbkconsultan_usr%2Fdata%2Fwww%2Fhbkconsultancy.com%2Fwp-includes%2Fclass-wp-site-query.php&path=%2Fvar%2Fwww%2Fhbkconsultan_usr%2Fdata%2Fwww%2Fhbkconsultancy.com%2Fwp-includes HTTP/1.0" 200 9516 "-" "Mozilla/5.0 AppleWebKit/537.36 (KHTML, like Gecko; compatible; ClaudeBot/1.0; [email protected])"
74.7.243.204 - - [11/Feb/2026:00:14:23 +0000] "GET /?fileloc=//sys/class/net/eth0/subsystem/lo/subsystem/veth61688aa/master/power/autosuspend_delay_ms&path=//sys/class/net/eth0/subsystem/lo/subsystem/veth61688aa/master/power HTTP/1.0" 200 2821 "https://hbkconsultancy.com/?path=//sys/class/net/eth0/subsystem/lo/subsystem/veth61688aa/master/power" "Mozilla/5.0 AppleWebKit/537.36 (KHTML, like Gecko; compatible; GPTBot/1.3; +https://openai.com/gptbot)"
216.73.216.38 - - [11/Feb/2026:00:14:25 +0000] "GET /?fileloc=%2Fvar%2Fwww%2Fhbkconsultan_usr%2Fdata%2Fwww%2Fhbkconsultancy.com%2Fwp-admin%2Fupgrade.php&path=%2Fvar%2Fwww%2Fhbkconsultan_usr%2Fdata%2Fwww%2Fhbkconsultancy.com%2Fwp-admin HTTP/1.0" 200 4806 "-" "Mozilla/5.0 AppleWebKit/537.36 (KHTML, like Gecko; compatible; ClaudeBot/1.0; [email protected])"
74.7.243.204 - - [11/Feb/2026:00:14:27 +0000] "GET /?path=//sys/class/net/eth0/subsystem/veth61688aa/subsystem/docker0/queues/tx-0 HTTP/1.0" 200 3383 "https://hbkconsultancy.com/?path=//sys/class/net/eth0/subsystem/veth61688aa/subsystem/docker0/queues" "Mozilla/5.0 AppleWebKit/537.36 (KHTML, like Gecko; compatible; GPTBot/1.3; +https://openai.com/gptbot)"
216.73.216.38 - - [11/Feb/2026:00:14:28 +0000] "GET /?fileloc=%2Fvar%2Fwww%2Fhbkconsultan_usr%2Fdata%2Fwww%2Fhbkconsultancy.com%2Fwp-admin%2Fthemes.php&path=%2Fvar%2Fwww%2Fhbkconsultan_usr%2Fdata%2Fwww%2Fhbkconsultancy.com%2Fwp-admin HTTP/1.0" 200 11547 "-" "Mozilla/5.0 AppleWebKit/537.36 (KHTML, like Gecko; compatible; ClaudeBot/1.0; [email protected])"
74.7.243.204 - - [11/Feb/2026:00:14:30 +0000] "GET /?path=//sys/class/net/eth0/subsystem/veth61688aa/subsystem/docker0/queues/rx-0 HTTP/1.0" 200 3183 "https://hbkconsultancy.com/?path=//sys/class/net/eth0/subsystem/veth61688aa/subsystem/docker0/queues" "Mozilla/5.0 AppleWebKit/537.36 (KHTML, like Gecko; compatible; GPTBot/1.3; +https://openai.com/gptbot)"
216.73.216.38 - - [11/Feb/2026:00:14:31 +0000] "GET /?fileloc=%2Fvar%2Fwww%2Fhbkconsultan_usr%2Fdata%2Fwww%2Fhbkconsultancy.com%2Fwp-includes%2Fclass-wp-phpmailer.php&path=%2Fvar%2Fwww%2Fhbkconsultan_usr%2Fdata%2Fwww%2Fhbkconsultancy.com%2Fwp-includes HTTP/1.0" 200 4103 "-" "Mozilla/5.0 AppleWebKit/537.36 (KHTML, like Gecko; compatible; ClaudeBot/1.0; [email protected])"
74.7.243.204 - - [11/Feb/2026:00:14:33 +0000] "GET /?path=//sys/class/net/eth0/subsystem/vethc796c04/subsystem/docker0/queues/tx-0 HTTP/1.0" 200 3384 "https://hbkconsultancy.com/?path=//sys/class/net/eth0/subsystem/vethc796c04/subsystem/docker0/queues" "Mozilla/5.0 AppleWebKit/537.36 (KHTML, like Gecko; compatible; GPTBot/1.3; +https://openai.com/gptbot)"
216.73.216.38 - - [11/Feb/2026:00:14:34 +0000] "GET /?fileloc=%2Fvar%2Fwww%2Fhbkconsultan_usr%2Fdata%2Fwww%2Fhbkconsultancy.com%2Fwp-includes%2Fclass-wp-roles.php&path=%2Fvar%2Fwww%2Fhbkconsultan_usr%2Fdata%2Fwww%2Fhbkconsultancy.com%2Fwp-includes HTTP/1.0" 200 5307 "-" "Mozilla/5.0 AppleWebKit/537.36 (KHTML, like Gecko; compatible; ClaudeBot/1.0; [email protected])"
74.7.243.204 - - [11/Feb/2026:00:14:36 +0000] "GET /?path=//sys/class/net/eth0/subsystem/veth429b22f/subsystem/docker0/queues/tx-0 HTTP/1.0" 200 3383 "https://hbkconsultancy.com/?path=//sys/class/net/eth0/subsystem/veth429b22f/subsystem/docker0/queues" "Mozilla/5.0 AppleWebKit/537.36 (KHTML, like Gecko; compatible; GPTBot/1.3; +https://openai.com/gptbot)"
216.73.216.38 - - [11/Feb/2026:00:14:37 +0000] "GET /?fileloc=%2Fvar%2Fwww%2Fhbkconsultan_usr%2Fdata%2Fwww%2Fhbkconsultancy.com%2Fwp-admin%2Fms-upgrade-network.php&path=%2Fvar%2Fwww%2Fhbkconsultan_usr%2Fdata%2Fwww%2Fhbkconsultancy.com%2Fwp-admin HTTP/1.0" 200 2911 "-" "Mozilla/5.0 AppleWebKit/537.36 (KHTML, like Gecko; compatible; ClaudeBot/1.0; [email protected])"
74.7.243.204 - - [11/Feb/2026:00:14:39 +0000] "GET /?path=//sys/class/net/lo/subsystem/lo/subsystem/eth0/subsystem/veth429b22f/master HTTP/1.0" 200 4716 "https://hbkconsultancy.com/?path=//sys/class/net/lo/subsystem/lo/subsystem/eth0/subsystem/veth429b22f" "Mozilla/5.0 AppleWebKit/537.36 (KHTML, like Gecko; compatible; GPTBot/1.3; +https://openai.com/gptbot)"
216.73.216.38 - - [11/Feb/2026:00:14:40 +0000] "GET /?fileloc=%2Fvar%2Fwww%2Fhbkconsultan_usr%2Fdata%2Fwww%2Fhbkconsultancy.com%2Fwp-includes%2Fnav-menu-template.php&path=%2Fvar%2Fwww%2Fhbkconsultan_usr%2Fdata%2Fwww%2Fhbkconsultancy.com%2Fwp-includes HTTP/1.0" 200 9072 "-" "Mozilla/5.0 AppleWebKit/537.36 (KHTML, like Gecko; compatible; ClaudeBot/1.0; [email protected])"
74.7.243.204 - - [11/Feb/2026:00:14:42 +0000] "GET /?path=//sys/class/net/lo/subsystem/lo/subsystem/eth0/subsystem/veth429b22f/queues HTTP/1.0" 200 3150 "https://hbkconsultancy.com/?path=//sys/class/net/lo/subsystem/lo/subsystem/eth0/subsystem/veth429b22f" "Mozilla/5.0 AppleWebKit/537.36 (KHTML, like Gecko; compatible; GPTBot/1.3; +https://openai.com/gptbot)"
216.73.216.38 - - [11/Feb/2026:00:14:43 +0000] "GET /?fileloc=%2Fvar%2Fwww%2Fhbkconsultan_usr%2Fdata%2Fwww%2Fhbkconsultancy.com%2Fwp-admin%2Findex.php&path=%2Fvar%2Fwww%2Fhbkconsultan_usr%2Fdata%2Fwww%2Fhbkconsultancy.com%2Fwp-admin HTTP/1.0" 200 5757 "-" "Mozilla/5.0 AppleWebKit/537.36 (KHTML, like Gecko; compatible; ClaudeBot/1.0; [email protected])"
114.119.151.5 - - [11/Feb/2026:00:14:45 +0000] "GET /national-online-casino-se-renueva-disadvantage-mas-juegos-estabilidad-mejorada-y-el-diseno-optimizado-em-virtude-de-una-experiencia-unica-en-casino-online/ HTTP/1.0" 200 4360 "https://hbkconsultancy.com/2025/02/page/15" "Mozilla/5.0 (Linux; Android 7.0;) AppleWebKit/537.36 (KHTML, like Gecko) Mobile Safari/537.36 (compatible; PetalBot;+https://webmaster.petalsearch.com/site/petalbot)"
74.7.243.204 - - [11/Feb/2026:00:14:46 +0000] "GET /?path=//sys/class/net/eth0/subsystem/vethc796c04/subsystem/lo/subsystem/lo/queues HTTP/1.0" 200 3150 "https://hbkconsultancy.com/?path=//sys/class/net/eth0/subsystem/vethc796c04/subsystem/lo/subsystem/lo" "Mozilla/5.0 AppleWebKit/537.36 (KHTML, like Gecko; compatible; GPTBot/1.3; +https://openai.com/gptbot)"
216.73.216.38 - - [11/Feb/2026:00:14:46 +0000] "GET /?fileloc=%2Fvar%2Fwww%2Fhbkconsultan_usr%2Fdata%2Fwww%2Fhbkconsultancy.com%2Fwp-includes%2Fclass-wp-image-editor-imagick.php&path=%2Fvar%2Fwww%2Fhbkconsultan_usr%2Fdata%2Fwww%2Fhbkconsultancy.com%2Fwp-includes HTTP/1.0" 200 12971 "-" "Mozilla/5.0 AppleWebKit/537.36 (KHTML, like Gecko; compatible; ClaudeBot/1.0; [email protected])"
74.7.243.204 - - [11/Feb/2026:00:14:49 +0000] "GET /?path=//sys/class/net/lo/subsystem/lo/subsystem/eth0/subsystem/vethc796c04/master HTTP/1.0" 200 4718 "https://hbkconsultancy.com/?path=//sys/class/net/lo/subsystem/lo/subsystem/eth0/subsystem/vethc796c04" "Mozilla/5.0 AppleWebKit/537.36 (KHTML, like Gecko; compatible; GPTBot/1.3; +https://openai.com/gptbot)"
216.73.216.38 - - [11/Feb/2026:00:14:49 +0000] "GET /?fileloc=%2Fvar%2Fwww%2Fhbkconsultan_usr%2Fdata%2Fwww%2Fhbkconsultancy.com%2Fwp-includes%2Fregistration-functions.php&path=%2Fvar%2Fwww%2Fhbkconsultan_usr%2Fdata%2Fwww%2Fhbkconsultancy.com%2Fwp-includes HTTP/1.0" 200 2904 "-" "Mozilla/5.0 AppleWebKit/537.36 (KHTML, like Gecko; compatible; ClaudeBot/1.0; [email protected])"
74.7.243.204 - - [11/Feb/2026:00:14:52 +0000] "GET /?path=//sys/class/net/eth0/subsystem/lo/subsystem/vethc796c04/subsystem/lo/queues HTTP/1.0" 200 3151 "https://hbkconsultancy.com/?path=//sys/class/net/eth0/subsystem/lo/subsystem/vethc796c04/subsystem/lo" "Mozilla/5.0 AppleWebKit/537.36 (KHTML, like Gecko; compatible; GPTBot/1.3; +https://openai.com/gptbot)"
216.73.216.38 - - [11/Feb/2026:00:14:52 +0000] "GET /?fileloc=%2Fvar%2Fwww%2Fhbkconsultan_usr%2Fdata%2Fwww%2Fhbkconsultancy.com%2Fwp-admin%2Fadmin-footer.php&path=%2Fvar%2Fwww%2Fhbkconsultan_usr%2Fdata%2Fwww%2Fhbkconsultancy.com%2Fwp-admin HTTP/1.0" 200 3824 "-" "Mozilla/5.0 AppleWebKit/537.36 (KHTML, like Gecko; compatible; ClaudeBot/1.0; [email protected])"
74.7.243.204 - - [11/Feb/2026:00:14:55 +0000] "GET /?path=//sys/class/net/lo/subsystem/lo/subsystem/vethc796c04/subsystem/eth0/queues HTTP/1.0" 200 3331 "https://hbkconsultancy.com/?path=//sys/class/net/lo/subsystem/lo/subsystem/vethc796c04/subsystem/eth0" "Mozilla/5.0 AppleWebKit/537.36 (KHTML, like Gecko; compatible; GPTBot/1.3; +https://openai.com/gptbot)"
216.73.216.38 - - [11/Feb/2026:00:14:55 +0000] "GET /?fileloc=%2Fvar%2Fwww%2Fhbkconsultan_usr%2Fdata%2Fwww%2Fhbkconsultancy.com%2Fwp-includes%2Fauthor-template.php&path=%2Fvar%2Fwww%2Fhbkconsultan_usr%2Fdata%2Fwww%2Fhbkconsultancy.com%2Fwp-includes HTTP/1.0" 200 7972 "-" "Mozilla/5.0 AppleWebKit/537.36 (KHTML, like Gecko; compatible; ClaudeBot/1.0; [email protected])"
216.73.216.38 - - [11/Feb/2026:00:14:58 +0000] "GET /?fileloc=%2Fvar%2Fwww%2Fhbkconsultan_usr%2Fdata%2Fwww%2Fhbkconsultancy.com%2Fwp-includes%2Fclass-phpmailer.php&path=%2Fvar%2Fwww%2Fhbkconsultan_usr%2Fdata%2Fwww%2Fhbkconsultancy.com%2Fwp-includes HTTP/1.0" 200 3023 "-" "Mozilla/5.0 AppleWebKit/537.36 (KHTML, like Gecko; compatible; ClaudeBot/1.0; [email protected])"
74.7.243.204 - - [11/Feb/2026:00:14:58 +0000] "GET /?path=//sys/class/net/lo/subsystem/lo/subsystem/eth0/subsystem/vethc796c04/queues HTTP/1.0" 200 3150 "https://hbkconsultancy.com/?path=//sys/class/net/lo/subsystem/lo/subsystem/eth0/subsystem/vethc796c04" "Mozilla/5.0 AppleWebKit/537.36 (KHTML, like Gecko; compatible; GPTBot/1.3; +https://openai.com/gptbot)"
216.73.216.38 - - [11/Feb/2026:00:15:01 +0000] "GET /?fileloc=%2Fvar%2Fwww%2Fhbkconsultan_usr%2Fdata%2Fwww%2Fhbkconsultancy.com%2Fwp-admin%2Fprivacy.php&path=%2Fvar%2Fwww%2Fhbkconsultan_usr%2Fdata%2Fwww%2Fhbkconsultancy.com%2Fwp-admin HTTP/1.0" 200 3870 "-" "Mozilla/5.0 AppleWebKit/537.36 (KHTML, like Gecko; compatible; ClaudeBot/1.0; [email protected])"
74.7.243.204 - - [11/Feb/2026:00:15:02 +0000] "GET /?fileloc=//sys/class/net/lo/subsystem/lo/subsystem/eth0/subsystem/vethc796c04/phys_port_id&path=//sys/class/net/lo/subsystem/lo/subsystem/eth0/subsystem/vethc796c04 HTTP/1.0" 200 2803 "https://hbkconsultancy.com/?path=//sys/class/net/lo/subsystem/lo/subsystem/eth0/subsystem/vethc796c04" "Mozilla/5.0 AppleWebKit/537.36 (KHTML, like Gecko; compatible; GPTBot/1.3; +https://openai.com/gptbot)"
216.73.216.38 - - [11/Feb/2026:00:15:04 +0000] "GET /?fileloc=%2Fvar%2Fwww%2Fhbkconsultan_usr%2Fdata%2Fwww%2Fhbkconsultancy.com%2Fwp-admin%2Fuser-new.php&path=%2Fvar%2Fwww%2Fhbkconsultan_usr%2Fdata%2Fwww%2Fhbkconsultancy.com%2Fwp-admin HTTP/1.0" 200 9257 "-" "Mozilla/5.0 AppleWebKit/537.36 (KHTML, like Gecko; compatible; ClaudeBot/1.0; [email protected])"
74.7.243.204 - - [11/Feb/2026:00:15:05 +0000] "GET /?fileloc=//sys/class/net/lo/subsystem/lo/subsystem/vethc796c04/statistics/tx_fifo_errors&path=//sys/class/net/lo/subsystem/lo/subsystem/vethc796c04/statistics HTTP/1.0" 200 2805 "https://hbkconsultancy.com/?path=//sys/class/net/lo/subsystem/lo/subsystem/vethc796c04/statistics" "Mozilla/5.0 AppleWebKit/537.36 (KHTML, like Gecko; compatible; GPTBot/1.3; +https://openai.com/gptbot)"
216.73.216.38 - - [11/Feb/2026:00:15:07 +0000] "GET /?fileloc=%2Fvar%2Fwww%2Fhbkconsultan_usr%2Fdata%2Fwww%2Fhbkconsultancy.com%2Fwp-admin%2Flink.php&path=%2Fvar%2Fwww%2Fhbkconsultan_usr%2Fdata%2Fwww%2Fhbkconsultancy.com%2Fwp-admin HTTP/1.0" 200 3809 "-" "Mozilla/5.0 AppleWebKit/537.36 (KHTML, like Gecko; compatible; ClaudeBot/1.0; [email protected])"
74.7.243.204 - - [11/Feb/2026:00:15:08 +0000] "GET /?fileloc=//sys/class/net/eth0/subsystem/veth429b22f/master/subsystem/lo/power/async&path=//sys/class/net/eth0/subsystem/veth429b22f/master/subsystem/lo/power HTTP/1.0" 200 2817 "https://hbkconsultancy.com/?path=//sys/class/net/eth0/subsystem/veth429b22f/master/subsystem/lo/power" "Mozilla/5.0 AppleWebKit/537.36 (KHTML, like Gecko; compatible; GPTBot/1.3; +https://openai.com/gptbot)"
74.7.243.204 - - [11/Feb/2026:00:15:11 +0000] "GET /?fileloc=//sys/class/net/lo/subsystem/lo/subsystem/eth0/subsystem/vethc796c04/netdev_group&path=//sys/class/net/lo/subsystem/lo/subsystem/eth0/subsystem/vethc796c04 HTTP/1.0" 200 2801 "https://hbkconsultancy.com/?path=//sys/class/net/lo/subsystem/lo/subsystem/eth0/subsystem/vethc796c04" "Mozilla/5.0 AppleWebKit/537.36 (KHTML, like Gecko; compatible; GPTBot/1.3; +https://openai.com/gptbot)"
216.73.216.38 - - [11/Feb/2026:00:15:14 +0000] "GET /?fileloc=%2Fvar%2Fwww%2Fhbkconsultan_usr%2Fdata%2Fwww%2Fhbkconsultancy.com%2Fwp-includes%2Flink-template.php&path=%2Fvar%2Fwww%2Fhbkconsultan_usr%2Fdata%2Fwww%2Fhbkconsultancy.com%2Fwp-includes HTTP/1.0" 200 30596 "-" "Mozilla/5.0 AppleWebKit/537.36 (KHTML, like Gecko; compatible; ClaudeBot/1.0; [email protected])"
74.7.243.204 - - [11/Feb/2026:00:15:14 +0000] "GET /?path=//sys/class/net/lo/subsystem/lo/subsystem/eth0/subsystem/veth429b22f/master/power HTTP/1.0" 200 3479 "https://hbkconsultancy.com/?path=//sys/class/net/lo/subsystem/lo/subsystem/eth0/subsystem/veth429b22f/master" "Mozilla/5.0 AppleWebKit/537.36 (KHTML, like Gecko; compatible; GPTBot/1.3; +https://openai.com/gptbot)"
216.73.216.38 - - [11/Feb/2026:00:15:16 +0000] "GET /?fileloc=%2Fvar%2Fwww%2Fhbkconsultan_usr%2Fdata%2Fwww%2Fhbkconsultancy.com%2Fwp-admin%2Foptions-writing.php&path=%2Fvar%2Fwww%2Fhbkconsultan_usr%2Fdata%2Fwww%2Fhbkconsultancy.com%2Fwp-admin HTTP/1.0" 200 5799 "-" "Mozilla/5.0 AppleWebKit/537.36 (KHTML, like Gecko; compatible; ClaudeBot/1.0; [email protected])"
74.7.243.204 - - [11/Feb/2026:00:15:17 +0000] "GET /?fileloc=//sys/class/net/lo/subsystem/lo/subsystem/eth0/subsystem/veth429b22f/master/mtu&path=//sys/class/net/lo/subsystem/lo/subsystem/eth0/subsystem/veth429b22f/master HTTP/1.0" 200 2810 "https://hbkconsultancy.com/?path=//sys/class/net/lo/subsystem/lo/subsystem/eth0/subsystem/veth429b22f/master" "Mozilla/5.0 AppleWebKit/537.36 (KHTML, like Gecko; compatible; GPTBot/1.3; +https://openai.com/gptbot)"
216.73.216.38 - - [11/Feb/2026:00:15:19 +0000] "GET /?fileloc=%2Fvar%2Fwww%2Fhbkconsultan_usr%2Fdata%2Fwww%2Fhbkconsultancy.com%2Fwp-includes%2Flocale.php&path=%2Fvar%2Fwww%2Fhbkconsultan_usr%2Fdata%2Fwww%2Fhbkconsultancy.com%2Fwp-includes HTTP/1.0" 200 2876 "-" "Mozilla/5.0 AppleWebKit/537.36 (KHTML, like Gecko; compatible; ClaudeBot/1.0; [email protected])"
74.7.243.204 - - [11/Feb/2026:00:15:21 +0000] "GET /?fileloc=//sys/class/net/lo/subsystem/lo/subsystem/eth0/subsystem/veth429b22f/master/dev_id&path=//sys/class/net/lo/subsystem/lo/subsystem/eth0/subsystem/veth429b22f/master HTTP/1.0" 200 2812 "https://hbkconsultancy.com/?path=//sys/class/net/lo/subsystem/lo/subsystem/eth0/subsystem/veth429b22f/master" "Mozilla/5.0 AppleWebKit/537.36 (KHTML, like Gecko; compatible; GPTBot/1.3; +https://openai.com/gptbot)"
216.73.216.38 - - [11/Feb/2026:00:15:22 +0000] "GET /?fileloc=%2Fvar%2Fwww%2Fhbkconsultan_usr%2Fdata%2Fwww%2Fhbkconsultancy.com%2Fwp-includes%2Ffonts.php&path=%2Fvar%2Fwww%2Fhbkconsultan_usr%2Fdata%2Fwww%2Fhbkconsultancy.com%2Fwp-includes HTTP/1.0" 200 5414 "-" "Mozilla/5.0 AppleWebKit/537.36 (KHTML, like Gecko; compatible; ClaudeBot/1.0; [email protected])"
74.7.243.204 - - [11/Feb/2026:00:15:24 +0000] "GET /?fileloc=//sys/class/net/lo/subsystem/lo/subsystem/eth0/subsystem/vethc796c04/master/mtu&path=//sys/class/net/lo/subsystem/lo/subsystem/eth0/subsystem/vethc796c04/master HTTP/1.0" 200 2811 "https://hbkconsultancy.com/?path=//sys/class/net/lo/subsystem/lo/subsystem/eth0/subsystem/vethc796c04/master" "Mozilla/5.0 AppleWebKit/537.36 (KHTML, like Gecko; compatible; GPTBot/1.3; +https://openai.com/gptbot)"
216.73.216.38 - - [11/Feb/2026:00:15:25 +0000] "GET /?fileloc=%2Fvar%2Fwww%2Fhbkconsultan_usr%2Fdata%2Fwww%2Fhbkconsultancy.com%2Fwp-admin%2Foptions-privacy.php&path=%2Fvar%2Fwww%2Fhbkconsultan_usr%2Fdata%2Fwww%2Fhbkconsultancy.com%2Fwp-admin HTTP/1.0" 200 6037 "-" "Mozilla/5.0 AppleWebKit/537.36 (KHTML, like Gecko; compatible; ClaudeBot/1.0; [email protected])"
74.7.243.204 - - [11/Feb/2026:00:15:27 +0000] "GET /?fileloc=//sys/class/net/lo/subsystem/lo/subsystem/eth0/subsystem/vethc796c04/master/dev_id&path=//sys/class/net/lo/subsystem/lo/subsystem/eth0/subsystem/vethc796c04/master HTTP/1.0" 200 2813 "https://hbkconsultancy.com/?path=//sys/class/net/lo/subsystem/lo/subsystem/eth0/subsystem/vethc796c04/master" "Mozilla/5.0 AppleWebKit/537.36 (KHTML, like Gecko; compatible; GPTBot/1.3; +https://openai.com/gptbot)"
216.73.216.38 - - [11/Feb/2026:00:15:28 +0000] "GET /?fileloc=%2Fvar%2Fwww%2Fhbkconsultan_usr%2Fdata%2Fwww%2Fhbkconsultancy.com%2Fwp-includes%2Fclass-walker-page-dropdown.php&path=%2Fvar%2Fwww%2Fhbkconsultan_usr%2Fdata%2Fwww%2Fhbkconsultancy.com%2Fwp-includes HTTP/1.0" 200 3870 "-" "Mozilla/5.0 AppleWebKit/537.36 (KHTML, like Gecko; compatible; ClaudeBot/1.0; [email protected])"
74.7.243.204 - - [11/Feb/2026:00:15:30 +0000] "GET /?fileloc=//sys/class/net/lo/subsystem/lo/subsystem/eth0/subsystem/veth429b22f/master/iflink&path=//sys/class/net/lo/subsystem/lo/subsystem/eth0/subsystem/veth429b22f/master HTTP/1.0" 200 2809 "https://hbkconsultancy.com/?path=//sys/class/net/lo/subsystem/lo/subsystem/eth0/subsystem/veth429b22f/master" "Mozilla/5.0 AppleWebKit/537.36 (KHTML, like Gecko; compatible; GPTBot/1.3; +https://openai.com/gptbot)"
216.73.216.38 - - [11/Feb/2026:00:15:31 +0000] "GET /?fileloc=%2Fvar%2Fwww%2Fhbkconsultan_usr%2Fdata%2Fwww%2Fhbkconsultancy.com%2Fwp-admin%2Fms-delete-site.php&path=%2Fvar%2Fwww%2Fhbkconsultan_usr%2Fdata%2Fwww%2Fhbkconsultancy.com%2Fwp-admin HTTP/1.0" 200 4685 "-" "Mozilla/5.0 AppleWebKit/537.36 (KHTML, like Gecko; compatible; ClaudeBot/1.0; [email protected])"
74.7.243.204 - - [11/Feb/2026:00:15:33 +0000] "GET /?fileloc=//sys/class/net/lo/subsystem/lo/subsystem/eth0/subsystem/veth429b22f/master/uevent&path=//sys/class/net/lo/subsystem/lo/subsystem/eth0/subsystem/veth429b22f/master HTTP/1.0" 200 2849 "https://hbkconsultancy.com/?path=//sys/class/net/lo/subsystem/lo/subsystem/eth0/subsystem/veth429b22f/master" "Mozilla/5.0 AppleWebKit/537.36 (KHTML, like Gecko; compatible; GPTBot/1.3; +https://openai.com/gptbot)"
216.73.216.38 - - [11/Feb/2026:00:15:34 +0000] "GET /?fileloc=%2Fvar%2Fwww%2Fhbkconsultan_usr%2Fdata%2Fwww%2Fhbkconsultancy.com%2Fwp-admin%2Fnav-menus.php&path=%2Fvar%2Fwww%2Fhbkconsultan_usr%2Fdata%2Fwww%2Fhbkconsultancy.com%2Fwp-admin HTTP/1.0" 200 13712 "-" "Mozilla/5.0 AppleWebKit/537.36 (KHTML, like Gecko; compatible; ClaudeBot/1.0; [email protected])"
74.7.243.204 - - [11/Feb/2026:00:15:37 +0000] "GET /?fileloc=//sys/class/net/lo/subsystem/lo/subsystem/eth0/subsystem/veth429b22f/master/duplex&path=//sys/class/net/lo/subsystem/lo/subsystem/eth0/subsystem/veth429b22f/master HTTP/1.0" 200 2814 "https://hbkconsultancy.com/?path=//sys/class/net/lo/subsystem/lo/subsystem/eth0/subsystem/veth429b22f/master" "Mozilla/5.0 AppleWebKit/537.36 (KHTML, like Gecko; compatible; GPTBot/1.3; +https://openai.com/gptbot)"
216.73.216.38 - - [11/Feb/2026:00:15:37 +0000] "GET /?fileloc=%2Fvar%2Fwww%2Fhbkconsultan_usr%2Fdata%2Fwww%2Fhbkconsultancy.com%2Fwp-admin%2Flink-manager.php&path=%2Fvar%2Fwww%2Fhbkconsultan_usr%2Fdata%2Fwww%2Fhbkconsultancy.com%2Fwp-admin HTTP/1.0" 200 4560 "-" "Mozilla/5.0 AppleWebKit/537.36 (KHTML, like Gecko; compatible; ClaudeBot/1.0; [email protected])"
74.7.243.204 - - [11/Feb/2026:00:15:40 +0000] "GET /?fileloc=//sys/class/net/lo/subsystem/lo/subsystem/eth0/subsystem/vethc796c04/master/uevent&path=//sys/class/net/lo/subsystem/lo/subsystem/eth0/subsystem/vethc796c04/master HTTP/1.0" 200 2849 "https://hbkconsultancy.com/?path=//sys/class/net/lo/subsystem/lo/subsystem/eth0/subsystem/vethc796c04/master" "Mozilla/5.0 AppleWebKit/537.36 (KHTML, like Gecko; compatible; GPTBot/1.3; +https://openai.com/gptbot)"
216.73.216.38 - - [11/Feb/2026:00:15:40 +0000] "GET /?fileloc=%2Fvar%2Fwww%2Fhbkconsultan_usr%2Fdata%2Fwww%2Fhbkconsultancy.com%2Fwp-admin%2Fmedia.php&path=%2Fvar%2Fwww%2Fhbkconsultan_usr%2Fdata%2Fwww%2Fhbkconsultancy.com%2Fwp-admin HTTP/1.0" 200 3154 "-" "Mozilla/5.0 AppleWebKit/537.36 (KHTML, like Gecko; compatible; ClaudeBot/1.0; [email protected])"
74.7.243.204 - - [11/Feb/2026:00:15:43 +0000] "GET /?fileloc=//sys/class/net/lo/subsystem/lo/subsystem/eth0/subsystem/vethc796c04/master/flags&path=//sys/class/net/lo/subsystem/lo/subsystem/eth0/subsystem/vethc796c04/master HTTP/1.0" 200 2814 "https://hbkconsultancy.com/?path=//sys/class/net/lo/subsystem/lo/subsystem/eth0/subsystem/vethc796c04/master" "Mozilla/5.0 AppleWebKit/537.36 (KHTML, like Gecko; compatible; GPTBot/1.3; +https://openai.com/gptbot)"
216.73.216.38 - - [11/Feb/2026:00:15:43 +0000] "GET /?fileloc=%2Fvar%2Fwww%2Fhbkconsultan_usr%2Fdata%2Fwww%2Fhbkconsultancy.com%2Fwp-admin%2Fms-themes.php&path=%2Fvar%2Fwww%2Fhbkconsultan_usr%2Fdata%2Fwww%2Fhbkconsultancy.com%2Fwp-admin HTTP/1.0" 200 2906 "-" "Mozilla/5.0 AppleWebKit/537.36 (KHTML, like Gecko; compatible; ClaudeBot/1.0; [email protected])"
74.7.243.204 - - [11/Feb/2026:00:15:46 +0000] "GET /?fileloc=//sys/class/net/lo/subsystem/lo/subsystem/eth0/subsystem/veth429b22f/master/speed&path=//sys/class/net/lo/subsystem/lo/subsystem/eth0/subsystem/veth429b22f/master HTTP/1.0" 200 2812 "https://hbkconsultancy.com/?path=//sys/class/net/lo/subsystem/lo/subsystem/eth0/subsystem/veth429b22f/master" "Mozilla/5.0 AppleWebKit/537.36 (KHTML, like Gecko; compatible; GPTBot/1.3; +https://openai.com/gptbot)"
216.73.216.38 - - [11/Feb/2026:00:15:46 +0000] "GET /?fileloc=%2Fvar%2Fwww%2Fhbkconsultan_usr%2Fdata%2Fwww%2Fhbkconsultancy.com%2Fwp-includes%2Ftemplate-canvas.php&path=%2Fvar%2Fwww%2Fhbkconsultan_usr%2Fdata%2Fwww%2Fhbkconsultancy.com%2Fwp-includes HTTP/1.0" 200 3062 "-" "Mozilla/5.0 AppleWebKit/537.36 (KHTML, like Gecko; compatible; ClaudeBot/1.0; [email protected])"
74.7.243.204 - - [11/Feb/2026:00:15:49 +0000] "GET /?fileloc=//sys/class/net/lo/subsystem/lo/subsystem/eth0/subsystem/vethc796c04/master/duplex&path=//sys/class/net/lo/subsystem/lo/subsystem/eth0/subsystem/vethc796c04/master HTTP/1.0" 200 2815 "https://hbkconsultancy.com/?path=//sys/class/net/lo/subsystem/lo/subsystem/eth0/subsystem/vethc796c04/master" "Mozilla/5.0 AppleWebKit/537.36 (KHTML, like Gecko; compatible; GPTBot/1.3; +https://openai.com/gptbot)"
216.73.216.38 - - [11/Feb/2026:00:15:49 +0000] "GET /?fileloc=%2Fvar%2Fwww%2Fhbkconsultan_usr%2Fdata%2Fwww%2Fhbkconsultancy.com%2Fwp-includes%2Fclass-wp-customize-nav-menus.php&path=%2Fvar%2Fwww%2Fhbkconsultan_usr%2Fdata%2Fwww%2Fhbkconsultancy.com%2Fwp-includes HTTP/1.0" 200 17205 "-" "Mozilla/5.0 AppleWebKit/537.36 (KHTML, like Gecko; compatible; ClaudeBot/1.0; [email protected])"
74.7.243.204 - - [11/Feb/2026:00:15:52 +0000] "GET /?fileloc=//sys/class/net/lo/subsystem/lo/subsystem/eth0/subsystem/vethc796c04/master/iflink&path=//sys/class/net/lo/subsystem/lo/subsystem/eth0/subsystem/vethc796c04/master HTTP/1.0" 200 2810 "https://hbkconsultancy.com/?path=//sys/class/net/lo/subsystem/lo/subsystem/eth0/subsystem/vethc796c04/master" "Mozilla/5.0 AppleWebKit/537.36 (KHTML, like Gecko; compatible; GPTBot/1.3; +https://openai.com/gptbot)"
216.73.216.38 - - [11/Feb/2026:00:15:53 +0000] "GET /?fileloc=%2Fvar%2Fwww%2Fhbkconsultan_usr%2Fdata%2Fwww%2Fhbkconsultancy.com%2Fwp-admin%2Fpost-new.php&path=%2Fvar%2Fwww%2Fhbkconsultan_usr%2Fdata%2Fwww%2Fhbkconsultancy.com%2Fwp-admin HTTP/1.0" 200 3802 "-" "Mozilla/5.0 AppleWebKit/537.36 (KHTML, like Gecko; compatible; ClaudeBot/1.0; [email protected])"
74.7.243.204 - - [11/Feb/2026:00:15:55 +0000] "GET /?fileloc=//sys/class/net/lo/subsystem/lo/subsystem/eth0/subsystem/vethc796c04/master/speed&path=//sys/class/net/lo/subsystem/lo/subsystem/eth0/subsystem/vethc796c04/master HTTP/1.0" 200 2813 "https://hbkconsultancy.com/?path=//sys/class/net/lo/subsystem/lo/subsystem/eth0/subsystem/vethc796c04/master" "Mozilla/5.0 AppleWebKit/537.36 (KHTML, like Gecko; compatible; GPTBot/1.3; +https://openai.com/gptbot)"
216.73.216.38 - - [11/Feb/2026:00:15:56 +0000] "GET /?fileloc=%2Fvar%2Fwww%2Fhbkconsultan_usr%2Fdata%2Fwww%2Fhbkconsultancy.com%2Fwp-includes%2Ftaxonomy.php&path=%2Fvar%2Fwww%2Fhbkconsultan_usr%2Fdata%2Fwww%2Fhbkconsultancy.com%2Fwp-includes HTTP/1.0" 200 40544 "-" "Mozilla/5.0 AppleWebKit/537.36 (KHTML, like Gecko; compatible; ClaudeBot/1.0; [email protected])"
216.73.216.38 - - [11/Feb/2026:00:15:59 +0000] "GET /?fileloc=%2Fvar%2Fwww%2Fhbkconsultan_usr%2Fdata%2Fwww%2Fhbkconsultancy.com%2Fwp-includes%2Fcategory-template.php&path=%2Fvar%2Fwww%2Fhbkconsultan_usr%2Fdata%2Fwww%2Fhbkconsultancy.com%2Fwp-includes HTTP/1.0" 200 16078 "-" "Mozilla/5.0 AppleWebKit/537.36 (KHTML, like Gecko; compatible; ClaudeBot/1.0; [email protected])"
74.7.243.204 - - [11/Feb/2026:00:15:59 +0000] "GET /?fileloc=//sys/class/net/lo/subsystem/lo/subsystem/eth0/subsystem/veth429b22f/master/flags&path=//sys/class/net/lo/subsystem/lo/subsystem/eth0/subsystem/veth429b22f/master HTTP/1.0" 200 2813 "https://hbkconsultancy.com/?path=//sys/class/net/lo/subsystem/lo/subsystem/eth0/subsystem/veth429b22f/master" "Mozilla/5.0 AppleWebKit/537.36 (KHTML, like Gecko; compatible; GPTBot/1.3; +https://openai.com/gptbot)"
216.73.216.38 - - [11/Feb/2026:00:16:02 +0000] "GET /?fileloc=%2Fvar%2Fwww%2Fhbkconsultan_usr%2Fdata%2Fwww%2Fhbkconsultancy.com%2Fwp-admin%2Ferase-personal-data.php&path=%2Fvar%2Fwww%2Fhbkconsultan_usr%2Fdata%2Fwww%2Fhbkconsultancy.com%2Fwp-admin HTTP/1.0" 200 5504 "-" "Mozilla/5.0 AppleWebKit/537.36 (KHTML, like Gecko; compatible; ClaudeBot/1.0; [email protected])"
74.7.243.204 - - [11/Feb/2026:00:16:02 +0000] "GET /?fileloc=//sys/class/net/lo/subsystem/lo/subsystem/vethc796c04/statistics/rx_over_errors&path=//sys/class/net/lo/subsystem/lo/subsystem/vethc796c04/statistics HTTP/1.0" 200 2804 "https://hbkconsultancy.com/?path=//sys/class/net/lo/subsystem/lo/subsystem/vethc796c04/statistics" "Mozilla/5.0 AppleWebKit/537.36 (KHTML, like Gecko; compatible; GPTBot/1.3; +https://openai.com/gptbot)"
216.73.216.38 - - [11/Feb/2026:00:16:05 +0000] "GET /?fileloc=%2Fvar%2Fwww%2Fhbkconsultan_usr%2Fdata%2Fwww%2Fhbkconsultancy.com%2Fwp-includes%2Fms-blogs.php&path=%2Fvar%2Fwww%2Fhbkconsultan_usr%2Fdata%2Fwww%2Fhbkconsultancy.com%2Fwp-includes HTTP/1.0" 200 8983 "-" "Mozilla/5.0 AppleWebKit/537.36 (KHTML, like Gecko; compatible; ClaudeBot/1.0; [email protected])"
74.7.243.204 - - [11/Feb/2026:00:16:05 +0000] "GET /?fileloc=//sys/class/net/eth0/subsystem/lo/subsystem/veth61688aa/master/bridge/hello_time&path=//sys/class/net/eth0/subsystem/lo/subsystem/veth61688aa/master/bridge HTTP/1.0" 200 2819 "https://hbkconsultancy.com/?path=//sys/class/net/eth0/subsystem/lo/subsystem/veth61688aa/master/bridge" "Mozilla/5.0 AppleWebKit/537.36 (KHTML, like Gecko; compatible; GPTBot/1.3; +https://openai.com/gptbot)"
216.73.216.38 - - [11/Feb/2026:00:16:08 +0000] "GET /?fileloc=%2Fvar%2Fwww%2Fhbkconsultan_usr%2Fdata%2Fwww%2Fhbkconsultancy.com%2Fwp-includes%2Ferror_log&path=%2Fvar%2Fwww%2Fhbkconsultan_usr%2Fdata%2Fwww%2Fhbkconsultancy.com%2Fwp-includes HTTP/1.0" 200 3383 "-" "Mozilla/5.0 AppleWebKit/537.36 (KHTML, like Gecko; compatible; ClaudeBot/1.0; [email protected])"
74.7.243.204 - - [11/Feb/2026:00:16:08 +0000] "GET /?fileloc=//sys/class/net/eth0/subsystem/vethc796c04/subsystem/lo/subsystem/lo/dev_port&path=//sys/class/net/eth0/subsystem/vethc796c04/subsystem/lo/subsystem/lo HTTP/1.0" 200 2800 "https://hbkconsultancy.com/?path=//sys/class/net/eth0/subsystem/vethc796c04/subsystem/lo/subsystem/lo" "Mozilla/5.0 AppleWebKit/537.36 (KHTML, like Gecko; compatible; GPTBot/1.3; +https://openai.com/gptbot)"
114.119.151.1 - - [11/Feb/2026:00:16:09 +0000] "GET /lp-course-grid-06/page/3 HTTP/1.0" 200 4360 "http://hbkconsultancy.com/lp-course-grid-06/page/2" "Mozilla/5.0 (Linux; Android 7.0;) AppleWebKit/537.36 (KHTML, like Gecko) Mobile Safari/537.36 (compatible; PetalBot;+https://webmaster.petalsearch.com/site/petalbot)"
216.73.216.38 - - [11/Feb/2026:00:16:11 +0000] "GET /?fileloc=%2Fvar%2Fwww%2Fhbkconsultan_usr%2Fdata%2Fwww%2Fhbkconsultancy.com%2Fwp-includes%2Ftheme.json&path=%2Fvar%2Fwww%2Fhbkconsultan_usr%2Fdata%2Fwww%2Fhbkconsultancy.com%2Fwp-includes HTTP/1.0" 200 5113 "-" "Mozilla/5.0 AppleWebKit/537.36 (KHTML, like Gecko; compatible; ClaudeBot/1.0; [email protected])"
74.7.243.204 - - [11/Feb/2026:00:16:11 +0000] "GET /?fileloc=//sys/class/net/eth0/subsystem/vethc796c04/subsystem/lo/subsystem/lo/proto_down&path=//sys/class/net/eth0/subsystem/vethc796c04/subsystem/lo/subsystem/lo HTTP/1.0" 200 2802 "https://hbkconsultancy.com/?path=//sys/class/net/eth0/subsystem/vethc796c04/subsystem/lo/subsystem/lo" "Mozilla/5.0 AppleWebKit/537.36 (KHTML, like Gecko; compatible; GPTBot/1.3; +https://openai.com/gptbot)"
216.73.216.38 - - [11/Feb/2026:00:16:14 +0000] "GET /?fileloc=%2Fvar%2Fwww%2Fhbkconsultan_usr%2Fdata%2Fwww%2Fhbkconsultancy.com%2Fwp-includes%2Fcategory.php&path=%2Fvar%2Fwww%2Fhbkconsultan_usr%2Fdata%2Fwww%2Fhbkconsultancy.com%2Fwp-includes HTTP/1.0" 200 6317 "-" "Mozilla/5.0 AppleWebKit/537.36 (KHTML, like Gecko; compatible; ClaudeBot/1.0; [email protected])"
74.7.243.204 - - [11/Feb/2026:00:16:14 +0000] "GET /?fileloc=//sys/class/net/eth0/subsystem/lo/subsystem/veth61688aa/master/bridge/stp_state&path=//sys/class/net/eth0/subsystem/lo/subsystem/veth61688aa/master/bridge HTTP/1.0" 200 2816 "https://hbkconsultancy.com/?path=//sys/class/net/eth0/subsystem/lo/subsystem/veth61688aa/master/bridge" "Mozilla/5.0 AppleWebKit/537.36 (KHTML, like Gecko; compatible; GPTBot/1.3; +https://openai.com/gptbot)"
216.73.216.38 - - [11/Feb/2026:00:16:17 +0000] "GET /?fileloc=%2Fvar%2Fwww%2Fhbkconsultan_usr%2Fdata%2Fwww%2Fhbkconsultancy.com%2Fwp-includes%2Fclass-wp-site.php&path=%2Fvar%2Fwww%2Fhbkconsultan_usr%2Fdata%2Fwww%2Fhbkconsultancy.com%2Fwp-includes HTTP/1.0" 200 4847 "-" "Mozilla/5.0 AppleWebKit/537.36 (KHTML, like Gecko; compatible; ClaudeBot/1.0; [email protected])"
74.7.243.204 - - [11/Feb/2026:00:16:17 +0000] "GET /?fileloc=//sys/class/net/lo/subsystem/lo/subsystem/vethc796c04/subsystem/eth0/addr_len&path=//sys/class/net/lo/subsystem/lo/subsystem/vethc796c04/subsystem/eth0 HTTP/1.0" 200 2800 "https://hbkconsultancy.com/?path=//sys/class/net/lo/subsystem/lo/subsystem/vethc796c04/subsystem/eth0" "Mozilla/5.0 AppleWebKit/537.36 (KHTML, like Gecko; compatible; GPTBot/1.3; +https://openai.com/gptbot)"
216.73.216.38 - - [11/Feb/2026:00:16:20 +0000] "GET /?fileloc=%2Fvar%2Fwww%2Fhbkconsultan_usr%2Fdata%2Fwww%2Fhbkconsultancy.com%2Fwp-includes%2Fclass-wp-image-editor-gd.php&path=%2Fvar%2Fwww%2Fhbkconsultan_usr%2Fdata%2Fwww%2Fhbkconsultancy.com%2Fwp-includes HTTP/1.0" 200 7842 "-" "Mozilla/5.0 AppleWebKit/537.36 (KHTML, like Gecko; compatible; ClaudeBot/1.0; [email protected])"
74.7.243.204 - - [11/Feb/2026:00:16:20 +0000] "GET /?fileloc=//sys/class/net/eth0/subsystem/lo/subsystem/vethc796c04/subsystem/lo/phys_switch_id&path=//sys/class/net/eth0/subsystem/lo/subsystem/vethc796c04/subsystem/lo HTTP/1.0" 200 2802 "https://hbkconsultancy.com/?path=//sys/class/net/eth0/subsystem/lo/subsystem/vethc796c04/subsystem/lo" "Mozilla/5.0 AppleWebKit/537.36 (KHTML, like Gecko; compatible; GPTBot/1.3; +https://openai.com/gptbot)"
216.73.216.38 - - [11/Feb/2026:00:16:23 +0000] "GET /?fileloc=%2Fvar%2Fwww%2Fhbkconsultan_usr%2Fdata%2Fwww%2Fhbkconsultancy.com%2Fwp-includes%2Fclass-pop3.php&path=%2Fvar%2Fwww%2Fhbkconsultan_usr%2Fdata%2Fwww%2Fhbkconsultancy.com%2Fwp-includes HTTP/1.0" 200 7636 "-" "Mozilla/5.0 AppleWebKit/537.36 (KHTML, like Gecko; compatible; ClaudeBot/1.0; [email protected])"
74.7.243.204 - - [11/Feb/2026:00:16:24 +0000] "GET /?fileloc=//sys/class/net/eth0/subsystem/vethc796c04/subsystem/lo/subsystem/lo/phys_port_id&path=//sys/class/net/eth0/subsystem/vethc796c04/subsystem/lo/subsystem/lo HTTP/1.0" 200 2802 "https://hbkconsultancy.com/?path=//sys/class/net/eth0/subsystem/vethc796c04/subsystem/lo/subsystem/lo" "Mozilla/5.0 AppleWebKit/537.36 (KHTML, like Gecko; compatible; GPTBot/1.3; +https://openai.com/gptbot)"
74.7.243.204 - - [11/Feb/2026:00:16:27 +0000] "GET /?fileloc=//sys/class/net/eth0/subsystem/vethc796c04/subsystem/lo/subsystem/lo/phys_port_name&path=//sys/class/net/eth0/subsystem/vethc796c04/subsystem/lo/subsystem/lo HTTP/1.0" 200 2802 "https://hbkconsultancy.com/?path=//sys/class/net/eth0/subsystem/vethc796c04/subsystem/lo/subsystem/lo" "Mozilla/5.0 AppleWebKit/537.36 (KHTML, like Gecko; compatible; GPTBot/1.3; +https://openai.com/gptbot)"
74.7.243.204 - - [11/Feb/2026:00:16:30 +0000] "GET /?fileloc=//sys/class/net/eth0/subsystem/lo/subsystem/vethc796c04/master/bridge/stp_state&path=//sys/class/net/eth0/subsystem/lo/subsystem/vethc796c04/master/bridge HTTP/1.0" 200 2817 "https://hbkconsultancy.com/?path=//sys/class/net/eth0/subsystem/lo/subsystem/vethc796c04/master/bridge" "Mozilla/5.0 AppleWebKit/537.36 (KHTML, like Gecko; compatible; GPTBot/1.3; +https://openai.com/gptbot)"
74.7.243.204 - - [11/Feb/2026:00:16:33 +0000] "GET /?fileloc=//sys/class/net/eth0/subsystem/lo/subsystem/vethc796c04/subsystem/lo/dev_port&path=//sys/class/net/eth0/subsystem/lo/subsystem/vethc796c04/subsystem/lo HTTP/1.0" 200 2800 "https://hbkconsultancy.com/?path=//sys/class/net/eth0/subsystem/lo/subsystem/vethc796c04/subsystem/lo" "Mozilla/5.0 AppleWebKit/537.36 (KHTML, like Gecko; compatible; GPTBot/1.3; +https://openai.com/gptbot)"
74.7.243.204 - - [11/Feb/2026:00:16:36 +0000] "GET /?fileloc=//sys/class/net/eth0/subsystem/lo/subsystem/veth61688aa/master/power/async&path=//sys/class/net/eth0/subsystem/lo/subsystem/veth61688aa/master/power HTTP/1.0" 200 2815 "https://hbkconsultancy.com/?path=//sys/class/net/eth0/subsystem/lo/subsystem/veth61688aa/master/power" "Mozilla/5.0 AppleWebKit/537.36 (KHTML, like Gecko; compatible; GPTBot/1.3; +https://openai.com/gptbot)"
85.208.96.194 - - [11/Feb/2026:00:16:36 +0000] "GET /federal-income-tax-rates-and-brackets-internal-6/ HTTP/1.0" 200 4360 "-" "Mozilla/5.0 (compatible; SemrushBot/7~bl; +http://www.semrush.com/bot.html)"
74.7.243.204 - - [11/Feb/2026:00:16:39 +0000] "GET /?fileloc=//sys/class/net/lo/subsystem/lo/subsystem/eth0/subsystem/vethc796c04/proto_down&path=//sys/class/net/lo/subsystem/lo/subsystem/eth0/subsystem/vethc796c04 HTTP/1.0" 200 2802 "https://hbkconsultancy.com/?path=//sys/class/net/lo/subsystem/lo/subsystem/eth0/subsystem/vethc796c04" "Mozilla/5.0 AppleWebKit/537.36 (KHTML, like Gecko; compatible; GPTBot/1.3; +https://openai.com/gptbot)"
