74.7.241.2 - - [11/Feb/2026:01:38:47 +0000] "GET /?path=//sys/class/net/veth61688aa/upper_docker0/subsystem/eth0/device/net/eth0/subsystem/veth61688aa/master HTTP/1.0" 200 4731 "https://hbkconsultancy.com/?path=//sys/class/net/veth61688aa/upper_docker0/subsystem/eth0/device/net/eth0/subsystem/veth61688aa" "Mozilla/5.0 AppleWebKit/537.36 (KHTML, like Gecko; compatible; GPTBot/1.3; +https://openai.com/gptbot)"
74.7.241.2 - - [11/Feb/2026:01:38:50 +0000] "GET /?path=//sys/class/net/vethc796c04/upper_docker0/subsystem/eth0/device/net/eth0/device/subsystem/devices/virtio0/subsystem HTTP/1.0" 200 3368 "https://hbkconsultancy.com/?path=//sys/class/net/vethc796c04/upper_docker0/subsystem/eth0/device/net/eth0/device/subsystem/devices/virtio0" "Mozilla/5.0 AppleWebKit/537.36 (KHTML, like Gecko; compatible; GPTBot/1.3; +https://openai.com/gptbot)"
74.7.241.2 - - [11/Feb/2026:01:38:53 +0000] "GET /?path=//sys/class/net/veth61688aa/upper_docker0/subsystem/eth0/device/net/eth0/device/subsystem/devices/virtio0/subsystem HTTP/1.0" 200 3368 "https://hbkconsultancy.com/?path=//sys/class/net/veth61688aa/upper_docker0/subsystem/eth0/device/net/eth0/device/subsystem/devices/virtio0" "Mozilla/5.0 AppleWebKit/537.36 (KHTML, like Gecko; compatible; GPTBot/1.3; +https://openai.com/gptbot)"
74.7.241.2 - - [11/Feb/2026:01:38:56 +0000] "GET /?path=//sys/class/net/veth61688aa/upper_docker0/subsystem/eth0/device/net/eth0/device/subsystem/drivers/virtio_net HTTP/1.0" 200 3317 "https://hbkconsultancy.com/?path=//sys/class/net/veth61688aa/upper_docker0/subsystem/eth0/device/net/eth0/device/subsystem/drivers" "Mozilla/5.0 AppleWebKit/537.36 (KHTML, like Gecko; compatible; GPTBot/1.3; +https://openai.com/gptbot)"
74.7.241.2 - - [11/Feb/2026:01:38:59 +0000] "GET /?path=//sys/class/net/veth61688aa/upper_docker0/subsystem/eth0/device/net/eth0/device/subsystem/devices/virtio3 HTTP/1.0" 200 3541 "https://hbkconsultancy.com/?path=//sys/class/net/veth61688aa/upper_docker0/subsystem/eth0/device/net/eth0/device/subsystem/devices" "Mozilla/5.0 AppleWebKit/537.36 (KHTML, like Gecko; compatible; GPTBot/1.3; +https://openai.com/gptbot)"
74.7.241.2 - - [11/Feb/2026:01:39:03 +0000] "GET /?path=//sys/class/net/veth61688aa/upper_docker0/subsystem/eth0/device/net/eth0/device/subsystem/devices/virtio2 HTTP/1.0" 200 3538 "https://hbkconsultancy.com/?path=//sys/class/net/veth61688aa/upper_docker0/subsystem/eth0/device/net/eth0/device/subsystem/devices" "Mozilla/5.0 AppleWebKit/537.36 (KHTML, like Gecko; compatible; GPTBot/1.3; +https://openai.com/gptbot)"
114.119.132.88 - - [11/Feb/2026:01:39:05 +0000] "GET /2024/11/21/ HTTP/1.0" 200 4360 "http://hbkconsultancy.com/top-20-backpage-alternate-options-the-best-new-sites-like-backpage-com/" "Mozilla/5.0 (Linux; Android 7.0;) AppleWebKit/537.36 (KHTML, like Gecko) Mobile Safari/537.36 (compatible; PetalBot;+https://webmaster.petalsearch.com/site/petalbot)"
74.7.241.2 - - [11/Feb/2026:01:39:06 +0000] "GET /?path=//sys/class/net/vethc796c04/upper_docker0/subsystem/eth0/device/net/eth0/device/subsystem/devices/virtio2 HTTP/1.0" 200 3539 "https://hbkconsultancy.com/?path=//sys/class/net/vethc796c04/upper_docker0/subsystem/eth0/device/net/eth0/device/subsystem/devices" "Mozilla/5.0 AppleWebKit/537.36 (KHTML, like Gecko; compatible; GPTBot/1.3; +https://openai.com/gptbot)"
74.7.241.2 - - [11/Feb/2026:01:39:09 +0000] "GET /?fileloc=//sys/class/net/veth61688aa/upper_docker0/subsystem/eth0/device/net/eth0/device/subsystem/drivers/virtio_scsi/bind&path=//sys/class/net/veth61688aa/upper_docker0/subsystem/eth0/device/net/eth0/device/subsystem/drivers/virtio_scsi HTTP/1.0" 200 2852 "https://hbkconsultancy.com/?path=//sys/class/net/veth61688aa/upper_docker0/subsystem/eth0/device/net/eth0/device/subsystem/drivers/virtio_scsi" "Mozilla/5.0 AppleWebKit/537.36 (KHTML, like Gecko; compatible; GPTBot/1.3; +https://openai.com/gptbot)"
74.7.241.2 - - [11/Feb/2026:01:39:12 +0000] "GET /?path=//sys/class/net/vethc796c04/upper_docker0/subsystem/eth0/device/net/eth0/device/subsystem/devices/virtio1 HTTP/1.0" 200 3545 "https://hbkconsultancy.com/?path=//sys/class/net/vethc796c04/upper_docker0/subsystem/eth0/device/net/eth0/device/subsystem/devices" "Mozilla/5.0 AppleWebKit/537.36 (KHTML, like Gecko; compatible; GPTBot/1.3; +https://openai.com/gptbot)"
74.7.241.2 - - [11/Feb/2026:01:39:16 +0000] "GET /?path=//sys/class/net/vethc796c04/upper_docker0/subsystem/eth0/device/net/eth0/device/subsystem/devices/virtio3 HTTP/1.0" 200 3541 "https://hbkconsultancy.com/?path=//sys/class/net/vethc796c04/upper_docker0/subsystem/eth0/device/net/eth0/device/subsystem/devices" "Mozilla/5.0 AppleWebKit/537.36 (KHTML, like Gecko; compatible; GPTBot/1.3; +https://openai.com/gptbot)"
74.7.241.2 - - [11/Feb/2026:01:39:19 +0000] "GET /?path=//sys/class/net/veth61688aa/upper_docker0/subsystem/eth0/device/net/eth0/subsystem/lo/subsystem/lo HTTP/1.0" 200 4534 "https://hbkconsultancy.com/?path=//sys/class/net/veth61688aa/upper_docker0/subsystem/eth0/device/net/eth0/subsystem/lo/subsystem" "Mozilla/5.0 AppleWebKit/537.36 (KHTML, like Gecko; compatible; GPTBot/1.3; +https://openai.com/gptbot)"
74.7.241.2 - - [11/Feb/2026:01:39:22 +0000] "GET /?path=//sys/class/net/vethc796c04/upper_docker0/subsystem/eth0/device/net/eth0/subsystem/lo/subsystem/lo/subsystem HTTP/1.0" 200 3333 "https://hbkconsultancy.com/?path=//sys/class/net/vethc796c04/upper_docker0/subsystem/eth0/device/net/eth0/subsystem/lo/subsystem/lo" "Mozilla/5.0 AppleWebKit/537.36 (KHTML, like Gecko; compatible; GPTBot/1.3; +https://openai.com/gptbot)"
74.7.241.2 - - [11/Feb/2026:01:39:25 +0000] "GET /?fileloc=//sys/class/net/vethc796c04/upper_docker0/subsystem/lo/phys_port_id&path=//sys/class/net/vethc796c04/upper_docker0/subsystem/lo HTTP/1.0" 200 2795 "https://hbkconsultancy.com/?path=//sys/class/net/vethc796c04/upper_docker0/subsystem/lo" "Mozilla/5.0 AppleWebKit/537.36 (KHTML, like Gecko; compatible; GPTBot/1.3; +https://openai.com/gptbot)"
74.7.241.2 - - [11/Feb/2026:01:39:28 +0000] "GET /?fileloc=//sys/class/net/veth61688aa/upper_docker0/subsystem/lo/phys_switch_id&path=//sys/class/net/veth61688aa/upper_docker0/subsystem/lo HTTP/1.0" 200 2796 "https://hbkconsultancy.com/?path=//sys/class/net/veth61688aa/upper_docker0/subsystem/lo" "Mozilla/5.0 AppleWebKit/537.36 (KHTML, like Gecko; compatible; GPTBot/1.3; +https://openai.com/gptbot)"
74.7.241.2 - - [11/Feb/2026:01:39:31 +0000] "GET /?path=//sys/class/net/veth61688aa/upper_docker0/subsystem/eth0/device/net/eth0/subsystem/vethc796c04/queues HTTP/1.0" 200 3187 "https://hbkconsultancy.com/?path=//sys/class/net/veth61688aa/upper_docker0/subsystem/eth0/device/net/eth0/subsystem/vethc796c04" "Mozilla/5.0 AppleWebKit/537.36 (KHTML, like Gecko; compatible; GPTBot/1.3; +https://openai.com/gptbot)"
74.7.241.2 - - [11/Feb/2026:01:39:34 +0000] "GET /?path=//sys/class/net/vethc796c04/upper_docker0/subsystem/eth0/device/net/eth0/subsystem/veth61688aa/queues HTTP/1.0" 200 3187 "https://hbkconsultancy.com/?path=//sys/class/net/vethc796c04/upper_docker0/subsystem/eth0/device/net/eth0/subsystem/veth61688aa" "Mozilla/5.0 AppleWebKit/537.36 (KHTML, like Gecko; compatible; GPTBot/1.3; +https://openai.com/gptbot)"
74.7.241.2 - - [11/Feb/2026:01:39:37 +0000] "GET /?path=//sys/class/net/vethc796c04/upper_docker0/subsystem/eth0/device/net/eth0/subsystem/lo/queues/rx-0 HTTP/1.0" 200 3222 "https://hbkconsultancy.com/?path=//sys/class/net/vethc796c04/upper_docker0/subsystem/eth0/device/net/eth0/subsystem/lo/queues" "Mozilla/5.0 AppleWebKit/537.36 (KHTML, like Gecko; compatible; GPTBot/1.3; +https://openai.com/gptbot)"
74.7.241.2 - - [11/Feb/2026:01:39:41 +0000] "GET /?path=//sys/class/net/vethc796c04/upper_docker0/subsystem/eth0/device/net/eth0/device/subsystem/devices/virtio2/net HTTP/1.0" 200 3157 "https://hbkconsultancy.com/?path=//sys/class/net/vethc796c04/upper_docker0/subsystem/eth0/device/net/eth0/device/subsystem/devices/virtio2" "Mozilla/5.0 AppleWebKit/537.36 (KHTML, like Gecko; compatible; GPTBot/1.3; +https://openai.com/gptbot)"
74.7.241.2 - - [11/Feb/2026:01:39:44 +0000] "GET /?path=//sys/class/net/vethc796c04/upper_docker0/subsystem/eth0/device/net/eth0/device/subsystem/devices/virtio2/subsystem HTTP/1.0" 200 3367 "https://hbkconsultancy.com/?path=//sys/class/net/vethc796c04/upper_docker0/subsystem/eth0/device/net/eth0/device/subsystem/devices/virtio2" "Mozilla/5.0 AppleWebKit/537.36 (KHTML, like Gecko; compatible; GPTBot/1.3; +https://openai.com/gptbot)"
205.185.116.204 - - [11/Feb/2026:01:39:44 +0000] "GET / HTTP/1.0" 200 4360 "-" "Mozilla/5.0 (Windows NT 10.0; Win64; x64) AppleWebKit/537.36 (KHTML, like Gecko) Chrome/92.0.4515.159 Safari/537.36"
74.7.241.2 - - [11/Feb/2026:01:39:47 +0000] "GET /?path=//sys/class/net/vethc796c04/upper_docker0/subsystem/eth0/device/net/eth0/device/subsystem/devices/virtio1/subsystem HTTP/1.0" 200 3367 "https://hbkconsultancy.com/?path=//sys/class/net/vethc796c04/upper_docker0/subsystem/eth0/device/net/eth0/device/subsystem/devices/virtio1" "Mozilla/5.0 AppleWebKit/537.36 (KHTML, like Gecko; compatible; GPTBot/1.3; +https://openai.com/gptbot)"
74.7.241.2 - - [11/Feb/2026:01:39:50 +0000] "GET /?path=//sys/class/net/vethc796c04/upper_docker0/subsystem/eth0/device/net/eth0/device/subsystem/devices/virtio3/subsystem HTTP/1.0" 200 3367 "https://hbkconsultancy.com/?path=//sys/class/net/vethc796c04/upper_docker0/subsystem/eth0/device/net/eth0/device/subsystem/devices/virtio3" "Mozilla/5.0 AppleWebKit/537.36 (KHTML, like Gecko; compatible; GPTBot/1.3; +https://openai.com/gptbot)"
74.7.241.2 - - [11/Feb/2026:01:39:53 +0000] "GET /?path=//sys/class/net/veth61688aa/upper_docker0/subsystem/eth0/device/net/eth0/subsystem/lo/subsystem/lo/queues HTTP/1.0" 200 3190 "https://hbkconsultancy.com/?path=//sys/class/net/veth61688aa/upper_docker0/subsystem/eth0/device/net/eth0/subsystem/lo/subsystem/lo" "Mozilla/5.0 AppleWebKit/537.36 (KHTML, like Gecko; compatible; GPTBot/1.3; +https://openai.com/gptbot)"
74.7.241.2 - - [11/Feb/2026:01:39:56 +0000] "GET /?path=//sys/class/net/veth61688aa/upper_docker0/subsystem/eth0/device/net/eth0/subsystem/lo/subsystem/lo/statistics HTTP/1.0" 200 3976 "https://hbkconsultancy.com/?path=//sys/class/net/veth61688aa/upper_docker0/subsystem/eth0/device/net/eth0/subsystem/lo/subsystem/lo" "Mozilla/5.0 AppleWebKit/537.36 (KHTML, like Gecko; compatible; GPTBot/1.3; +https://openai.com/gptbot)"
74.7.241.2 - - [11/Feb/2026:01:40:00 +0000] "GET /?path=//sys/class/net/veth61688aa/upper_docker0/subsystem/eth0/device/net/eth0/subsystem/lo/subsystem/lo/subsystem HTTP/1.0" 200 3333 "https://hbkconsultancy.com/?path=//sys/class/net/veth61688aa/upper_docker0/subsystem/eth0/device/net/eth0/subsystem/lo/subsystem/lo" "Mozilla/5.0 AppleWebKit/537.36 (KHTML, like Gecko; compatible; GPTBot/1.3; +https://openai.com/gptbot)"
74.7.241.2 - - [11/Feb/2026:01:40:02 +0000] "GET /?path=//sys/class/net/veth61688aa/upper_docker0/subsystem/eth0/device/net/eth0/subsystem/lo/queues/tx-0 HTTP/1.0" 200 3425 "https://hbkconsultancy.com/?path=//sys/class/net/veth61688aa/upper_docker0/subsystem/eth0/device/net/eth0/subsystem/lo/queues" "Mozilla/5.0 AppleWebKit/537.36 (KHTML, like Gecko; compatible; GPTBot/1.3; +https://openai.com/gptbot)"
74.7.241.2 - - [11/Feb/2026:01:40:06 +0000] "GET /?path=//sys/class/net/veth61688aa/upper_docker0/subsystem/eth0/device/net/eth0/subsystem/lo/queues/rx-0 HTTP/1.0" 200 3221 "https://hbkconsultancy.com/?path=//sys/class/net/veth61688aa/upper_docker0/subsystem/eth0/device/net/eth0/subsystem/lo/queues" "Mozilla/5.0 AppleWebKit/537.36 (KHTML, like Gecko; compatible; GPTBot/1.3; +https://openai.com/gptbot)"
74.7.241.2 - - [11/Feb/2026:01:40:09 +0000] "GET /?path=//sys/class/net/vethc796c04/upper_docker0/subsystem/eth0/device/net/eth0/subsystem/lo/queues/tx-0 HTTP/1.0" 200 3425 "https://hbkconsultancy.com/?path=//sys/class/net/vethc796c04/upper_docker0/subsystem/eth0/device/net/eth0/subsystem/lo/queues" "Mozilla/5.0 AppleWebKit/537.36 (KHTML, like Gecko; compatible; GPTBot/1.3; +https://openai.com/gptbot)"
74.7.241.2 - - [11/Feb/2026:01:40:12 +0000] "GET /?path=//sys/class/net/vethc796c04/upper_docker0/subsystem/eth0/power HTTP/1.0" 200 3461 "https://hbkconsultancy.com/?path=//sys/class/net/vethc796c04/upper_docker0/subsystem/eth0" "Mozilla/5.0 AppleWebKit/537.36 (KHTML, like Gecko; compatible; GPTBot/1.3; +https://openai.com/gptbot)"
74.7.241.2 - - [11/Feb/2026:01:40:15 +0000] "GET /?path=//sys/class/net/veth61688aa/upper_docker0/subsystem/eth0/power HTTP/1.0" 200 3460 "https://hbkconsultancy.com/?path=//sys/class/net/veth61688aa/upper_docker0/subsystem/eth0" "Mozilla/5.0 AppleWebKit/537.36 (KHTML, like Gecko; compatible; GPTBot/1.3; +https://openai.com/gptbot)"
74.7.241.2 - - [11/Feb/2026:01:40:18 +0000] "GET /?path=//sys/class/net/vethc796c04/upper_docker0/subsystem/eth0/device/net/eth0/device/subsystem/drivers/virtio_console HTTP/1.0" 200 3322 "https://hbkconsultancy.com/?path=//sys/class/net/vethc796c04/upper_docker0/subsystem/eth0/device/net/eth0/device/subsystem/drivers" "Mozilla/5.0 AppleWebKit/537.36 (KHTML, like Gecko; compatible; GPTBot/1.3; +https://openai.com/gptbot)"
74.7.241.2 - - [11/Feb/2026:01:40:21 +0000] "GET /?path=//sys/class/net/veth61688aa/upper_docker0/subsystem/eth0/device/net/eth0/device/subsystem/drivers/virtio_console HTTP/1.0" 200 3321 "https://hbkconsultancy.com/?path=//sys/class/net/veth61688aa/upper_docker0/subsystem/eth0/device/net/eth0/device/subsystem/drivers" "Mozilla/5.0 AppleWebKit/537.36 (KHTML, like Gecko; compatible; GPTBot/1.3; +https://openai.com/gptbot)"
74.7.241.2 - - [11/Feb/2026:01:40:25 +0000] "GET /?path=//sys/class/net/vethc796c04/upper_docker0/subsystem/eth0/device/net/eth0/device/subsystem/drivers/virtio_rproc_serial HTTP/1.0" 200 3266 "https://hbkconsultancy.com/?path=//sys/class/net/vethc796c04/upper_docker0/subsystem/eth0/device/net/eth0/device/subsystem/drivers" "Mozilla/5.0 AppleWebKit/537.36 (KHTML, like Gecko; compatible; GPTBot/1.3; +https://openai.com/gptbot)"
74.7.241.2 - - [11/Feb/2026:01:40:28 +0000] "GET /?path=//sys/class/net/veth61688aa/upper_docker0/subsystem/eth0/device/net/eth0/device/subsystem/drivers/virtio_rproc_serial HTTP/1.0" 200 3265 "https://hbkconsultancy.com/?path=//sys/class/net/veth61688aa/upper_docker0/subsystem/eth0/device/net/eth0/device/subsystem/drivers" "Mozilla/5.0 AppleWebKit/537.36 (KHTML, like Gecko; compatible; GPTBot/1.3; +https://openai.com/gptbot)"
74.7.241.2 - - [11/Feb/2026:01:40:31 +0000] "GET /?path=//sys/class/net/veth61688aa/upper_docker0/subsystem/eth0/device/net/eth0/device/subsystem/drivers/virtio_iommu HTTP/1.0" 200 3255 "https://hbkconsultancy.com/?path=//sys/class/net/veth61688aa/upper_docker0/subsystem/eth0/device/net/eth0/device/subsystem/drivers" "Mozilla/5.0 AppleWebKit/537.36 (KHTML, like Gecko; compatible; GPTBot/1.3; +https://openai.com/gptbot)"
74.7.241.2 - - [11/Feb/2026:01:40:34 +0000] "GET /?path=//sys/class/net/veth61688aa/upper_docker0/subsystem/eth0/device/net/eth0/subsystem/vethc796c04/master/queues HTTP/1.0" 200 3199 "https://hbkconsultancy.com/?path=//sys/class/net/veth61688aa/upper_docker0/subsystem/eth0/device/net/eth0/subsystem/vethc796c04/master" "Mozilla/5.0 AppleWebKit/537.36 (KHTML, like Gecko; compatible; GPTBot/1.3; +https://openai.com/gptbot)"
74.7.241.2 - - [11/Feb/2026:01:40:37 +0000] "GET /?path=//sys/class/net/veth61688aa/upper_docker0/subsystem/eth0/device/net/eth0/subsystem/lo/queues/tx-0/byte_queue_limits HTTP/1.0" 200 3358 "https://hbkconsultancy.com/?path=//sys/class/net/veth61688aa/upper_docker0/subsystem/eth0/device/net/eth0/subsystem/lo/queues/tx-0" "Mozilla/5.0 AppleWebKit/537.36 (KHTML, like Gecko; compatible; GPTBot/1.3; +https://openai.com/gptbot)"
74.7.241.2 - - [11/Feb/2026:01:40:40 +0000] "GET /?path=//sys/class/net/vethc796c04/upper_docker0/subsystem/eth0/device/net/eth0/subsystem/veth61688aa/master/queues HTTP/1.0" 200 3199 "https://hbkconsultancy.com/?path=//sys/class/net/vethc796c04/upper_docker0/subsystem/eth0/device/net/eth0/subsystem/veth61688aa/master" "Mozilla/5.0 AppleWebKit/537.36 (KHTML, like Gecko; compatible; GPTBot/1.3; +https://openai.com/gptbot)"
74.7.241.2 - - [11/Feb/2026:01:40:43 +0000] "GET /?fileloc=//sys/class/net/vethc796c04/upper_docker0/subsystem/eth0/device/net/eth0/subsystem/lo/queues/tx-0/xps_cpus&path=//sys/class/net/vethc796c04/upper_docker0/subsystem/eth0/device/net/eth0/subsystem/lo/queues/tx-0 HTTP/1.0" 200 2853 "https://hbkconsultancy.com/?path=//sys/class/net/vethc796c04/upper_docker0/subsystem/eth0/device/net/eth0/subsystem/lo/queues/tx-0" "Mozilla/5.0 AppleWebKit/537.36 (KHTML, like Gecko; compatible; GPTBot/1.3; +https://openai.com/gptbot)"
74.7.241.2 - - [11/Feb/2026:01:40:47 +0000] "GET /?path=//sys/class/net/vethc796c04/upper_docker0/subsystem/eth0/device/net/eth0/subsystem/lo/queues/tx-0/byte_queue_limits HTTP/1.0" 200 3359 "https://hbkconsultancy.com/?path=//sys/class/net/vethc796c04/upper_docker0/subsystem/eth0/device/net/eth0/subsystem/lo/queues/tx-0" "Mozilla/5.0 AppleWebKit/537.36 (KHTML, like Gecko; compatible; GPTBot/1.3; +https://openai.com/gptbot)"
74.7.241.2 - - [11/Feb/2026:01:40:50 +0000] "GET /?path=//sys/class/net/vethc796c04/upper_docker0/subsystem/eth0/device/net/eth0/subsystem/veth429b22f/master HTTP/1.0" 200 4737 "https://hbkconsultancy.com/?path=//sys/class/net/vethc796c04/upper_docker0/subsystem/eth0/device/net/eth0/subsystem/veth429b22f" "Mozilla/5.0 AppleWebKit/537.36 (KHTML, like Gecko; compatible; GPTBot/1.3; +https://openai.com/gptbot)"
74.7.241.2 - - [11/Feb/2026:01:40:53 +0000] "GET /?path=//sys/class/net/vethc796c04/upper_docker0/subsystem/eth0/device/net/eth0/device/subsystem/devices/virtio3/driver HTTP/1.0" 200 3327 "https://hbkconsultancy.com/?path=//sys/class/net/vethc796c04/upper_docker0/subsystem/eth0/device/net/eth0/device/subsystem/devices/virtio3" "Mozilla/5.0 AppleWebKit/537.36 (KHTML, like Gecko; compatible; GPTBot/1.3; +https://openai.com/gptbot)"
74.7.241.2 - - [11/Feb/2026:01:40:56 +0000] "GET /?path=//sys/class/net/vethc796c04/upper_docker0/subsystem/eth0/device/net/eth0/device/subsystem/devices/virtio2/driver HTTP/1.0" 200 3327 "https://hbkconsultancy.com/?path=//sys/class/net/vethc796c04/upper_docker0/subsystem/eth0/device/net/eth0/device/subsystem/devices/virtio2" "Mozilla/5.0 AppleWebKit/537.36 (KHTML, like Gecko; compatible; GPTBot/1.3; +https://openai.com/gptbot)"
74.7.241.2 - - [11/Feb/2026:01:40:59 +0000] "GET /?path=//sys/class/net/vethc796c04/upper_docker0/subsystem/eth0/device/net/eth0/device/subsystem/devices/virtio1/driver HTTP/1.0" 200 3327 "https://hbkconsultancy.com/?path=//sys/class/net/vethc796c04/upper_docker0/subsystem/eth0/device/net/eth0/device/subsystem/devices/virtio1" "Mozilla/5.0 AppleWebKit/537.36 (KHTML, like Gecko; compatible; GPTBot/1.3; +https://openai.com/gptbot)"
74.7.241.2 - - [11/Feb/2026:01:41:02 +0000] "GET /?path=//sys/class/net/veth61688aa/upper_docker0/subsystem/eth0/device/net/eth0/device/subsystem/devices/virtio1 HTTP/1.0" 200 3544 "https://hbkconsultancy.com/?path=//sys/class/net/veth61688aa/upper_docker0/subsystem/eth0/device/net/eth0/device/subsystem/devices" "Mozilla/5.0 AppleWebKit/537.36 (KHTML, like Gecko; compatible; GPTBot/1.3; +https://openai.com/gptbot)"
74.7.241.2 - - [11/Feb/2026:01:41:06 +0000] "GET /?path=//sys/class/net/veth61688aa/upper_docker0/subsystem/eth0/device/net/eth0/device/subsystem/devices/virtio2/net HTTP/1.0" 200 3156 "https://hbkconsultancy.com/?path=//sys/class/net/veth61688aa/upper_docker0/subsystem/eth0/device/net/eth0/device/subsystem/devices/virtio2" "Mozilla/5.0 AppleWebKit/537.36 (KHTML, like Gecko; compatible; GPTBot/1.3; +https://openai.com/gptbot)"
74.7.241.2 - - [11/Feb/2026:01:41:09 +0000] "GET /?path=//sys/class/net/veth61688aa/upper_docker0/subsystem/eth0/device/driver HTTP/1.0" 200 3287 "https://hbkconsultancy.com/?path=//sys/class/net/veth61688aa/upper_docker0/subsystem/eth0/device" "Mozilla/5.0 AppleWebKit/537.36 (KHTML, like Gecko; compatible; GPTBot/1.3; +https://openai.com/gptbot)"
74.7.241.2 - - [11/Feb/2026:01:41:12 +0000] "GET /?path=//sys/class/net/vethc796c04/upper_docker0/subsystem/eth0/device/driver HTTP/1.0" 200 3288 "https://hbkconsultancy.com/?path=//sys/class/net/vethc796c04/upper_docker0/subsystem/eth0/device" "Mozilla/5.0 AppleWebKit/537.36 (KHTML, like Gecko; compatible; GPTBot/1.3; +https://openai.com/gptbot)"
74.7.241.2 - - [11/Feb/2026:01:41:15 +0000] "GET /?path=//sys/class/net/vethc796c04/upper_docker0/subsystem/lo/statistics HTTP/1.0" 200 3959 "https://hbkconsultancy.com/?path=//sys/class/net/vethc796c04/upper_docker0/subsystem/lo" "Mozilla/5.0 AppleWebKit/537.36 (KHTML, like Gecko; compatible; GPTBot/1.3; +https://openai.com/gptbot)"
74.7.241.2 - - [11/Feb/2026:01:41:18 +0000] "GET /?path=//sys/class/net/vethc796c04/upper_docker0/subsystem/eth0/device/net/eth0/subsystem/veth429b22f/brport HTTP/1.0" 200 4387 "https://hbkconsultancy.com/?path=//sys/class/net/vethc796c04/upper_docker0/subsystem/eth0/device/net/eth0/subsystem/veth429b22f" "Mozilla/5.0 AppleWebKit/537.36 (KHTML, like Gecko; compatible; GPTBot/1.3; +https://openai.com/gptbot)"
74.7.241.2 - - [11/Feb/2026:01:41:22 +0000] "GET /?path=//sys/class/net/vethc796c04/upper_docker0/subsystem/eth0/device/net/eth0/subsystem/veth429b22f/queues HTTP/1.0" 200 3188 "https://hbkconsultancy.com/?path=//sys/class/net/vethc796c04/upper_docker0/subsystem/eth0/device/net/eth0/subsystem/veth429b22f" "Mozilla/5.0 AppleWebKit/537.36 (KHTML, like Gecko; compatible; GPTBot/1.3; +https://openai.com/gptbot)"
74.7.241.2 - - [11/Feb/2026:01:41:25 +0000] "GET /?path=//sys/class/net/vethc796c04/upper_docker0/subsystem/eth0/device/net/eth0/subsystem/veth429b22f/master/brif HTTP/1.0" 200 3241 "https://hbkconsultancy.com/?path=//sys/class/net/vethc796c04/upper_docker0/subsystem/eth0/device/net/eth0/subsystem/veth429b22f/master" "Mozilla/5.0 AppleWebKit/537.36 (KHTML, like Gecko; compatible; GPTBot/1.3; +https://openai.com/gptbot)"
74.7.241.2 - - [11/Feb/2026:01:41:28 +0000] "GET /?path=//sys/class/net/veth61688aa/upper_docker0/subsystem/eth0/device/net/eth0/subsystem/vethc796c04/brport HTTP/1.0" 200 4386 "https://hbkconsultancy.com/?path=//sys/class/net/veth61688aa/upper_docker0/subsystem/eth0/device/net/eth0/subsystem/vethc796c04" "Mozilla/5.0 AppleWebKit/537.36 (KHTML, like Gecko; compatible; GPTBot/1.3; +https://openai.com/gptbot)"
74.7.241.2 - - [11/Feb/2026:01:41:31 +0000] "GET /?path=//sys/class/net/vethc796c04/upper_docker0/subsystem/eth0/device/net/eth0/subsystem/veth61688aa/power HTTP/1.0" 200 3495 "https://hbkconsultancy.com/?path=//sys/class/net/vethc796c04/upper_docker0/subsystem/eth0/device/net/eth0/subsystem/veth61688aa" "Mozilla/5.0 AppleWebKit/537.36 (KHTML, like Gecko; compatible; GPTBot/1.3; +https://openai.com/gptbot)"
74.7.241.2 - - [11/Feb/2026:01:41:34 +0000] "GET /?path=//sys/class/net/veth61688aa/upper_docker0/subsystem/eth0/device/net/eth0/subsystem/vethc796c04/power HTTP/1.0" 200 3495 "https://hbkconsultancy.com/?path=//sys/class/net/veth61688aa/upper_docker0/subsystem/eth0/device/net/eth0/subsystem/vethc796c04" "Mozilla/5.0 AppleWebKit/537.36 (KHTML, like Gecko; compatible; GPTBot/1.3; +https://openai.com/gptbot)"
74.7.241.2 - - [11/Feb/2026:01:41:37 +0000] "GET /?path=//sys/class/net/veth61688aa/upper_docker0/subsystem/eth0/device/net/eth0/device/subsystem/devices/virtio1/driver HTTP/1.0" 200 3326 "https://hbkconsultancy.com/?path=//sys/class/net/veth61688aa/upper_docker0/subsystem/eth0/device/net/eth0/device/subsystem/devices/virtio1" "Mozilla/5.0 AppleWebKit/537.36 (KHTML, like Gecko; compatible; GPTBot/1.3; +https://openai.com/gptbot)"
74.7.241.2 - - [11/Feb/2026:01:41:40 +0000] "GET /?path=//sys/class/net/veth61688aa/upper_docker0/subsystem/eth0/device/net/eth0/device/subsystem/devices/virtio1/subsystem HTTP/1.0" 200 3366 "https://hbkconsultancy.com/?path=//sys/class/net/veth61688aa/upper_docker0/subsystem/eth0/device/net/eth0/device/subsystem/devices/virtio1" "Mozilla/5.0 AppleWebKit/537.36 (KHTML, like Gecko; compatible; GPTBot/1.3; +https://openai.com/gptbot)"
74.7.241.2 - - [11/Feb/2026:01:41:43 +0000] "GET /?path=//sys/class/net/veth61688aa/upper_docker0/subsystem/eth0/device/net/eth0/subsystem/vethc796c04/master/brif HTTP/1.0" 200 3244 "https://hbkconsultancy.com/?path=//sys/class/net/veth61688aa/upper_docker0/subsystem/eth0/device/net/eth0/subsystem/vethc796c04/master" "Mozilla/5.0 AppleWebKit/537.36 (KHTML, like Gecko; compatible; GPTBot/1.3; +https://openai.com/gptbot)"
205.185.116.204 - - [11/Feb/2026:01:41:44 +0000] "GET / HTTP/1.0" 200 4360 "-" "Mozilla/5.0 (Windows NT 10.0; Win64; x64) AppleWebKit/537.36 (KHTML, like Gecko) Chrome/92.0.4515.159 Safari/537.36"
74.7.241.2 - - [11/Feb/2026:01:41:47 +0000] "GET /?path=//sys/class/net/vethc796c04/upper_docker0/subsystem/eth0/device/net/eth0/subsystem/veth61688aa/master/brif HTTP/1.0" 200 3244 "https://hbkconsultancy.com/?path=//sys/class/net/vethc796c04/upper_docker0/subsystem/eth0/device/net/eth0/subsystem/veth61688aa/master" "Mozilla/5.0 AppleWebKit/537.36 (KHTML, like Gecko; compatible; GPTBot/1.3; +https://openai.com/gptbot)"
74.7.241.2 - - [11/Feb/2026:01:41:50 +0000] "GET /?fileloc=//sys/class/net/vethc796c04/upper_docker0/subsystem/lo/statistics/tx_errors&path=//sys/class/net/vethc796c04/upper_docker0/subsystem/lo/statistics HTTP/1.0" 200 2811 "https://hbkconsultancy.com/?path=//sys/class/net/vethc796c04/upper_docker0/subsystem/lo/statistics" "Mozilla/5.0 AppleWebKit/537.36 (KHTML, like Gecko; compatible; GPTBot/1.3; +https://openai.com/gptbot)"
74.7.241.2 - - [11/Feb/2026:01:41:53 +0000] "GET /?path=//sys/class/net/vethc796c04/upper_docker0/subsystem/eth0/device/net/eth0/subsystem/veth61688aa/brport HTTP/1.0" 200 4386 "https://hbkconsultancy.com/?path=//sys/class/net/vethc796c04/upper_docker0/subsystem/eth0/device/net/eth0/subsystem/veth61688aa" "Mozilla/5.0 AppleWebKit/537.36 (KHTML, like Gecko; compatible; GPTBot/1.3; +https://openai.com/gptbot)"
74.7.241.2 - - [11/Feb/2026:01:41:56 +0000] "GET /?path=//sys/class/net/veth61688aa/upper_docker0/subsystem/eth0/device/net/eth0/subsystem/veth61688aa/master/queues HTTP/1.0" 200 3190 "https://hbkconsultancy.com/?path=//sys/class/net/veth61688aa/upper_docker0/subsystem/eth0/device/net/eth0/subsystem/veth61688aa/master" "Mozilla/5.0 AppleWebKit/537.36 (KHTML, like Gecko; compatible; GPTBot/1.3; +https://openai.com/gptbot)"
74.7.241.2 - - [11/Feb/2026:01:41:59 +0000] "GET /?path=//sys/class/net/veth61688aa/upper_docker0/subsystem/eth0/device/net/eth0/subsystem/veth429b22f HTTP/1.0" 200 4609 "https://hbkconsultancy.com/?path=//sys/class/net/veth61688aa/upper_docker0/subsystem/eth0/device/net/eth0/subsystem" "Mozilla/5.0 AppleWebKit/537.36 (KHTML, like Gecko; compatible; GPTBot/1.3; +https://openai.com/gptbot)"
216.73.216.38 - - [11/Feb/2026:01:42:00 +0000] "GET /?path=%2F%2Flost+found HTTP/1.0" 200 2772 "-" "Mozilla/5.0 AppleWebKit/537.36 (KHTML, like Gecko; compatible; ClaudeBot/1.0; [email protected])"
147.93.58.212 - - [11/Feb/2026:01:42:01 +0000] "GET / HTTP/1.0" 200 4360 "-" "Mozilla/5.0 (X11; Linux x86_64) AppleWebKit/537.36 (KHTML, like Gecko) Chrome/44.0.2403.157 Safari/537.36"
74.7.241.2 - - [11/Feb/2026:01:42:02 +0000] "GET /?fileloc=//sys/class/net/veth61688aa/upper_docker0/subsystem/eth0/operstate&path=//sys/class/net/veth61688aa/upper_docker0/subsystem/eth0 HTTP/1.0" 200 2794 "https://hbkconsultancy.com/?path=//sys/class/net/veth61688aa/upper_docker0/subsystem/eth0" "Mozilla/5.0 AppleWebKit/537.36 (KHTML, like Gecko; compatible; GPTBot/1.3; +https://openai.com/gptbot)"
216.73.216.38 - - [11/Feb/2026:01:42:03 +0000] "GET /?path=%2F%2Flib64 HTTP/1.0" 200 3057 "-" "Mozilla/5.0 AppleWebKit/537.36 (KHTML, like Gecko; compatible; ClaudeBot/1.0; [email protected])"
74.7.241.2 - - [11/Feb/2026:01:42:06 +0000] "GET /?path=//sys/class/net/vethc796c04/upper_docker0/subsystem/eth0/device/net/eth0/subsystem/lo/subsystem/lo/subsystem/lo HTTP/1.0" 200 4563 "https://hbkconsultancy.com/?path=//sys/class/net/vethc796c04/upper_docker0/subsystem/eth0/device/net/eth0/subsystem/lo/subsystem/lo/subsystem" "Mozilla/5.0 AppleWebKit/537.36 (KHTML, like Gecko; compatible; GPTBot/1.3; +https://openai.com/gptbot)"
216.73.216.38 - - [11/Feb/2026:01:42:06 +0000] "GET /?path=%2Fvar%2Flocal HTTP/1.0" 200 2778 "-" "Mozilla/5.0 AppleWebKit/537.36 (KHTML, like Gecko; compatible; ClaudeBot/1.0; [email protected])"
74.7.241.2 - - [11/Feb/2026:01:42:09 +0000] "GET /?path=//sys/class/net/veth61688aa/upper_docker0/subsystem/eth0/device/net/eth0/subsystem/lo/subsystem/lo/subsystem/lo HTTP/1.0" 200 4562 "https://hbkconsultancy.com/?path=//sys/class/net/veth61688aa/upper_docker0/subsystem/eth0/device/net/eth0/subsystem/lo/subsystem/lo/subsystem" "Mozilla/5.0 AppleWebKit/537.36 (KHTML, like Gecko; compatible; GPTBot/1.3; +https://openai.com/gptbot)"
216.73.216.38 - - [11/Feb/2026:01:42:09 +0000] "GET /?path=%2Fvar%2Frun%2Fnetwork HTTP/1.0" 200 3073 "-" "Mozilla/5.0 AppleWebKit/537.36 (KHTML, like Gecko; compatible; ClaudeBot/1.0; [email protected])"
74.7.241.2 - - [11/Feb/2026:01:42:12 +0000] "GET /?path=//sys/class/net/vethc796c04/upper_docker0/subsystem/eth0/device/net/eth0/subsystem/vethc796c04/master HTTP/1.0" 200 4732 "https://hbkconsultancy.com/?path=//sys/class/net/vethc796c04/upper_docker0/subsystem/eth0/device/net/eth0/subsystem/vethc796c04" "Mozilla/5.0 AppleWebKit/537.36 (KHTML, like Gecko; compatible; GPTBot/1.3; +https://openai.com/gptbot)"
216.73.216.38 - - [11/Feb/2026:01:42:12 +0000] "GET /?path=%2Fvar%2Flib HTTP/1.0" 200 5091 "-" "Mozilla/5.0 AppleWebKit/537.36 (KHTML, like Gecko; compatible; ClaudeBot/1.0; [email protected])"
74.7.241.2 - - [11/Feb/2026:01:42:15 +0000] "GET /?path=//sys/class/net/vethc796c04/upper_docker0/subsystem/eth0/device/net/eth0/subsystem/vethc796c04/queues HTTP/1.0" 200 3179 "https://hbkconsultancy.com/?path=//sys/class/net/vethc796c04/upper_docker0/subsystem/eth0/device/net/eth0/subsystem/vethc796c04" "Mozilla/5.0 AppleWebKit/537.36 (KHTML, like Gecko; compatible; GPTBot/1.3; +https://openai.com/gptbot)"
216.73.216.38 - - [11/Feb/2026:01:42:15 +0000] "GET /?path=%2Fvar%2Fsnap HTTP/1.0" 200 2778 "-" "Mozilla/5.0 AppleWebKit/537.36 (KHTML, like Gecko; compatible; ClaudeBot/1.0; [email protected])"
74.7.241.2 - - [11/Feb/2026:01:42:18 +0000] "GET /?path=//sys/class/net/veth61688aa/upper_docker0/subsystem/eth0/device/net/eth0/device/subsystem/devices/virtio2/driver HTTP/1.0" 200 3326 "https://hbkconsultancy.com/?path=//sys/class/net/veth61688aa/upper_docker0/subsystem/eth0/device/net/eth0/device/subsystem/devices/virtio2" "Mozilla/5.0 AppleWebKit/537.36 (KHTML, like Gecko; compatible; GPTBot/1.3; +https://openai.com/gptbot)"
216.73.216.38 - - [11/Feb/2026:01:42:18 +0000] "GET /?path=%2Fvar%2Flock%2Fsubsys HTTP/1.0" 200 2788 "-" "Mozilla/5.0 AppleWebKit/537.36 (KHTML, like Gecko; compatible; ClaudeBot/1.0; [email protected])"
216.73.216.38 - - [11/Feb/2026:01:42:21 +0000] "GET /?path=%2Fvar%2Fmail HTTP/1.0" 200 2776 "-" "Mozilla/5.0 AppleWebKit/537.36 (KHTML, like Gecko; compatible; ClaudeBot/1.0; [email protected])"
74.7.241.2 - - [11/Feb/2026:01:42:21 +0000] "GET /?path=//sys/class/net/vethc796c04/upper_docker0/subsystem/eth0/device/net/eth0/device/subsystem/drivers/virtio_scsi/virtio3 HTTP/1.0" 200 3555 "https://hbkconsultancy.com/?path=//sys/class/net/vethc796c04/upper_docker0/subsystem/eth0/device/net/eth0/device/subsystem/drivers/virtio_scsi" "Mozilla/5.0 AppleWebKit/537.36 (KHTML, like Gecko; compatible; GPTBot/1.3; +https://openai.com/gptbot)"
216.73.216.38 - - [11/Feb/2026:01:42:24 +0000] "GET /?path=%2F%2Fmnt HTTP/1.0" 200 2767 "-" "Mozilla/5.0 AppleWebKit/537.36 (KHTML, like Gecko; compatible; ClaudeBot/1.0; [email protected])"
74.7.241.2 - - [11/Feb/2026:01:42:25 +0000] "GET /?path=//sys/class/net/veth61688aa/upper_docker0/subsystem/eth0/device/net/eth0/device/subsystem/devices/virtio3/driver HTTP/1.0" 200 3326 "https://hbkconsultancy.com/?path=//sys/class/net/veth61688aa/upper_docker0/subsystem/eth0/device/net/eth0/device/subsystem/devices/virtio3" "Mozilla/5.0 AppleWebKit/537.36 (KHTML, like Gecko; compatible; GPTBot/1.3; +https://openai.com/gptbot)"
216.73.216.38 - - [11/Feb/2026:01:42:27 +0000] "GET /?path=%2Fvar%2Frun%2Fconsole-setup HTTP/1.0" 200 3110 "-" "Mozilla/5.0 AppleWebKit/537.36 (KHTML, like Gecko; compatible; ClaudeBot/1.0; [email protected])"
74.7.241.2 - - [11/Feb/2026:01:42:28 +0000] "GET /?fileloc=//sys/class/net/vethc796c04/upper_docker0/subsystem/eth0/device/net/eth0/subsystem/veth61688aa/brport/broadcast_flood&path=//sys/class/net/vethc796c04/upper_docker0/subsystem/eth0/device/net/eth0/subsystem/veth61688aa/brport HTTP/1.0" 200 2855 "https://hbkconsultancy.com/?path=//sys/class/net/vethc796c04/upper_docker0/subsystem/eth0/device/net/eth0/subsystem/veth61688aa/brport" "Mozilla/5.0 AppleWebKit/537.36 (KHTML, like Gecko; compatible; GPTBot/1.3; +https://openai.com/gptbot)"
161.123.208.196 - - [11/Feb/2026:01:42:28 +0000] "GET /wp-login.php HTTP/1.0" 200 4360 "http://hbkconsultancy.com/wp-login.php" "Mozilla/5.0 (Windows NT 10.0; Win64; x64) AppleWebKit/537.36 (KHTML, like Gecko) Chrome/132.0.0.0 Safari/537.36"
161.123.208.196 - - [11/Feb/2026:01:42:30 +0000] "GET /wp-login.php HTTP/1.0" 200 4360 "http://hbkconsultancy.com/wp-login.php" "Mozilla/5.0 (Windows NT 10.0; Win64; x64) AppleWebKit/537.36 (KHTML, like Gecko) Chrome/132.0.0.0 Safari/537.36"
216.73.216.38 - - [11/Feb/2026:01:42:30 +0000] "GET /?path=%2Fvar%2Frun%2Fcloud-init HTTP/1.0" 200 3674 "-" "Mozilla/5.0 AppleWebKit/537.36 (KHTML, like Gecko; compatible; ClaudeBot/1.0; [email protected])"
74.7.241.2 - - [11/Feb/2026:01:42:31 +0000] "GET /?path=//sys/class/net/veth61688aa/upper_docker0/subsystem/eth0/device/net/eth0/device/subsystem/devices/virtio0/power HTTP/1.0" 200 3837 "https://hbkconsultancy.com/?path=//sys/class/net/veth61688aa/upper_docker0/subsystem/eth0/device/net/eth0/device/subsystem/devices/virtio0" "Mozilla/5.0 AppleWebKit/537.36 (KHTML, like Gecko; compatible; GPTBot/1.3; +https://openai.com/gptbot)"
161.123.208.196 - - [11/Feb/2026:01:42:32 +0000] "POST /wp-login.php HTTP/1.0" 200 4360 "http://hbkconsultancy.com/wp-login.php" "Mozilla/5.0 (Windows NT 10.0; Win64; x64) AppleWebKit/537.36 (KHTML, like Gecko) Chrome/132.0.0.0 Safari/537.36"
216.73.216.38 - - [11/Feb/2026:01:42:33 +0000] "GET /?path=%2Fvar%2Frun%2Fdocker HTTP/1.0" 200 2786 "-" "Mozilla/5.0 AppleWebKit/537.36 (KHTML, like Gecko; compatible; ClaudeBot/1.0; [email protected])"
74.7.241.2 - - [11/Feb/2026:01:42:34 +0000] "GET /?path=//sys/class/net/veth61688aa/upper_docker0/subsystem/eth0/device/net/eth0/subsystem/veth429b22f/queues HTTP/1.0" 200 3187 "https://hbkconsultancy.com/?path=//sys/class/net/veth61688aa/upper_docker0/subsystem/eth0/device/net/eth0/subsystem/veth429b22f" "Mozilla/5.0 AppleWebKit/537.36 (KHTML, like Gecko; compatible; GPTBot/1.3; +https://openai.com/gptbot)"
195.172.211.101 - - [11/Feb/2026:01:42:35 +0000] "POST /wp-login.php HTTP/1.0" 200 4360 "http://hbkconsultancy.com/wp-login.php" "Mozilla/5.0 (Windows NT 10.0; Win64; x64) AppleWebKit/537.36 (KHTML, like Gecko) Chrome/132.0.0.0 Safari/537.36"
216.73.216.38 - - [11/Feb/2026:01:42:36 +0000] "GET /?path=%2Fvar%2Frun%2Fsudo HTTP/1.0" 200 2786 "-" "Mozilla/5.0 AppleWebKit/537.36 (KHTML, like Gecko; compatible; ClaudeBot/1.0; [email protected])"
74.7.241.2 - - [11/Feb/2026:01:42:37 +0000] "GET /?path=//sys/class/net/veth61688aa/upper_docker0/subsystem/eth0/device/net/eth0/subsystem/veth429b22f/master HTTP/1.0" 200 4736 "https://hbkconsultancy.com/?path=//sys/class/net/veth61688aa/upper_docker0/subsystem/eth0/device/net/eth0/subsystem/veth429b22f" "Mozilla/5.0 AppleWebKit/537.36 (KHTML, like Gecko; compatible; GPTBot/1.3; +https://openai.com/gptbot)"
167.100.105.233 - - [11/Feb/2026:01:42:39 +0000] "POST /wp-login.php HTTP/1.0" 200 4360 "http://hbkconsultancy.com/wp-login.php" "Mozilla/5.0 (Windows NT 10.0; Win64; x64) AppleWebKit/537.36 (KHTML, like Gecko) Chrome/132.0.0.0 Safari/537.36"
216.73.216.38 - - [11/Feb/2026:01:42:39 +0000] "GET /?path=%2F%2Fsrv HTTP/1.0" 200 3019 "-" "Mozilla/5.0 AppleWebKit/537.36 (KHTML, like Gecko; compatible; ClaudeBot/1.0; [email protected])"
74.7.241.2 - - [11/Feb/2026:01:42:40 +0000] "GET /?path=//sys/class/net/vethc796c04/upper_docker0/subsystem/eth0/device/net/eth0/subsystem/lo/subsystem/lo/subsystem/lo/power HTTP/1.0" 200 3509 "https://hbkconsultancy.com/?path=//sys/class/net/vethc796c04/upper_docker0/subsystem/eth0/device/net/eth0/subsystem/lo/subsystem/lo/subsystem/lo" "Mozilla/5.0 AppleWebKit/537.36 (KHTML, like Gecko; compatible; GPTBot/1.3; +https://openai.com/gptbot)"
145.223.40.125 - - [11/Feb/2026:01:42:42 +0000] "POST /wp-login.php HTTP/1.0" 200 4360 "http://hbkconsultancy.com/wp-login.php" "Mozilla/5.0 (Windows NT 10.0; Win64; x64) AppleWebKit/537.36 (KHTML, like Gecko) Chrome/132.0.0.0 Safari/537.36"
216.73.216.38 - - [11/Feb/2026:01:42:42 +0000] "GET /?path=%2F%2Flib HTTP/1.0" 200 6541 "-" "Mozilla/5.0 AppleWebKit/537.36 (KHTML, like Gecko; compatible; ClaudeBot/1.0; [email protected])"
74.7.241.2 - - [11/Feb/2026:01:42:43 +0000] "GET /?path=//sys/class/net/vethc796c04/upper_docker0/subsystem/eth0/device/net/eth0/subsystem/lo/subsystem/lo/subsystem/lo/queues HTTP/1.0" 200 3200 "https://hbkconsultancy.com/?path=//sys/class/net/vethc796c04/upper_docker0/subsystem/eth0/device/net/eth0/subsystem/lo/subsystem/lo/subsystem/lo" "Mozilla/5.0 AppleWebKit/537.36 (KHTML, like Gecko; compatible; GPTBot/1.3; +https://openai.com/gptbot)"
216.73.216.38 - - [11/Feb/2026:01:42:45 +0000] "GET /?path=%2Fvar%2Flog HTTP/1.0" 200 4643 "-" "Mozilla/5.0 AppleWebKit/537.36 (KHTML, like Gecko; compatible; ClaudeBot/1.0; [email protected])"
74.7.241.2 - - [11/Feb/2026:01:42:46 +0000] "GET /?path=//sys/class/net/veth61688aa/upper_docker0/subsystem/eth0/device/net/eth0/subsystem/lo/subsystem/lo/subsystem/lo/power HTTP/1.0" 200 3509 "https://hbkconsultancy.com/?path=//sys/class/net/veth61688aa/upper_docker0/subsystem/eth0/device/net/eth0/subsystem/lo/subsystem/lo/subsystem/lo" "Mozilla/5.0 AppleWebKit/537.36 (KHTML, like Gecko; compatible; GPTBot/1.3; +https://openai.com/gptbot)"
216.73.216.38 - - [11/Feb/2026:01:42:48 +0000] "GET /?path=%2Fvar%2Fopt HTTP/1.0" 200 2776 "-" "Mozilla/5.0 AppleWebKit/537.36 (KHTML, like Gecko; compatible; ClaudeBot/1.0; [email protected])"
74.7.241.2 - - [11/Feb/2026:01:42:50 +0000] "GET /?path=//sys/class/net/veth61688aa/upper_docker0/subsystem/eth0/device/net/eth0/subsystem/lo/subsystem/lo/subsystem/lo/queues HTTP/1.0" 200 3199 "https://hbkconsultancy.com/?path=//sys/class/net/veth61688aa/upper_docker0/subsystem/eth0/device/net/eth0/subsystem/lo/subsystem/lo/subsystem/lo" "Mozilla/5.0 AppleWebKit/537.36 (KHTML, like Gecko; compatible; GPTBot/1.3; +https://openai.com/gptbot)"
216.73.216.38 - - [11/Feb/2026:01:42:51 +0000] "GET /?path=%2F%2Fvar HTTP/1.0" 200 3564 "-" "Mozilla/5.0 AppleWebKit/537.36 (KHTML, like Gecko; compatible; ClaudeBot/1.0; [email protected])"
74.7.241.2 - - [11/Feb/2026:01:42:53 +0000] "GET /?fileloc=//sys/class/net/vethc796c04/upper_docker0/subsystem/eth0/device/net/eth0/subsystem/eth0/dormant&path=//sys/class/net/vethc796c04/upper_docker0/subsystem/eth0/device/net/eth0/subsystem/eth0 HTTP/1.0" 200 2827 "https://hbkconsultancy.com/?path=//sys/class/net/vethc796c04/upper_docker0/subsystem/eth0/device/net/eth0/subsystem/eth0" "Mozilla/5.0 AppleWebKit/537.36 (KHTML, like Gecko; compatible; GPTBot/1.3; +https://openai.com/gptbot)"
216.73.216.38 - - [11/Feb/2026:01:42:54 +0000] "GET /?path=%2F%2Fetc HTTP/1.0" 200 10188 "-" "Mozilla/5.0 AppleWebKit/537.36 (KHTML, like Gecko; compatible; ClaudeBot/1.0; [email protected])"
74.7.241.2 - - [11/Feb/2026:01:42:56 +0000] "GET /?path=//sys/class/net/veth61688aa/upper_docker0/subsystem/eth0/device/net/eth0/device/subsystem/devices/virtio2/net/eth0 HTTP/1.0" 200 4605 "https://hbkconsultancy.com/?path=//sys/class/net/veth61688aa/upper_docker0/subsystem/eth0/device/net/eth0/device/subsystem/devices/virtio2/net" "Mozilla/5.0 AppleWebKit/537.36 (KHTML, like Gecko; compatible; GPTBot/1.3; +https://openai.com/gptbot)"
216.73.216.38 - - [11/Feb/2026:01:42:57 +0000] "GET /?path=%2Fvar%2Frun%2Fapache2 HTTP/1.0" 200 3137 "-" "Mozilla/5.0 AppleWebKit/537.36 (KHTML, like Gecko; compatible; ClaudeBot/1.0; [email protected])"
74.7.241.2 - - [11/Feb/2026:01:42:59 +0000] "GET /?path=//sys/class/net/veth61688aa/upper_docker0/subsystem/eth0/device/net/eth0/device/driver/virtio2/net/eth0/statistics HTTP/1.0" 200 4004 "https://hbkconsultancy.com/?path=//sys/class/net/veth61688aa/upper_docker0/subsystem/eth0/device/net/eth0/device/driver/virtio2/net/eth0" "Mozilla/5.0 AppleWebKit/537.36 (KHTML, like Gecko; compatible; GPTBot/1.3; +https://openai.com/gptbot)"
216.73.216.38 - - [11/Feb/2026:01:43:00 +0000] "GET /?path=%2Fvar%2Flock%2Fapache2 HTTP/1.0" 200 2789 "-" "Mozilla/5.0 AppleWebKit/537.36 (KHTML, like Gecko; compatible; ClaudeBot/1.0; [email protected])"
74.7.241.2 - - [11/Feb/2026:01:43:02 +0000] "GET /?path=//sys/class/net/vethc796c04/upper_docker0/subsystem/eth0/device/net/eth0/device/driver/virtio2/net/eth0/statistics HTTP/1.0" 200 4005 "https://hbkconsultancy.com/?path=//sys/class/net/vethc796c04/upper_docker0/subsystem/eth0/device/net/eth0/device/driver/virtio2/net/eth0" "Mozilla/5.0 AppleWebKit/537.36 (KHTML, like Gecko; compatible; GPTBot/1.3; +https://openai.com/gptbot)"
216.73.216.38 - - [11/Feb/2026:01:43:03 +0000] "GET /?path=%2F%2Fsbin HTTP/1.0" 200 23468 "-" "Mozilla/5.0 AppleWebKit/537.36 (KHTML, like Gecko; compatible; ClaudeBot/1.0; [email protected])"
74.7.241.2 - - [11/Feb/2026:01:43:06 +0000] "GET /?path=//sys/class/net/vethc796c04/upper_docker0/subsystem/eth0/device/net/eth0/device/subsystem/devices/virtio2/net/eth0 HTTP/1.0" 200 4606 "https://hbkconsultancy.com/?path=//sys/class/net/vethc796c04/upper_docker0/subsystem/eth0/device/net/eth0/device/subsystem/devices/virtio2/net" "Mozilla/5.0 AppleWebKit/537.36 (KHTML, like Gecko; compatible; GPTBot/1.3; +https://openai.com/gptbot)"
216.73.216.38 - - [11/Feb/2026:01:43:06 +0000] "GET /?path=%2F%2Frun HTTP/1.0" 200 5070 "-" "Mozilla/5.0 AppleWebKit/537.36 (KHTML, like Gecko; compatible; ClaudeBot/1.0; [email protected])"
74.7.241.2 - - [11/Feb/2026:01:43:09 +0000] "GET /?path=//sys/class/net/veth61688aa/upper_docker0/subsystem/eth0/device/net/eth0/subsystem/veth61688aa/subsystem HTTP/1.0" 200 3323 "https://hbkconsultancy.com/?path=//sys/class/net/veth61688aa/upper_docker0/subsystem/eth0/device/net/eth0/subsystem/veth61688aa" "Mozilla/5.0 AppleWebKit/537.36 (KHTML, like Gecko; compatible; GPTBot/1.3; +https://openai.com/gptbot)"
216.73.216.38 - - [11/Feb/2026:01:43:09 +0000] "GET /?path=%2Fvar%2Frun%2Fcryptsetup HTTP/1.0" 200 2791 "-" "Mozilla/5.0 AppleWebKit/537.36 (KHTML, like Gecko; compatible; ClaudeBot/1.0; [email protected])"
74.7.241.2 - - [11/Feb/2026:01:43:12 +0000] "GET /?path=//sys/class/net/veth61688aa/upper_docker0/subsystem/eth0/device/net/eth0/device/subsystem/drivers/virtio_balloon HTTP/1.0" 200 3322 "https://hbkconsultancy.com/?path=//sys/class/net/veth61688aa/upper_docker0/subsystem/eth0/device/net/eth0/device/subsystem/drivers" "Mozilla/5.0 AppleWebKit/537.36 (KHTML, like Gecko; compatible; GPTBot/1.3; +https://openai.com/gptbot)"
216.73.216.38 - - [11/Feb/2026:01:43:12 +0000] "GET /?path=%2F%2Fbin HTTP/1.0" 200 47313 "-" "Mozilla/5.0 AppleWebKit/537.36 (KHTML, like Gecko; compatible; ClaudeBot/1.0; [email protected])"
74.7.241.2 - - [11/Feb/2026:01:43:15 +0000] "GET /?path=//sys/class/net/vethc796c04/upper_docker0/subsystem/eth0/device/net/eth0/device/subsystem/drivers/virtio_balloon HTTP/1.0" 200 3324 "https://hbkconsultancy.com/?path=//sys/class/net/vethc796c04/upper_docker0/subsystem/eth0/device/net/eth0/device/subsystem/drivers" "Mozilla/5.0 AppleWebKit/537.36 (KHTML, like Gecko; compatible; GPTBot/1.3; +https://openai.com/gptbot)"
216.73.216.38 - - [11/Feb/2026:01:43:16 +0000] "GET /?path=%2Fvar%2Fwww%2Fhbkconsultan_usr%2Fdata%2Fwww%2Fhbkconsultancy.com%2Fwp-includes%2Fblocks HTTP/1.0" 200 9298 "-" "Mozilla/5.0 AppleWebKit/537.36 (KHTML, like Gecko; compatible; ClaudeBot/1.0; [email protected])"
74.7.241.2 - - [11/Feb/2026:01:43:18 +0000] "GET /?path=//sys/class/net/vethc796c04/upper_docker0/subsystem/eth0/device/net/eth0/device/subsystem/drivers/virtio_net/virtio2 HTTP/1.0" 200 3550 "https://hbkconsultancy.com/?path=//sys/class/net/vethc796c04/upper_docker0/subsystem/eth0/device/net/eth0/device/subsystem/drivers/virtio_net" "Mozilla/5.0 AppleWebKit/537.36 (KHTML, like Gecko; compatible; GPTBot/1.3; +https://openai.com/gptbot)"
216.73.216.38 - - [11/Feb/2026:01:43:19 +0000] "GET /?fileloc=%2Fvar%2Frun%2Fnginx.pid&path=%2Fvar%2Frun HTTP/1.0" 200 2734 "-" "Mozilla/5.0 AppleWebKit/537.36 (KHTML, like Gecko; compatible; ClaudeBot/1.0; [email protected])"
74.7.241.2 - - [11/Feb/2026:01:43:21 +0000] "GET /?path=//sys/class/net/vethc796c04/upper_docker0/subsystem/eth0/device/net/eth0/device/subsystem/devices/virtio2/power HTTP/1.0" 200 3514 "https://hbkconsultancy.com/?path=//sys/class/net/vethc796c04/upper_docker0/subsystem/eth0/device/net/eth0/device/subsystem/devices/virtio2" "Mozilla/5.0 AppleWebKit/537.36 (KHTML, like Gecko; compatible; GPTBot/1.3; +https://openai.com/gptbot)"
216.73.216.38 - - [11/Feb/2026:01:43:22 +0000] "GET /?path=%2Fvar%2Fwww%2Fhbkconsultan_usr%2Fdata%2Fwww%2Fhbkconsultancy.com%2Fwp-includes%2Fstyle-engine HTTP/1.0" 200 3349 "-" "Mozilla/5.0 AppleWebKit/537.36 (KHTML, like Gecko; compatible; ClaudeBot/1.0; [email protected])"
205.185.116.204 - - [11/Feb/2026:01:43:23 +0000] "GET / HTTP/1.0" 200 4360 "-" "Mozilla/5.0 (Windows NT 10.0; Win64; x64) AppleWebKit/537.36 (KHTML, like Gecko) Chrome/92.0.4515.159 Safari/537.36"
216.73.216.38 - - [11/Feb/2026:01:43:25 +0000] "GET /?path=%2Fvar%2Fwww%2Fhbkconsultan_usr%2Fdata%2Fwww%2Fhbkconsultancy.com%2Fwp-content%2Fplugins%2Ftutor HTTP/1.0" 200 3672 "-" "Mozilla/5.0 AppleWebKit/537.36 (KHTML, like Gecko; compatible; ClaudeBot/1.0; [email protected])"
74.7.241.2 - - [11/Feb/2026:01:43:25 +0000] "GET /?path=//sys/class/net/veth61688aa/upper_docker0/subsystem/eth0/device/net/eth0/device/subsystem/devices/virtio3/power HTTP/1.0" 200 3513 "https://hbkconsultancy.com/?path=//sys/class/net/veth61688aa/upper_docker0/subsystem/eth0/device/net/eth0/device/subsystem/devices/virtio3" "Mozilla/5.0 AppleWebKit/537.36 (KHTML, like Gecko; compatible; GPTBot/1.3; +https://openai.com/gptbot)"
216.73.216.38 - - [11/Feb/2026:01:43:28 +0000] "GET /?path=%2Fvar%2Fwww%2Fhbkconsultan_usr%2Fdata%2Fwww%2Fhbkconsultancy.com%2Fwp-includes%2Fcss%2Fdist HTTP/1.0" 200 3816 "-" "Mozilla/5.0 AppleWebKit/537.36 (KHTML, like Gecko; compatible; ClaudeBot/1.0; [email protected])"
74.7.241.2 - - [11/Feb/2026:01:43:28 +0000] "GET /?path=//sys/class/net/veth61688aa/upper_docker0/subsystem/eth0/device/net/eth0/device/subsystem/devices/virtio1/virtio-ports HTTP/1.0" 200 3170 "https://hbkconsultancy.com/?path=//sys/class/net/veth61688aa/upper_docker0/subsystem/eth0/device/net/eth0/device/subsystem/devices/virtio1" "Mozilla/5.0 AppleWebKit/537.36 (KHTML, like Gecko; compatible; GPTBot/1.3; +https://openai.com/gptbot)"
216.73.216.38 - - [11/Feb/2026:01:43:31 +0000] "GET /?path=%2Fvar%2Fwww%2Fhbkconsultan_usr%2Fdata%2Fwww%2Fhbkconsultancy.com%2Fwp-admin%2Fjs HTTP/1.0" 200 6405 "-" "Mozilla/5.0 AppleWebKit/537.36 (KHTML, like Gecko; compatible; ClaudeBot/1.0; [email protected])"
74.7.241.2 - - [11/Feb/2026:01:43:31 +0000] "GET /?path=//sys/class/net/veth61688aa/upper_docker0/subsystem/eth0/device/net/eth0/device/subsystem/devices/virtio2/power HTTP/1.0" 200 3513 "https://hbkconsultancy.com/?path=//sys/class/net/veth61688aa/upper_docker0/subsystem/eth0/device/net/eth0/device/subsystem/devices/virtio2" "Mozilla/5.0 AppleWebKit/537.36 (KHTML, like Gecko; compatible; GPTBot/1.3; +https://openai.com/gptbot)"
216.73.216.38 - - [11/Feb/2026:01:43:34 +0000] "GET /?path=%2Fvar%2Fwww%2Fhbkconsultan_usr%2Fdata%2Fwww%2Fhbkconsultancy.com%2Fwp-content%2Fplugins%2Flearnpress HTTP/1.0" 200 3593 "-" "Mozilla/5.0 AppleWebKit/537.36 (KHTML, like Gecko; compatible; ClaudeBot/1.0; [email protected])"
74.7.241.2 - - [11/Feb/2026:01:43:34 +0000] "GET /?path=//sys/class/net/veth61688aa/upper_docker0/subsystem/eth0/device/net/eth0/device/subsystem/drivers/virtio_net/virtio2 HTTP/1.0" 200 3549 "https://hbkconsultancy.com/?path=//sys/class/net/veth61688aa/upper_docker0/subsystem/eth0/device/net/eth0/device/subsystem/drivers/virtio_net" "Mozilla/5.0 AppleWebKit/537.36 (KHTML, like Gecko; compatible; GPTBot/1.3; +https://openai.com/gptbot)"
216.73.216.38 - - [11/Feb/2026:01:43:37 +0000] "GET /?path=%2Fvar%2Fwww%2Fhbkconsultan_usr%2Fdata%2Fwww%2Fhbkconsultancy.com%2Fwp-includes%2Frest-api%2Fendpoints HTTP/1.0" 200 4964 "-" "Mozilla/5.0 AppleWebKit/537.36 (KHTML, like Gecko; compatible; ClaudeBot/1.0; [email protected])"
74.7.241.2 - - [11/Feb/2026:01:43:37 +0000] "GET /?path=//sys/class/net/vethc796c04/upper_docker0/subsystem/eth0/device/net/eth0/device/subsystem/devices/virtio1/virtio-ports HTTP/1.0" 200 3170 "https://hbkconsultancy.com/?path=//sys/class/net/vethc796c04/upper_docker0/subsystem/eth0/device/net/eth0/device/subsystem/devices/virtio1" "Mozilla/5.0 AppleWebKit/537.36 (KHTML, like Gecko; compatible; GPTBot/1.3; +https://openai.com/gptbot)"
216.73.216.38 - - [11/Feb/2026:01:43:40 +0000] "GET /?path=%2Fvar%2Fwww%2Fhbkconsultan_usr%2Fdata%2Fwww%2Fhbkconsultancy.com%2Fwp-includes%2Ftheme-compat HTTP/1.0" 200 3469 "-" "Mozilla/5.0 AppleWebKit/537.36 (KHTML, like Gecko; compatible; ClaudeBot/1.0; [email protected])"
74.7.241.2 - - [11/Feb/2026:01:43:40 +0000] "GET /?path=//sys/class/net/veth61688aa/upper_docker0/subsystem/eth0/device/net/eth0/device/subsystem/drivers/virtio_scsi/virtio3 HTTP/1.0" 200 3554 "https://hbkconsultancy.com/?path=//sys/class/net/veth61688aa/upper_docker0/subsystem/eth0/device/net/eth0/device/subsystem/drivers/virtio_scsi" "Mozilla/5.0 AppleWebKit/537.36 (KHTML, like Gecko; compatible; GPTBot/1.3; +https://openai.com/gptbot)"
