74.7.243.204 - - [11/Feb/2026:00:09:50 +0000] "GET /?fileloc=//sys/class/net/eth0/subsystem/lo/subsystem/veth429b22f/master/ifalias&path=//sys/class/net/eth0/subsystem/lo/subsystem/veth429b22f/master HTTP/1.0" 200 2802 "https://hbkconsultancy.com/?path=//sys/class/net/eth0/subsystem/lo/subsystem/veth429b22f/master" "Mozilla/5.0 AppleWebKit/537.36 (KHTML, like Gecko; compatible; GPTBot/1.3; +https://openai.com/gptbot)"
216.73.216.38 - - [11/Feb/2026:00:09:52 +0000] "GET /?path=%2Fvar%2Fwww%2Fhbkconsultan_usr%2Fdata%2Fwww%2Fhbkconsultancy.com%2Fwp-includes%2Fhtml-api HTTP/1.0" 200 3746 "-" "Mozilla/5.0 AppleWebKit/537.36 (KHTML, like Gecko; compatible; ClaudeBot/1.0; [email protected])"
74.7.243.204 - - [11/Feb/2026:00:09:53 +0000] "GET /?fileloc=//sys/class/net/lo/subsystem/lo/subsystem/eth0/subsystem/veth429b22f/link_mode&path=//sys/class/net/lo/subsystem/lo/subsystem/eth0/subsystem/veth429b22f HTTP/1.0" 200 2800 "https://hbkconsultancy.com/?path=//sys/class/net/lo/subsystem/lo/subsystem/eth0/subsystem/veth429b22f" "Mozilla/5.0 AppleWebKit/537.36 (KHTML, like Gecko; compatible; GPTBot/1.3; +https://openai.com/gptbot)"
216.73.216.38 - - [11/Feb/2026:00:09:55 +0000] "GET /?path=%2Fvar%2Fwww%2Fhbkconsultan_usr%2Fdata%2Fwww%2Fhbkconsultancy.com%2Fwp-includes%2Finteractivity-api HTTP/1.0" 200 3260 "-" "Mozilla/5.0 AppleWebKit/537.36 (KHTML, like Gecko; compatible; ClaudeBot/1.0; [email protected])"
74.7.243.204 - - [11/Feb/2026:00:09:56 +0000] "GET /?fileloc=//sys/class/net/lo/subsystem/lo/subsystem/vethc796c04/subsystem/eth0/mtu&path=//sys/class/net/lo/subsystem/lo/subsystem/vethc796c04/subsystem/eth0 HTTP/1.0" 200 2799 "https://hbkconsultancy.com/?path=//sys/class/net/lo/subsystem/lo/subsystem/vethc796c04/subsystem/eth0" "Mozilla/5.0 AppleWebKit/537.36 (KHTML, like Gecko; compatible; GPTBot/1.3; +https://openai.com/gptbot)"
216.73.216.38 - - [11/Feb/2026:00:09:58 +0000] "GET /?path=%2Fvar%2Fwww%2Fntfy_dl_fo_usr HTTP/1.0" 200 2794 "-" "Mozilla/5.0 AppleWebKit/537.36 (KHTML, like Gecko; compatible; ClaudeBot/1.0; [email protected])"
74.7.243.204 - - [11/Feb/2026:00:09:59 +0000] "GET /?fileloc=//sys/class/net/eth0/subsystem/veth429b22f/master/subsystem/lo/ifalias&path=//sys/class/net/eth0/subsystem/veth429b22f/master/subsystem/lo HTTP/1.0" 200 2803 "https://hbkconsultancy.com/?path=//sys/class/net/eth0/subsystem/veth429b22f/master/subsystem/lo" "Mozilla/5.0 AppleWebKit/537.36 (KHTML, like Gecko; compatible; GPTBot/1.3; +https://openai.com/gptbot)"
216.73.216.38 - - [11/Feb/2026:00:10:01 +0000] "GET /?path=%2Fvar%2Fwww%2Fpuzzle_sa_usr HTTP/1.0" 200 2794 "-" "Mozilla/5.0 AppleWebKit/537.36 (KHTML, like Gecko; compatible; ClaudeBot/1.0; [email protected])"
74.7.243.204 - - [11/Feb/2026:00:10:02 +0000] "GET /?fileloc=//sys/class/net/eth0/subsystem/lo/subsystem/veth429b22f/master/carrier&path=//sys/class/net/eth0/subsystem/lo/subsystem/veth429b22f/master HTTP/1.0" 200 2805 "https://hbkconsultancy.com/?path=//sys/class/net/eth0/subsystem/lo/subsystem/veth429b22f/master" "Mozilla/5.0 AppleWebKit/537.36 (KHTML, like Gecko; compatible; GPTBot/1.3; +https://openai.com/gptbot)"
216.73.216.38 - - [11/Feb/2026:00:10:04 +0000] "GET /?path=%2Fvar%2Fwww%2Frmq_dl_fo_usr HTTP/1.0" 200 2794 "-" "Mozilla/5.0 AppleWebKit/537.36 (KHTML, like Gecko; compatible; ClaudeBot/1.0; [email protected])"
74.7.243.204 - - [11/Feb/2026:00:10:05 +0000] "GET /?fileloc=//sys/class/net/lo/subsystem/lo/subsystem/eth0/subsystem/vethc796c04/tx_queue_len&path=//sys/class/net/lo/subsystem/lo/subsystem/eth0/subsystem/vethc796c04 HTTP/1.0" 200 2804 "https://hbkconsultancy.com/?path=//sys/class/net/lo/subsystem/lo/subsystem/eth0/subsystem/vethc796c04" "Mozilla/5.0 AppleWebKit/537.36 (KHTML, like Gecko; compatible; GPTBot/1.3; +https://openai.com/gptbot)"
216.73.216.38 - - [11/Feb/2026:00:10:07 +0000] "GET /?path=%2Fvar%2Fwww%2Fvault_dl_fo_usr HTTP/1.0" 200 2794 "-" "Mozilla/5.0 AppleWebKit/537.36 (KHTML, like Gecko; compatible; ClaudeBot/1.0; [email protected])"
74.7.243.204 - - [11/Feb/2026:00:10:08 +0000] "GET /?fileloc=//sys/class/net/lo/subsystem/lo/subsystem/eth0/subsystem/vethc796c04/flags&path=//sys/class/net/lo/subsystem/lo/subsystem/eth0/subsystem/vethc796c04 HTTP/1.0" 200 2802 "https://hbkconsultancy.com/?path=//sys/class/net/lo/subsystem/lo/subsystem/eth0/subsystem/vethc796c04" "Mozilla/5.0 AppleWebKit/537.36 (KHTML, like Gecko; compatible; GPTBot/1.3; +https://openai.com/gptbot)"
216.73.216.38 - - [11/Feb/2026:00:10:10 +0000] "GET /?path=%2Fvar%2Fwww%2Fwallet_dl_fo_usr HTTP/1.0" 200 2795 "-" "Mozilla/5.0 AppleWebKit/537.36 (KHTML, like Gecko; compatible; ClaudeBot/1.0; [email protected])"
74.7.243.204 - - [11/Feb/2026:00:10:12 +0000] "GET /?fileloc=//sys/class/net/eth0/subsystem/lo/subsystem/vethc796c04/subsystem/lo/dev_id&path=//sys/class/net/eth0/subsystem/lo/subsystem/vethc796c04/subsystem/lo HTTP/1.0" 200 2800 "https://hbkconsultancy.com/?path=//sys/class/net/eth0/subsystem/lo/subsystem/vethc796c04/subsystem/lo" "Mozilla/5.0 AppleWebKit/537.36 (KHTML, like Gecko; compatible; GPTBot/1.3; +https://openai.com/gptbot)"
216.73.216.38 - - [11/Feb/2026:00:10:13 +0000] "GET /?path=%2Fvar%2Fwww%2Fhbkconsultan_usr%2Fdata%2Femail HTTP/1.0" 200 2791 "-" "Mozilla/5.0 AppleWebKit/537.36 (KHTML, like Gecko; compatible; ClaudeBot/1.0; [email protected])"
74.7.243.204 - - [11/Feb/2026:00:10:15 +0000] "GET /?fileloc=//sys/class/net/lo/subsystem/lo/subsystem/eth0/subsystem/vethc796c04/mtu&path=//sys/class/net/lo/subsystem/lo/subsystem/eth0/subsystem/vethc796c04 HTTP/1.0" 200 2799 "https://hbkconsultancy.com/?path=//sys/class/net/lo/subsystem/lo/subsystem/eth0/subsystem/vethc796c04" "Mozilla/5.0 AppleWebKit/537.36 (KHTML, like Gecko; compatible; GPTBot/1.3; +https://openai.com/gptbot)"
216.73.216.38 - - [11/Feb/2026:00:10:16 +0000] "GET /?path=%2Fvar%2Fwww%2Fhbkconsultan_usr%2Fdata%2Flogs HTTP/1.0" 200 4275 "-" "Mozilla/5.0 AppleWebKit/537.36 (KHTML, like Gecko; compatible; ClaudeBot/1.0; [email protected])"
74.7.243.204 - - [11/Feb/2026:00:10:18 +0000] "GET /?fileloc=//sys/class/net/lo/subsystem/lo/subsystem/vethc796c04/subsystem/eth0/uevent&path=//sys/class/net/lo/subsystem/lo/subsystem/vethc796c04/subsystem/eth0 HTTP/1.0" 200 2820 "https://hbkconsultancy.com/?path=//sys/class/net/lo/subsystem/lo/subsystem/vethc796c04/subsystem/eth0" "Mozilla/5.0 AppleWebKit/537.36 (KHTML, like Gecko; compatible; GPTBot/1.3; +https://openai.com/gptbot)"
74.7.243.204 - - [11/Feb/2026:00:10:21 +0000] "GET /?fileloc=//sys/class/net/lo/subsystem/lo/subsystem/vethc796c04/subsystem/eth0/speed&path=//sys/class/net/lo/subsystem/lo/subsystem/vethc796c04/subsystem/eth0 HTTP/1.0" 200 2798 "https://hbkconsultancy.com/?path=//sys/class/net/lo/subsystem/lo/subsystem/vethc796c04/subsystem/eth0" "Mozilla/5.0 AppleWebKit/537.36 (KHTML, like Gecko; compatible; GPTBot/1.3; +https://openai.com/gptbot)"
216.73.216.38 - - [11/Feb/2026:00:10:22 +0000] "GET /?fileloc=%2Fvar%2Fwww%2Fhbkconsultan_usr%2Fdata%2Fwww%2Fhbkconsultancy.com%2Fwp-includes%2Fclass-wp-oembed-controller.php&path=%2Fvar%2Fwww%2Fhbkconsultan_usr%2Fdata%2Fwww%2Fhbkconsultancy.com%2Fwp-includes HTTP/1.0" 200 4858 "-" "Mozilla/5.0 AppleWebKit/537.36 (KHTML, like Gecko; compatible; ClaudeBot/1.0; [email protected])"
74.7.243.204 - - [11/Feb/2026:00:10:24 +0000] "GET /?fileloc=//sys/class/net/lo/subsystem/lo/subsystem/eth0/subsystem/veth429b22f/speed&path=//sys/class/net/lo/subsystem/lo/subsystem/eth0/subsystem/veth429b22f HTTP/1.0" 200 2800 "https://hbkconsultancy.com/?path=//sys/class/net/lo/subsystem/lo/subsystem/eth0/subsystem/veth429b22f" "Mozilla/5.0 AppleWebKit/537.36 (KHTML, like Gecko; compatible; GPTBot/1.3; +https://openai.com/gptbot)"
74.7.243.204 - - [11/Feb/2026:00:10:27 +0000] "GET /?fileloc=//sys/class/net/lo/subsystem/lo/subsystem/eth0/subsystem/veth429b22f/flags&path=//sys/class/net/lo/subsystem/lo/subsystem/eth0/subsystem/veth429b22f HTTP/1.0" 200 2802 "https://hbkconsultancy.com/?path=//sys/class/net/lo/subsystem/lo/subsystem/eth0/subsystem/veth429b22f" "Mozilla/5.0 AppleWebKit/537.36 (KHTML, like Gecko; compatible; GPTBot/1.3; +https://openai.com/gptbot)"
74.7.243.204 - - [11/Feb/2026:00:10:30 +0000] "GET /?fileloc=//sys/class/net/eth0/subsystem/vethc796c04/subsystem/lo/subsystem/lo/mtu&path=//sys/class/net/eth0/subsystem/vethc796c04/subsystem/lo/subsystem/lo HTTP/1.0" 200 2799 "https://hbkconsultancy.com/?path=//sys/class/net/eth0/subsystem/vethc796c04/subsystem/lo/subsystem/lo" "Mozilla/5.0 AppleWebKit/537.36 (KHTML, like Gecko; compatible; GPTBot/1.3; +https://openai.com/gptbot)"
74.7.243.204 - - [11/Feb/2026:00:10:33 +0000] "GET /?fileloc=//sys/class/net/eth0/subsystem/lo/subsystem/veth61688aa/master/address&path=//sys/class/net/eth0/subsystem/lo/subsystem/veth61688aa/master HTTP/1.0" 200 2818 "https://hbkconsultancy.com/?path=//sys/class/net/eth0/subsystem/lo/subsystem/veth61688aa/master" "Mozilla/5.0 AppleWebKit/537.36 (KHTML, like Gecko; compatible; GPTBot/1.3; +https://openai.com/gptbot)"
216.73.216.38 - - [11/Feb/2026:00:10:36 +0000] "GET /?fileloc=%2Fvar%2Fwww%2Fhbkconsultan_usr%2Fdata%2Fwww%2Fhbkconsultancy.com%2Fwp-includes%2Fclass-wp-block-parser-block.php&path=%2Fvar%2Fwww%2Fhbkconsultan_usr%2Fdata%2Fwww%2Fhbkconsultancy.com%2Fwp-includes HTTP/1.0" 200 3509 "-" "Mozilla/5.0 AppleWebKit/537.36 (KHTML, like Gecko; compatible; ClaudeBot/1.0; [email protected])"
74.7.243.204 - - [11/Feb/2026:00:10:37 +0000] "GET /?fileloc=//sys/class/net/lo/subsystem/lo/subsystem/eth0/subsystem/veth429b22f/phys_port_name&path=//sys/class/net/lo/subsystem/lo/subsystem/eth0/subsystem/veth429b22f HTTP/1.0" 200 2803 "https://hbkconsultancy.com/?path=//sys/class/net/lo/subsystem/lo/subsystem/eth0/subsystem/veth429b22f" "Mozilla/5.0 AppleWebKit/537.36 (KHTML, like Gecko; compatible; GPTBot/1.3; +https://openai.com/gptbot)"
114.119.137.91 - - [11/Feb/2026:00:10:38 +0000] "GET /best-on-the-internet-casino-ontario-2024-ontario-gambling-web-sites-2/ HTTP/1.0" 200 4360 "https://hbkconsultancy.com/migliori-casino-on-the-internet-2024-top-twelve-siti-casino-piu-popolari-e-sicuri-2" "Mozilla/5.0 (Linux; Android 7.0;) AppleWebKit/537.36 (KHTML, like Gecko) Mobile Safari/537.36 (compatible; PetalBot;+https://webmaster.petalsearch.com/site/petalbot)"
216.73.216.38 - - [11/Feb/2026:00:10:39 +0000] "GET /?fileloc=%2Fvar%2Fwww%2Fhbkconsultan_usr%2Fdata%2Fwww%2Fhbkconsultancy.com%2Fwp-includes%2Fclass-wp-http-cookie.php&path=%2Fvar%2Fwww%2Fhbkconsultan_usr%2Fdata%2Fwww%2Fhbkconsultancy.com%2Fwp-includes HTTP/1.0" 200 5253 "-" "Mozilla/5.0 AppleWebKit/537.36 (KHTML, like Gecko; compatible; ClaudeBot/1.0; [email protected])"
74.7.243.204 - - [11/Feb/2026:00:10:40 +0000] "GET /?fileloc=//sys/class/net/eth0/subsystem/lo/subsystem/veth61688aa/master/uevent&path=//sys/class/net/eth0/subsystem/lo/subsystem/veth61688aa/master HTTP/1.0" 200 2842 "https://hbkconsultancy.com/?path=//sys/class/net/eth0/subsystem/lo/subsystem/veth61688aa/master" "Mozilla/5.0 AppleWebKit/537.36 (KHTML, like Gecko; compatible; GPTBot/1.3; +https://openai.com/gptbot)"
216.73.216.38 - - [11/Feb/2026:00:10:42 +0000] "GET /?fileloc=%2Fvar%2Fwww%2Fhbkconsultan_usr%2Fdata%2Fwww%2Fhbkconsultancy.com%2Fwp-includes%2Fclass-wp-customize-section.php&path=%2Fvar%2Fwww%2Fhbkconsultan_usr%2Fdata%2Fwww%2Fhbkconsultancy.com%2Fwp-includes HTTP/1.0" 200 5971 "-" "Mozilla/5.0 AppleWebKit/537.36 (KHTML, like Gecko; compatible; ClaudeBot/1.0; [email protected])"
74.7.243.204 - - [11/Feb/2026:00:10:43 +0000] "GET /?fileloc=//sys/class/net/lo/subsystem/lo/subsystem/vethc796c04/subsystem/eth0/dev_id&path=//sys/class/net/lo/subsystem/lo/subsystem/vethc796c04/subsystem/eth0 HTTP/1.0" 200 2801 "https://hbkconsultancy.com/?path=//sys/class/net/lo/subsystem/lo/subsystem/vethc796c04/subsystem/eth0" "Mozilla/5.0 AppleWebKit/537.36 (KHTML, like Gecko; compatible; GPTBot/1.3; +https://openai.com/gptbot)"
216.73.216.38 - - [11/Feb/2026:00:10:45 +0000] "GET /?fileloc=%2Fvar%2Fwww%2Fhbkconsultan_usr%2Fdata%2Fwww%2Fhbkconsultancy.com%2Fwp-includes%2Fcache.php&path=%2Fvar%2Fwww%2Fhbkconsultan_usr%2Fdata%2Fwww%2Fhbkconsultancy.com%2Fwp-includes HTTP/1.0" 200 5297 "-" "Mozilla/5.0 AppleWebKit/537.36 (KHTML, like Gecko; compatible; ClaudeBot/1.0; [email protected])"
74.7.243.204 - - [11/Feb/2026:00:10:46 +0000] "GET /?fileloc=//sys/class/net/eth0/subsystem/vethc796c04/subsystem/lo/subsystem/lo/iflink&path=//sys/class/net/eth0/subsystem/vethc796c04/subsystem/lo/subsystem/lo HTTP/1.0" 200 2797 "https://hbkconsultancy.com/?path=//sys/class/net/eth0/subsystem/vethc796c04/subsystem/lo/subsystem/lo" "Mozilla/5.0 AppleWebKit/537.36 (KHTML, like Gecko; compatible; GPTBot/1.3; +https://openai.com/gptbot)"
216.73.216.38 - - [11/Feb/2026:00:10:48 +0000] "GET /?fileloc=%2Fvar%2Fwww%2Fhbkconsultan_usr%2Fdata%2Fwww%2Fhbkconsultancy.com%2Fwp-includes%2Fclass-wp-block-parser-frame.php&path=%2Fvar%2Fwww%2Fhbkconsultan_usr%2Fdata%2Fwww%2Fhbkconsultancy.com%2Fwp-includes HTTP/1.0" 200 3336 "-" "Mozilla/5.0 AppleWebKit/537.36 (KHTML, like Gecko; compatible; ClaudeBot/1.0; [email protected])"
74.7.243.204 - - [11/Feb/2026:00:10:49 +0000] "GET /?fileloc=//sys/class/net/eth0/subsystem/lo/subsystem/veth61688aa/master/flags&path=//sys/class/net/eth0/subsystem/lo/subsystem/veth61688aa/master HTTP/1.0" 200 2807 "https://hbkconsultancy.com/?path=//sys/class/net/eth0/subsystem/lo/subsystem/veth61688aa/master" "Mozilla/5.0 AppleWebKit/537.36 (KHTML, like Gecko; compatible; GPTBot/1.3; +https://openai.com/gptbot)"
216.73.216.38 - - [11/Feb/2026:00:10:51 +0000] "GET /?fileloc=%2Fvar%2Fwww%2Fhbkconsultan_usr%2Fdata%2Fwww%2Fhbkconsultancy.com%2Fwp-includes%2Fclass-wp-navigation-fallback.php&path=%2Fvar%2Fwww%2Fhbkconsultan_usr%2Fdata%2Fwww%2Fhbkconsultancy.com%2Fwp-includes HTTP/1.0" 200 5016 "-" "Mozilla/5.0 AppleWebKit/537.36 (KHTML, like Gecko; compatible; ClaudeBot/1.0; [email protected])"
74.7.243.204 - - [11/Feb/2026:00:10:52 +0000] "GET /?fileloc=//sys/class/net/eth0/subsystem/lo/subsystem/vethc796c04/subsystem/lo/speed&path=//sys/class/net/eth0/subsystem/lo/subsystem/vethc796c04/subsystem/lo HTTP/1.0" 200 2795 "https://hbkconsultancy.com/?path=//sys/class/net/eth0/subsystem/lo/subsystem/vethc796c04/subsystem/lo" "Mozilla/5.0 AppleWebKit/537.36 (KHTML, like Gecko; compatible; GPTBot/1.3; +https://openai.com/gptbot)"
74.7.243.204 - - [11/Feb/2026:00:10:56 +0000] "GET /?fileloc=//sys/class/net/eth0/subsystem/veth429b22f/master/subsystem/lo/carrier&path=//sys/class/net/eth0/subsystem/veth429b22f/master/subsystem/lo HTTP/1.0" 200 2806 "https://hbkconsultancy.com/?path=//sys/class/net/eth0/subsystem/veth429b22f/master/subsystem/lo" "Mozilla/5.0 AppleWebKit/537.36 (KHTML, like Gecko; compatible; GPTBot/1.3; +https://openai.com/gptbot)"
74.7.243.204 - - [11/Feb/2026:00:10:59 +0000] "GET /?fileloc=//sys/class/net/eth0/subsystem/lo/subsystem/veth61688aa/master/speed&path=//sys/class/net/eth0/subsystem/lo/subsystem/veth61688aa/master HTTP/1.0" 200 2805 "https://hbkconsultancy.com/?path=//sys/class/net/eth0/subsystem/lo/subsystem/veth61688aa/master" "Mozilla/5.0 AppleWebKit/537.36 (KHTML, like Gecko; compatible; GPTBot/1.3; +https://openai.com/gptbot)"
74.7.243.204 - - [11/Feb/2026:00:11:02 +0000] "GET /?fileloc=//sys/class/net/lo/subsystem/lo/subsystem/eth0/subsystem/veth429b22f/dev_id&path=//sys/class/net/lo/subsystem/lo/subsystem/eth0/subsystem/veth429b22f HTTP/1.0" 200 2800 "https://hbkconsultancy.com/?path=//sys/class/net/lo/subsystem/lo/subsystem/eth0/subsystem/veth429b22f" "Mozilla/5.0 AppleWebKit/537.36 (KHTML, like Gecko; compatible; GPTBot/1.3; +https://openai.com/gptbot)"
74.7.243.204 - - [11/Feb/2026:00:11:05 +0000] "GET /?fileloc=//sys/class/net/eth0/subsystem/lo/subsystem/veth61688aa/master/testing&path=//sys/class/net/eth0/subsystem/lo/subsystem/veth61688aa/master HTTP/1.0" 200 2804 "https://hbkconsultancy.com/?path=//sys/class/net/eth0/subsystem/lo/subsystem/veth61688aa/master" "Mozilla/5.0 AppleWebKit/537.36 (KHTML, like Gecko; compatible; GPTBot/1.3; +https://openai.com/gptbot)"
74.7.243.204 - - [11/Feb/2026:00:11:08 +0000] "GET /?fileloc=//sys/class/net/eth0/subsystem/lo/subsystem/veth61688aa/master/carrier&path=//sys/class/net/eth0/subsystem/lo/subsystem/veth61688aa/master HTTP/1.0" 200 2805 "https://hbkconsultancy.com/?path=//sys/class/net/eth0/subsystem/lo/subsystem/veth61688aa/master" "Mozilla/5.0 AppleWebKit/537.36 (KHTML, like Gecko; compatible; GPTBot/1.3; +https://openai.com/gptbot)"
74.7.243.204 - - [11/Feb/2026:00:11:11 +0000] "GET /?fileloc=//sys/class/net/lo/subsystem/lo/subsystem/vethc796c04/statistics/rx_bytes&path=//sys/class/net/lo/subsystem/lo/subsystem/vethc796c04/statistics HTTP/1.0" 200 2807 "https://hbkconsultancy.com/?path=//sys/class/net/lo/subsystem/lo/subsystem/vethc796c04/statistics" "Mozilla/5.0 AppleWebKit/537.36 (KHTML, like Gecko; compatible; GPTBot/1.3; +https://openai.com/gptbot)"
74.7.243.204 - - [11/Feb/2026:00:11:14 +0000] "GET /?fileloc=//sys/class/net/eth0/subsystem/lo/subsystem/vethc796c04/subsystem/lo/mtu&path=//sys/class/net/eth0/subsystem/lo/subsystem/vethc796c04/subsystem/lo HTTP/1.0" 200 2799 "https://hbkconsultancy.com/?path=//sys/class/net/eth0/subsystem/lo/subsystem/vethc796c04/subsystem/lo" "Mozilla/5.0 AppleWebKit/537.36 (KHTML, like Gecko; compatible; GPTBot/1.3; +https://openai.com/gptbot)"
216.73.216.38 - - [11/Feb/2026:00:11:17 +0000] "GET /?fileloc=%2Fvar%2Fwww%2Fhbkconsultan_usr%2Fdata%2Fwww%2Fhbkconsultancy.com%2Fwp-admin%2Fexport-personal-data.php&path=%2Fvar%2Fwww%2Fhbkconsultan_usr%2Fdata%2Fwww%2Fhbkconsultancy.com%2Fwp-admin HTTP/1.0" 200 5694 "-" "Mozilla/5.0 AppleWebKit/537.36 (KHTML, like Gecko; compatible; ClaudeBot/1.0; [email protected])"
74.7.243.204 - - [11/Feb/2026:00:11:17 +0000] "GET /?fileloc=//sys/class/net/eth0/subsystem/lo/subsystem/veth429b22f/master/flags&path=//sys/class/net/eth0/subsystem/lo/subsystem/veth429b22f/master HTTP/1.0" 200 2807 "https://hbkconsultancy.com/?path=//sys/class/net/eth0/subsystem/lo/subsystem/veth429b22f/master" "Mozilla/5.0 AppleWebKit/537.36 (KHTML, like Gecko; compatible; GPTBot/1.3; +https://openai.com/gptbot)"
216.73.216.38 - - [11/Feb/2026:00:11:20 +0000] "GET /?fileloc=%2Fvar%2Fwww%2Fhbkconsultan_usr%2Fdata%2Fwww%2Fhbkconsultancy.com%2Fwp-admin%2Fcomment.php&path=%2Fvar%2Fwww%2Fhbkconsultan_usr%2Fdata%2Fwww%2Fhbkconsultancy.com%2Fwp-admin HTTP/1.0" 200 6022 "-" "Mozilla/5.0 AppleWebKit/537.36 (KHTML, like Gecko; compatible; ClaudeBot/1.0; [email protected])"
74.7.243.204 - - [11/Feb/2026:00:11:21 +0000] "GET /?fileloc=//sys/class/net/lo/subsystem/lo/subsystem/eth0/subsystem/veth429b22f/duplex&path=//sys/class/net/lo/subsystem/lo/subsystem/eth0/subsystem/veth429b22f HTTP/1.0" 200 2800 "https://hbkconsultancy.com/?path=//sys/class/net/lo/subsystem/lo/subsystem/eth0/subsystem/veth429b22f" "Mozilla/5.0 AppleWebKit/537.36 (KHTML, like Gecko; compatible; GPTBot/1.3; +https://openai.com/gptbot)"
216.73.216.38 - - [11/Feb/2026:00:11:23 +0000] "GET /?fileloc=%2Fvar%2Fwww%2Fhbkconsultan_usr%2Fdata%2Fwww%2Fhbkconsultancy.com%2Fwp-includes%2Fclass-wp-token-map.php&path=%2Fvar%2Fwww%2Fhbkconsultan_usr%2Fdata%2Fwww%2Fhbkconsultancy.com%2Fwp-includes HTTP/1.0" 200 10814 "-" "Mozilla/5.0 AppleWebKit/537.36 (KHTML, like Gecko; compatible; ClaudeBot/1.0; [email protected])"
74.7.243.204 - - [11/Feb/2026:00:11:24 +0000] "GET /?fileloc=//sys/class/net/lo/subsystem/lo/subsystem/eth0/subsystem/vethc796c04/duplex&path=//sys/class/net/lo/subsystem/lo/subsystem/eth0/subsystem/vethc796c04 HTTP/1.0" 200 2801 "https://hbkconsultancy.com/?path=//sys/class/net/lo/subsystem/lo/subsystem/eth0/subsystem/vethc796c04" "Mozilla/5.0 AppleWebKit/537.36 (KHTML, like Gecko; compatible; GPTBot/1.3; +https://openai.com/gptbot)"
216.73.216.38 - - [11/Feb/2026:00:11:26 +0000] "GET /?fileloc=%2Fvar%2Fwww%2Fhbkconsultan_usr%2Fdata%2Fwww%2Fhbkconsultancy.com%2Fwp-includes%2Fclass-wp-plugin-dependencies.php&path=%2Fvar%2Fwww%2Fhbkconsultan_usr%2Fdata%2Fwww%2Fhbkconsultancy.com%2Fwp-includes HTTP/1.0" 200 7880 "-" "Mozilla/5.0 AppleWebKit/537.36 (KHTML, like Gecko; compatible; ClaudeBot/1.0; [email protected])"
74.7.243.204 - - [11/Feb/2026:00:11:27 +0000] "GET /?fileloc=//sys/class/net/lo/subsystem/lo/subsystem/vethc796c04/statistics/tx_bytes&path=//sys/class/net/lo/subsystem/lo/subsystem/vethc796c04/statistics HTTP/1.0" 200 2807 "https://hbkconsultancy.com/?path=//sys/class/net/lo/subsystem/lo/subsystem/vethc796c04/statistics" "Mozilla/5.0 AppleWebKit/537.36 (KHTML, like Gecko; compatible; GPTBot/1.3; +https://openai.com/gptbot)"
216.73.216.38 - - [11/Feb/2026:00:11:29 +0000] "GET /?fileloc=%2Fvar%2Fwww%2Fhbkconsultan_usr%2Fdata%2Fwww%2Fhbkconsultancy.com%2Fwp-includes%2Fhttp.php&path=%2Fvar%2Fwww%2Fhbkconsultan_usr%2Fdata%2Fwww%2Fhbkconsultancy.com%2Fwp-includes HTTP/1.0" 200 8128 "-" "Mozilla/5.0 AppleWebKit/537.36 (KHTML, like Gecko; compatible; ClaudeBot/1.0; [email protected])"
74.7.243.204 - - [11/Feb/2026:00:11:30 +0000] "GET /?fileloc=//sys/class/net/eth0/subsystem/lo/subsystem/vethc796c04/subsystem/lo/uevent&path=//sys/class/net/eth0/subsystem/lo/subsystem/vethc796c04/subsystem/lo HTTP/1.0" 200 2820 "https://hbkconsultancy.com/?path=//sys/class/net/eth0/subsystem/lo/subsystem/vethc796c04/subsystem/lo" "Mozilla/5.0 AppleWebKit/537.36 (KHTML, like Gecko; compatible; GPTBot/1.3; +https://openai.com/gptbot)"
216.73.216.38 - - [11/Feb/2026:00:11:32 +0000] "GET /?fileloc=%2Fvar%2Fwww%2Fhbkconsultan_usr%2Fdata%2Fwww%2Fhbkconsultancy.com%2Fwp-includes%2Fclass-wp-feed-cache.php&path=%2Fvar%2Fwww%2Fhbkconsultan_usr%2Fdata%2Fwww%2Fhbkconsultancy.com%2Fwp-includes HTTP/1.0" 200 3256 "-" "Mozilla/5.0 AppleWebKit/537.36 (KHTML, like Gecko; compatible; ClaudeBot/1.0; [email protected])"
74.7.243.204 - - [11/Feb/2026:00:11:33 +0000] "GET /?fileloc=//sys/class/net/eth0/subsystem/veth429b22f/master/subsystem/lo/speed&path=//sys/class/net/eth0/subsystem/veth429b22f/master/subsystem/lo HTTP/1.0" 200 2802 "https://hbkconsultancy.com/?path=//sys/class/net/eth0/subsystem/veth429b22f/master/subsystem/lo" "Mozilla/5.0 AppleWebKit/537.36 (KHTML, like Gecko; compatible; GPTBot/1.3; +https://openai.com/gptbot)"
216.73.216.38 - - [11/Feb/2026:00:11:35 +0000] "GET /?fileloc=%2Fvar%2Fwww%2Fhbkconsultan_usr%2Fdata%2Fwww%2Fhbkconsultancy.com%2Fwp-includes%2Fclass-wp-embed.php&path=%2Fvar%2Fwww%2Fhbkconsultan_usr%2Fdata%2Fwww%2Fhbkconsultancy.com%2Fwp-includes HTTP/1.0" 200 7514 "-" "Mozilla/5.0 AppleWebKit/537.36 (KHTML, like Gecko; compatible; ClaudeBot/1.0; [email protected])"
74.7.243.204 - - [11/Feb/2026:00:11:36 +0000] "GET /?fileloc=//sys/class/net/eth0/subsystem/lo/subsystem/veth61688aa/master/ifalias&path=//sys/class/net/eth0/subsystem/lo/subsystem/veth61688aa/master HTTP/1.0" 200 2802 "https://hbkconsultancy.com/?path=//sys/class/net/eth0/subsystem/lo/subsystem/veth61688aa/master" "Mozilla/5.0 AppleWebKit/537.36 (KHTML, like Gecko; compatible; GPTBot/1.3; +https://openai.com/gptbot)"
216.73.216.38 - - [11/Feb/2026:00:11:38 +0000] "GET /?fileloc=%2Fvar%2Fwww%2Fhbkconsultan_usr%2Fdata%2Fwww%2Fhbkconsultancy.com%2Fwp-includes%2Fclass-wp-customize-setting.php&path=%2Fvar%2Fwww%2Fhbkconsultan_usr%2Fdata%2Fwww%2Fhbkconsultancy.com%2Fwp-includes HTTP/1.0" 200 9466 "-" "Mozilla/5.0 AppleWebKit/537.36 (KHTML, like Gecko; compatible; ClaudeBot/1.0; [email protected])"
74.7.243.204 - - [11/Feb/2026:00:11:40 +0000] "GET /?fileloc=//sys/class/net/eth0/subsystem/lo/subsystem/veth61688aa/master/dormant&path=//sys/class/net/eth0/subsystem/lo/subsystem/veth61688aa/master HTTP/1.0" 200 2804 "https://hbkconsultancy.com/?path=//sys/class/net/eth0/subsystem/lo/subsystem/veth61688aa/master" "Mozilla/5.0 AppleWebKit/537.36 (KHTML, like Gecko; compatible; GPTBot/1.3; +https://openai.com/gptbot)"
216.73.216.38 - - [11/Feb/2026:00:11:41 +0000] "GET /?fileloc=%2Fvar%2Fwww%2Fhbkconsultan_usr%2Fdata%2Fwww%2Fhbkconsultancy.com%2Fwp-admin%2Fusers.php&path=%2Fvar%2Fwww%2Fhbkconsultan_usr%2Fdata%2Fwww%2Fhbkconsultancy.com%2Fwp-admin HTTP/1.0" 200 8445 "-" "Mozilla/5.0 AppleWebKit/537.36 (KHTML, like Gecko; compatible; ClaudeBot/1.0; [email protected])"
74.7.243.204 - - [11/Feb/2026:00:11:43 +0000] "GET /?fileloc=//sys/class/net/lo/subsystem/lo/subsystem/vethc796c04/subsystem/eth0/tx_queue_len&path=//sys/class/net/lo/subsystem/lo/subsystem/vethc796c04/subsystem/eth0 HTTP/1.0" 200 2806 "https://hbkconsultancy.com/?path=//sys/class/net/lo/subsystem/lo/subsystem/vethc796c04/subsystem/eth0" "Mozilla/5.0 AppleWebKit/537.36 (KHTML, like Gecko; compatible; GPTBot/1.3; +https://openai.com/gptbot)"
216.73.216.38 - - [11/Feb/2026:00:11:44 +0000] "GET /?fileloc=%2Fvar%2Fwww%2Fhbkconsultan_usr%2Fdata%2Fwww%2Fhbkconsultancy.com%2Fwp-includes%2Fcache-compat.php&path=%2Fvar%2Fwww%2Fhbkconsultan_usr%2Fdata%2Fwww%2Fhbkconsultancy.com%2Fwp-includes HTTP/1.0" 200 4796 "-" "Mozilla/5.0 AppleWebKit/537.36 (KHTML, like Gecko; compatible; ClaudeBot/1.0; [email protected])"
74.7.243.204 - - [11/Feb/2026:00:11:46 +0000] "GET /?fileloc=//sys/class/net/eth0/subsystem/vethc796c04/subsystem/lo/subsystem/lo/speed&path=//sys/class/net/eth0/subsystem/vethc796c04/subsystem/lo/subsystem/lo HTTP/1.0" 200 2795 "https://hbkconsultancy.com/?path=//sys/class/net/eth0/subsystem/vethc796c04/subsystem/lo/subsystem/lo" "Mozilla/5.0 AppleWebKit/537.36 (KHTML, like Gecko; compatible; GPTBot/1.3; +https://openai.com/gptbot)"
216.73.216.38 - - [11/Feb/2026:00:11:47 +0000] "GET /?fileloc=%2Fvar%2Fwww%2Fhbkconsultan_usr%2Fdata%2Fwww%2Fhbkconsultancy.com%2Fwp-includes%2Fclass-wp-theme.php&path=%2Fvar%2Fwww%2Fhbkconsultan_usr%2Fdata%2Fwww%2Fhbkconsultancy.com%2Fwp-includes HTTP/1.0" 200 17288 "-" "Mozilla/5.0 AppleWebKit/537.36 (KHTML, like Gecko; compatible; ClaudeBot/1.0; [email protected])"
74.7.243.204 - - [11/Feb/2026:00:11:49 +0000] "GET /?fileloc=//sys/class/net/lo/subsystem/lo/subsystem/eth0/subsystem/veth429b22f/tx_queue_len&path=//sys/class/net/lo/subsystem/lo/subsystem/eth0/subsystem/veth429b22f HTTP/1.0" 200 2804 "https://hbkconsultancy.com/?path=//sys/class/net/lo/subsystem/lo/subsystem/eth0/subsystem/veth429b22f" "Mozilla/5.0 AppleWebKit/537.36 (KHTML, like Gecko; compatible; GPTBot/1.3; +https://openai.com/gptbot)"
216.73.216.38 - - [11/Feb/2026:00:11:50 +0000] "GET /?fileloc=%2Fvar%2Fwww%2Fhbkconsultan_usr%2Fdata%2Fwww%2Fhbkconsultancy.com%2Fwp-includes%2Fdefault-widgets.php&path=%2Fvar%2Fwww%2Fhbkconsultan_usr%2Fdata%2Fwww%2Fhbkconsultancy.com%2Fwp-includes HTTP/1.0" 200 3197 "-" "Mozilla/5.0 AppleWebKit/537.36 (KHTML, like Gecko; compatible; ClaudeBot/1.0; [email protected])"
74.7.243.204 - - [11/Feb/2026:00:11:52 +0000] "GET /?fileloc=//sys/class/net/eth0/subsystem/vethc796c04/subsystem/lo/subsystem/lo/flags&path=//sys/class/net/eth0/subsystem/vethc796c04/subsystem/lo/subsystem/lo HTTP/1.0" 200 2799 "https://hbkconsultancy.com/?path=//sys/class/net/eth0/subsystem/vethc796c04/subsystem/lo/subsystem/lo" "Mozilla/5.0 AppleWebKit/537.36 (KHTML, like Gecko; compatible; GPTBot/1.3; +https://openai.com/gptbot)"
216.73.216.38 - - [11/Feb/2026:00:11:53 +0000] "GET /?fileloc=%2Fvar%2Fwww%2Fhbkconsultan_usr%2Fdata%2Fwww%2Fhbkconsultancy.com%2Fwp-admin%2Fauthorize-application.php&path=%2Fvar%2Fwww%2Fhbkconsultan_usr%2Fdata%2Fwww%2Fhbkconsultancy.com%2Fwp-admin HTTP/1.0" 200 5889 "-" "Mozilla/5.0 AppleWebKit/537.36 (KHTML, like Gecko; compatible; ClaudeBot/1.0; [email protected])"
74.7.243.204 - - [11/Feb/2026:00:11:56 +0000] "GET /?fileloc=//sys/class/net/eth0/subsystem/lo/subsystem/veth429b22f/master/speed&path=//sys/class/net/eth0/subsystem/lo/subsystem/veth429b22f/master HTTP/1.0" 200 2805 "https://hbkconsultancy.com/?path=//sys/class/net/eth0/subsystem/lo/subsystem/veth429b22f/master" "Mozilla/5.0 AppleWebKit/537.36 (KHTML, like Gecko; compatible; GPTBot/1.3; +https://openai.com/gptbot)"
216.73.216.38 - - [11/Feb/2026:00:11:56 +0000] "GET /?fileloc=%2Fvar%2Fwww%2Fhbkconsultan_usr%2Fdata%2Fwww%2Fhbkconsultancy.com%2Fwp-includes%2Fclass-wp-fatal-error-handler.php&path=%2Fvar%2Fwww%2Fhbkconsultan_usr%2Fdata%2Fwww%2Fhbkconsultancy.com%2Fwp-includes HTTP/1.0" 200 5525 "-" "Mozilla/5.0 AppleWebKit/537.36 (KHTML, like Gecko; compatible; ClaudeBot/1.0; [email protected])"
114.119.130.54 - - [11/Feb/2026:00:11:58 +0000] "GET /lp-course-grid-02/page/3 HTTP/1.0" 200 4360 "http://hbkconsultancy.com/lp-course-grid-02/page/1" "Mozilla/5.0 (Linux; Android 7.0;) AppleWebKit/537.36 (KHTML, like Gecko) Mobile Safari/537.36 (compatible; PetalBot;+https://webmaster.petalsearch.com/site/petalbot)"
74.7.243.204 - - [11/Feb/2026:00:11:59 +0000] "GET /?fileloc=//sys/class/net/lo/subsystem/lo/subsystem/eth0/subsystem/vethc796c04/dev_id&path=//sys/class/net/lo/subsystem/lo/subsystem/eth0/subsystem/vethc796c04 HTTP/1.0" 200 2801 "https://hbkconsultancy.com/?path=//sys/class/net/lo/subsystem/lo/subsystem/eth0/subsystem/vethc796c04" "Mozilla/5.0 AppleWebKit/537.36 (KHTML, like Gecko; compatible; GPTBot/1.3; +https://openai.com/gptbot)"
216.73.216.38 - - [11/Feb/2026:00:11:59 +0000] "GET /?fileloc=%2Fvar%2Fwww%2Fhbkconsultan_usr%2Fdata%2Fwww%2Fhbkconsultancy.com%2Fwp-admin%2Fms-admin.php&path=%2Fvar%2Fwww%2Fhbkconsultan_usr%2Fdata%2Fwww%2Fhbkconsultancy.com%2Fwp-admin HTTP/1.0" 200 2894 "-" "Mozilla/5.0 AppleWebKit/537.36 (KHTML, like Gecko; compatible; ClaudeBot/1.0; [email protected])"
216.73.216.38 - - [11/Feb/2026:00:12:02 +0000] "GET /?fileloc=%2Fvar%2Fwww%2Fhbkconsultan_usr%2Fdata%2Fwww%2Fhbkconsultancy.com%2Fwp-includes%2Fclass-wp-theme-json.php&path=%2Fvar%2Fwww%2Fhbkconsultan_usr%2Fdata%2Fwww%2Fhbkconsultancy.com%2Fwp-includes HTTP/1.0" 200 39620 "-" "Mozilla/5.0 AppleWebKit/537.36 (KHTML, like Gecko; compatible; ClaudeBot/1.0; [email protected])"
74.7.243.204 - - [11/Feb/2026:00:12:02 +0000] "GET /?fileloc=//sys/class/net/eth0/subsystem/vethc796c04/subsystem/lo/subsystem/lo/dev_id&path=//sys/class/net/eth0/subsystem/vethc796c04/subsystem/lo/subsystem/lo HTTP/1.0" 200 2800 "https://hbkconsultancy.com/?path=//sys/class/net/eth0/subsystem/vethc796c04/subsystem/lo/subsystem/lo" "Mozilla/5.0 AppleWebKit/537.36 (KHTML, like Gecko; compatible; GPTBot/1.3; +https://openai.com/gptbot)"
216.73.216.38 - - [11/Feb/2026:00:12:05 +0000] "GET /?fileloc=%2Fvar%2Fwww%2Fhbkconsultan_usr%2Fdata%2Fwww%2Fhbkconsultancy.com%2Fwp-admin%2Fexport.php&path=%2Fvar%2Fwww%2Fhbkconsultan_usr%2Fdata%2Fwww%2Fhbkconsultancy.com%2Fwp-admin HTTP/1.0" 200 5950 "-" "Mozilla/5.0 AppleWebKit/537.36 (KHTML, like Gecko; compatible; ClaudeBot/1.0; [email protected])"
74.7.243.204 - - [11/Feb/2026:00:12:05 +0000] "GET /?fileloc=//sys/class/net/eth0/subsystem/lo/subsystem/vethc796c04/subsystem/lo/iflink&path=//sys/class/net/eth0/subsystem/lo/subsystem/vethc796c04/subsystem/lo HTTP/1.0" 200 2797 "https://hbkconsultancy.com/?path=//sys/class/net/eth0/subsystem/lo/subsystem/vethc796c04/subsystem/lo" "Mozilla/5.0 AppleWebKit/537.36 (KHTML, like Gecko; compatible; GPTBot/1.3; +https://openai.com/gptbot)"
185.191.171.4 - - [11/Feb/2026:00:12:07 +0000] "GET /2025/02/page/2/ HTTP/1.0" 200 4360 "-" "Mozilla/5.0 (compatible; SemrushBot/7~bl; +http://www.semrush.com/bot.html)"
216.73.216.38 - - [11/Feb/2026:00:12:08 +0000] "GET /?fileloc=%2Fvar%2Fwww%2Fhbkconsultan_usr%2Fdata%2Fwww%2Fhbkconsultancy.com%2Fwp-includes%2Fclass-wp-http-streams.php&path=%2Fvar%2Fwww%2Fhbkconsultan_usr%2Fdata%2Fwww%2Fhbkconsultancy.com%2Fwp-includes HTTP/1.0" 200 7461 "-" "Mozilla/5.0 AppleWebKit/537.36 (KHTML, like Gecko; compatible; ClaudeBot/1.0; [email protected])"
74.7.243.204 - - [11/Feb/2026:00:12:08 +0000] "GET /?fileloc=//sys/class/net/lo/subsystem/lo/subsystem/vethc796c04/subsystem/eth0/duplex&path=//sys/class/net/lo/subsystem/lo/subsystem/vethc796c04/subsystem/eth0 HTTP/1.0" 200 2803 "https://hbkconsultancy.com/?path=//sys/class/net/lo/subsystem/lo/subsystem/vethc796c04/subsystem/eth0" "Mozilla/5.0 AppleWebKit/537.36 (KHTML, like Gecko; compatible; GPTBot/1.3; +https://openai.com/gptbot)"
216.73.216.38 - - [11/Feb/2026:00:12:11 +0000] "GET /?fileloc=%2Fvar%2Fwww%2Fhbkconsultan_usr%2Fdata%2Fwww%2Fhbkconsultancy.com%2Fwp-includes%2Fblock-editor.php&path=%2Fvar%2Fwww%2Fhbkconsultan_usr%2Fdata%2Fwww%2Fhbkconsultancy.com%2Fwp-includes HTTP/1.0" 200 9515 "-" "Mozilla/5.0 AppleWebKit/537.36 (KHTML, like Gecko; compatible; ClaudeBot/1.0; [email protected])"
74.7.243.204 - - [11/Feb/2026:00:12:12 +0000] "GET /?fileloc=//sys/class/net/lo/subsystem/lo/subsystem/eth0/subsystem/veth429b22f/addr_len&path=//sys/class/net/lo/subsystem/lo/subsystem/eth0/subsystem/veth429b22f HTTP/1.0" 200 2800 "https://hbkconsultancy.com/?path=//sys/class/net/lo/subsystem/lo/subsystem/eth0/subsystem/veth429b22f" "Mozilla/5.0 AppleWebKit/537.36 (KHTML, like Gecko; compatible; GPTBot/1.3; +https://openai.com/gptbot)"
216.73.216.38 - - [11/Feb/2026:00:12:14 +0000] "GET /?fileloc=%2Fvar%2Fwww%2Fhbkconsultan_usr%2Fdata%2Fwww%2Fhbkconsultancy.com%2Fwp-includes%2Fclass-wp-speculation-rules.php&path=%2Fvar%2Fwww%2Fhbkconsultan_usr%2Fdata%2Fwww%2Fhbkconsultancy.com%2Fwp-includes HTTP/1.0" 200 4491 "-" "Mozilla/5.0 AppleWebKit/537.36 (KHTML, like Gecko; compatible; ClaudeBot/1.0; [email protected])"
74.7.243.204 - - [11/Feb/2026:00:12:15 +0000] "GET /?fileloc=//sys/class/net/lo/subsystem/lo/subsystem/eth0/subsystem/veth429b22f/iflink&path=//sys/class/net/lo/subsystem/lo/subsystem/eth0/subsystem/veth429b22f HTTP/1.0" 200 2797 "https://hbkconsultancy.com/?path=//sys/class/net/lo/subsystem/lo/subsystem/eth0/subsystem/veth429b22f" "Mozilla/5.0 AppleWebKit/537.36 (KHTML, like Gecko; compatible; GPTBot/1.3; +https://openai.com/gptbot)"
216.73.216.38 - - [11/Feb/2026:00:12:17 +0000] "GET /?fileloc=%2Fvar%2Fwww%2Fhbkconsultan_usr%2Fdata%2Fwww%2Fhbkconsultancy.com%2Fwp-includes%2Fclass-wp-http-response.php&path=%2Fvar%2Fwww%2Fhbkconsultan_usr%2Fdata%2Fwww%2Fhbkconsultancy.com%2Fwp-includes HTTP/1.0" 200 3679 "-" "Mozilla/5.0 AppleWebKit/537.36 (KHTML, like Gecko; compatible; ClaudeBot/1.0; [email protected])"
74.7.243.204 - - [11/Feb/2026:00:12:18 +0000] "GET /?fileloc=//sys/class/net/eth0/subsystem/lo/subsystem/vethc796c04/subsystem/lo/duplex&path=//sys/class/net/eth0/subsystem/lo/subsystem/vethc796c04/subsystem/lo HTTP/1.0" 200 2796 "https://hbkconsultancy.com/?path=//sys/class/net/eth0/subsystem/lo/subsystem/vethc796c04/subsystem/lo" "Mozilla/5.0 AppleWebKit/537.36 (KHTML, like Gecko; compatible; GPTBot/1.3; +https://openai.com/gptbot)"
216.73.216.38 - - [11/Feb/2026:00:12:20 +0000] "GET /?fileloc=%2Fvar%2Fwww%2Fhbkconsultan_usr%2Fdata%2Fwww%2Fhbkconsultancy.com%2Fwp-includes%2Fclass-wp-image-editor.php&path=%2Fvar%2Fwww%2Fhbkconsultan_usr%2Fdata%2Fwww%2Fhbkconsultancy.com%2Fwp-includes HTTP/1.0" 200 7555 "-" "Mozilla/5.0 AppleWebKit/537.36 (KHTML, like Gecko; compatible; ClaudeBot/1.0; [email protected])"
74.7.243.204 - - [11/Feb/2026:00:12:21 +0000] "GET /?fileloc=//sys/class/net/lo/subsystem/lo/subsystem/eth0/subsystem/vethc796c04/uevent&path=//sys/class/net/lo/subsystem/lo/subsystem/eth0/subsystem/vethc796c04 HTTP/1.0" 200 2821 "https://hbkconsultancy.com/?path=//sys/class/net/lo/subsystem/lo/subsystem/eth0/subsystem/vethc796c04" "Mozilla/5.0 AppleWebKit/537.36 (KHTML, like Gecko; compatible; GPTBot/1.3; +https://openai.com/gptbot)"
216.73.216.38 - - [11/Feb/2026:00:12:23 +0000] "GET /?fileloc=%2Fvar%2Fwww%2Fhbkconsultan_usr%2Fdata%2Fwww%2Fhbkconsultancy.com%2Fwp-includes%2Fclass-wp-xmlrpc-server.php&path=%2Fvar%2Fwww%2Fhbkconsultan_usr%2Fdata%2Fwww%2Fhbkconsultancy.com%2Fwp-includes HTTP/1.0" 200 38536 "-" "Mozilla/5.0 AppleWebKit/537.36 (KHTML, like Gecko; compatible; ClaudeBot/1.0; [email protected])"
74.7.243.204 - - [11/Feb/2026:00:12:24 +0000] "GET /?fileloc=//sys/class/net/lo/subsystem/lo/subsystem/eth0/subsystem/veth429b22f/dev_port&path=//sys/class/net/lo/subsystem/lo/subsystem/eth0/subsystem/veth429b22f HTTP/1.0" 200 2800 "https://hbkconsultancy.com/?path=//sys/class/net/lo/subsystem/lo/subsystem/eth0/subsystem/veth429b22f" "Mozilla/5.0 AppleWebKit/537.36 (KHTML, like Gecko; compatible; GPTBot/1.3; +https://openai.com/gptbot)"
216.73.216.38 - - [11/Feb/2026:00:12:26 +0000] "GET /?fileloc=%2Fvar%2Fwww%2Fhbkconsultan_usr%2Fdata%2Fwww%2Fhbkconsultancy.com%2Fwp-admin%2Fedit-form-comment.php&path=%2Fvar%2Fwww%2Fhbkconsultan_usr%2Fdata%2Fwww%2Fhbkconsultancy.com%2Fwp-admin HTTP/1.0" 200 5461 "-" "Mozilla/5.0 AppleWebKit/537.36 (KHTML, like Gecko; compatible; ClaudeBot/1.0; [email protected])"
74.7.243.204 - - [11/Feb/2026:00:12:27 +0000] "GET /?fileloc=//sys/class/net/lo/subsystem/lo/subsystem/vethc796c04/subsystem/eth0/iflink&path=//sys/class/net/lo/subsystem/lo/subsystem/vethc796c04/subsystem/eth0 HTTP/1.0" 200 2798 "https://hbkconsultancy.com/?path=//sys/class/net/lo/subsystem/lo/subsystem/vethc796c04/subsystem/eth0" "Mozilla/5.0 AppleWebKit/537.36 (KHTML, like Gecko; compatible; GPTBot/1.3; +https://openai.com/gptbot)"
216.73.216.38 - - [11/Feb/2026:00:12:29 +0000] "GET /?fileloc=%2Fvar%2Fwww%2Fhbkconsultan_usr%2Fdata%2Fwww%2Fhbkconsultancy.com%2Fwp-includes%2Fclass-wp-user-request.php&path=%2Fvar%2Fwww%2Fhbkconsultan_usr%2Fdata%2Fwww%2Fhbkconsultancy.com%2Fwp-includes HTTP/1.0" 200 3391 "-" "Mozilla/5.0 AppleWebKit/537.36 (KHTML, like Gecko; compatible; ClaudeBot/1.0; [email protected])"
74.7.243.204 - - [11/Feb/2026:00:12:30 +0000] "GET /?fileloc=//sys/class/net/eth0/subsystem/veth429b22f/master/subsystem/lo/flags&path=//sys/class/net/eth0/subsystem/veth429b22f/master/subsystem/lo HTTP/1.0" 200 2806 "https://hbkconsultancy.com/?path=//sys/class/net/eth0/subsystem/veth429b22f/master/subsystem/lo" "Mozilla/5.0 AppleWebKit/537.36 (KHTML, like Gecko; compatible; GPTBot/1.3; +https://openai.com/gptbot)"
74.7.243.204 - - [11/Feb/2026:00:12:33 +0000] "GET /?fileloc=//sys/class/net/lo/subsystem/lo/subsystem/eth0/subsystem/veth429b22f/uevent&path=//sys/class/net/lo/subsystem/lo/subsystem/eth0/subsystem/veth429b22f HTTP/1.0" 200 2821 "https://hbkconsultancy.com/?path=//sys/class/net/lo/subsystem/lo/subsystem/eth0/subsystem/veth429b22f" "Mozilla/5.0 AppleWebKit/537.36 (KHTML, like Gecko; compatible; GPTBot/1.3; +https://openai.com/gptbot)"
74.7.243.204 - - [11/Feb/2026:00:12:37 +0000] "GET /?fileloc=//sys/class/net/eth0/subsystem/veth61688aa/queues/tx-0/traffic_class&path=//sys/class/net/eth0/subsystem/veth61688aa/queues/tx-0 HTTP/1.0" 200 2804 "https://hbkconsultancy.com/?path=//sys/class/net/eth0/subsystem/veth61688aa/queues/tx-0" "Mozilla/5.0 AppleWebKit/537.36 (KHTML, like Gecko; compatible; GPTBot/1.3; +https://openai.com/gptbot)"
74.7.243.204 - - [11/Feb/2026:00:12:40 +0000] "GET /?fileloc=//sys/class/net/eth0/subsystem/veth429b22f/queues/tx-0/tx_maxrate&path=//sys/class/net/eth0/subsystem/veth429b22f/queues/tx-0 HTTP/1.0" 200 2802 "https://hbkconsultancy.com/?path=//sys/class/net/eth0/subsystem/veth429b22f/queues/tx-0" "Mozilla/5.0 AppleWebKit/537.36 (KHTML, like Gecko; compatible; GPTBot/1.3; +https://openai.com/gptbot)"
74.7.243.204 - - [11/Feb/2026:00:12:43 +0000] "GET /?fileloc=//sys/class/net/eth0/subsystem/veth61688aa/queues/rx-0/rps_cpus&path=//sys/class/net/eth0/subsystem/veth61688aa/queues/rx-0 HTTP/1.0" 200 2799 "https://hbkconsultancy.com/?path=//sys/class/net/eth0/subsystem/veth61688aa/queues/rx-0" "Mozilla/5.0 AppleWebKit/537.36 (KHTML, like Gecko; compatible; GPTBot/1.3; +https://openai.com/gptbot)"
216.73.216.38 - - [11/Feb/2026:00:12:46 +0000] "GET /?fileloc=%2Fvar%2Fwww%2Fhbkconsultan_usr%2Fdata%2Fwww%2Fhbkconsultancy.com%2Fwp-includes%2Fatomlib.php&path=%2Fvar%2Fwww%2Fhbkconsultan_usr%2Fdata%2Fwww%2Fhbkconsultancy.com%2Fwp-includes HTTP/1.0" 200 6072 "-" "Mozilla/5.0 AppleWebKit/537.36 (KHTML, like Gecko; compatible; ClaudeBot/1.0; [email protected])"
74.7.243.204 - - [11/Feb/2026:00:12:46 +0000] "GET /?fileloc=//sys/class/net/eth0/subsystem/veth429b22f/queues/rx-0/rps_cpus&path=//sys/class/net/eth0/subsystem/veth429b22f/queues/rx-0 HTTP/1.0" 200 2799 "https://hbkconsultancy.com/?path=//sys/class/net/eth0/subsystem/veth429b22f/queues/rx-0" "Mozilla/5.0 AppleWebKit/537.36 (KHTML, like Gecko; compatible; GPTBot/1.3; +https://openai.com/gptbot)"
216.73.216.38 - - [11/Feb/2026:00:12:49 +0000] "GET /?fileloc=%2Fvar%2Fwww%2Fhbkconsultan_usr%2Fdata%2Fwww%2Fhbkconsultancy.com%2Fwp-includes%2Fclass-wp-term.php&path=%2Fvar%2Fwww%2Fhbkconsultan_usr%2Fdata%2Fwww%2Fhbkconsultancy.com%2Fwp-includes HTTP/1.0" 200 4563 "-" "Mozilla/5.0 AppleWebKit/537.36 (KHTML, like Gecko; compatible; ClaudeBot/1.0; [email protected])"
74.7.243.204 - - [11/Feb/2026:00:12:49 +0000] "GET /?fileloc=//sys/class/net/eth0/subsystem/veth429b22f/queues/tx-0/traffic_class&path=//sys/class/net/eth0/subsystem/veth429b22f/queues/tx-0 HTTP/1.0" 200 2804 "https://hbkconsultancy.com/?path=//sys/class/net/eth0/subsystem/veth429b22f/queues/tx-0" "Mozilla/5.0 AppleWebKit/537.36 (KHTML, like Gecko; compatible; GPTBot/1.3; +https://openai.com/gptbot)"
216.73.216.38 - - [11/Feb/2026:00:12:52 +0000] "GET /?fileloc=%2Fvar%2Fwww%2Fhbkconsultan_usr%2Fdata%2Fwww%2Fhbkconsultancy.com%2Fwp-includes%2Fclass-wp-admin-bar.php&path=%2Fvar%2Fwww%2Fhbkconsultan_usr%2Fdata%2Fwww%2Fhbkconsultancy.com%2Fwp-includes HTTP/1.0" 200 7664 "-" "Mozilla/5.0 AppleWebKit/537.36 (KHTML, like Gecko; compatible; ClaudeBot/1.0; [email protected])"
74.7.243.204 - - [11/Feb/2026:00:12:52 +0000] "GET /?fileloc=//sys/class/net/eth0/subsystem/veth61688aa/queues/tx-0/xps_rxqs&path=//sys/class/net/eth0/subsystem/veth61688aa/queues/tx-0 HTTP/1.0" 200 2800 "https://hbkconsultancy.com/?path=//sys/class/net/eth0/subsystem/veth61688aa/queues/tx-0" "Mozilla/5.0 AppleWebKit/537.36 (KHTML, like Gecko; compatible; GPTBot/1.3; +https://openai.com/gptbot)"
216.73.216.38 - - [11/Feb/2026:00:12:55 +0000] "GET /?fileloc=%2Fvar%2Fwww%2Fhbkconsultan_usr%2Fdata%2Fwww%2Fhbkconsultancy.com%2Fwp-includes%2Ffeed-atom-comments.php&path=%2Fvar%2Fwww%2Fhbkconsultan_usr%2Fdata%2Fwww%2Fhbkconsultancy.com%2Fwp-includes HTTP/1.0" 200 4544 "-" "Mozilla/5.0 AppleWebKit/537.36 (KHTML, like Gecko; compatible; ClaudeBot/1.0; [email protected])"
74.7.243.204 - - [11/Feb/2026:00:12:55 +0000] "GET /?fileloc=//sys/class/net/eth0/subsystem/vethc796c04/queues/rx-0/rps_cpus&path=//sys/class/net/eth0/subsystem/vethc796c04/queues/rx-0 HTTP/1.0" 200 2800 "https://hbkconsultancy.com/?path=//sys/class/net/eth0/subsystem/vethc796c04/queues/rx-0" "Mozilla/5.0 AppleWebKit/537.36 (KHTML, like Gecko; compatible; GPTBot/1.3; +https://openai.com/gptbot)"
216.73.216.38 - - [11/Feb/2026:00:12:58 +0000] "GET /?fileloc=%2Fvar%2Fwww%2Fhbkconsultan_usr%2Fdata%2Fwww%2Fhbkconsultancy.com%2Fwp-includes%2Fclass-wp-walker.php&path=%2Fvar%2Fwww%2Fhbkconsultan_usr%2Fdata%2Fwww%2Fhbkconsultancy.com%2Fwp-includes HTTP/1.0" 200 5859 "-" "Mozilla/5.0 AppleWebKit/537.36 (KHTML, like Gecko; compatible; ClaudeBot/1.0; [email protected])"
74.7.243.204 - - [11/Feb/2026:00:12:58 +0000] "GET /?fileloc=//sys/class/net/eth0/subsystem/vethc796c04/queues/tx-0/tx_maxrate&path=//sys/class/net/eth0/subsystem/vethc796c04/queues/tx-0 HTTP/1.0" 200 2802 "https://hbkconsultancy.com/?path=//sys/class/net/eth0/subsystem/vethc796c04/queues/tx-0" "Mozilla/5.0 AppleWebKit/537.36 (KHTML, like Gecko; compatible; GPTBot/1.3; +https://openai.com/gptbot)"
216.73.216.38 - - [11/Feb/2026:00:13:01 +0000] "GET /?fileloc=%2Fvar%2Fwww%2Fhbkconsultan_usr%2Fdata%2Fwww%2Fhbkconsultancy.com%2Fwp-admin%2Fcustom-background.php&path=%2Fvar%2Fwww%2Fhbkconsultan_usr%2Fdata%2Fwww%2Fhbkconsultancy.com%2Fwp-admin HTTP/1.0" 200 3003 "-" "Mozilla/5.0 AppleWebKit/537.36 (KHTML, like Gecko; compatible; ClaudeBot/1.0; [email protected])"
74.7.243.204 - - [11/Feb/2026:00:13:02 +0000] "GET /?fileloc=//sys/class/net/eth0/subsystem/vethc796c04/queues/tx-0/xps_rxqs&path=//sys/class/net/eth0/subsystem/vethc796c04/queues/tx-0 HTTP/1.0" 200 2801 "https://hbkconsultancy.com/?path=//sys/class/net/eth0/subsystem/vethc796c04/queues/tx-0" "Mozilla/5.0 AppleWebKit/537.36 (KHTML, like Gecko; compatible; GPTBot/1.3; +https://openai.com/gptbot)"
216.73.216.38 - - [11/Feb/2026:00:13:04 +0000] "GET /?fileloc=%2Fvar%2Fwww%2Fhbkconsultan_usr%2Fdata%2Fwww%2Fhbkconsultancy.com%2Fwp-admin%2Fupdate-core.php&path=%2Fvar%2Fwww%2Fhbkconsultan_usr%2Fdata%2Fwww%2Fhbkconsultancy.com%2Fwp-admin HTTP/1.0" 200 13710 "-" "Mozilla/5.0 AppleWebKit/537.36 (KHTML, like Gecko; compatible; ClaudeBot/1.0; [email protected])"
74.7.243.204 - - [11/Feb/2026:00:13:05 +0000] "GET /?fileloc=//sys/class/net/eth0/subsystem/veth429b22f/queues/tx-0/xps_rxqs&path=//sys/class/net/eth0/subsystem/veth429b22f/queues/tx-0 HTTP/1.0" 200 2800 "https://hbkconsultancy.com/?path=//sys/class/net/eth0/subsystem/veth429b22f/queues/tx-0" "Mozilla/5.0 AppleWebKit/537.36 (KHTML, like Gecko; compatible; GPTBot/1.3; +https://openai.com/gptbot)"
216.73.216.38 - - [11/Feb/2026:00:13:07 +0000] "GET /?fileloc=%2Fvar%2Fwww%2Fhbkconsultan_usr%2Fdata%2Fwww%2Fhbkconsultancy.com%2Fwp-admin%2Fedit-form-advanced.php&path=%2Fvar%2Fwww%2Fhbkconsultan_usr%2Fdata%2Fwww%2Fhbkconsultancy.com%2Fwp-admin HTTP/1.0" 200 11657 "-" "Mozilla/5.0 AppleWebKit/537.36 (KHTML, like Gecko; compatible; ClaudeBot/1.0; [email protected])"
74.7.243.204 - - [11/Feb/2026:00:13:08 +0000] "GET /?fileloc=//sys/class/net/eth0/subsystem/lo/subsystem/vethc796c04/master/statistics/rx_dropped&path=//sys/class/net/eth0/subsystem/lo/subsystem/vethc796c04/master/statistics HTTP/1.0" 200 2821 "https://hbkconsultancy.com/?path=//sys/class/net/eth0/subsystem/lo/subsystem/vethc796c04/master/statistics" "Mozilla/5.0 AppleWebKit/537.36 (KHTML, like Gecko; compatible; GPTBot/1.3; +https://openai.com/gptbot)"
216.73.216.38 - - [11/Feb/2026:00:13:10 +0000] "GET /?fileloc=%2Fvar%2Fwww%2Fhbkconsultan_usr%2Fdata%2Fwww%2Fhbkconsultancy.com%2Fwp-includes%2Frest-api.php&path=%2Fvar%2Fwww%2Fhbkconsultan_usr%2Fdata%2Fwww%2Fhbkconsultancy.com%2Fwp-includes HTTP/1.0" 200 24138 "-" "Mozilla/5.0 AppleWebKit/537.36 (KHTML, like Gecko; compatible; ClaudeBot/1.0; [email protected])"
74.7.243.204 - - [11/Feb/2026:00:13:11 +0000] "GET /?fileloc=//sys/class/net/eth0/subsystem/lo/subsystem/veth429b22f/master/statistics/rx_packets&path=//sys/class/net/eth0/subsystem/lo/subsystem/veth429b22f/master/statistics HTTP/1.0" 200 2825 "https://hbkconsultancy.com/?path=//sys/class/net/eth0/subsystem/lo/subsystem/veth429b22f/master/statistics" "Mozilla/5.0 AppleWebKit/537.36 (KHTML, like Gecko; compatible; GPTBot/1.3; +https://openai.com/gptbot)"
216.73.216.38 - - [11/Feb/2026:00:13:13 +0000] "GET /?fileloc=%2Fvar%2Fwww%2Fhbkconsultan_usr%2Fdata%2Fwww%2Fhbkconsultancy.com%2Fwp-includes%2Ffunctions.php&path=%2Fvar%2Fwww%2Fhbkconsultan_usr%2Fdata%2Fwww%2Fhbkconsultancy.com%2Fwp-includes HTTP/1.0" 200 77252 "-" "Mozilla/5.0 AppleWebKit/537.36 (KHTML, like Gecko; compatible; ClaudeBot/1.0; [email protected])"
74.7.243.204 - - [11/Feb/2026:00:13:14 +0000] "GET /?fileloc=//sys/class/net/lo/subsystem/lo/subsystem/eth0/subsystem/veth429b22f/carrier_down_count&path=//sys/class/net/lo/subsystem/lo/subsystem/eth0/subsystem/veth429b22f HTTP/1.0" 200 2808 "https://hbkconsultancy.com/?path=//sys/class/net/lo/subsystem/lo/subsystem/eth0/subsystem/veth429b22f" "Mozilla/5.0 AppleWebKit/537.36 (KHTML, like Gecko; compatible; GPTBot/1.3; +https://openai.com/gptbot)"
216.73.216.38 - - [11/Feb/2026:00:13:16 +0000] "GET /?fileloc=%2Fvar%2Fwww%2Fhbkconsultan_usr%2Fdata%2Fwww%2Fhbkconsultancy.com%2Fwp-includes%2Fload.php&path=%2Fvar%2Fwww%2Fhbkconsultan_usr%2Fdata%2Fwww%2Fhbkconsultancy.com%2Fwp-includes HTTP/1.0" 200 18142 "-" "Mozilla/5.0 AppleWebKit/537.36 (KHTML, like Gecko; compatible; ClaudeBot/1.0; [email protected])"
74.7.243.204 - - [11/Feb/2026:00:13:17 +0000] "GET /?fileloc=//sys/class/net/lo/subsystem/lo/subsystem/eth0/subsystem/veth429b22f/carrier_changes&path=//sys/class/net/lo/subsystem/lo/subsystem/eth0/subsystem/veth429b22f HTTP/1.0" 200 2804 "https://hbkconsultancy.com/?path=//sys/class/net/lo/subsystem/lo/subsystem/eth0/subsystem/veth429b22f" "Mozilla/5.0 AppleWebKit/537.36 (KHTML, like Gecko; compatible; GPTBot/1.3; +https://openai.com/gptbot)"
216.73.216.38 - - [11/Feb/2026:00:13:19 +0000] "GET /?fileloc=%2Fvar%2Fwww%2Fhbkconsultan_usr%2Fdata%2Fwww%2Fhbkconsultancy.com%2Fwp-admin%2Fupload.php&path=%2Fvar%2Fwww%2Fhbkconsultan_usr%2Fdata%2Fwww%2Fhbkconsultancy.com%2Fwp-admin HTTP/1.0" 200 6860 "-" "Mozilla/5.0 AppleWebKit/537.36 (KHTML, like Gecko; compatible; ClaudeBot/1.0; [email protected])"
74.7.243.204 - - [11/Feb/2026:00:13:20 +0000] "GET /?fileloc=//sys/class/net/eth0/subsystem/lo/subsystem/veth61688aa/master/statistics/tx_dropped&path=//sys/class/net/eth0/subsystem/lo/subsystem/veth61688aa/master/statistics HTTP/1.0" 200 2821 "https://hbkconsultancy.com/?path=//sys/class/net/eth0/subsystem/lo/subsystem/veth61688aa/master/statistics" "Mozilla/5.0 AppleWebKit/537.36 (KHTML, like Gecko; compatible; GPTBot/1.3; +https://openai.com/gptbot)"
216.73.216.38 - - [11/Feb/2026:00:13:22 +0000] "GET /?fileloc=%2Fvar%2Fwww%2Fhbkconsultan_usr%2Fdata%2Fwww%2Fhbkconsultancy.com%2Fwp-includes%2Fclass-wp-user.php&path=%2Fvar%2Fwww%2Fhbkconsultan_usr%2Fdata%2Fwww%2Fhbkconsultancy.com%2Fwp-includes HTTP/1.0" 200 8549 "-" "Mozilla/5.0 AppleWebKit/537.36 (KHTML, like Gecko; compatible; ClaudeBot/1.0; [email protected])"
114.119.137.91 - - [11/Feb/2026:00:13:23 +0000] "GET /slot-machine-gratis-4000-senza-scaricare-o-registrazione-2 HTTP/1.0" 200 4360 "https://hbkconsultancy.com/2025/02/page/19" "Mozilla/5.0 (Linux; Android 7.0;) AppleWebKit/537.36 (KHTML, like Gecko) Mobile Safari/537.36 (compatible; PetalBot;+https://webmaster.petalsearch.com/site/petalbot)"
74.7.243.204 - - [11/Feb/2026:00:13:24 +0000] "GET /?fileloc=//sys/class/net/eth0/subsystem/lo/subsystem/vethc796c04/master/statistics/tx_dropped&path=//sys/class/net/eth0/subsystem/lo/subsystem/vethc796c04/master/statistics HTTP/1.0" 200 2821 "https://hbkconsultancy.com/?path=//sys/class/net/eth0/subsystem/lo/subsystem/vethc796c04/master/statistics" "Mozilla/5.0 AppleWebKit/537.36 (KHTML, like Gecko; compatible; GPTBot/1.3; +https://openai.com/gptbot)"
